85.208.96.204 - - [06/Feb/2026:07:42:18 -0500] "GET /getidm2/99394ccoyitems HTTP/1.1" 404 1251 "-" "Mozilla/5.0 (compatible; SemrushBot/7~bl; +http://www.semrush.com/bot.html)"
74.7.227.180 - - [06/Feb/2026:07:42:20 -0500] "GET /ctg/search/similarImageSearchResultView/?ctgItemCd=6858264341 HTTP/1.1" 404 1251 "https://blog.newkolkata.in/getidm43/64341sejmitems.htm" "Mozilla/5.0 AppleWebKit/537.36 (KHTML, like Gecko; compatible; GPTBot/1.3; +https://openai.com/gptbot)"
74.7.227.180 - - [06/Feb/2026:07:42:23 -0500] "GET /ctg/search/similarImageSearchResultView/?ctgItemCd=9716093017 HTTP/1.1" 404 1251 "https://blog.newkolkata.in/items/93017kairtidm65.html" "Mozilla/5.0 AppleWebKit/537.36 (KHTML, like Gecko; compatible; GPTBot/1.3; +https://openai.com/gptbot)"
74.7.227.180 - - [06/Feb/2026:07:42:27 -0500] "GET /ctg/search/similarImageSearchResultView/?ctgItemCd=8821784205 HTTP/1.1" 404 1251 "https://blog.newkolkata.in/getidm2955/84205zslyitems" "Mozilla/5.0 AppleWebKit/537.36 (KHTML, like Gecko; compatible; GPTBot/1.3; +https://openai.com/gptbot)"
85.208.96.204 - - [06/Feb/2026:07:42:30 -0500] "GET /get/218217mvrvitems.htm HTTP/1.1" 404 1251 "-" "Mozilla/5.0 (compatible; SemrushBot/7~bl; +http://www.semrush.com/bot.html)"
74.7.227.180 - - [06/Feb/2026:07:42:30 -0500] "GET /ctg/search/similarImageSearchResultView/?ctgItemCd=9343689665 HTTP/1.1" 404 1251 "https://blog.newkolkata.in/getidm/89665kairitems" "Mozilla/5.0 AppleWebKit/537.36 (KHTML, like Gecko; compatible; GPTBot/1.3; +https://openai.com/gptbot)"
74.7.227.180 - - [06/Feb/2026:07:42:33 -0500] "GET /ctg/search/similarImageSearchResultView/?ctgItemCd=9447890164 HTTP/1.1" 404 1251 "https://blog.newkolkata.in/items/90164kairtidm98597.html" "Mozilla/5.0 AppleWebKit/537.36 (KHTML, like Gecko; compatible; GPTBot/1.3; +https://openai.com/gptbot)"
74.7.227.180 - - [06/Feb/2026:07:42:36 -0500] "GET /ctg/search/similarImageSearchResultView/?ctgItemCd=3022726164 HTTP/1.1" 404 1251 "https://blog.newkolkata.in/item/26164zslytidm40.html" "Mozilla/5.0 AppleWebKit/537.36 (KHTML, like Gecko; compatible; GPTBot/1.3; +https://openai.com/gptbot)"
85.208.96.193 - - [06/Feb/2026:07:42:36 -0500] "GET /getidm/186697jahtitems HTTP/1.1" 404 1251 "-" "Mozilla/5.0 (compatible; SemrushBot/7~bl; +http://www.semrush.com/bot.html)"
74.7.227.180 - - [06/Feb/2026:07:42:39 -0500] "GET /ctg/search/similarImageSearchResultView/?ctgItemCd=8372279517 HTTP/1.1" 404 1251 "https://blog.newkolkata.in/item/79517jahttidm95597.html" "Mozilla/5.0 AppleWebKit/537.36 (KHTML, like Gecko; compatible; GPTBot/1.3; +https://openai.com/gptbot)"
85.208.96.212 - - [06/Feb/2026:07:42:41 -0500] "GET /getidm5/209482pcywitems HTTP/1.1" 404 1251 "-" "Mozilla/5.0 (compatible; SemrushBot/7~bl; +http://www.semrush.com/bot.html)"
74.7.227.180 - - [06/Feb/2026:07:42:42 -0500] "GET /ctg/search/similarImageSearchResultView/?ctgItemCd=8572381906 HTTP/1.1" 404 1251 "https://blog.newkolkata.in/get/81906cejpitems.htm" "Mozilla/5.0 AppleWebKit/537.36 (KHTML, like Gecko; compatible; GPTBot/1.3; +https://openai.com/gptbot)"
74.7.227.180 - - [06/Feb/2026:07:42:45 -0500] "GET /ctg/search/similarImageSearchResultView/?ctgItemCd=1825514079 HTTP/1.1" 404 1251 "https://blog.newkolkata.in/getidm/14079zslyitems.htm" "Mozilla/5.0 AppleWebKit/537.36 (KHTML, like Gecko; compatible; GPTBot/1.3; +https://openai.com/gptbot)"
74.7.227.180 - - [06/Feb/2026:07:42:49 -0500] "GET /ctg/search/similarImageSearchResultView/?ctgItemCd=2237218460 HTTP/1.1" 404 1251 "https://blog.newkolkata.in/getidm104/18460ccoyitems" "Mozilla/5.0 AppleWebKit/537.36 (KHTML, like Gecko; compatible; GPTBot/1.3; +https://openai.com/gptbot)"
74.7.227.180 - - [06/Feb/2026:07:42:52 -0500] "GET /ctg/search/similarImageSearchResultView/?ctgItemCd=8030476266 HTTP/1.1" 404 1251 "https://blog.newkolkata.in/getid/76266sejmitems.htm" "Mozilla/5.0 AppleWebKit/537.36 (KHTML, like Gecko; compatible; GPTBot/1.3; +https://openai.com/gptbot)"
74.7.227.180 - - [06/Feb/2026:07:42:55 -0500] "GET /ctg/search/similarImageSearchResultView/?ctgItemCd=5008146297 HTTP/1.1" 404 1251 "https://blog.newkolkata.in/getidm/46297tjvfitems" "Mozilla/5.0 AppleWebKit/537.36 (KHTML, like Gecko; compatible; GPTBot/1.3; +https://openai.com/gptbot)"
74.7.227.180 - - [06/Feb/2026:07:42:58 -0500] "GET /ctg/search/similarImageSearchResultView/?ctgItemCd=9056186644 HTTP/1.1" 404 1251 "https://blog.newkolkata.in/getidm508/86644cejpitems" "Mozilla/5.0 AppleWebKit/537.36 (KHTML, like Gecko; compatible; GPTBot/1.3; +https://openai.com/gptbot)"
74.7.227.180 - - [06/Feb/2026:07:43:02 -0500] "GET /ctg/search/similarImageSearchResultView/?ctgItemCd=8663182711 HTTP/1.1" 404 1251 "https://blog.newkolkata.in/item/82711kairtidm.html" "Mozilla/5.0 AppleWebKit/537.36 (KHTML, like Gecko; compatible; GPTBot/1.3; +https://openai.com/gptbot)"
74.7.227.180 - - [06/Feb/2026:07:43:05 -0500] "GET /ctg/search/similarImageSearchResultView/?ctgItemCd=8500881452 HTTP/1.1" 404 1251 "https://blog.newkolkata.in/geti/81452sejmitems" "Mozilla/5.0 AppleWebKit/537.36 (KHTML, like Gecko; compatible; GPTBot/1.3; +https://openai.com/gptbot)"
185.191.171.12 - - [06/Feb/2026:07:43:07 -0500] "GET /getid/135304ulgpitems HTTP/1.1" 404 1251 "-" "Mozilla/5.0 (compatible; SemrushBot/7~bl; +http://www.semrush.com/bot.html)"
74.7.227.180 - - [06/Feb/2026:07:43:08 -0500] "GET /ctg/search/similarImageSearchResultView/?ctgItemCd=4486540772 HTTP/1.1" 404 1251 "https://blog.newkolkata.in/items/40772kairtidm9.html" "Mozilla/5.0 AppleWebKit/537.36 (KHTML, like Gecko; compatible; GPTBot/1.3; +https://openai.com/gptbot)"
185.191.171.14 - - [06/Feb/2026:07:43:10 -0500] "GET /geti/274303jahtitems HTTP/1.1" 404 1251 "-" "Mozilla/5.0 (compatible; SemrushBot/7~bl; +http://www.semrush.com/bot.html)"
74.7.227.180 - - [06/Feb/2026:07:43:11 -0500] "GET /ctg/search/similarImageSearchResultView/?ctgItemCd=6638162073 HTTP/1.1" 404 1251 "https://blog.newkolkata.in/getidm782/62073ulgpitems.htm" "Mozilla/5.0 AppleWebKit/537.36 (KHTML, like Gecko; compatible; GPTBot/1.3; +https://openai.com/gptbot)"
85.208.96.210 - - [06/Feb/2026:07:43:12 -0500] "GET /items/41534kairtid.html HTTP/1.1" 404 1251 "-" "Mozilla/5.0 (compatible; SemrushBot/7~bl; +http://www.semrush.com/bot.html)"
85.208.96.200 - - [06/Feb/2026:07:43:14 -0500] "GET /getidm/49393jahtitems HTTP/1.1" 404 1251 "-" "Mozilla/5.0 (compatible; SemrushBot/7~bl; +http://www.semrush.com/bot.html)"
74.7.227.180 - - [06/Feb/2026:07:43:14 -0500] "GET /ctg/search/similarImageSearchResultView/?ctgItemCd=3314529079 HTTP/1.1" 404 1251 "https://blog.newkolkata.in/getid/29079mvrvitems.htm" "Mozilla/5.0 AppleWebKit/537.36 (KHTML, like Gecko; compatible; GPTBot/1.3; +https://openai.com/gptbot)"
74.7.227.180 - - [06/Feb/2026:07:43:18 -0500] "GET /ctg/search/similarImageSearchResultView/?ctgItemCd=7802274157 HTTP/1.1" 404 1251 "https://blog.newkolkata.in/get/74157zslyitems.htm" "Mozilla/5.0 AppleWebKit/537.36 (KHTML, like Gecko; compatible; GPTBot/1.3; +https://openai.com/gptbot)"
74.7.227.180 - - [06/Feb/2026:07:43:21 -0500] "GET /ctg/search/similarImageSearchResultView/?ctgItemCd=7637372601 HTTP/1.1" 404 1251 "https://blog.newkolkata.in/getidm/72601tjvfitems" "Mozilla/5.0 AppleWebKit/537.36 (KHTML, like Gecko; compatible; GPTBot/1.3; +https://openai.com/gptbot)"
74.7.227.180 - - [06/Feb/2026:07:43:24 -0500] "GET /ctg/search/similarImageSearchResultView/?ctgItemCd=4975445822 HTTP/1.1" 404 1251 "https://blog.newkolkata.in/geti/45822sejmitems.htm" "Mozilla/5.0 AppleWebKit/537.36 (KHTML, like Gecko; compatible; GPTBot/1.3; +https://openai.com/gptbot)"
74.7.227.180 - - [06/Feb/2026:07:43:27 -0500] "GET /ctg/search/similarImageSearchResultView/?ctgItemCd=3501331447 HTTP/1.1" 404 1251 "https://blog.newkolkata.in/geti/31447tjvfitems" "Mozilla/5.0 AppleWebKit/537.36 (KHTML, like Gecko; compatible; GPTBot/1.3; +https://openai.com/gptbot)"
74.7.227.180 - - [06/Feb/2026:07:43:30 -0500] "GET /ctg/search/similarImageSearchResultView/?ctgItemCd=8423380144 HTTP/1.1" 404 1251 "https://blog.newkolkata.in/items/80144ccoytidm1.html" "Mozilla/5.0 AppleWebKit/537.36 (KHTML, like Gecko; compatible; GPTBot/1.3; +https://openai.com/gptbot)"
74.7.227.180 - - [06/Feb/2026:07:43:33 -0500] "GET /ctg/search/similarImageSearchResultView/?ctgItemCd=7814973874 HTTP/1.1" 404 1251 "https://blog.newkolkata.in/items/73874tjvftidm4924.html" "Mozilla/5.0 AppleWebKit/537.36 (KHTML, like Gecko; compatible; GPTBot/1.3; +https://openai.com/gptbot)"
74.7.227.180 - - [06/Feb/2026:07:43:37 -0500] "GET /ctg/search/similarImageSearchResultView/?ctgItemCd=9629092345 HTTP/1.1" 404 1251 "https://blog.newkolkata.in/geti/92345tjvfitems.htm" "Mozilla/5.0 AppleWebKit/537.36 (KHTML, like Gecko; compatible; GPTBot/1.3; +https://openai.com/gptbot)"
74.7.227.180 - - [06/Feb/2026:07:43:40 -0500] "GET /ctg/search/similarImageSearchResultView/?ctgItemCd=8490581045 HTTP/1.1" 404 1251 "https://blog.newkolkata.in/ite/81045cejptidm7.html" "Mozilla/5.0 AppleWebKit/537.36 (KHTML, like Gecko; compatible; GPTBot/1.3; +https://openai.com/gptbot)"
74.7.227.180 - - [06/Feb/2026:07:43:43 -0500] "GET /ctg/search/similarImageSearchResultView/?ctgItemCd=3585232276 HTTP/1.1" 404 1251 "https://blog.newkolkata.in/geti/32276pcywitems" "Mozilla/5.0 AppleWebKit/537.36 (KHTML, like Gecko; compatible; GPTBot/1.3; +https://openai.com/gptbot)"
74.7.227.180 - - [06/Feb/2026:07:43:46 -0500] "GET /ctg/search/similarImageSearchResultView/?ctgItemCd=7274368798 HTTP/1.1" 404 1251 "https://blog.newkolkata.in/items/68798kairtid.html" "Mozilla/5.0 AppleWebKit/537.36 (KHTML, like Gecko; compatible; GPTBot/1.3; +https://openai.com/gptbot)"
74.7.227.180 - - [06/Feb/2026:07:43:49 -0500] "GET /ctg/search/similarImageSearchResultView/?ctgItemCd=7913475583 HTTP/1.1" 404 1251 "https://blog.newkolkata.in/geti/75583cejpitems" "Mozilla/5.0 AppleWebKit/537.36 (KHTML, like Gecko; compatible; GPTBot/1.3; +https://openai.com/gptbot)"
74.7.227.180 - - [06/Feb/2026:07:43:52 -0500] "GET /ctg/search/similarImageSearchResultView/?ctgItemCd=5751253408 HTTP/1.1" 404 1251 "https://blog.newkolkata.in/items/53408tjvftidm1.html" "Mozilla/5.0 AppleWebKit/537.36 (KHTML, like Gecko; compatible; GPTBot/1.3; +https://openai.com/gptbot)"
74.7.227.180 - - [06/Feb/2026:07:43:55 -0500] "GET /ctg/search/similarImageSearchResultView/?ctgItemCd=9303689078 HTTP/1.1" 404 1251 "https://blog.newkolkata.in/items/89078tjvftid.html" "Mozilla/5.0 AppleWebKit/537.36 (KHTML, like Gecko; compatible; GPTBot/1.3; +https://openai.com/gptbot)"
185.191.171.13 - - [06/Feb/2026:07:43:56 -0500] "GET /getidm28/16651kairitems HTTP/1.1" 404 1251 "-" "Mozilla/5.0 (compatible; SemrushBot/7~bl; +http://www.semrush.com/bot.html)"
74.7.227.180 - - [06/Feb/2026:07:43:58 -0500] "GET /ctg/search/similarImageSearchResultView/?ctgItemCd=4863945001 HTTP/1.1" 404 1251 "https://blog.newkolkata.in/getid/45001kairitems" "Mozilla/5.0 AppleWebKit/537.36 (KHTML, like Gecko; compatible; GPTBot/1.3; +https://openai.com/gptbot)"
74.7.227.180 - - [06/Feb/2026:07:44:01 -0500] "GET /ctg/search/similarImageSearchResultView/?ctgItemCd=1523810980 HTTP/1.1" 404 1251 "https://blog.newkolkata.in/getidm67/10980tjvfitems.htm" "Mozilla/5.0 AppleWebKit/537.36 (KHTML, like Gecko; compatible; GPTBot/1.3; +https://openai.com/gptbot)"
74.7.227.180 - - [06/Feb/2026:07:44:05 -0500] "GET /ctg/search/similarImageSearchResultView/?ctgItemCd=3530731489 HTTP/1.1" 404 1251 "https://blog.newkolkata.in/get/31489cejpitems.htm" "Mozilla/5.0 AppleWebKit/537.36 (KHTML, like Gecko; compatible; GPTBot/1.3; +https://openai.com/gptbot)"
74.7.227.180 - - [06/Feb/2026:07:44:08 -0500] "GET /ctg/search/similarImageSearchResultView/?ctgItemCd=2805524350 HTTP/1.1" 404 1251 "https://blog.newkolkata.in/ite/24350sejmtid.html" "Mozilla/5.0 AppleWebKit/537.36 (KHTML, like Gecko; compatible; GPTBot/1.3; +https://openai.com/gptbot)"
74.7.227.180 - - [06/Feb/2026:07:44:11 -0500] "GET /ctg/search/similarImageSearchResultView/?ctgItemCd=6723863292 HTTP/1.1" 404 1251 "https://blog.newkolkata.in/getidm717/63292pcywitems" "Mozilla/5.0 AppleWebKit/537.36 (KHTML, like Gecko; compatible; GPTBot/1.3; +https://openai.com/gptbot)"
74.7.227.180 - - [06/Feb/2026:07:44:14 -0500] "GET /ctg/search/similarImageSearchResultView/?ctgItemCd=2808023984 HTTP/1.1" 404 1251 "https://blog.newkolkata.in/items/23984kairtidm6.html" "Mozilla/5.0 AppleWebKit/537.36 (KHTML, like Gecko; compatible; GPTBot/1.3; +https://openai.com/gptbot)"
74.7.227.180 - - [06/Feb/2026:07:44:17 -0500] "GET /ctg/search/similarImageSearchResultView/?ctgItemCd=8573081961 HTTP/1.1" 404 1251 "https://blog.newkolkata.in/getidm/81961ccoyitems" "Mozilla/5.0 AppleWebKit/537.36 (KHTML, like Gecko; compatible; GPTBot/1.3; +https://openai.com/gptbot)"
185.191.171.12 - - [06/Feb/2026:07:44:18 -0500] "GET /geti/52836tjvfitems.htm HTTP/1.1" 404 1251 "-" "Mozilla/5.0 (compatible; SemrushBot/7~bl; +http://www.semrush.com/bot.html)"
74.7.227.180 - - [06/Feb/2026:07:44:20 -0500] "GET /ctg/search/similarImageSearchResultView/?ctgItemCd=4048536392 HTTP/1.1" 404 1251 "https://blog.newkolkata.in/items/36392kairtidm6.html" "Mozilla/5.0 AppleWebKit/537.36 (KHTML, like Gecko; compatible; GPTBot/1.3; +https://openai.com/gptbot)"
74.7.227.180 - - [06/Feb/2026:07:44:23 -0500] "GET /ctg/search/similarImageSearchResultView/?ctgItemCd=1534211480 HTTP/1.1" 404 1251 "https://blog.newkolkata.in/ite/11480ccoytidm1.html" "Mozilla/5.0 AppleWebKit/537.36 (KHTML, like Gecko; compatible; GPTBot/1.3; +https://openai.com/gptbot)"
74.7.227.180 - - [06/Feb/2026:07:44:26 -0500] "GET /ctg/search/similarImageSearchResultView/?ctgItemCd=7974375835 HTTP/1.1" 404 1251 "https://blog.newkolkata.in/getidm47/75835mvrvitems" "Mozilla/5.0 AppleWebKit/537.36 (KHTML, like Gecko; compatible; GPTBot/1.3; +https://openai.com/gptbot)"
185.191.171.2 - - [06/Feb/2026:07:44:27 -0500] "GET /get/33142jahtitems HTTP/1.1" 404 1251 "-" "Mozilla/5.0 (compatible; SemrushBot/7~bl; +http://www.semrush.com/bot.html)"
74.7.227.180 - - [06/Feb/2026:07:44:29 -0500] "GET /ctg/search/similarImageSearchResultView/?ctgItemCd=7220368160 HTTP/1.1" 404 1251 "https://blog.newkolkata.in/getid/68160tjvfitems.htm" "Mozilla/5.0 AppleWebKit/537.36 (KHTML, like Gecko; compatible; GPTBot/1.3; +https://openai.com/gptbot)"
185.191.171.3 - - [06/Feb/2026:07:44:31 -0500] "GET /geti/18774ulgpitems.htm HTTP/1.1" 404 1251 "-" "Mozilla/5.0 (compatible; SemrushBot/7~bl; +http://www.semrush.com/bot.html)"
74.7.227.180 - - [06/Feb/2026:07:44:33 -0500] "GET /ctg/search/similarImageSearchResultView/?ctgItemCd=6690162678 HTTP/1.1" 404 1251 "https://blog.newkolkata.in/items/62678tjvftidm555.html" "Mozilla/5.0 AppleWebKit/537.36 (KHTML, like Gecko; compatible; GPTBot/1.3; +https://openai.com/gptbot)"
74.7.227.180 - - [06/Feb/2026:07:44:36 -0500] "GET /ctg/search/similarImageSearchResultView/?ctgItemCd=8073176755 HTTP/1.1" 404 1251 "https://blog.newkolkata.in/geti/76755zslyitems.htm" "Mozilla/5.0 AppleWebKit/537.36 (KHTML, like Gecko; compatible; GPTBot/1.3; +https://openai.com/gptbot)"
74.7.227.180 - - [06/Feb/2026:07:44:39 -0500] "GET /ctg/search/similarImageSearchResultView/?ctgItemCd=7414870702 HTTP/1.1" 404 1251 "https://blog.newkolkata.in/get/70702ccoyitems" "Mozilla/5.0 AppleWebKit/537.36 (KHTML, like Gecko; compatible; GPTBot/1.3; +https://openai.com/gptbot)"
74.7.227.180 - - [06/Feb/2026:07:44:42 -0500] "GET /ctg/search/similarImageSearchResultView/?ctgItemCd=9714293472 HTTP/1.1" 404 1251 "https://blog.newkolkata.in/getid/93472ulgpitems" "Mozilla/5.0 AppleWebKit/537.36 (KHTML, like Gecko; compatible; GPTBot/1.3; +https://openai.com/gptbot)"
74.7.227.180 - - [06/Feb/2026:07:44:45 -0500] "GET /ctg/search/similarImageSearchResultView/?ctgItemCd=5039846361 HTTP/1.1" 404 1251 "https://blog.newkolkata.in/item/46361ulgptidm30.html" "Mozilla/5.0 AppleWebKit/537.36 (KHTML, like Gecko; compatible; GPTBot/1.3; +https://openai.com/gptbot)"
74.7.227.180 - - [06/Feb/2026:07:44:48 -0500] "GET /ctg/search/similarImageSearchResultView/?ctgItemCd=1686612902 HTTP/1.1" 404 1251 "https://blog.newkolkata.in/items/12902zslytid.html" "Mozilla/5.0 AppleWebKit/537.36 (KHTML, like Gecko; compatible; GPTBot/1.3; +https://openai.com/gptbot)"
74.7.227.180 - - [06/Feb/2026:07:44:52 -0500] "GET /ctg/search/similarImageSearchResultView/?ctgItemCd=2554221680 HTTP/1.1" 404 1251 "https://blog.newkolkata.in/ite/21680kairtidm5.html" "Mozilla/5.0 AppleWebKit/537.36 (KHTML, like Gecko; compatible; GPTBot/1.3; +https://openai.com/gptbot)"
74.7.227.180 - - [06/Feb/2026:07:44:55 -0500] "GET /ctg/search/similarImageSearchResultView/?ctgItemCd=1715613280 HTTP/1.1" 404 1251 "https://blog.newkolkata.in/ite/13280ulgptidm5.html" "Mozilla/5.0 AppleWebKit/537.36 (KHTML, like Gecko; compatible; GPTBot/1.3; +https://openai.com/gptbot)"
74.7.227.180 - - [06/Feb/2026:07:44:58 -0500] "GET /ctg/search/similarImageSearchResultView/?ctgItemCd=9619092401 HTTP/1.1" 404 1251 "https://blog.newkolkata.in/getidm/92401mvrvitems" "Mozilla/5.0 AppleWebKit/537.36 (KHTML, like Gecko; compatible; GPTBot/1.3; +https://openai.com/gptbot)"
74.7.227.180 - - [06/Feb/2026:07:45:01 -0500] "GET /ctg/search/similarImageSearchResultView/?ctgItemCd=3701933206 HTTP/1.1" 404 1251 "https://blog.newkolkata.in/item/33206ccoytid.html" "Mozilla/5.0 AppleWebKit/537.36 (KHTML, like Gecko; compatible; GPTBot/1.3; +https://openai.com/gptbot)"
74.7.227.180 - - [06/Feb/2026:07:45:04 -0500] "GET /ctg/search/similarImageSearchResultView/?ctgItemCd=3591732046 HTTP/1.1" 404 1251 "https://blog.newkolkata.in/getidm42/32046ulgpitems" "Mozilla/5.0 AppleWebKit/537.36 (KHTML, like Gecko; compatible; GPTBot/1.3; +https://openai.com/gptbot)"
85.208.96.199 - - [06/Feb/2026:07:45:06 -0500] "GET /getidm6/69442sejmitems HTTP/1.1" 404 1251 "-" "Mozilla/5.0 (compatible; SemrushBot/7~bl; +http://www.semrush.com/bot.html)"
74.7.227.180 - - [06/Feb/2026:07:45:07 -0500] "GET /ctg/search/similarImageSearchResultView/?ctgItemCd=3946135872 HTTP/1.1" 404 1251 "https://blog.newkolkata.in/geti/35872mvrvitems" "Mozilla/5.0 AppleWebKit/537.36 (KHTML, like Gecko; compatible; GPTBot/1.3; +https://openai.com/gptbot)"
74.7.227.180 - - [06/Feb/2026:07:45:10 -0500] "GET /ctg/search/similarImageSearchResultView/?ctgItemCd=1984215752 HTTP/1.1" 404 1251 "https://blog.newkolkata.in/items/15752jahttidm6.html" "Mozilla/5.0 AppleWebKit/537.36 (KHTML, like Gecko; compatible; GPTBot/1.3; +https://openai.com/gptbot)"
74.7.227.180 - - [06/Feb/2026:07:45:13 -0500] "GET /ctg/search/similarImageSearchResultView/?ctgItemCd=9718593742 HTTP/1.1" 404 1251 "https://blog.newkolkata.in/get/93742cejpitems" "Mozilla/5.0 AppleWebKit/537.36 (KHTML, like Gecko; compatible; GPTBot/1.3; +https://openai.com/gptbot)"
74.7.227.180 - - [06/Feb/2026:07:45:17 -0500] "GET /ctg/search/similarImageSearchResultView/?ctgItemCd=9727393340 HTTP/1.1" 404 1251 "https://blog.newkolkata.in/getidm952/93340ulgpitems" "Mozilla/5.0 AppleWebKit/537.36 (KHTML, like Gecko; compatible; GPTBot/1.3; +https://openai.com/gptbot)"
74.7.227.180 - - [06/Feb/2026:07:45:20 -0500] "GET /ctg/search/similarImageSearchResultView/?ctgItemCd=2326919334 HTTP/1.1" 404 1251 "https://blog.newkolkata.in/items/19334sejmtid.html" "Mozilla/5.0 AppleWebKit/537.36 (KHTML, like Gecko; compatible; GPTBot/1.3; +https://openai.com/gptbot)"
74.7.227.180 - - [06/Feb/2026:07:45:23 -0500] "GET /ctg/search/similarImageSearchResultView/?ctgItemCd=6564961380 HTTP/1.1" 404 1251 "https://blog.newkolkata.in/getidm52/61380mvrvitems.htm" "Mozilla/5.0 AppleWebKit/537.36 (KHTML, like Gecko; compatible; GPTBot/1.3; +https://openai.com/gptbot)"
185.191.171.8 - - [06/Feb/2026:07:45:23 -0500] "GET /get/131760zslyitems.htm HTTP/1.1" 404 1251 "-" "Mozilla/5.0 (compatible; SemrushBot/7~bl; +http://www.semrush.com/bot.html)"
74.7.227.180 - - [06/Feb/2026:07:45:26 -0500] "GET /ctg/search/similarImageSearchResultView/?ctgItemCd=2330919235 HTTP/1.1" 404 1251 "https://blog.newkolkata.in/ite/19235zslytidm7677.html" "Mozilla/5.0 AppleWebKit/537.36 (KHTML, like Gecko; compatible; GPTBot/1.3; +https://openai.com/gptbot)"
74.7.227.180 - - [06/Feb/2026:07:45:29 -0500] "GET /ctg/search/similarImageSearchResultView/?ctgItemCd=4651242392 HTTP/1.1" 404 1251 "https://blog.newkolkata.in/items/42392pcywtidm8.html" "Mozilla/5.0 AppleWebKit/537.36 (KHTML, like Gecko; compatible; GPTBot/1.3; +https://openai.com/gptbot)"
74.7.227.180 - - [06/Feb/2026:07:45:32 -0500] "GET /ctg/search/similarImageSearchResultView/?ctgItemCd=1935415287 HTTP/1.1" 404 1251 "https://blog.newkolkata.in/items/15287pcywtidm.html" "Mozilla/5.0 AppleWebKit/537.36 (KHTML, like Gecko; compatible; GPTBot/1.3; +https://openai.com/gptbot)"
74.7.227.180 - - [06/Feb/2026:07:45:35 -0500] "GET /ctg/search/similarImageSearchResultView/?ctgItemCd=8331979500 HTTP/1.1" 404 1251 "https://blog.newkolkata.in/get/79500jahtitems.htm" "Mozilla/5.0 AppleWebKit/537.36 (KHTML, like Gecko; compatible; GPTBot/1.3; +https://openai.com/gptbot)"
74.7.227.180 - - [06/Feb/2026:07:45:38 -0500] "GET /ctg/search/similarImageSearchResultView/?ctgItemCd=8106177202 HTTP/1.1" 404 1251 "https://blog.newkolkata.in/get/77202zslyitems.htm" "Mozilla/5.0 AppleWebKit/537.36 (KHTML, like Gecko; compatible; GPTBot/1.3; +https://openai.com/gptbot)"
74.7.227.180 - - [06/Feb/2026:07:45:41 -0500] "GET /ctg/search/similarImageSearchResultView/?ctgItemCd=2654822598 HTTP/1.1" 404 1251 "https://blog.newkolkata.in/items/22598ulgptid.html" "Mozilla/5.0 AppleWebKit/537.36 (KHTML, like Gecko; compatible; GPTBot/1.3; +https://openai.com/gptbot)"
74.7.227.180 - - [06/Feb/2026:07:45:44 -0500] "GET /ctg/search/similarImageSearchResultView/?ctgItemCd=2263118489 HTTP/1.1" 404 1251 "https://blog.newkolkata.in/getidm/18489jahtitems.htm" "Mozilla/5.0 AppleWebKit/537.36 (KHTML, like Gecko; compatible; GPTBot/1.3; +https://openai.com/gptbot)"
85.208.96.199 - - [06/Feb/2026:07:45:45 -0500] "GET /item/117686sejmtid.html HTTP/1.1" 404 1251 "-" "Mozilla/5.0 (compatible; SemrushBot/7~bl; +http://www.semrush.com/bot.html)"
74.7.227.180 - - [06/Feb/2026:07:45:47 -0500] "GET /ctg/search/similarImageSearchResultView/?ctgItemCd=2532821530 HTTP/1.1" 404 1251 "https://blog.newkolkata.in/item/21530cejptid.html" "Mozilla/5.0 AppleWebKit/537.36 (KHTML, like Gecko; compatible; GPTBot/1.3; +https://openai.com/gptbot)"
85.208.96.194 - - [06/Feb/2026:07:45:50 -0500] "GET /geti/214591cejpitems HTTP/1.1" 404 1251 "-" "Mozilla/5.0 (compatible; SemrushBot/7~bl; +http://www.semrush.com/bot.html)"
74.7.227.180 - - [06/Feb/2026:07:45:51 -0500] "GET /ctg/search/similarImageSearchResultView/?ctgItemCd=5576751396 HTTP/1.1" 404 1251 "https://blog.newkolkata.in/items/51396ccoytidm695286.html" "Mozilla/5.0 AppleWebKit/537.36 (KHTML, like Gecko; compatible; GPTBot/1.3; +https://openai.com/gptbot)"
85.208.96.204 - - [06/Feb/2026:07:45:51 -0500] "GET /getidm1/119242ccoyitems HTTP/1.1" 404 1251 "-" "Mozilla/5.0 (compatible; SemrushBot/7~bl; +http://www.semrush.com/bot.html)"
74.7.227.180 - - [06/Feb/2026:07:45:54 -0500] "GET /ctg/search/similarImageSearchResultView/?ctgItemCd=9459890817 HTTP/1.1" 404 1251 "https://blog.newkolkata.in/getidm/90817tjvfitems" "Mozilla/5.0 AppleWebKit/537.36 (KHTML, like Gecko; compatible; GPTBot/1.3; +https://openai.com/gptbot)"
74.7.227.180 - - [06/Feb/2026:07:45:57 -0500] "GET /ctg/search/similarImageSearchResultView/?ctgItemCd=5297649486 HTTP/1.1" 404 1251 "https://blog.newkolkata.in/get/49486mvrvitems" "Mozilla/5.0 AppleWebKit/537.36 (KHTML, like Gecko; compatible; GPTBot/1.3; +https://openai.com/gptbot)"
207.46.13.160 - - [06/Feb/2026:07:45:59 -0500] "GET /detail.php?items/187937cejptidm45.html HTTP/1.1" 404 1251 "-" "Mozilla/5.0 AppleWebKit/537.36 (KHTML, like Gecko; compatible; bingbot/2.0; +http://www.bing.com/bingbot.htm) Chrome/116.0.1938.76 Safari/537.36"
74.7.227.180 - - [06/Feb/2026:07:46:00 -0500] "GET /ctg/search/similarImageSearchResultView/?ctgItemCd=9910695081 HTTP/1.1" 404 1251 "https://blog.newkolkata.in/item/95081kairtidm32.html" "Mozilla/5.0 AppleWebKit/537.36 (KHTML, like Gecko; compatible; GPTBot/1.3; +https://openai.com/gptbot)"
74.7.227.180 - - [06/Feb/2026:07:46:03 -0500] "GET /ctg/search/similarImageSearchResultView/?ctgItemCd=6825864400 HTTP/1.1" 404 1251 "https://blog.newkolkata.in/ite/64400cejptidm9.html" "Mozilla/5.0 AppleWebKit/537.36 (KHTML, like Gecko; compatible; GPTBot/1.3; +https://openai.com/gptbot)"
74.7.227.180 - - [06/Feb/2026:07:46:06 -0500] "GET /ctg/search/similarImageSearchResultView/?ctgItemCd=4966845738 HTTP/1.1" 404 1251 "https://blog.newkolkata.in/geti/45738jahtitems.htm" "Mozilla/5.0 AppleWebKit/537.36 (KHTML, like Gecko; compatible; GPTBot/1.3; +https://openai.com/gptbot)"
185.191.171.6 - - [06/Feb/2026:07:46:07 -0500] "GET /get/35758cejpitems HTTP/1.1" 404 1251 "-" "Mozilla/5.0 (compatible; SemrushBot/7~bl; +http://www.semrush.com/bot.html)"
85.208.96.194 - - [06/Feb/2026:07:46:09 -0500] "GET /getidm/175129zslyitems HTTP/1.1" 404 1251 "-" "Mozilla/5.0 (compatible; SemrushBot/7~bl; +http://www.semrush.com/bot.html)"
74.7.227.180 - - [06/Feb/2026:07:46:10 -0500] "GET /ctg/search/similarImageSearchResultView/?ctgItemCd=3438930194 HTTP/1.1" 404 1251 "https://blog.newkolkata.in/items/30194ccoytidm335.html" "Mozilla/5.0 AppleWebKit/537.36 (KHTML, like Gecko; compatible; GPTBot/1.3; +https://openai.com/gptbot)"
74.7.227.180 - - [06/Feb/2026:07:46:13 -0500] "GET /ctg/search/similarImageSearchResultView/?ctgItemCd=1864714721 HTTP/1.1" 404 1251 "https://blog.newkolkata.in/geti/14721sejmitems.htm" "Mozilla/5.0 AppleWebKit/537.36 (KHTML, like Gecko; compatible; GPTBot/1.3; +https://openai.com/gptbot)"
74.7.227.180 - - [06/Feb/2026:07:46:16 -0500] "GET /ctg/search/similarImageSearchResultView/?ctgItemCd=2256918967 HTTP/1.1" 404 1251 "https://blog.newkolkata.in/geti/18967zslyitems" "Mozilla/5.0 AppleWebKit/537.36 (KHTML, like Gecko; compatible; GPTBot/1.3; +https://openai.com/gptbot)"
74.7.227.180 - - [06/Feb/2026:07:46:19 -0500] "GET /ctg/search/similarImageSearchResultView/?ctgItemCd=1528011340 HTTP/1.1" 404 1251 "https://blog.newkolkata.in/geti/11340pcywitems.htm" "Mozilla/5.0 AppleWebKit/537.36 (KHTML, like Gecko; compatible; GPTBot/1.3; +https://openai.com/gptbot)"
185.191.171.13 - - [06/Feb/2026:07:46:21 -0500] "GET /get/93687jahtitems.htm HTTP/1.1" 404 1251 "-" "Mozilla/5.0 (compatible; SemrushBot/7~bl; +http://www.semrush.com/bot.html)"
74.7.227.180 - - [06/Feb/2026:07:46:22 -0500] "GET /ctg/search/similarImageSearchResultView/?ctgItemCd=3792034114 HTTP/1.1" 404 1251 "https://blog.newkolkata.in/getidm1/34114ccoyitems" "Mozilla/5.0 AppleWebKit/537.36 (KHTML, like Gecko; compatible; GPTBot/1.3; +https://openai.com/gptbot)"
85.208.96.212 - - [06/Feb/2026:07:46:23 -0500] "GET /geti/23730zslyitems.htm HTTP/1.1" 404 1251 "-" "Mozilla/5.0 (compatible; SemrushBot/7~bl; +http://www.semrush.com/bot.html)"
74.7.227.180 - - [06/Feb/2026:07:46:25 -0500] "GET /ctg/search/similarImageSearchResultView/?ctgItemCd=2711823464 HTTP/1.1" 404 1251 "https://blog.newkolkata.in/getid/23464ccoyitems" "Mozilla/5.0 AppleWebKit/537.36 (KHTML, like Gecko; compatible; GPTBot/1.3; +https://openai.com/gptbot)"
74.7.227.180 - - [06/Feb/2026:07:46:28 -0500] "GET /ctg/search/similarImageSearchResultView/?ctgItemCd=3459630570 HTTP/1.1" 404 1251 "https://blog.newkolkata.in/getid/30570sejmitems.htm" "Mozilla/5.0 AppleWebKit/537.36 (KHTML, like Gecko; compatible; GPTBot/1.3; +https://openai.com/gptbot)"
74.7.227.180 - - [06/Feb/2026:07:46:32 -0500] "GET /ctg/search/similarImageSearchResultView/?ctgItemCd=7403369788 HTTP/1.1" 404 1251 "https://blog.newkolkata.in/getidm4/69788zslyitems.htm" "Mozilla/5.0 AppleWebKit/537.36 (KHTML, like Gecko; compatible; GPTBot/1.3; +https://openai.com/gptbot)"
74.7.227.180 - - [06/Feb/2026:07:46:35 -0500] "GET /ctg/search/similarImageSearchResultView/?ctgItemCd=9211387840 HTTP/1.1" 404 1251 "https://blog.newkolkata.in/getidm55/87840pcywitems.htm" "Mozilla/5.0 AppleWebKit/537.36 (KHTML, like Gecko; compatible; GPTBot/1.3; +https://openai.com/gptbot)"
66.249.66.43 - - [06/Feb/2026:07:46:36 -0500] "GET /products.php?shop/rea/gressorial74126248531.html HTTP/1.1" 404 1251 "-" "Mozilla/5.0 (Linux; Android 6.0.1; Nexus 5X Build/MMB29P) AppleWebKit/537.36 (KHTML, like Gecko) Chrome/144.0.7559.132 Mobile Safari/537.36 (compatible; Googlebot/2.1; +http://www.google.com/bot.html)"
185.191.171.16 - - [06/Feb/2026:07:46:36 -0500] "GET /getid/278776zslyitems HTTP/1.1" 404 1251 "-" "Mozilla/5.0 (compatible; SemrushBot/7~bl; +http://www.semrush.com/bot.html)"
74.7.227.180 - - [06/Feb/2026:07:46:38 -0500] "GET /ctg/search/similarImageSearchResultView/?ctgItemCd=2372419416 HTTP/1.1" 404 1251 "https://blog.newkolkata.in/getidm941/19416ulgpitems.htm" "Mozilla/5.0 AppleWebKit/537.36 (KHTML, like Gecko; compatible; GPTBot/1.3; +https://openai.com/gptbot)"
74.7.227.180 - - [06/Feb/2026:07:46:41 -0500] "GET /ctg/search/similarImageSearchResultView/?ctgItemCd=5839654736 HTTP/1.1" 404 1251 "https://blog.newkolkata.in/getid/54736ccoyitems" "Mozilla/5.0 AppleWebKit/537.36 (KHTML, like Gecko; compatible; GPTBot/1.3; +https://openai.com/gptbot)"
74.7.227.180 - - [06/Feb/2026:07:46:44 -0500] "GET /ctg/search/similarImageSearchResultView/?ctgItemCd=5310348797 HTTP/1.1" 404 1251 "https://blog.newkolkata.in/getidm232/48797sejmitems.htm" "Mozilla/5.0 AppleWebKit/537.36 (KHTML, like Gecko; compatible; GPTBot/1.3; +https://openai.com/gptbot)"
74.7.227.180 - - [06/Feb/2026:07:46:47 -0500] "GET /ctg/search/similarImageSearchResultView/?ctgItemCd=8820584194 HTTP/1.1" 404 1251 "https://blog.newkolkata.in/getidm8921/84194mvrvitems" "Mozilla/5.0 AppleWebKit/537.36 (KHTML, like Gecko; compatible; GPTBot/1.3; +https://openai.com/gptbot)"
74.7.227.180 - - [06/Feb/2026:07:46:51 -0500] "GET /ctg/search/similarImageSearchResultView/?ctgItemCd=3069926943 HTTP/1.1" 404 1251 "https://blog.newkolkata.in/getidm/26943cejpitems" "Mozilla/5.0 AppleWebKit/537.36 (KHTML, like Gecko; compatible; GPTBot/1.3; +https://openai.com/gptbot)"
85.208.96.209 - - [06/Feb/2026:07:46:54 -0500] "GET /get/51742cejpitems HTTP/1.1" 404 1251 "-" "Mozilla/5.0 (compatible; SemrushBot/7~bl; +http://www.semrush.com/bot.html)"
74.7.227.180 - - [06/Feb/2026:07:46:54 -0500] "GET /ctg/search/similarImageSearchResultView/?ctgItemCd=9131187440 HTTP/1.1" 404 1251 "https://blog.newkolkata.in/ite/87440kairtidm8.html" "Mozilla/5.0 AppleWebKit/537.36 (KHTML, like Gecko; compatible; GPTBot/1.3; +https://openai.com/gptbot)"
74.7.227.180 - - [06/Feb/2026:07:46:57 -0500] "GET /ctg/search/similarImageSearchResultView/?ctgItemCd=3199228510 HTTP/1.1" 404 1251 "https://blog.newkolkata.in/get/28510zslyitems" "Mozilla/5.0 AppleWebKit/537.36 (KHTML, like Gecko; compatible; GPTBot/1.3; +https://openai.com/gptbot)"
74.7.227.180 - - [06/Feb/2026:07:47:00 -0500] "GET /ctg/search/similarImageSearchResultView/?ctgItemCd=3414630126 HTTP/1.1" 404 1251 "https://blog.newkolkata.in/item/30126kairtidm47.html" "Mozilla/5.0 AppleWebKit/537.36 (KHTML, like Gecko; compatible; GPTBot/1.3; +https://openai.com/gptbot)"
74.7.227.180 - - [06/Feb/2026:07:47:03 -0500] "GET /ctg/search/similarImageSearchResultView/?ctgItemCd=3157627338 HTTP/1.1" 404 1251 "https://blog.newkolkata.in/items/27338zslytidm363.html" "Mozilla/5.0 AppleWebKit/537.36 (KHTML, like Gecko; compatible; GPTBot/1.3; +https://openai.com/gptbot)"
74.7.227.180 - - [06/Feb/2026:07:47:06 -0500] "GET /ctg/search/similarImageSearchResultView/?ctgItemCd=9750193682 HTTP/1.1" 404 1251 "https://blog.newkolkata.in/getidm6/93682jahtitems" "Mozilla/5.0 AppleWebKit/537.36 (KHTML, like Gecko; compatible; GPTBot/1.3; +https://openai.com/gptbot)"
74.7.227.180 - - [06/Feb/2026:07:47:09 -0500] "GET /ctg/search/similarImageSearchResultView/?ctgItemCd=8139077226 HTTP/1.1" 404 1251 "https://blog.newkolkata.in/getidm/77226pcywitems.htm" "Mozilla/5.0 AppleWebKit/537.36 (KHTML, like Gecko; compatible; GPTBot/1.3; +https://openai.com/gptbot)"
85.208.96.203 - - [06/Feb/2026:07:47:11 -0500] "GET /getid/216160zslyitems HTTP/1.1" 404 1251 "-" "Mozilla/5.0 (compatible; SemrushBot/7~bl; +http://www.semrush.com/bot.html)"
74.7.227.180 - - [06/Feb/2026:07:47:12 -0500] "GET /ctg/search/similarImageSearchResultView/?ctgItemCd=9132087492 HTTP/1.1" 404 1251 "https://blog.newkolkata.in/get/87492kairitems.htm" "Mozilla/5.0 AppleWebKit/537.36 (KHTML, like Gecko; compatible; GPTBot/1.3; +https://openai.com/gptbot)"
85.208.96.205 - - [06/Feb/2026:07:47:14 -0500] "GET /getidm2/54274mvrvitems HTTP/1.1" 404 1251 "-" "Mozilla/5.0 (compatible; SemrushBot/7~bl; +http://www.semrush.com/bot.html)"
74.7.227.180 - - [06/Feb/2026:07:47:15 -0500] "GET /ctg/search/similarImageSearchResultView/?ctgItemCd=2554621377 HTTP/1.1" 404 1251 "https://blog.newkolkata.in/items/21377pcywtidm36.html" "Mozilla/5.0 AppleWebKit/537.36 (KHTML, like Gecko; compatible; GPTBot/1.3; +https://openai.com/gptbot)"
74.7.227.180 - - [06/Feb/2026:07:47:19 -0500] "GET /ctg/search/similarImageSearchResultView/?ctgItemCd=7250168454 HTTP/1.1" 404 1251 "https://blog.newkolkata.in/getid/68454ulgpitems.htm" "Mozilla/5.0 AppleWebKit/537.36 (KHTML, like Gecko; compatible; GPTBot/1.3; +https://openai.com/gptbot)"
85.208.96.210 - - [06/Feb/2026:07:47:20 -0500] "GET /get/227398tjvfitems HTTP/1.1" 404 1251 "-" "Mozilla/5.0 (compatible; SemrushBot/7~bl; +http://www.semrush.com/bot.html)"
74.7.227.180 - - [06/Feb/2026:07:47:22 -0500] "GET /ctg/search/similarImageSearchResultView/?ctgItemCd=1461710595 HTTP/1.1" 404 1251 "https://blog.newkolkata.in/ite/10595sejmtidm1162.html" "Mozilla/5.0 AppleWebKit/537.36 (KHTML, like Gecko; compatible; GPTBot/1.3; +https://openai.com/gptbot)"
74.7.227.180 - - [06/Feb/2026:07:47:25 -0500] "GET /ctg/search/similarImageSearchResultView/?ctgItemCd=5642152312 HTTP/1.1" 404 1251 "https://blog.newkolkata.in/item/52312mvrvtidm663.html" "Mozilla/5.0 AppleWebKit/537.36 (KHTML, like Gecko; compatible; GPTBot/1.3; +https://openai.com/gptbot)"
74.7.227.180 - - [06/Feb/2026:07:47:28 -0500] "GET /ctg/search/similarImageSearchResultView/?ctgItemCd=4182438065 HTTP/1.1" 404 1251 "https://blog.newkolkata.in/getidm/38065kairitems" "Mozilla/5.0 AppleWebKit/537.36 (KHTML, like Gecko; compatible; GPTBot/1.3; +https://openai.com/gptbot)"
40.77.167.71 - - [06/Feb/2026:07:47:30 -0500] "GET /emocion-y-suerte-en-cada-tirada-el-universo-spingranny-y-el/ HTTP/1.1" 404 1251 "-" "Mozilla/5.0 AppleWebKit/537.36 (KHTML, like Gecko; compatible; bingbot/2.0; +http://www.bing.com/bingbot.htm) Chrome/116.0.1938.76 Safari/537.36"
74.7.227.180 - - [06/Feb/2026:07:47:31 -0500] "GET /ctg/search/similarImageSearchResultView/?ctgItemCd=8706183092 HTTP/1.1" 404 1251 "https://blog.newkolkata.in/getidm779/83092zslyitems" "Mozilla/5.0 AppleWebKit/537.36 (KHTML, like Gecko; compatible; GPTBot/1.3; +https://openai.com/gptbot)"
85.208.96.201 - - [06/Feb/2026:07:47:32 -0500] "GET /robots.txt HTTP/1.1" 200 281 "-" "Mozilla/5.0 (compatible; SemrushBot/7~bl; +http://www.semrush.com/bot.html)"
185.191.171.8 - - [06/Feb/2026:07:47:34 -0500] "GET /getidm/185281zslyitems HTTP/1.1" 404 1251 "-" "Mozilla/5.0 (compatible; SemrushBot/7~bl; +http://www.semrush.com/bot.html)"
74.7.227.180 - - [06/Feb/2026:07:47:34 -0500] "GET /ctg/search/similarImageSearchResultView/?ctgItemCd=2241718341 HTTP/1.1" 404 1251 "https://blog.newkolkata.in/items/18341zslytidm.html" "Mozilla/5.0 AppleWebKit/537.36 (KHTML, like Gecko; compatible; GPTBot/1.3; +https://openai.com/gptbot)"
74.7.227.180 - - [06/Feb/2026:07:47:38 -0500] "GET /ctg/search/similarImageSearchResultView/?ctgItemCd=8325279673 HTTP/1.1" 404 1251 "https://blog.newkolkata.in/geti/79673tjvfitems" "Mozilla/5.0 AppleWebKit/537.36 (KHTML, like Gecko; compatible; GPTBot/1.3; +https://openai.com/gptbot)"
185.191.171.13 - - [06/Feb/2026:07:47:38 -0500] "GET /getid/260872jahtitems HTTP/1.1" 404 1251 "-" "Mozilla/5.0 (compatible; SemrushBot/7~bl; +http://www.semrush.com/bot.html)"
74.7.227.180 - - [06/Feb/2026:07:47:41 -0500] "GET /ctg/search/similarImageSearchResultView/?ctgItemCd=7192067735 HTTP/1.1" 404 1251 "https://blog.newkolkata.in/items/67735mvrvtidm36.html" "Mozilla/5.0 AppleWebKit/537.36 (KHTML, like Gecko; compatible; GPTBot/1.3; +https://openai.com/gptbot)"
74.7.227.180 - - [06/Feb/2026:07:47:44 -0500] "GET /ctg/search/similarImageSearchResultView/?ctgItemCd=2243618560 HTTP/1.1" 404 1251 "https://blog.newkolkata.in/ite/18560ccoytidm9.html" "Mozilla/5.0 AppleWebKit/537.36 (KHTML, like Gecko; compatible; GPTBot/1.3; +https://openai.com/gptbot)"
74.7.227.180 - - [06/Feb/2026:07:47:47 -0500] "GET /ctg/search/similarImageSearchResultView/?ctgItemCd=4679143245 HTTP/1.1" 404 1251 "https://blog.newkolkata.in/geti/43245kairitems" "Mozilla/5.0 AppleWebKit/537.36 (KHTML, like Gecko; compatible; GPTBot/1.3; +https://openai.com/gptbot)"
74.7.227.180 - - [06/Feb/2026:07:47:50 -0500] "GET /ctg/search/similarImageSearchResultView/?ctgItemCd=9434790886 HTTP/1.1" 404 1251 "https://blog.newkolkata.in/get/90886ccoyitems" "Mozilla/5.0 AppleWebKit/537.36 (KHTML, like Gecko; compatible; GPTBot/1.3; +https://openai.com/gptbot)"
74.7.227.180 - - [06/Feb/2026:07:47:53 -0500] "GET /ctg/search/similarImageSearchResultView/?ctgItemCd=9131687862 HTTP/1.1" 404 1251 "https://blog.newkolkata.in/get/87862kairitems" "Mozilla/5.0 AppleWebKit/537.36 (KHTML, like Gecko; compatible; GPTBot/1.3; +https://openai.com/gptbot)"
74.7.227.180 - - [06/Feb/2026:07:47:57 -0500] "GET /ctg/search/similarImageSearchResultView/?ctgItemCd=1677913105 HTTP/1.1" 404 1251 "https://blog.newkolkata.in/getid/13105mvrvitems" "Mozilla/5.0 AppleWebKit/537.36 (KHTML, like Gecko; compatible; GPTBot/1.3; +https://openai.com/gptbot)"
74.7.227.180 - - [06/Feb/2026:07:48:00 -0500] "GET /ctg/search/similarImageSearchResultView/?ctgItemCd=4206338034 HTTP/1.1" 404 1251 "https://blog.newkolkata.in/getid/38034sejmitems.htm" "Mozilla/5.0 AppleWebKit/537.36 (KHTML, like Gecko; compatible; GPTBot/1.3; +https://openai.com/gptbot)"
40.77.167.71 - - [06/Feb/2026:07:48:01 -0500] "GET /emocion-y-suerte-en-cada-tirada-el-universo-spingranny-y-el/ HTTP/1.1" 404 1251 "-" "Mozilla/5.0 AppleWebKit/537.36 (KHTML, like Gecko; compatible; bingbot/2.0; +http://www.bing.com/bingbot.htm) Chrome/116.0.1938.76 Safari/537.36"
74.7.227.180 - - [06/Feb/2026:07:48:03 -0500] "GET /ctg/search/similarImageSearchResultView/?ctgItemCd=9449590517 HTTP/1.1" 404 1251 "https://blog.newkolkata.in/getidm4880/90517ccoyitems" "Mozilla/5.0 AppleWebKit/537.36 (KHTML, like Gecko; compatible; GPTBot/1.3; +https://openai.com/gptbot)"
74.7.227.180 - - [06/Feb/2026:07:48:06 -0500] "GET /ctg/search/similarImageSearchResultView/?ctgItemCd=3394730128 HTTP/1.1" 404 1251 "https://blog.newkolkata.in/get/30128ccoyitems.htm" "Mozilla/5.0 AppleWebKit/537.36 (KHTML, like Gecko; compatible; GPTBot/1.3; +https://openai.com/gptbot)"
85.208.96.204 - - [06/Feb/2026:07:48:08 -0500] "GET /geti/52626mvrvitems.htm HTTP/1.1" 404 1251 "-" "Mozilla/5.0 (compatible; SemrushBot/7~bl; +http://www.semrush.com/bot.html)"
74.7.227.180 - - [06/Feb/2026:07:48:09 -0500] "GET /ctg/search/similarImageSearchResultView/?ctgItemCd=9018086210 HTTP/1.1" 404 1251 "https://blog.newkolkata.in/ite/86210jahttidm665.html" "Mozilla/5.0 AppleWebKit/537.36 (KHTML, like Gecko; compatible; GPTBot/1.3; +https://openai.com/gptbot)"
74.7.227.180 - - [06/Feb/2026:07:48:12 -0500] "GET /ctg/search/similarImageSearchResultView/?ctgItemCd=6742363769 HTTP/1.1" 404 1251 "https://blog.newkolkata.in/getid/63769cejpitems" "Mozilla/5.0 AppleWebKit/537.36 (KHTML, like Gecko; compatible; GPTBot/1.3; +https://openai.com/gptbot)"
185.191.171.16 - - [06/Feb/2026:07:48:15 -0500] "GET /geti/25536ulgpitems.htm HTTP/1.1" 404 1251 "-" "Mozilla/5.0 (compatible; SemrushBot/7~bl; +http://www.semrush.com/bot.html)"
74.7.227.180 - - [06/Feb/2026:07:48:15 -0500] "GET /ctg/search/similarImageSearchResultView/?ctgItemCd=2866524811 HTTP/1.1" 404 1251 "https://blog.newkolkata.in/getidm32/24811kairitems" "Mozilla/5.0 AppleWebKit/537.36 (KHTML, like Gecko; compatible; GPTBot/1.3; +https://openai.com/gptbot)"
74.7.227.180 - - [06/Feb/2026:07:48:19 -0500] "GET /ctg/search/similarImageSearchResultView/?ctgItemCd=2092717446 HTTP/1.1" 404 1251 "https://blog.newkolkata.in/get/17446mvrvitems" "Mozilla/5.0 AppleWebKit/537.36 (KHTML, like Gecko; compatible; GPTBot/1.3; +https://openai.com/gptbot)"
74.7.227.180 - - [06/Feb/2026:07:48:22 -0500] "GET /ctg/search/similarImageSearchResultView/?ctgItemCd=9005186232 HTTP/1.1" 404 1251 "https://blog.newkolkata.in/get/86232kairitems.htm" "Mozilla/5.0 AppleWebKit/537.36 (KHTML, like Gecko; compatible; GPTBot/1.3; +https://openai.com/gptbot)"
74.7.227.180 - - [06/Feb/2026:07:48:25 -0500] "GET /ctg/search/similarImageSearchResultView/?ctgItemCd=7535271428 HTTP/1.1" 404 1251 "https://blog.newkolkata.in/items/71428cejptid.html" "Mozilla/5.0 AppleWebKit/537.36 (KHTML, like Gecko; compatible; GPTBot/1.3; +https://openai.com/gptbot)"
74.7.227.180 - - [06/Feb/2026:07:48:28 -0500] "GET /ctg/search/similarImageSearchResultView/?ctgItemCd=4072636791 HTTP/1.1" 404 1251 "https://blog.newkolkata.in/item/36791sejmtidm.html" "Mozilla/5.0 AppleWebKit/537.36 (KHTML, like Gecko; compatible; GPTBot/1.3; +https://openai.com/gptbot)"
74.7.227.180 - - [06/Feb/2026:07:48:32 -0500] "GET /ctg/search/similarImageSearchResultView/?ctgItemCd=5770153740 HTTP/1.1" 404 1251 "https://blog.newkolkata.in/getidm8302/53740kairitems" "Mozilla/5.0 AppleWebKit/537.36 (KHTML, like Gecko; compatible; GPTBot/1.3; +https://openai.com/gptbot)"
74.7.227.180 - - [06/Feb/2026:07:48:35 -0500] "GET /ctg/search/similarImageSearchResultView/?ctgItemCd=4332439507 HTTP/1.1" 404 1251 "https://blog.newkolkata.in/get/39507cejpitems.htm" "Mozilla/5.0 AppleWebKit/537.36 (KHTML, like Gecko; compatible; GPTBot/1.3; +https://openai.com/gptbot)"
74.7.227.180 - - [06/Feb/2026:07:48:38 -0500] "GET /ctg/search/similarImageSearchResultView/?ctgItemCd=4209338240 HTTP/1.1" 404 1251 "https://blog.newkolkata.in/ite/38240cejptidm1.html" "Mozilla/5.0 AppleWebKit/537.36 (KHTML, like Gecko; compatible; GPTBot/1.3; +https://openai.com/gptbot)"
74.7.227.180 - - [06/Feb/2026:07:48:41 -0500] "GET /ctg/search/similarImageSearchResultView/?ctgItemCd=7905374762 HTTP/1.1" 404 1251 "https://blog.newkolkata.in/getidm68/74762zslyitems.htm" "Mozilla/5.0 AppleWebKit/537.36 (KHTML, like Gecko; compatible; GPTBot/1.3; +https://openai.com/gptbot)"
85.208.96.209 - - [06/Feb/2026:07:48:41 -0500] "GET /get/35446kairitems HTTP/1.1" 404 1251 "-" "Mozilla/5.0 (compatible; SemrushBot/7~bl; +http://www.semrush.com/bot.html)"
74.7.227.180 - - [06/Feb/2026:07:48:44 -0500] "GET /ctg/search/similarImageSearchResultView/?ctgItemCd=9163487676 HTTP/1.1" 404 1251 "https://blog.newkolkata.in/getidm807/87676pcywitems" "Mozilla/5.0 AppleWebKit/537.36 (KHTML, like Gecko; compatible; GPTBot/1.3; +https://openai.com/gptbot)"
74.7.227.180 - - [06/Feb/2026:07:48:47 -0500] "GET /ctg/search/similarImageSearchResultView/?ctgItemCd=3034726217 HTTP/1.1" 404 1251 "https://blog.newkolkata.in/getidm/26217jahtitems.htm" "Mozilla/5.0 AppleWebKit/537.36 (KHTML, like Gecko; compatible; GPTBot/1.3; +https://openai.com/gptbot)"
85.208.96.203 - - [06/Feb/2026:07:48:49 -0500] "GET /getidm/60265cejpitems HTTP/1.1" 404 1251 "-" "Mozilla/5.0 (compatible; SemrushBot/7~bl; +http://www.semrush.com/bot.html)"
74.7.227.180 - - [06/Feb/2026:07:48:50 -0500] "GET /ctg/search/similarImageSearchResultView/?ctgItemCd=3379729860 HTTP/1.1" 404 1251 "https://blog.newkolkata.in/getidm480/29860tjvfitems" "Mozilla/5.0 AppleWebKit/537.36 (KHTML, like Gecko; compatible; GPTBot/1.3; +https://openai.com/gptbot)"
74.7.227.180 - - [06/Feb/2026:07:48:53 -0500] "GET /ctg/search/similarImageSearchResultView/?ctgItemCd=8560281780 HTTP/1.1" 404 1251 "https://blog.newkolkata.in/get/81780kairitems.htm" "Mozilla/5.0 AppleWebKit/537.36 (KHTML, like Gecko; compatible; GPTBot/1.3; +https://openai.com/gptbot)"
74.7.227.180 - - [06/Feb/2026:07:48:57 -0500] "GET /ctg/search/similarImageSearchResultView/?ctgItemCd=1850714312 HTTP/1.1" 404 1251 "https://blog.newkolkata.in/getidm7/14312ulgpitems.htm" "Mozilla/5.0 AppleWebKit/537.36 (KHTML, like Gecko; compatible; GPTBot/1.3; +https://openai.com/gptbot)"
74.7.227.180 - - [06/Feb/2026:07:49:00 -0500] "GET /ctg/search/similarImageSearchResultView/?ctgItemCd=6291859359 HTTP/1.1" 404 1251 "https://blog.newkolkata.in/geti/59359kairitems" "Mozilla/5.0 AppleWebKit/537.36 (KHTML, like Gecko; compatible; GPTBot/1.3; +https://openai.com/gptbot)"
74.7.227.180 - - [06/Feb/2026:07:49:03 -0500] "GET /ctg/search/similarImageSearchResultView/?ctgItemCd=9756793618 HTTP/1.1" 404 1251 "https://blog.newkolkata.in/geti/93618tjvfitems.htm" "Mozilla/5.0 AppleWebKit/537.36 (KHTML, like Gecko; compatible; GPTBot/1.3; +https://openai.com/gptbot)"
74.7.227.180 - - [06/Feb/2026:07:49:06 -0500] "GET /ctg/search/similarImageSearchResultView/?ctgItemCd=8043776352 HTTP/1.1" 404 1251 "https://blog.newkolkata.in/items/76352cejptidm3.html" "Mozilla/5.0 AppleWebKit/537.36 (KHTML, like Gecko; compatible; GPTBot/1.3; +https://openai.com/gptbot)"
74.7.227.180 - - [06/Feb/2026:07:49:09 -0500] "GET /ctg/search/similarImageSearchResultView/?ctgItemCd=7782373491 HTTP/1.1" 404 1251 "https://blog.newkolkata.in/getidm187/73491mvrvitems.htm" "Mozilla/5.0 AppleWebKit/537.36 (KHTML, like Gecko; compatible; GPTBot/1.3; +https://openai.com/gptbot)"
185.191.171.13 - - [06/Feb/2026:07:49:10 -0500] "GET /geti/55879ccoyitems HTTP/1.1" 404 1251 "-" "Mozilla/5.0 (compatible; SemrushBot/7~bl; +http://www.semrush.com/bot.html)"
74.7.227.180 - - [06/Feb/2026:07:49:12 -0500] "GET /ctg/search/similarImageSearchResultView/?ctgItemCd=4785943821 HTTP/1.1" 404 1251 "https://blog.newkolkata.in/getid/43821ulgpitems.htm" "Mozilla/5.0 AppleWebKit/537.36 (KHTML, like Gecko; compatible; GPTBot/1.3; +https://openai.com/gptbot)"
74.7.227.180 - - [06/Feb/2026:07:49:15 -0500] "GET /ctg/search/similarImageSearchResultView/?ctgItemCd=7274068553 HTTP/1.1" 404 1251 "https://blog.newkolkata.in/getidm5/68553cejpitems.htm" "Mozilla/5.0 AppleWebKit/537.36 (KHTML, like Gecko; compatible; GPTBot/1.3; +https://openai.com/gptbot)"
74.7.227.180 - - [06/Feb/2026:07:49:19 -0500] "GET /ctg/search/similarImageSearchResultView/?ctgItemCd=8190577930 HTTP/1.1" 404 1251 "https://blog.newkolkata.in/ite/77930kairtidm337.html" "Mozilla/5.0 AppleWebKit/537.36 (KHTML, like Gecko; compatible; GPTBot/1.3; +https://openai.com/gptbot)"
74.7.227.180 - - [06/Feb/2026:07:49:22 -0500] "GET /ctg/search/similarImageSearchResultView/?ctgItemCd=5011546630 HTTP/1.1" 404 1251 "https://blog.newkolkata.in/get/46630zslyitems" "Mozilla/5.0 AppleWebKit/537.36 (KHTML, like Gecko; compatible; GPTBot/1.3; +https://openai.com/gptbot)"
74.7.227.180 - - [06/Feb/2026:07:49:25 -0500] "GET /ctg/search/similarImageSearchResultView/?ctgItemCd=7523471094 HTTP/1.1" 404 1251 "https://blog.newkolkata.in/getidm/71094ccoyitems.htm" "Mozilla/5.0 AppleWebKit/537.36 (KHTML, like Gecko; compatible; GPTBot/1.3; +https://openai.com/gptbot)"
85.208.96.201 - - [06/Feb/2026:07:49:25 -0500] "GET /getidm/112297tjvfitems HTTP/1.1" 404 1251 "-" "Mozilla/5.0 (compatible; SemrushBot/7~bl; +http://www.semrush.com/bot.html)"
74.7.227.180 - - [06/Feb/2026:07:49:28 -0500] "GET /ctg/search/similarImageSearchResultView/?ctgItemCd=7618372385 HTTP/1.1" 404 1251 "https://blog.newkolkata.in/getidm/72385mvrvitems" "Mozilla/5.0 AppleWebKit/537.36 (KHTML, like Gecko; compatible; GPTBot/1.3; +https://openai.com/gptbot)"
74.7.227.180 - - [06/Feb/2026:07:49:32 -0500] "GET /ctg/search/similarImageSearchResultView/?ctgItemCd=9722093664 HTTP/1.1" 404 1251 "https://blog.newkolkata.in/geti/93664jahtitems" "Mozilla/5.0 AppleWebKit/537.36 (KHTML, like Gecko; compatible; GPTBot/1.3; +https://openai.com/gptbot)"
74.7.227.180 - - [06/Feb/2026:07:49:35 -0500] "GET /ctg/search/similarImageSearchResultView/?ctgItemCd=6409260598 HTTP/1.1" 404 1251 "https://blog.newkolkata.in/get/60598zslyitems" "Mozilla/5.0 AppleWebKit/537.36 (KHTML, like Gecko; compatible; GPTBot/1.3; +https://openai.com/gptbot)"
74.7.227.180 - - [06/Feb/2026:07:49:38 -0500] "GET /ctg/search/similarImageSearchResultView/?ctgItemCd=4889344792 HTTP/1.1" 404 1251 "https://blog.newkolkata.in/items/44792sejmtidm3.html" "Mozilla/5.0 AppleWebKit/537.36 (KHTML, like Gecko; compatible; GPTBot/1.3; +https://openai.com/gptbot)"
74.7.227.180 - - [06/Feb/2026:07:49:41 -0500] "GET /ctg/search/similarImageSearchResultView/?ctgItemCd=3790933824 HTTP/1.1" 404 1251 "https://blog.newkolkata.in/items/33824cejptidm6.html" "Mozilla/5.0 AppleWebKit/537.36 (KHTML, like Gecko; compatible; GPTBot/1.3; +https://openai.com/gptbot)"
74.7.227.180 - - [06/Feb/2026:07:49:44 -0500] "GET /ctg/search/similarImageSearchResultView/?ctgItemCd=3260028533 HTTP/1.1" 404 1251 "https://blog.newkolkata.in/getid/28533zslyitems.htm" "Mozilla/5.0 AppleWebKit/537.36 (KHTML, like Gecko; compatible; GPTBot/1.3; +https://openai.com/gptbot)"
52.167.144.162 - - [06/Feb/2026:07:49:45 -0500] "GET /the-advantages-of-playing-roulette-free-video-game/ HTTP/1.1" 404 1251 "-" "Mozilla/5.0 AppleWebKit/537.36 (KHTML, like Gecko; compatible; bingbot/2.0; +http://www.bing.com/bingbot.htm) Chrome/116.0.1938.76 Safari/537.36"
185.191.171.12 - - [06/Feb/2026:07:49:46 -0500] "GET /get/151654kairitems HTTP/1.1" 404 1251 "-" "Mozilla/5.0 (compatible; SemrushBot/7~bl; +http://www.semrush.com/bot.html)"
74.7.227.180 - - [06/Feb/2026:07:49:47 -0500] "GET /ctg/search/similarImageSearchResultView/?ctgItemCd=6493661177 HTTP/1.1" 404 1251 "https://blog.newkolkata.in/getidm/61177kairitems" "Mozilla/5.0 AppleWebKit/537.36 (KHTML, like Gecko; compatible; GPTBot/1.3; +https://openai.com/gptbot)"
74.7.227.180 - - [06/Feb/2026:07:49:51 -0500] "GET /ctg/search/similarImageSearchResultView/?ctgItemCd=4652143054 HTTP/1.1" 404 1251 "https://blog.newkolkata.in/get/43054pcywitems" "Mozilla/5.0 AppleWebKit/537.36 (KHTML, like Gecko; compatible; GPTBot/1.3; +https://openai.com/gptbot)"
74.7.227.180 - - [06/Feb/2026:07:49:54 -0500] "GET /ctg/search/similarImageSearchResultView/?ctgItemCd=5278448756 HTTP/1.1" 404 1251 "https://blog.newkolkata.in/getid/48756cejpitems.htm" "Mozilla/5.0 AppleWebKit/537.36 (KHTML, like Gecko; compatible; GPTBot/1.3; +https://openai.com/gptbot)"
