74.7.227.180 - - [06/Feb/2026:09:30:09 -0500] "GET /ctg/search/similarImageSearchResultView/?ctgItemCd=9695892643 HTTP/1.1" 404 1251 "https://blog.newkolkata.in/getidm295/92643tjvfitems.htm" "Mozilla/5.0 AppleWebKit/537.36 (KHTML, like Gecko; compatible; GPTBot/1.3; +https://openai.com/gptbot)"
74.7.227.180 - - [06/Feb/2026:09:30:13 -0500] "GET /ctg/search/similarImageSearchResultView/?ctgItemCd=8151377861 HTTP/1.1" 404 1251 "https://blog.newkolkata.in/getid/77861cejpitems" "Mozilla/5.0 AppleWebKit/537.36 (KHTML, like Gecko; compatible; GPTBot/1.3; +https://openai.com/gptbot)"
74.7.227.180 - - [06/Feb/2026:09:30:16 -0500] "GET /ctg/search/similarImageSearchResultView/?ctgItemCd=7715973504 HTTP/1.1" 404 1251 "https://blog.newkolkata.in/getid/73504sejmitems" "Mozilla/5.0 AppleWebKit/537.36 (KHTML, like Gecko; compatible; GPTBot/1.3; +https://openai.com/gptbot)"
74.7.227.180 - - [06/Feb/2026:09:30:19 -0500] "GET /ctg/search/similarImageSearchResultView/?ctgItemCd=7047166162 HTTP/1.1" 404 1251 "https://blog.newkolkata.in/getidm987/66162sejmitems.htm" "Mozilla/5.0 AppleWebKit/537.36 (KHTML, like Gecko; compatible; GPTBot/1.3; +https://openai.com/gptbot)"
114.119.138.37 - - [06/Feb/2026:09:30:22 -0500] "GET /ite/139088tjvftidm987.html HTTP/1.1" 404 1251 "https://blog.newkolkata.in/sitemap185.xml" "Mozilla/5.0 (Linux; Android 7.0;) AppleWebKit/537.36 (KHTML, like Gecko) Mobile Safari/537.36 (compatible; PetalBot;+https://webmaster.petalsearch.com/site/petalbot)"
74.7.227.180 - - [06/Feb/2026:09:30:22 -0500] "GET /ctg/search/similarImageSearchResultView/?ctgItemCd=7539971505 HTTP/1.1" 404 1251 "https://blog.newkolkata.in/getidm61/71505mvrvitems" "Mozilla/5.0 AppleWebKit/537.36 (KHTML, like Gecko; compatible; GPTBot/1.3; +https://openai.com/gptbot)"
74.7.227.180 - - [06/Feb/2026:09:30:25 -0500] "GET /ctg/search/similarImageSearchResultView/?ctgItemCd=6773263597 HTTP/1.1" 404 1251 "https://blog.newkolkata.in/items/63597mvrvtidm5.html" "Mozilla/5.0 AppleWebKit/537.36 (KHTML, like Gecko; compatible; GPTBot/1.3; +https://openai.com/gptbot)"
74.7.227.180 - - [06/Feb/2026:09:30:28 -0500] "GET /ctg/search/similarImageSearchResultView/?ctgItemCd=7514571060 HTTP/1.1" 404 1251 "https://blog.newkolkata.in/ite/71060pcywtidm15140.html" "Mozilla/5.0 AppleWebKit/537.36 (KHTML, like Gecko; compatible; GPTBot/1.3; +https://openai.com/gptbot)"
74.7.227.180 - - [06/Feb/2026:09:30:32 -0500] "GET /ctg/search/similarImageSearchResultView/?ctgItemCd=4083636861 HTTP/1.1" 404 1251 "https://blog.newkolkata.in/item/36861cejptidm7.html" "Mozilla/5.0 AppleWebKit/537.36 (KHTML, like Gecko; compatible; GPTBot/1.3; +https://openai.com/gptbot)"
74.7.227.180 - - [06/Feb/2026:09:30:35 -0500] "GET /ctg/search/similarImageSearchResultView/?ctgItemCd=2537121934 HTTP/1.1" 404 1251 "https://blog.newkolkata.in/get/21934cejpitems" "Mozilla/5.0 AppleWebKit/537.36 (KHTML, like Gecko; compatible; GPTBot/1.3; +https://openai.com/gptbot)"
85.208.96.205 - - [06/Feb/2026:09:30:36 -0500] "GET /geti/71791ccoyitems HTTP/1.1" 404 1251 "-" "Mozilla/5.0 (compatible; SemrushBot/7~bl; +http://www.semrush.com/bot.html)"
74.7.227.180 - - [06/Feb/2026:09:30:38 -0500] "GET /ctg/search/similarImageSearchResultView/?ctgItemCd=6162157300 HTTP/1.1" 404 1251 "https://blog.newkolkata.in/getidm232/57300zslyitems.htm" "Mozilla/5.0 AppleWebKit/537.36 (KHTML, like Gecko; compatible; GPTBot/1.3; +https://openai.com/gptbot)"
74.7.227.180 - - [06/Feb/2026:09:30:41 -0500] "GET /ctg/search/similarImageSearchResultView/?ctgItemCd=1863715190 HTTP/1.1" 404 1251 "https://blog.newkolkata.in/get/15190sejmitems" "Mozilla/5.0 AppleWebKit/537.36 (KHTML, like Gecko; compatible; GPTBot/1.3; +https://openai.com/gptbot)"
74.7.227.180 - - [06/Feb/2026:09:30:44 -0500] "GET /ctg/search/similarImageSearchResultView/?ctgItemCd=1955415676 HTTP/1.1" 404 1251 "https://blog.newkolkata.in/getidm30/15676ulgpitems" "Mozilla/5.0 AppleWebKit/537.36 (KHTML, like Gecko; compatible; GPTBot/1.3; +https://openai.com/gptbot)"
74.7.227.180 - - [06/Feb/2026:09:30:47 -0500] "GET /ctg/search/similarImageSearchResultView/?ctgItemCd=6120056813 HTTP/1.1" 404 1251 "https://blog.newkolkata.in/items/56813pcywtidm685274.html" "Mozilla/5.0 AppleWebKit/537.36 (KHTML, like Gecko; compatible; GPTBot/1.3; +https://openai.com/gptbot)"
74.7.227.180 - - [06/Feb/2026:09:30:51 -0500] "GET /ctg/search/similarImageSearchResultView/?ctgItemCd=6402160265 HTTP/1.1" 404 1251 "https://blog.newkolkata.in/getidm/60265kairitems" "Mozilla/5.0 AppleWebKit/537.36 (KHTML, like Gecko; compatible; GPTBot/1.3; +https://openai.com/gptbot)"
74.7.227.180 - - [06/Feb/2026:09:30:54 -0500] "GET /ctg/search/similarImageSearchResultView/?ctgItemCd=5051046536 HTTP/1.1" 404 1251 "https://blog.newkolkata.in/items/46536zslytid.html" "Mozilla/5.0 AppleWebKit/537.36 (KHTML, like Gecko; compatible; GPTBot/1.3; +https://openai.com/gptbot)"
74.7.227.180 - - [06/Feb/2026:09:30:57 -0500] "GET /ctg/search/similarImageSearchResultView/?ctgItemCd=6912064818 HTTP/1.1" 404 1251 "https://blog.newkolkata.in/getidm110/64818ulgpitems.htm" "Mozilla/5.0 AppleWebKit/537.36 (KHTML, like Gecko; compatible; GPTBot/1.3; +https://openai.com/gptbot)"
85.208.96.211 - - [06/Feb/2026:09:30:58 -0500] "GET /geti/4087ccoyitems HTTP/1.1" 404 1251 "-" "Mozilla/5.0 (compatible; SemrushBot/7~bl; +http://www.semrush.com/bot.html)"
74.7.227.180 - - [06/Feb/2026:09:31:00 -0500] "GET /ctg/search/similarImageSearchResultView/?ctgItemCd=4702842805 HTTP/1.1" 404 1251 "https://blog.newkolkata.in/getidm8/42805mvrvitems.htm" "Mozilla/5.0 AppleWebKit/537.36 (KHTML, like Gecko; compatible; GPTBot/1.3; +https://openai.com/gptbot)"
74.7.227.180 - - [06/Feb/2026:09:31:03 -0500] "GET /ctg/search/similarImageSearchResultView/?ctgItemCd=1482810963 HTTP/1.1" 404 1251 "https://blog.newkolkata.in/getidm14/10963sejmitems" "Mozilla/5.0 AppleWebKit/537.36 (KHTML, like Gecko; compatible; GPTBot/1.3; +https://openai.com/gptbot)"
185.191.171.4 - - [06/Feb/2026:09:31:06 -0500] "GET /getidm5/173818cejpitems HTTP/1.1" 404 1251 "-" "Mozilla/5.0 (compatible; SemrushBot/7~bl; +http://www.semrush.com/bot.html)"
74.7.227.180 - - [06/Feb/2026:09:31:06 -0500] "GET /ctg/search/similarImageSearchResultView/?ctgItemCd=7944575606 HTTP/1.1" 404 1251 "https://blog.newkolkata.in/get/75606ulgpitems.htm" "Mozilla/5.0 AppleWebKit/537.36 (KHTML, like Gecko; compatible; GPTBot/1.3; +https://openai.com/gptbot)"
74.7.227.180 - - [06/Feb/2026:09:31:09 -0500] "GET /ctg/search/similarImageSearchResultView/?ctgItemCd=5728053317 HTTP/1.1" 404 1251 "https://blog.newkolkata.in/getidm1824/53317kairitems" "Mozilla/5.0 AppleWebKit/537.36 (KHTML, like Gecko; compatible; GPTBot/1.3; +https://openai.com/gptbot)"
74.7.227.180 - - [06/Feb/2026:09:31:12 -0500] "GET /ctg/search/similarImageSearchResultView/?ctgItemCd=5872954566 HTTP/1.1" 404 1251 "https://blog.newkolkata.in/ite/54566pcywtidm118757.html" "Mozilla/5.0 AppleWebKit/537.36 (KHTML, like Gecko; compatible; GPTBot/1.3; +https://openai.com/gptbot)"
74.7.227.180 - - [06/Feb/2026:09:31:16 -0500] "GET /ctg/search/similarImageSearchResultView/?ctgItemCd=3509431080 HTTP/1.1" 404 1251 "https://blog.newkolkata.in/ite/31080cejptidm9473.html" "Mozilla/5.0 AppleWebKit/537.36 (KHTML, like Gecko; compatible; GPTBot/1.3; +https://openai.com/gptbot)"
85.208.96.212 - - [06/Feb/2026:09:31:18 -0500] "GET /getidm/4873ccoyitems HTTP/1.1" 404 1251 "-" "Mozilla/5.0 (compatible; SemrushBot/7~bl; +http://www.semrush.com/bot.html)"
74.7.227.180 - - [06/Feb/2026:09:31:19 -0500] "GET /ctg/search/similarImageSearchResultView/?ctgItemCd=6305358787 HTTP/1.1" 404 1251 "https://blog.newkolkata.in/items/58787jahttidm8771.html" "Mozilla/5.0 AppleWebKit/537.36 (KHTML, like Gecko; compatible; GPTBot/1.3; +https://openai.com/gptbot)"
85.208.96.196 - - [06/Feb/2026:09:31:22 -0500] "GET /getidm/219102mvrvitems.htm HTTP/1.1" 404 1251 "-" "Mozilla/5.0 (compatible; SemrushBot/7~bl; +http://www.semrush.com/bot.html)"
74.7.227.180 - - [06/Feb/2026:09:31:22 -0500] "GET /ctg/search/similarImageSearchResultView/?ctgItemCd=9543091618 HTTP/1.1" 404 1251 "https://blog.newkolkata.in/getidm2/91618jahtitems" "Mozilla/5.0 AppleWebKit/537.36 (KHTML, like Gecko; compatible; GPTBot/1.3; +https://openai.com/gptbot)"
74.7.227.180 - - [06/Feb/2026:09:31:25 -0500] "GET /ctg/search/similarImageSearchResultView/?ctgItemCd=6260659037 HTTP/1.1" 404 1251 "https://blog.newkolkata.in/geti/59037ulgpitems" "Mozilla/5.0 AppleWebKit/537.36 (KHTML, like Gecko; compatible; GPTBot/1.3; +https://openai.com/gptbot)"
74.7.227.180 - - [06/Feb/2026:09:31:28 -0500] "GET /ctg/search/similarImageSearchResultView/?ctgItemCd=3929635146 HTTP/1.1" 404 1251 "https://blog.newkolkata.in/getidm/35146tjvfitems.htm" "Mozilla/5.0 AppleWebKit/537.36 (KHTML, like Gecko; compatible; GPTBot/1.3; +https://openai.com/gptbot)"
74.7.227.180 - - [06/Feb/2026:09:31:31 -0500] "GET /ctg/search/similarImageSearchResultView/?ctgItemCd=4967345606 HTTP/1.1" 404 1251 "https://blog.newkolkata.in/getid/45606zslyitems.htm" "Mozilla/5.0 AppleWebKit/537.36 (KHTML, like Gecko; compatible; GPTBot/1.3; +https://openai.com/gptbot)"
74.7.227.180 - - [06/Feb/2026:09:31:35 -0500] "GET /ctg/search/similarImageSearchResultView/?ctgItemCd=4478540865 HTTP/1.1" 404 1251 "https://blog.newkolkata.in/ite/40865kairtidm18.html" "Mozilla/5.0 AppleWebKit/537.36 (KHTML, like Gecko; compatible; GPTBot/1.3; +https://openai.com/gptbot)"
74.7.227.180 - - [06/Feb/2026:09:31:38 -0500] "GET /ctg/search/similarImageSearchResultView/?ctgItemCd=6839064942 HTTP/1.1" 404 1251 "https://blog.newkolkata.in/get/64942kairitems" "Mozilla/5.0 AppleWebKit/537.36 (KHTML, like Gecko; compatible; GPTBot/1.3; +https://openai.com/gptbot)"
74.7.227.180 - - [06/Feb/2026:09:31:41 -0500] "GET /ctg/search/similarImageSearchResultView/?ctgItemCd=2450020469 HTTP/1.1" 404 1251 "https://blog.newkolkata.in/getid/20469ccoyitems.htm" "Mozilla/5.0 AppleWebKit/537.36 (KHTML, like Gecko; compatible; GPTBot/1.3; +https://openai.com/gptbot)"
74.7.227.180 - - [06/Feb/2026:09:31:44 -0500] "GET /ctg/search/similarImageSearchResultView/?ctgItemCd=7126467334 HTTP/1.1" 404 1251 "https://blog.newkolkata.in/items/67334kairtid.html" "Mozilla/5.0 AppleWebKit/537.36 (KHTML, like Gecko; compatible; GPTBot/1.3; +https://openai.com/gptbot)"
74.7.227.180 - - [06/Feb/2026:09:31:48 -0500] "GET /ctg/search/similarImageSearchResultView/?ctgItemCd=9087886942 HTTP/1.1" 404 1251 "https://blog.newkolkata.in/items/86942kairtid.html" "Mozilla/5.0 AppleWebKit/537.36 (KHTML, like Gecko; compatible; GPTBot/1.3; +https://openai.com/gptbot)"
85.208.96.200 - - [06/Feb/2026:09:31:51 -0500] "GET /get/198430ulgpitems HTTP/1.1" 404 1251 "-" "Mozilla/5.0 (compatible; SemrushBot/7~bl; +http://www.semrush.com/bot.html)"
74.7.227.180 - - [06/Feb/2026:09:31:51 -0500] "GET /ctg/search/similarImageSearchResultView/?ctgItemCd=4029536337 HTTP/1.1" 404 1251 "https://blog.newkolkata.in/getidm4012/36337kairitems" "Mozilla/5.0 AppleWebKit/537.36 (KHTML, like Gecko; compatible; GPTBot/1.3; +https://openai.com/gptbot)"
85.208.96.207 - - [06/Feb/2026:09:31:53 -0500] "GET /geti/36751sejmitems HTTP/1.1" 404 1251 "-" "Mozilla/5.0 (compatible; SemrushBot/7~bl; +http://www.semrush.com/bot.html)"
74.7.227.180 - - [06/Feb/2026:09:31:54 -0500] "GET /ctg/search/similarImageSearchResultView/?ctgItemCd=3176127504 HTTP/1.1" 404 1251 "https://blog.newkolkata.in/items/27504ulgptidm2075.html" "Mozilla/5.0 AppleWebKit/537.36 (KHTML, like Gecko; compatible; GPTBot/1.3; +https://openai.com/gptbot)"
74.7.227.180 - - [06/Feb/2026:09:31:57 -0500] "GET /ctg/search/similarImageSearchResultView/?ctgItemCd=5614051977 HTTP/1.1" 404 1251 "https://blog.newkolkata.in/items/51977ulgptidm23.html" "Mozilla/5.0 AppleWebKit/537.36 (KHTML, like Gecko; compatible; GPTBot/1.3; +https://openai.com/gptbot)"
185.191.171.17 - - [06/Feb/2026:09:31:58 -0500] "GET /getidm/201462mvrvitems.htm HTTP/1.1" 404 1251 "-" "Mozilla/5.0 (compatible; SemrushBot/7~bl; +http://www.semrush.com/bot.html)"
74.7.227.180 - - [06/Feb/2026:09:32:00 -0500] "GET /ctg/search/similarImageSearchResultView/?ctgItemCd=6985766271 HTTP/1.1" 404 1251 "https://blog.newkolkata.in/geti/66271mvrvitems" "Mozilla/5.0 AppleWebKit/537.36 (KHTML, like Gecko; compatible; GPTBot/1.3; +https://openai.com/gptbot)"
74.7.227.180 - - [06/Feb/2026:09:32:04 -0500] "GET /ctg/search/similarImageSearchResultView/?ctgItemCd=6322759201 HTTP/1.1" 404 1251 "https://blog.newkolkata.in/item/59201sejmtidm22.html" "Mozilla/5.0 AppleWebKit/537.36 (KHTML, like Gecko; compatible; GPTBot/1.3; +https://openai.com/gptbot)"
74.7.227.180 - - [06/Feb/2026:09:32:07 -0500] "GET /ctg/search/similarImageSearchResultView/?ctgItemCd=2515620961 HTTP/1.1" 404 1251 "https://blog.newkolkata.in/getidm9/20961sejmitems.htm" "Mozilla/5.0 AppleWebKit/537.36 (KHTML, like Gecko; compatible; GPTBot/1.3; +https://openai.com/gptbot)"
74.7.227.180 - - [06/Feb/2026:09:32:10 -0500] "GET /ctg/search/similarImageSearchResultView/?ctgItemCd=3002725906 HTTP/1.1" 404 1251 "https://blog.newkolkata.in/ite/25906zslytidm24585.html" "Mozilla/5.0 AppleWebKit/537.36 (KHTML, like Gecko; compatible; GPTBot/1.3; +https://openai.com/gptbot)"
85.208.96.195 - - [06/Feb/2026:09:32:10 -0500] "GET /get/264165ulgpitems.htm HTTP/1.1" 404 1251 "-" "Mozilla/5.0 (compatible; SemrushBot/7~bl; +http://www.semrush.com/bot.html)"
185.191.171.13 - - [06/Feb/2026:09:32:13 -0500] "GET /getid/179560pcywitems HTTP/1.1" 404 1251 "-" "Mozilla/5.0 (compatible; SemrushBot/7~bl; +http://www.semrush.com/bot.html)"
74.7.227.180 - - [06/Feb/2026:09:32:13 -0500] "GET /ctg/search/similarImageSearchResultView/?ctgItemCd=3195027848 HTTP/1.1" 404 1251 "https://blog.newkolkata.in/items/27848ccoytidm2.html" "Mozilla/5.0 AppleWebKit/537.36 (KHTML, like Gecko; compatible; GPTBot/1.3; +https://openai.com/gptbot)"
74.7.227.180 - - [06/Feb/2026:09:32:16 -0500] "GET /ctg/search/similarImageSearchResultView/?ctgItemCd=8065076703 HTTP/1.1" 404 1251 "https://blog.newkolkata.in/items/76703ulgptid.html" "Mozilla/5.0 AppleWebKit/537.36 (KHTML, like Gecko; compatible; GPTBot/1.3; +https://openai.com/gptbot)"
74.7.227.180 - - [06/Feb/2026:09:32:19 -0500] "GET /ctg/search/similarImageSearchResultView/?ctgItemCd=3008125779 HTTP/1.1" 404 1251 "https://blog.newkolkata.in/getidm993/25779cejpitems.htm" "Mozilla/5.0 AppleWebKit/537.36 (KHTML, like Gecko; compatible; GPTBot/1.3; +https://openai.com/gptbot)"
185.191.171.14 - - [06/Feb/2026:09:32:21 -0500] "GET /get/189262pcywitems HTTP/1.1" 404 1251 "-" "Mozilla/5.0 (compatible; SemrushBot/7~bl; +http://www.semrush.com/bot.html)"
74.7.227.180 - - [06/Feb/2026:09:32:23 -0500] "GET /ctg/search/similarImageSearchResultView/?ctgItemCd=2185917525 HTTP/1.1" 404 1251 "https://blog.newkolkata.in/items/17525mvrvtidm42547.html" "Mozilla/5.0 AppleWebKit/537.36 (KHTML, like Gecko; compatible; GPTBot/1.3; +https://openai.com/gptbot)"
74.7.227.180 - - [06/Feb/2026:09:32:26 -0500] "GET /ctg/search/similarImageSearchResultView/?ctgItemCd=1699012866 HTTP/1.1" 404 1251 "https://blog.newkolkata.in/item/12866mvrvtidm794.html" "Mozilla/5.0 AppleWebKit/537.36 (KHTML, like Gecko; compatible; GPTBot/1.3; +https://openai.com/gptbot)"
74.7.227.180 - - [06/Feb/2026:09:32:29 -0500] "GET /ctg/search/similarImageSearchResultView/?ctgItemCd=8857684473 HTTP/1.1" 404 1251 "https://blog.newkolkata.in/item/84473tjvftidm634.html" "Mozilla/5.0 AppleWebKit/537.36 (KHTML, like Gecko; compatible; GPTBot/1.3; +https://openai.com/gptbot)"
74.7.227.180 - - [06/Feb/2026:09:32:32 -0500] "GET /ctg/search/similarImageSearchResultView/?ctgItemCd=1779913562 HTTP/1.1" 404 1251 "https://blog.newkolkata.in/items/13562zslytidm962.html" "Mozilla/5.0 AppleWebKit/537.36 (KHTML, like Gecko; compatible; GPTBot/1.3; +https://openai.com/gptbot)"
185.191.171.13 - - [06/Feb/2026:09:32:34 -0500] "GET /geti/76755ulgpitems.htm HTTP/1.1" 404 1251 "-" "Mozilla/5.0 (compatible; SemrushBot/7~bl; +http://www.semrush.com/bot.html)"
74.7.227.180 - - [06/Feb/2026:09:32:35 -0500] "GET /ctg/search/similarImageSearchResultView/?ctgItemCd=5362049464 HTTP/1.1" 404 1251 "https://blog.newkolkata.in/getidm/49464ulgpitems.htm" "Mozilla/5.0 AppleWebKit/537.36 (KHTML, like Gecko; compatible; GPTBot/1.3; +https://openai.com/gptbot)"
74.7.227.180 - - [06/Feb/2026:09:32:38 -0500] "GET /ctg/search/similarImageSearchResultView/?ctgItemCd=1987615548 HTTP/1.1" 404 1251 "https://blog.newkolkata.in/items/15548pcywtidm42069.html" "Mozilla/5.0 AppleWebKit/537.36 (KHTML, like Gecko; compatible; GPTBot/1.3; +https://openai.com/gptbot)"
85.208.96.199 - - [06/Feb/2026:09:32:40 -0500] "GET /get/210886sejmitems HTTP/1.1" 404 1251 "-" "Mozilla/5.0 (compatible; SemrushBot/7~bl; +http://www.semrush.com/bot.html)"
74.7.227.180 - - [06/Feb/2026:09:32:41 -0500] "GET /ctg/search/similarImageSearchResultView/?ctgItemCd=2485920715 HTTP/1.1" 404 1251 "https://blog.newkolkata.in/getidm/20715ulgpitems.htm" "Mozilla/5.0 AppleWebKit/537.36 (KHTML, like Gecko; compatible; GPTBot/1.3; +https://openai.com/gptbot)"
74.7.227.180 - - [06/Feb/2026:09:32:44 -0500] "GET /ctg/search/similarImageSearchResultView/?ctgItemCd=5303949098 HTTP/1.1" 404 1251 "https://blog.newkolkata.in/geti/49098sejmitems.htm" "Mozilla/5.0 AppleWebKit/537.36 (KHTML, like Gecko; compatible; GPTBot/1.3; +https://openai.com/gptbot)"
85.208.96.199 - - [06/Feb/2026:09:32:47 -0500] "GET /getid/183688ccoyitems HTTP/1.1" 404 1251 "-" "Mozilla/5.0 (compatible; SemrushBot/7~bl; +http://www.semrush.com/bot.html)"
74.7.227.180 - - [06/Feb/2026:09:32:48 -0500] "GET /ctg/search/similarImageSearchResultView/?ctgItemCd=3157227652 HTTP/1.1" 404 1251 "https://blog.newkolkata.in/getidm589/27652cejpitems" "Mozilla/5.0 AppleWebKit/537.36 (KHTML, like Gecko; compatible; GPTBot/1.3; +https://openai.com/gptbot)"
74.7.227.180 - - [06/Feb/2026:09:32:51 -0500] "GET /ctg/search/similarImageSearchResultView/?ctgItemCd=5667552807 HTTP/1.1" 404 1251 "https://blog.newkolkata.in/getidm60/52807ccoyitems" "Mozilla/5.0 AppleWebKit/537.36 (KHTML, like Gecko; compatible; GPTBot/1.3; +https://openai.com/gptbot)"
85.208.96.196 - - [06/Feb/2026:09:32:52 -0500] "GET /robots.txt HTTP/1.1" 200 281 "-" "Mozilla/5.0 (compatible; SemrushBot/7~bl; +http://www.semrush.com/bot.html)"
185.191.171.11 - - [06/Feb/2026:09:32:54 -0500] "GET /get/280860zslyitems.htm HTTP/1.1" 404 1251 "-" "Mozilla/5.0 (compatible; SemrushBot/7~bl; +http://www.semrush.com/bot.html)"
74.7.227.180 - - [06/Feb/2026:09:32:54 -0500] "GET /ctg/search/similarImageSearchResultView/?ctgItemCd=5295848722 HTTP/1.1" 404 1251 "https://blog.newkolkata.in/items/48722zslytidm631.html" "Mozilla/5.0 AppleWebKit/537.36 (KHTML, like Gecko; compatible; GPTBot/1.3; +https://openai.com/gptbot)"
74.7.227.180 - - [06/Feb/2026:09:32:57 -0500] "GET /ctg/search/similarImageSearchResultView/?ctgItemCd=7586171682 HTTP/1.1" 404 1251 "https://blog.newkolkata.in/getidm/71682zslyitems.htm" "Mozilla/5.0 AppleWebKit/537.36 (KHTML, like Gecko; compatible; GPTBot/1.3; +https://openai.com/gptbot)"
74.7.227.180 - - [06/Feb/2026:09:33:00 -0500] "GET /ctg/search/similarImageSearchResultView/?ctgItemCd=8106976891 HTTP/1.1" 404 1251 "https://blog.newkolkata.in/item/76891mvrvtidm1197.html" "Mozilla/5.0 AppleWebKit/537.36 (KHTML, like Gecko; compatible; GPTBot/1.3; +https://openai.com/gptbot)"
74.7.227.180 - - [06/Feb/2026:09:33:03 -0500] "GET /ctg/search/similarImageSearchResultView/?ctgItemCd=2216617945 HTTP/1.1" 404 1251 "https://blog.newkolkata.in/getidm7/17945pcywitems.htm" "Mozilla/5.0 AppleWebKit/537.36 (KHTML, like Gecko; compatible; GPTBot/1.3; +https://openai.com/gptbot)"
85.208.96.195 - - [06/Feb/2026:09:33:04 -0500] "GET /getid/172072jahtitems HTTP/1.1" 404 1251 "-" "Mozilla/5.0 (compatible; SemrushBot/7~bl; +http://www.semrush.com/bot.html)"
74.7.227.180 - - [06/Feb/2026:09:33:07 -0500] "GET /ctg/search/similarImageSearchResultView/?ctgItemCd=8326479241 HTTP/1.1" 404 1251 "https://blog.newkolkata.in/item/79241kairtidm12.html" "Mozilla/5.0 AppleWebKit/537.36 (KHTML, like Gecko; compatible; GPTBot/1.3; +https://openai.com/gptbot)"
185.191.171.11 - - [06/Feb/2026:09:33:07 -0500] "GET /geti/81703pcywitems HTTP/1.1" 404 1251 "-" "Mozilla/5.0 (compatible; SemrushBot/7~bl; +http://www.semrush.com/bot.html)"
85.208.96.212 - - [06/Feb/2026:09:33:08 -0500] "GET /geti/2695jahtitems HTTP/1.1" 404 1251 "-" "Mozilla/5.0 (compatible; SemrushBot/7~bl; +http://www.semrush.com/bot.html)"
74.7.227.180 - - [06/Feb/2026:09:33:10 -0500] "GET /ctg/search/similarImageSearchResultView/?ctgItemCd=4760943402 HTTP/1.1" 404 1251 "https://blog.newkolkata.in/items/43402tjvftidm519.html" "Mozilla/5.0 AppleWebKit/537.36 (KHTML, like Gecko; compatible; GPTBot/1.3; +https://openai.com/gptbot)"
74.7.227.180 - - [06/Feb/2026:09:33:13 -0500] "GET /ctg/search/similarImageSearchResultView/?ctgItemCd=7903974751 HTTP/1.1" 404 1251 "https://blog.newkolkata.in/getidm490/74751cejpitems.htm" "Mozilla/5.0 AppleWebKit/537.36 (KHTML, like Gecko; compatible; GPTBot/1.3; +https://openai.com/gptbot)"
85.208.96.199 - - [06/Feb/2026:09:33:13 -0500] "GET /getidm7/110386zslyitems HTTP/1.1" 404 1251 "-" "Mozilla/5.0 (compatible; SemrushBot/7~bl; +http://www.semrush.com/bot.html)"
74.7.227.180 - - [06/Feb/2026:09:33:16 -0500] "GET /ctg/search/similarImageSearchResultView/?ctgItemCd=7686572902 HTTP/1.1" 404 1251 "https://blog.newkolkata.in/items/72902mvrvtid.html" "Mozilla/5.0 AppleWebKit/537.36 (KHTML, like Gecko; compatible; GPTBot/1.3; +https://openai.com/gptbot)"
74.7.227.180 - - [06/Feb/2026:09:33:19 -0500] "GET /ctg/search/similarImageSearchResultView/?ctgItemCd=6901764831 HTTP/1.1" 404 1251 "https://blog.newkolkata.in/getidm4/64831kairitems.htm" "Mozilla/5.0 AppleWebKit/537.36 (KHTML, like Gecko; compatible; GPTBot/1.3; +https://openai.com/gptbot)"
74.7.227.180 - - [06/Feb/2026:09:33:23 -0500] "GET /ctg/search/similarImageSearchResultView/?ctgItemCd=9185487902 HTTP/1.1" 404 1251 "https://blog.newkolkata.in/items/87902tjvftid.html" "Mozilla/5.0 AppleWebKit/537.36 (KHTML, like Gecko; compatible; GPTBot/1.3; +https://openai.com/gptbot)"
74.7.227.180 - - [06/Feb/2026:09:33:26 -0500] "GET /ctg/search/similarImageSearchResultView/?ctgItemCd=6247958352 HTTP/1.1" 404 1251 "https://blog.newkolkata.in/items/58352mvrvtidm4.html" "Mozilla/5.0 AppleWebKit/537.36 (KHTML, like Gecko; compatible; GPTBot/1.3; +https://openai.com/gptbot)"
40.70.26.226 - - [06/Feb/2026:09:33:27 -0500] "GET /wp-content/plugins/hellopress/wp_filemanager.php HTTP/1.1" 404 1251 "-" "-"
40.70.26.226 - - [06/Feb/2026:09:33:27 -0500] "GET /bgymj.php HTTP/1.1" 404 1251 "-" "-"
40.70.26.226 - - [06/Feb/2026:09:33:27 -0500] "GET /ws38.php HTTP/1.1" 404 1251 "-" "-"
40.70.26.226 - - [06/Feb/2026:09:33:27 -0500] "GET /bnn_.php HTTP/1.1" 404 1251 "-" "-"
40.70.26.226 - - [06/Feb/2026:09:33:27 -0500] "GET /app.php HTTP/1.1" 404 1251 "-" "-"
40.70.26.226 - - [06/Feb/2026:09:33:28 -0500] "GET /166.php HTTP/1.1" 404 1251 "-" "-"
40.70.26.226 - - [06/Feb/2026:09:33:28 -0500] "GET /reze.php HTTP/1.1" 404 1251 "-" "-"
40.70.26.226 - - [06/Feb/2026:09:33:28 -0500] "GET /lib.php HTTP/1.1" 404 1251 "-" "-"
40.70.26.226 - - [06/Feb/2026:09:33:28 -0500] "GET /wwx.php HTTP/1.1" 404 1251 "-" "-"
40.70.26.226 - - [06/Feb/2026:09:33:28 -0500] "GET /classwithtostring.php HTTP/1.1" 404 1251 "-" "-"
40.70.26.226 - - [06/Feb/2026:09:33:28 -0500] "GET /uploaxa1.php HTTP/1.1" 404 1251 "-" "-"
40.70.26.226 - - [06/Feb/2026:09:33:28 -0500] "GET /rzzaq.php HTTP/1.1" 404 1251 "-" "-"
74.7.227.180 - - [06/Feb/2026:09:33:29 -0500] "GET /ctg/search/similarImageSearchResultView/?ctgItemCd=2655722864 HTTP/1.1" 404 1251 "https://blog.newkolkata.in/getid/22864zslyitems" "Mozilla/5.0 AppleWebKit/537.36 (KHTML, like Gecko; compatible; GPTBot/1.3; +https://openai.com/gptbot)"
74.7.227.180 - - [06/Feb/2026:09:33:32 -0500] "GET /ctg/search/similarImageSearchResultView/?ctgItemCd=1905615598 HTTP/1.1" 404 1251 "https://blog.newkolkata.in/get/15598ccoyitems" "Mozilla/5.0 AppleWebKit/537.36 (KHTML, like Gecko; compatible; GPTBot/1.3; +https://openai.com/gptbot)"
74.7.227.180 - - [06/Feb/2026:09:33:35 -0500] "GET /ctg/search/similarImageSearchResultView/?ctgItemCd=2476520831 HTTP/1.1" 404 1251 "https://blog.newkolkata.in/item/20831tjvftidm.html" "Mozilla/5.0 AppleWebKit/537.36 (KHTML, like Gecko; compatible; GPTBot/1.3; +https://openai.com/gptbot)"
74.7.227.180 - - [06/Feb/2026:09:33:38 -0500] "GET /ctg/search/similarImageSearchResultView/?ctgItemCd=4616041993 HTTP/1.1" 404 1251 "https://blog.newkolkata.in/items/41993pcywtidm10.html" "Mozilla/5.0 AppleWebKit/537.36 (KHTML, like Gecko; compatible; GPTBot/1.3; +https://openai.com/gptbot)"
74.7.227.180 - - [06/Feb/2026:09:33:42 -0500] "GET /ctg/search/similarImageSearchResultView/?ctgItemCd=8691382808 HTTP/1.1" 404 1251 "https://blog.newkolkata.in/items/82808ccoytidm8.html" "Mozilla/5.0 AppleWebKit/537.36 (KHTML, like Gecko; compatible; GPTBot/1.3; +https://openai.com/gptbot)"
74.7.227.180 - - [06/Feb/2026:09:33:45 -0500] "GET /ctg/search/similarImageSearchResultView/?ctgItemCd=5171947990 HTTP/1.1" 404 1251 "https://blog.newkolkata.in/ite/47990ulgptid.html" "Mozilla/5.0 AppleWebKit/537.36 (KHTML, like Gecko; compatible; GPTBot/1.3; +https://openai.com/gptbot)"
185.191.171.3 - - [06/Feb/2026:09:33:46 -0500] "GET /getidm4/281002mvrvitems HTTP/1.1" 404 1251 "-" "Mozilla/5.0 (compatible; SemrushBot/7~bl; +http://www.semrush.com/bot.html)"
74.7.227.180 - - [06/Feb/2026:09:33:48 -0500] "GET /ctg/search/similarImageSearchResultView/?ctgItemCd=7321468967 HTTP/1.1" 404 1251 "https://blog.newkolkata.in/items/68967zslytidm323.html" "Mozilla/5.0 AppleWebKit/537.36 (KHTML, like Gecko; compatible; GPTBot/1.3; +https://openai.com/gptbot)"
74.7.227.180 - - [06/Feb/2026:09:33:51 -0500] "GET /ctg/search/similarImageSearchResultView/?ctgItemCd=6268458529 HTTP/1.1" 404 1251 "https://blog.newkolkata.in/items/58529sejmtidm51.html" "Mozilla/5.0 AppleWebKit/537.36 (KHTML, like Gecko; compatible; GPTBot/1.3; +https://openai.com/gptbot)"
74.7.227.180 - - [06/Feb/2026:09:33:54 -0500] "GET /ctg/search/similarImageSearchResultView/?ctgItemCd=4280638874 HTTP/1.1" 404 1251 "https://blog.newkolkata.in/getidm858/38874jahtitems" "Mozilla/5.0 AppleWebKit/537.36 (KHTML, like Gecko; compatible; GPTBot/1.3; +https://openai.com/gptbot)"
74.7.227.180 - - [06/Feb/2026:09:33:57 -0500] "GET /ctg/search/similarImageSearchResultView/?ctgItemCd=4870944502 HTTP/1.1" 404 1251 "https://blog.newkolkata.in/getidm4/44502pcywitems.htm" "Mozilla/5.0 AppleWebKit/537.36 (KHTML, like Gecko; compatible; GPTBot/1.3; +https://openai.com/gptbot)"
74.7.227.180 - - [06/Feb/2026:09:34:00 -0500] "GET /ctg/search/similarImageSearchResultView/?ctgItemCd=3943735407 HTTP/1.1" 404 1251 "https://blog.newkolkata.in/items/35407cejptidm.html" "Mozilla/5.0 AppleWebKit/537.36 (KHTML, like Gecko; compatible; GPTBot/1.3; +https://openai.com/gptbot)"
74.7.227.180 - - [06/Feb/2026:09:34:03 -0500] "GET /ctg/search/similarImageSearchResultView/?ctgItemCd=6828164550 HTTP/1.1" 404 1251 "https://blog.newkolkata.in/ite/64550pcywtid.html" "Mozilla/5.0 AppleWebKit/537.36 (KHTML, like Gecko; compatible; GPTBot/1.3; +https://openai.com/gptbot)"
74.7.227.180 - - [06/Feb/2026:09:34:06 -0500] "GET /ctg/search/similarImageSearchResultView/?ctgItemCd=5439150578 HTTP/1.1" 404 1251 "https://blog.newkolkata.in/getidm3/50578jahtitems" "Mozilla/5.0 AppleWebKit/537.36 (KHTML, like Gecko; compatible; GPTBot/1.3; +https://openai.com/gptbot)"
74.7.227.180 - - [06/Feb/2026:09:34:10 -0500] "GET /ctg/search/similarImageSearchResultView/?ctgItemCd=4023136418 HTTP/1.1" 404 1251 "https://blog.newkolkata.in/getidm6/36418jahtitems" "Mozilla/5.0 AppleWebKit/537.36 (KHTML, like Gecko; compatible; GPTBot/1.3; +https://openai.com/gptbot)"
74.7.227.180 - - [06/Feb/2026:09:34:13 -0500] "GET /ctg/search/similarImageSearchResultView/?ctgItemCd=3765533421 HTTP/1.1" 404 1251 "https://blog.newkolkata.in/item/33421kairtidm963446.html" "Mozilla/5.0 AppleWebKit/537.36 (KHTML, like Gecko; compatible; GPTBot/1.3; +https://openai.com/gptbot)"
74.7.227.180 - - [06/Feb/2026:09:34:16 -0500] "GET /ctg/search/similarImageSearchResultView/?ctgItemCd=7364669983 HTTP/1.1" 404 1251 "https://blog.newkolkata.in/getid/69983jahtitems" "Mozilla/5.0 AppleWebKit/537.36 (KHTML, like Gecko; compatible; GPTBot/1.3; +https://openai.com/gptbot)"
74.7.227.180 - - [06/Feb/2026:09:34:19 -0500] "GET /ctg/search/similarImageSearchResultView/?ctgItemCd=1614512259 HTTP/1.1" 404 1251 "https://blog.newkolkata.in/getidm15/12259pcywitems" "Mozilla/5.0 AppleWebKit/537.36 (KHTML, like Gecko; compatible; GPTBot/1.3; +https://openai.com/gptbot)"
66.249.66.13 - - [06/Feb/2026:09:34:21 -0500] "GET /detail.php?products/57279141268 HTTP/1.1" 404 1251 "-" "Mozilla/5.0 (Linux; Android 6.0.1; Nexus 5X Build/MMB29P) AppleWebKit/537.36 (KHTML, like Gecko) Chrome/144.0.7559.132 Mobile Safari/537.36 (compatible; Googlebot/2.1; +http://www.google.com/bot.html)"
74.7.227.180 - - [06/Feb/2026:09:34:22 -0500] "GET /ctg/search/similarImageSearchResultView/?ctgItemCd=7537971288 HTTP/1.1" 404 1251 "https://blog.newkolkata.in/items/71288cejptidm6.html" "Mozilla/5.0 AppleWebKit/537.36 (KHTML, like Gecko; compatible; GPTBot/1.3; +https://openai.com/gptbot)"
74.7.227.180 - - [06/Feb/2026:09:34:25 -0500] "GET /ctg/search/similarImageSearchResultView/?ctgItemCd=9637392569 HTTP/1.1" 404 1251 "https://blog.newkolkata.in/getidm/92569mvrvitems" "Mozilla/5.0 AppleWebKit/537.36 (KHTML, like Gecko; compatible; GPTBot/1.3; +https://openai.com/gptbot)"
74.7.227.180 - - [06/Feb/2026:09:34:28 -0500] "GET /ctg/search/similarImageSearchResultView/?ctgItemCd=6925665309 HTTP/1.1" 404 1251 "https://blog.newkolkata.in/items/65309ulgptid.html" "Mozilla/5.0 AppleWebKit/537.36 (KHTML, like Gecko; compatible; GPTBot/1.3; +https://openai.com/gptbot)"
74.7.227.180 - - [06/Feb/2026:09:34:31 -0500] "GET /ctg/search/similarImageSearchResultView/?ctgItemCd=6594462349 HTTP/1.1" 404 1251 "https://blog.newkolkata.in/geti/62349zslyitems" "Mozilla/5.0 AppleWebKit/537.36 (KHTML, like Gecko; compatible; GPTBot/1.3; +https://openai.com/gptbot)"
74.7.227.180 - - [06/Feb/2026:09:34:35 -0500] "GET /ctg/search/similarImageSearchResultView/?ctgItemCd=1456810260 HTTP/1.1" 404 1251 "https://blog.newkolkata.in/getidm591/10260pcywitems.htm" "Mozilla/5.0 AppleWebKit/537.36 (KHTML, like Gecko; compatible; GPTBot/1.3; +https://openai.com/gptbot)"
74.7.227.180 - - [06/Feb/2026:09:34:38 -0500] "GET /ctg/search/similarImageSearchResultView/?ctgItemCd=8316679354 HTTP/1.1" 404 1251 "https://blog.newkolkata.in/getidm4/79354cejpitems" "Mozilla/5.0 AppleWebKit/537.36 (KHTML, like Gecko; compatible; GPTBot/1.3; +https://openai.com/gptbot)"
74.7.227.180 - - [06/Feb/2026:09:34:41 -0500] "GET /ctg/search/similarImageSearchResultView/?ctgItemCd=5385749478 HTTP/1.1" 404 1251 "https://blog.newkolkata.in/items/49478ccoytidm447939.html" "Mozilla/5.0 AppleWebKit/537.36 (KHTML, like Gecko; compatible; GPTBot/1.3; +https://openai.com/gptbot)"
74.7.227.180 - - [06/Feb/2026:09:34:44 -0500] "GET /ctg/search/similarImageSearchResultView/?ctgItemCd=7150367525 HTTP/1.1" 404 1251 "https://blog.newkolkata.in/getidm2967/67525kairitems" "Mozilla/5.0 AppleWebKit/537.36 (KHTML, like Gecko; compatible; GPTBot/1.3; +https://openai.com/gptbot)"
74.7.227.180 - - [06/Feb/2026:09:34:47 -0500] "GET /ctg/search/similarImageSearchResultView/?ctgItemCd=7033766398 HTTP/1.1" 404 1251 "https://blog.newkolkata.in/items/66398kairtid.html" "Mozilla/5.0 AppleWebKit/537.36 (KHTML, like Gecko; compatible; GPTBot/1.3; +https://openai.com/gptbot)"
74.7.227.180 - - [06/Feb/2026:09:34:50 -0500] "GET /ctg/search/similarImageSearchResultView/?ctgItemCd=9011286551 HTTP/1.1" 404 1251 "https://blog.newkolkata.in/geti/86551sejmitems" "Mozilla/5.0 AppleWebKit/537.36 (KHTML, like Gecko; compatible; GPTBot/1.3; +https://openai.com/gptbot)"
74.7.227.180 - - [06/Feb/2026:09:34:54 -0500] "GET /ctg/search/similarImageSearchResultView/?ctgItemCd=8385279802 HTTP/1.1" 404 1251 "https://blog.newkolkata.in/ite/79802tjvftidm6924.html" "Mozilla/5.0 AppleWebKit/537.36 (KHTML, like Gecko; compatible; GPTBot/1.3; +https://openai.com/gptbot)"
85.208.96.198 - - [06/Feb/2026:09:34:56 -0500] "GET /getidm/148836tjvfitems.htm HTTP/1.1" 404 1251 "-" "Mozilla/5.0 (compatible; SemrushBot/7~bl; +http://www.semrush.com/bot.html)"
74.7.227.180 - - [06/Feb/2026:09:34:57 -0500] "GET /ctg/search/similarImageSearchResultView/?ctgItemCd=3922535284 HTTP/1.1" 404 1251 "https://blog.newkolkata.in/getidm370/35284pcywitems" "Mozilla/5.0 AppleWebKit/537.36 (KHTML, like Gecko; compatible; GPTBot/1.3; +https://openai.com/gptbot)"
74.7.227.180 - - [06/Feb/2026:09:35:00 -0500] "GET /ctg/search/similarImageSearchResultView/?ctgItemCd=8256678515 HTTP/1.1" 404 1251 "https://blog.newkolkata.in/ite/78515tjvftidm8608.html" "Mozilla/5.0 AppleWebKit/537.36 (KHTML, like Gecko; compatible; GPTBot/1.3; +https://openai.com/gptbot)"
185.191.171.8 - - [06/Feb/2026:09:35:00 -0500] "GET /get/87366mvrvitems.htm HTTP/1.1" 404 1251 "-" "Mozilla/5.0 (compatible; SemrushBot/7~bl; +http://www.semrush.com/bot.html)"
74.7.227.180 - - [06/Feb/2026:09:35:03 -0500] "GET /ctg/search/similarImageSearchResultView/?ctgItemCd=6390259685 HTTP/1.1" 404 1251 "https://blog.newkolkata.in/getidm5/59685tjvfitems.htm" "Mozilla/5.0 AppleWebKit/537.36 (KHTML, like Gecko; compatible; GPTBot/1.3; +https://openai.com/gptbot)"
74.7.227.180 - - [06/Feb/2026:09:35:07 -0500] "GET /ctg/search/similarImageSearchResultView/?ctgItemCd=3259128616 HTTP/1.1" 404 1251 "https://blog.newkolkata.in/item/28616jahttidm3.html" "Mozilla/5.0 AppleWebKit/537.36 (KHTML, like Gecko; compatible; GPTBot/1.3; +https://openai.com/gptbot)"
74.7.227.180 - - [06/Feb/2026:09:35:10 -0500] "GET /ctg/search/similarImageSearchResultView/?ctgItemCd=8150677838 HTTP/1.1" 404 1251 "https://blog.newkolkata.in/getid/77838ccoyitems" "Mozilla/5.0 AppleWebKit/537.36 (KHTML, like Gecko; compatible; GPTBot/1.3; +https://openai.com/gptbot)"
74.7.227.180 - - [06/Feb/2026:09:35:13 -0500] "GET /ctg/search/similarImageSearchResultView/?ctgItemCd=5074746969 HTTP/1.1" 404 1251 "https://blog.newkolkata.in/getidm/46969ccoyitems" "Mozilla/5.0 AppleWebKit/537.36 (KHTML, like Gecko; compatible; GPTBot/1.3; +https://openai.com/gptbot)"
74.7.227.180 - - [06/Feb/2026:09:35:16 -0500] "GET /ctg/search/similarImageSearchResultView/?ctgItemCd=3041126602 HTTP/1.1" 404 1251 "https://blog.newkolkata.in/getidm8/26602jahtitems" "Mozilla/5.0 AppleWebKit/537.36 (KHTML, like Gecko; compatible; GPTBot/1.3; +https://openai.com/gptbot)"
74.7.227.180 - - [06/Feb/2026:09:35:19 -0500] "GET /ctg/search/similarImageSearchResultView/?ctgItemCd=7504471102 HTTP/1.1" 404 1251 "https://blog.newkolkata.in/getidm151/71102zslyitems" "Mozilla/5.0 AppleWebKit/537.36 (KHTML, like Gecko; compatible; GPTBot/1.3; +https://openai.com/gptbot)"
74.7.227.180 - - [06/Feb/2026:09:35:22 -0500] "GET /ctg/search/similarImageSearchResultView/?ctgItemCd=7548071169 HTTP/1.1" 404 1251 "https://blog.newkolkata.in/getidm995/71169sejmitems.htm" "Mozilla/5.0 AppleWebKit/537.36 (KHTML, like Gecko; compatible; GPTBot/1.3; +https://openai.com/gptbot)"
74.7.227.180 - - [06/Feb/2026:09:35:25 -0500] "GET /ctg/search/similarImageSearchResultView/?ctgItemCd=3855434290 HTTP/1.1" 404 1251 "https://blog.newkolkata.in/getidm19/34290pcywitems.htm" "Mozilla/5.0 AppleWebKit/537.36 (KHTML, like Gecko; compatible; GPTBot/1.3; +https://openai.com/gptbot)"
185.191.171.4 - - [06/Feb/2026:09:35:26 -0500] "GET /geti/15456cejpitems.htm HTTP/1.1" 404 1251 "-" "Mozilla/5.0 (compatible; SemrushBot/7~bl; +http://www.semrush.com/bot.html)"
74.7.227.180 - - [06/Feb/2026:09:35:29 -0500] "GET /ctg/search/similarImageSearchResultView/?ctgItemCd=3396229864 HTTP/1.1" 404 1251 "https://blog.newkolkata.in/items/29864kairtidm5.html" "Mozilla/5.0 AppleWebKit/537.36 (KHTML, like Gecko; compatible; GPTBot/1.3; +https://openai.com/gptbot)"
74.7.227.180 - - [06/Feb/2026:09:35:32 -0500] "GET /ctg/search/similarImageSearchResultView/?ctgItemCd=9630892129 HTTP/1.1" 404 1251 "https://blog.newkolkata.in/items/92129pcywtidm88.html" "Mozilla/5.0 AppleWebKit/537.36 (KHTML, like Gecko; compatible; GPTBot/1.3; +https://openai.com/gptbot)"
74.7.227.180 - - [06/Feb/2026:09:35:35 -0500] "GET /ctg/search/similarImageSearchResultView/?ctgItemCd=8017976362 HTTP/1.1" 404 1251 "https://blog.newkolkata.in/get/76362cejpitems.htm" "Mozilla/5.0 AppleWebKit/537.36 (KHTML, like Gecko; compatible; GPTBot/1.3; +https://openai.com/gptbot)"
85.208.96.203 - - [06/Feb/2026:09:35:36 -0500] "GET /getidm/114841pcywitems HTTP/1.1" 404 1251 "-" "Mozilla/5.0 (compatible; SemrushBot/7~bl; +http://www.semrush.com/bot.html)"
85.208.96.208 - - [06/Feb/2026:09:35:38 -0500] "GET /get/84286kairitems HTTP/1.1" 404 1251 "-" "Mozilla/5.0 (compatible; SemrushBot/7~bl; +http://www.semrush.com/bot.html)"
74.7.227.180 - - [06/Feb/2026:09:35:38 -0500] "GET /ctg/search/similarImageSearchResultView/?ctgItemCd=6870964730 HTTP/1.1" 404 1251 "https://blog.newkolkata.in/ite/64730sejmtidm825.html" "Mozilla/5.0 AppleWebKit/537.36 (KHTML, like Gecko; compatible; GPTBot/1.3; +https://openai.com/gptbot)"
74.7.227.180 - - [06/Feb/2026:09:35:41 -0500] "GET /ctg/search/similarImageSearchResultView/?ctgItemCd=7039966233 HTTP/1.1" 404 1251 "https://blog.newkolkata.in/items/66233pcywtidm60.html" "Mozilla/5.0 AppleWebKit/537.36 (KHTML, like Gecko; compatible; GPTBot/1.3; +https://openai.com/gptbot)"
74.7.227.180 - - [06/Feb/2026:09:35:45 -0500] "GET /ctg/search/similarImageSearchResultView/?ctgItemCd=5873354796 HTTP/1.1" 404 1251 "https://blog.newkolkata.in/getidm359/54796sejmitems" "Mozilla/5.0 AppleWebKit/537.36 (KHTML, like Gecko; compatible; GPTBot/1.3; +https://openai.com/gptbot)"
74.7.227.180 - - [06/Feb/2026:09:35:48 -0500] "GET /ctg/search/similarImageSearchResultView/?ctgItemCd=2425819941 HTTP/1.1" 404 1251 "https://blog.newkolkata.in/getidm405/19941pcywitems.htm" "Mozilla/5.0 AppleWebKit/537.36 (KHTML, like Gecko; compatible; GPTBot/1.3; +https://openai.com/gptbot)"
74.7.227.180 - - [06/Feb/2026:09:35:51 -0500] "GET /ctg/search/similarImageSearchResultView/?ctgItemCd=4602242316 HTTP/1.1" 404 1251 "https://blog.newkolkata.in/ite/42316ccoytid.html" "Mozilla/5.0 AppleWebKit/537.36 (KHTML, like Gecko; compatible; GPTBot/1.3; +https://openai.com/gptbot)"
74.7.227.180 - - [06/Feb/2026:09:35:54 -0500] "GET /ctg/search/similarImageSearchResultView/?ctgItemCd=4970045365 HTTP/1.1" 404 1251 "https://blog.newkolkata.in/items/45365mvrvtidm47009.html" "Mozilla/5.0 AppleWebKit/537.36 (KHTML, like Gecko; compatible; GPTBot/1.3; +https://openai.com/gptbot)"
74.7.227.180 - - [06/Feb/2026:09:35:57 -0500] "GET /ctg/search/similarImageSearchResultView/?ctgItemCd=9411290051 HTTP/1.1" 404 1251 "https://blog.newkolkata.in/getid/90051zslyitems.htm" "Mozilla/5.0 AppleWebKit/537.36 (KHTML, like Gecko; compatible; GPTBot/1.3; +https://openai.com/gptbot)"
85.208.96.204 - - [06/Feb/2026:09:35:59 -0500] "GET /geti/83454kairitems.htm HTTP/1.1" 404 1251 "-" "Mozilla/5.0 (compatible; SemrushBot/7~bl; +http://www.semrush.com/bot.html)"
74.7.227.180 - - [06/Feb/2026:09:36:00 -0500] "GET /ctg/search/similarImageSearchResultView/?ctgItemCd=4028236466 HTTP/1.1" 404 1251 "https://blog.newkolkata.in/getidm6/36466jahtitems" "Mozilla/5.0 AppleWebKit/537.36 (KHTML, like Gecko; compatible; GPTBot/1.3; +https://openai.com/gptbot)"
185.191.171.10 - - [06/Feb/2026:09:36:01 -0500] "GET /get/225651sejmitems.htm HTTP/1.1" 404 1251 "-" "Mozilla/5.0 (compatible; SemrushBot/7~bl; +http://www.semrush.com/bot.html)"
185.191.171.15 - - [06/Feb/2026:09:36:03 -0500] "GET /getidm2/167578jahtitems HTTP/1.1" 404 1251 "-" "Mozilla/5.0 (compatible; SemrushBot/7~bl; +http://www.semrush.com/bot.html)"
74.7.227.180 - - [06/Feb/2026:09:36:03 -0500] "GET /ctg/search/similarImageSearchResultView/?ctgItemCd=2040516374 HTTP/1.1" 404 1251 "https://blog.newkolkata.in/getid/16374ccoyitems.htm" "Mozilla/5.0 AppleWebKit/537.36 (KHTML, like Gecko; compatible; GPTBot/1.3; +https://openai.com/gptbot)"
74.7.227.180 - - [06/Feb/2026:09:36:06 -0500] "GET /ctg/search/similarImageSearchResultView/?ctgItemCd=3949135256 HTTP/1.1" 404 1251 "https://blog.newkolkata.in/getidm24/35256jahtitems.htm" "Mozilla/5.0 AppleWebKit/537.36 (KHTML, like Gecko; compatible; GPTBot/1.3; +https://openai.com/gptbot)"
74.7.227.180 - - [06/Feb/2026:09:36:10 -0500] "GET /ctg/search/similarImageSearchResultView/?ctgItemCd=4229738434 HTTP/1.1" 404 1251 "https://blog.newkolkata.in/getidm80/38434kairitems" "Mozilla/5.0 AppleWebKit/537.36 (KHTML, like Gecko; compatible; GPTBot/1.3; +https://openai.com/gptbot)"
85.208.96.194 - - [06/Feb/2026:09:36:13 -0500] "GET /getid/111832sejmitems HTTP/1.1" 404 1251 "-" "Mozilla/5.0 (compatible; SemrushBot/7~bl; +http://www.semrush.com/bot.html)"
74.7.227.180 - - [06/Feb/2026:09:36:13 -0500] "GET /ctg/search/similarImageSearchResultView/?ctgItemCd=3151627552 HTTP/1.1" 404 1251 "https://blog.newkolkata.in/getidm6602/27552kairitems" "Mozilla/5.0 AppleWebKit/537.36 (KHTML, like Gecko; compatible; GPTBot/1.3; +https://openai.com/gptbot)"
185.191.171.11 - - [06/Feb/2026:09:36:15 -0500] "GET /getidm70/64459zslyitems HTTP/1.1" 404 1251 "-" "Mozilla/5.0 (compatible; SemrushBot/7~bl; +http://www.semrush.com/bot.html)"
74.7.227.180 - - [06/Feb/2026:09:36:16 -0500] "GET /ctg/search/similarImageSearchResultView/?ctgItemCd=2700323190 HTTP/1.1" 404 1251 "https://blog.newkolkata.in/get/23190kairitems.htm" "Mozilla/5.0 AppleWebKit/537.36 (KHTML, like Gecko; compatible; GPTBot/1.3; +https://openai.com/gptbot)"
74.7.227.180 - - [06/Feb/2026:09:36:19 -0500] "GET /ctg/search/similarImageSearchResultView/?ctgItemCd=4174438030 HTTP/1.1" 404 1251 "https://blog.newkolkata.in/ite/38030ulgptid.html" "Mozilla/5.0 AppleWebKit/537.36 (KHTML, like Gecko; compatible; GPTBot/1.3; +https://openai.com/gptbot)"
74.7.227.180 - - [06/Feb/2026:09:36:22 -0500] "GET /ctg/search/similarImageSearchResultView/?ctgItemCd=2317218962 HTTP/1.1" 404 1251 "https://blog.newkolkata.in/items/18962ccoytidm944.html" "Mozilla/5.0 AppleWebKit/537.36 (KHTML, like Gecko; compatible; GPTBot/1.3; +https://openai.com/gptbot)"
74.7.227.180 - - [06/Feb/2026:09:36:25 -0500] "GET /ctg/search/similarImageSearchResultView/?ctgItemCd=2978325492 HTTP/1.1" 404 1251 "https://blog.newkolkata.in/getidm189/25492cejpitems.htm" "Mozilla/5.0 AppleWebKit/537.36 (KHTML, like Gecko; compatible; GPTBot/1.3; +https://openai.com/gptbot)"
74.7.227.180 - - [06/Feb/2026:09:36:29 -0500] "GET /ctg/search/similarImageSearchResultView/?ctgItemCd=9567691708 HTTP/1.1" 404 1251 "https://blog.newkolkata.in/getidm856/91708zslyitems" "Mozilla/5.0 AppleWebKit/537.36 (KHTML, like Gecko; compatible; GPTBot/1.3; +https://openai.com/gptbot)"
74.7.227.180 - - [06/Feb/2026:09:36:32 -0500] "GET /ctg/search/similarImageSearchResultView/?ctgItemCd=5398049970 HTTP/1.1" 404 1251 "https://blog.newkolkata.in/ite/49970mvrvtidm432.html" "Mozilla/5.0 AppleWebKit/537.36 (KHTML, like Gecko; compatible; GPTBot/1.3; +https://openai.com/gptbot)"
74.7.227.180 - - [06/Feb/2026:09:36:35 -0500] "GET /ctg/search/similarImageSearchResultView/?ctgItemCd=5972855600 HTTP/1.1" 404 1251 "https://blog.newkolkata.in/getidm/55600kairitems.htm" "Mozilla/5.0 AppleWebKit/537.36 (KHTML, like Gecko; compatible; GPTBot/1.3; +https://openai.com/gptbot)"
74.7.227.180 - - [06/Feb/2026:09:36:38 -0500] "GET /ctg/search/similarImageSearchResultView/?ctgItemCd=6190757742 HTTP/1.1" 404 1251 "https://blog.newkolkata.in/getidm/57742pcywitems.htm" "Mozilla/5.0 AppleWebKit/537.36 (KHTML, like Gecko; compatible; GPTBot/1.3; +https://openai.com/gptbot)"
85.208.96.194 - - [06/Feb/2026:09:36:39 -0500] "GET /get/239490zslyitems.htm HTTP/1.1" 404 1251 "-" "Mozilla/5.0 (compatible; SemrushBot/7~bl; +http://www.semrush.com/bot.html)"
74.7.227.180 - - [06/Feb/2026:09:36:41 -0500] "GET /ctg/search/similarImageSearchResultView/?ctgItemCd=6693462958 HTTP/1.1" 404 1251 "https://blog.newkolkata.in/geti/62958zslyitems.htm" "Mozilla/5.0 AppleWebKit/537.36 (KHTML, like Gecko; compatible; GPTBot/1.3; +https://openai.com/gptbot)"
85.208.96.198 - - [06/Feb/2026:09:36:42 -0500] "GET /get/96900cejpitems.htm HTTP/1.1" 404 1251 "-" "Mozilla/5.0 (compatible; SemrushBot/7~bl; +http://www.semrush.com/bot.html)"
74.7.227.180 - - [06/Feb/2026:09:36:44 -0500] "GET /ctg/search/similarImageSearchResultView/?ctgItemCd=5639352178 HTTP/1.1" 404 1251 "https://blog.newkolkata.in/items/52178tjvftidm490.html" "Mozilla/5.0 AppleWebKit/537.36 (KHTML, like Gecko; compatible; GPTBot/1.3; +https://openai.com/gptbot)"
85.208.96.194 - - [06/Feb/2026:09:36:44 -0500] "GET /geti/59073jahtitems.htm HTTP/1.1" 404 1251 "-" "Mozilla/5.0 (compatible; SemrushBot/7~bl; +http://www.semrush.com/bot.html)"
66.249.66.43 - - [06/Feb/2026:09:36:45 -0500] "GET /geti/195384mvrvitems.htm HTTP/1.1" 404 1251 "-" "Mozilla/5.0 (Linux; Android 6.0.1; Nexus 5X Build/MMB29P) AppleWebKit/537.36 (KHTML, like Gecko) Chrome/144.0.7559.132 Mobile Safari/537.36 (compatible; Googlebot/2.1; +http://www.google.com/bot.html)"
185.191.171.4 - - [06/Feb/2026:09:36:46 -0500] "GET /getidm/218161kairitems HTTP/1.1" 404 1251 "-" "Mozilla/5.0 (compatible; SemrushBot/7~bl; +http://www.semrush.com/bot.html)"
74.7.227.180 - - [06/Feb/2026:09:36:47 -0500] "GET /ctg/search/similarImageSearchResultView/?ctgItemCd=6174357820 HTTP/1.1" 404 1251 "https://blog.newkolkata.in/getidm596/57820kairitems" "Mozilla/5.0 AppleWebKit/537.36 (KHTML, like Gecko; compatible; GPTBot/1.3; +https://openai.com/gptbot)"
74.7.227.180 - - [06/Feb/2026:09:36:50 -0500] "GET /ctg/search/similarImageSearchResultView/?ctgItemCd=3901234725 HTTP/1.1" 404 1251 "https://blog.newkolkata.in/getidm262/34725jahtitems.htm" "Mozilla/5.0 AppleWebKit/537.36 (KHTML, like Gecko; compatible; GPTBot/1.3; +https://openai.com/gptbot)"
185.191.171.12 - - [06/Feb/2026:09:36:52 -0500] "GET /get/113950ulgpitems HTTP/1.1" 404 1251 "-" "Mozilla/5.0 (compatible; SemrushBot/7~bl; +http://www.semrush.com/bot.html)"
74.7.227.180 - - [06/Feb/2026:09:36:54 -0500] "GET /ctg/search/similarImageSearchResultView/?ctgItemCd=4532741767 HTTP/1.1" 404 1251 "https://blog.newkolkata.in/geti/41767ccoyitems" "Mozilla/5.0 AppleWebKit/537.36 (KHTML, like Gecko; compatible; GPTBot/1.3; +https://openai.com/gptbot)"
74.7.227.180 - - [06/Feb/2026:09:36:57 -0500] "GET /ctg/search/similarImageSearchResultView/?ctgItemCd=7102967009 HTTP/1.1" 404 1251 "https://blog.newkolkata.in/getid/67009cejpitems.htm" "Mozilla/5.0 AppleWebKit/537.36 (KHTML, like Gecko; compatible; GPTBot/1.3; +https://openai.com/gptbot)"
74.7.227.180 - - [06/Feb/2026:09:37:00 -0500] "GET /ctg/search/similarImageSearchResultView/?ctgItemCd=5247448560 HTTP/1.1" 404 1251 "https://blog.newkolkata.in/ite/48560zslytidm8.html" "Mozilla/5.0 AppleWebKit/537.36 (KHTML, like Gecko; compatible; GPTBot/1.3; +https://openai.com/gptbot)"
74.7.227.180 - - [06/Feb/2026:09:37:03 -0500] "GET /ctg/search/similarImageSearchResultView/?ctgItemCd=7146368014 HTTP/1.1" 404 1251 "https://blog.newkolkata.in/get/68014ccoyitems" "Mozilla/5.0 AppleWebKit/537.36 (KHTML, like Gecko; compatible; GPTBot/1.3; +https://openai.com/gptbot)"
74.7.227.180 - - [06/Feb/2026:09:37:06 -0500] "GET /ctg/search/similarImageSearchResultView/?ctgItemCd=3603832116 HTTP/1.1" 404 1251 "https://blog.newkolkata.in/getidm191/32116ulgpitems" "Mozilla/5.0 AppleWebKit/537.36 (KHTML, like Gecko; compatible; GPTBot/1.3; +https://openai.com/gptbot)"
74.7.227.180 - - [06/Feb/2026:09:37:09 -0500] "GET /ctg/search/similarImageSearchResultView/?ctgItemCd=3971635418 HTTP/1.1" 404 1251 "https://blog.newkolkata.in/getidm239/35418ccoyitems.htm" "Mozilla/5.0 AppleWebKit/537.36 (KHTML, like Gecko; compatible; GPTBot/1.3; +https://openai.com/gptbot)"
74.7.227.180 - - [06/Feb/2026:09:37:13 -0500] "GET /ctg/search/similarImageSearchResultView/?ctgItemCd=6430960374 HTTP/1.1" 404 1251 "https://blog.newkolkata.in/items/60374sejmtid.html" "Mozilla/5.0 AppleWebKit/537.36 (KHTML, like Gecko; compatible; GPTBot/1.3; +https://openai.com/gptbot)"
74.7.227.180 - - [06/Feb/2026:09:37:16 -0500] "GET /ctg/search/similarImageSearchResultView/?ctgItemCd=8247578540 HTTP/1.1" 404 1251 "https://blog.newkolkata.in/geti/78540sejmitems.htm" "Mozilla/5.0 AppleWebKit/537.36 (KHTML, like Gecko; compatible; GPTBot/1.3; +https://openai.com/gptbot)"
85.208.96.198 - - [06/Feb/2026:09:37:16 -0500] "GET /geti/96967pcywitems HTTP/1.1" 404 1251 "-" "Mozilla/5.0 (compatible; SemrushBot/7~bl; +http://www.semrush.com/bot.html)"
74.7.227.180 - - [06/Feb/2026:09:37:19 -0500] "GET /ctg/search/similarImageSearchResultView/?ctgItemCd=4034736149 HTTP/1.1" 404 1251 "https://blog.newkolkata.in/getidm7/36149sejmitems.htm" "Mozilla/5.0 AppleWebKit/537.36 (KHTML, like Gecko; compatible; GPTBot/1.3; +https://openai.com/gptbot)"
185.191.171.4 - - [06/Feb/2026:09:37:21 -0500] "GET /geti/98911mvrvitems HTTP/1.1" 404 1251 "-" "Mozilla/5.0 (compatible; SemrushBot/7~bl; +http://www.semrush.com/bot.html)"
74.7.227.180 - - [06/Feb/2026:09:37:22 -0500] "GET /ctg/search/similarImageSearchResultView/?ctgItemCd=9711893275 HTTP/1.1" 404 1251 "https://blog.newkolkata.in/get/93275tjvfitems.htm" "Mozilla/5.0 AppleWebKit/537.36 (KHTML, like Gecko; compatible; GPTBot/1.3; +https://openai.com/gptbot)"
185.191.171.4 - - [06/Feb/2026:09:37:23 -0500] "GET /getidm/183339jahtitems.htm HTTP/1.1" 404 1251 "-" "Mozilla/5.0 (compatible; SemrushBot/7~bl; +http://www.semrush.com/bot.html)"
74.7.227.180 - - [06/Feb/2026:09:37:25 -0500] "GET /ctg/search/similarImageSearchResultView/?ctgItemCd=2092816934 HTTP/1.1" 404 1251 "https://blog.newkolkata.in/ite/16934ulgptidm963.html" "Mozilla/5.0 AppleWebKit/537.36 (KHTML, like Gecko; compatible; GPTBot/1.3; +https://openai.com/gptbot)"
74.7.227.180 - - [06/Feb/2026:09:37:28 -0500] "GET /ctg/search/similarImageSearchResultView/?ctgItemCd=3430530275 HTTP/1.1" 404 1251 "https://blog.newkolkata.in/ite/30275ulgptidm4422.html" "Mozilla/5.0 AppleWebKit/537.36 (KHTML, like Gecko; compatible; GPTBot/1.3; +https://openai.com/gptbot)"
