85.208.96.193 - - [06/Feb/2026:07:34:49 -0500] "GET /getid/278824ccoyitems HTTP/1.1" 404 1251 "-" "Mozilla/5.0 (compatible; SemrushBot/7~bl; +http://www.semrush.com/bot.html)"
74.7.227.180 - - [06/Feb/2026:07:34:51 -0500] "GET /ctg/search/similarImageSearchResultView/?ctgItemCd=7325169038 HTTP/1.1" 404 1251 "https://blog.newkolkata.in/getidm8/69038tjvfitems.htm" "Mozilla/5.0 AppleWebKit/537.36 (KHTML, like Gecko; compatible; GPTBot/1.3; +https://openai.com/gptbot)"
74.7.227.180 - - [06/Feb/2026:07:34:54 -0500] "GET /ctg/search/similarImageSearchResultView/?ctgItemCd=6459860684 HTTP/1.1" 404 1251 "https://blog.newkolkata.in/getidm932/60684cejpitems" "Mozilla/5.0 AppleWebKit/537.36 (KHTML, like Gecko; compatible; GPTBot/1.3; +https://openai.com/gptbot)"
74.7.227.180 - - [06/Feb/2026:07:34:57 -0500] "GET /ctg/search/similarImageSearchResultView/?ctgItemCd=6193557788 HTTP/1.1" 404 1251 "https://blog.newkolkata.in/getidm/57788jahtitems.htm" "Mozilla/5.0 AppleWebKit/537.36 (KHTML, like Gecko; compatible; GPTBot/1.3; +https://openai.com/gptbot)"
74.7.227.180 - - [06/Feb/2026:07:35:00 -0500] "GET /ctg/search/similarImageSearchResultView/?ctgItemCd=8231578275 HTTP/1.1" 404 1251 "https://blog.newkolkata.in/ite/78275sejmtidm5545.html" "Mozilla/5.0 AppleWebKit/537.36 (KHTML, like Gecko; compatible; GPTBot/1.3; +https://openai.com/gptbot)"
85.208.96.199 - - [06/Feb/2026:07:35:01 -0500] "GET /getidm/225529mvrvitems HTTP/1.1" 404 1251 "-" "Mozilla/5.0 (compatible; SemrushBot/7~bl; +http://www.semrush.com/bot.html)"
74.7.227.180 - - [06/Feb/2026:07:35:03 -0500] "GET /ctg/search/similarImageSearchResultView/?ctgItemCd=2514020961 HTTP/1.1" 404 1251 "https://blog.newkolkata.in/getidm1/20961jahtitems.htm" "Mozilla/5.0 AppleWebKit/537.36 (KHTML, like Gecko; compatible; GPTBot/1.3; +https://openai.com/gptbot)"
74.7.227.180 - - [06/Feb/2026:07:35:07 -0500] "GET /ctg/search/similarImageSearchResultView/?ctgItemCd=3895434710 HTTP/1.1" 404 1251 "https://blog.newkolkata.in/getidm22/34710ulgpitems.htm" "Mozilla/5.0 AppleWebKit/537.36 (KHTML, like Gecko; compatible; GPTBot/1.3; +https://openai.com/gptbot)"
185.191.171.17 - - [06/Feb/2026:07:35:08 -0500] "GET /geti/267367cejpitems HTTP/1.1" 404 1251 "-" "Mozilla/5.0 (compatible; SemrushBot/7~bl; +http://www.semrush.com/bot.html)"
74.7.227.180 - - [06/Feb/2026:07:35:10 -0500] "GET /ctg/search/similarImageSearchResultView/?ctgItemCd=5670852507 HTTP/1.1" 404 1251 "https://blog.newkolkata.in/getidm3/52507tjvfitems.htm" "Mozilla/5.0 AppleWebKit/537.36 (KHTML, like Gecko; compatible; GPTBot/1.3; +https://openai.com/gptbot)"
74.7.227.180 - - [06/Feb/2026:07:35:13 -0500] "GET /ctg/search/similarImageSearchResultView/?ctgItemCd=6097357230 HTTP/1.1" 404 1251 "https://blog.newkolkata.in/ite/57230zslytid.html" "Mozilla/5.0 AppleWebKit/537.36 (KHTML, like Gecko; compatible; GPTBot/1.3; +https://openai.com/gptbot)"
74.7.227.180 - - [06/Feb/2026:07:35:16 -0500] "GET /ctg/search/similarImageSearchResultView/?ctgItemCd=3967835541 HTTP/1.1" 404 1251 "https://blog.newkolkata.in/getidm/35541ccoyitems.htm" "Mozilla/5.0 AppleWebKit/537.36 (KHTML, like Gecko; compatible; GPTBot/1.3; +https://openai.com/gptbot)"
74.7.227.180 - - [06/Feb/2026:07:35:19 -0500] "GET /ctg/search/similarImageSearchResultView/?ctgItemCd=8445280456 HTTP/1.1" 404 1251 "https://blog.newkolkata.in/item/80456tjvftidm5.html" "Mozilla/5.0 AppleWebKit/537.36 (KHTML, like Gecko; compatible; GPTBot/1.3; +https://openai.com/gptbot)"
74.7.227.180 - - [06/Feb/2026:07:35:22 -0500] "GET /ctg/search/similarImageSearchResultView/?ctgItemCd=2037516154 HTTP/1.1" 404 1251 "https://blog.newkolkata.in/items/16154mvrvtidm314.html" "Mozilla/5.0 AppleWebKit/537.36 (KHTML, like Gecko; compatible; GPTBot/1.3; +https://openai.com/gptbot)"
74.7.227.180 - - [06/Feb/2026:07:35:26 -0500] "GET /ctg/search/similarImageSearchResultView/?ctgItemCd=4083236911 HTTP/1.1" 404 1251 "https://blog.newkolkata.in/item/36911kairtidm.html" "Mozilla/5.0 AppleWebKit/537.36 (KHTML, like Gecko; compatible; GPTBot/1.3; +https://openai.com/gptbot)"
74.7.227.180 - - [06/Feb/2026:07:35:29 -0500] "GET /ctg/search/similarImageSearchResultView/?ctgItemCd=4478340612 HTTP/1.1" 404 1251 "https://blog.newkolkata.in/items/40612zslytidm12.html" "Mozilla/5.0 AppleWebKit/537.36 (KHTML, like Gecko; compatible; GPTBot/1.3; +https://openai.com/gptbot)"
74.7.227.180 - - [06/Feb/2026:07:35:32 -0500] "GET /ctg/search/similarImageSearchResultView/?ctgItemCd=4985846205 HTTP/1.1" 404 1251 "https://blog.newkolkata.in/getid/46205sejmitems" "Mozilla/5.0 AppleWebKit/537.36 (KHTML, like Gecko; compatible; GPTBot/1.3; +https://openai.com/gptbot)"
74.7.227.180 - - [06/Feb/2026:07:35:35 -0500] "GET /ctg/search/similarImageSearchResultView/?ctgItemCd=2465120779 HTTP/1.1" 404 1251 "https://blog.newkolkata.in/getidm33/20779sejmitems" "Mozilla/5.0 AppleWebKit/537.36 (KHTML, like Gecko; compatible; GPTBot/1.3; +https://openai.com/gptbot)"
74.7.227.180 - - [06/Feb/2026:07:35:38 -0500] "GET /ctg/search/similarImageSearchResultView/?ctgItemCd=2149917548 HTTP/1.1" 404 1251 "https://blog.newkolkata.in/items/17548tjvftid.html" "Mozilla/5.0 AppleWebKit/537.36 (KHTML, like Gecko; compatible; GPTBot/1.3; +https://openai.com/gptbot)"
85.208.96.193 - - [06/Feb/2026:07:35:38 -0500] "GET /get/274980sejmitems.htm HTTP/1.1" 404 1251 "-" "Mozilla/5.0 (compatible; SemrushBot/7~bl; +http://www.semrush.com/bot.html)"
185.191.171.2 - - [06/Feb/2026:07:35:41 -0500] "GET /oybcategorykair/25 HTTP/1.1" 404 1251 "-" "Mozilla/5.0 (compatible; SemrushBot/7~bl; +http://www.semrush.com/bot.html)"
74.7.227.180 - - [06/Feb/2026:07:35:41 -0500] "GET /ctg/search/similarImageSearchResultView/?ctgItemCd=5383949965 HTTP/1.1" 404 1251 "https://blog.newkolkata.in/get/49965zslyitems.htm" "Mozilla/5.0 AppleWebKit/537.36 (KHTML, like Gecko; compatible; GPTBot/1.3; +https://openai.com/gptbot)"
74.7.227.180 - - [06/Feb/2026:07:35:44 -0500] "GET /ctg/search/similarImageSearchResultView/?ctgItemCd=6821864351 HTTP/1.1" 404 1251 "https://blog.newkolkata.in/getidm78/64351jahtitems" "Mozilla/5.0 AppleWebKit/537.36 (KHTML, like Gecko; compatible; GPTBot/1.3; +https://openai.com/gptbot)"
74.7.227.180 - - [06/Feb/2026:07:35:48 -0500] "GET /ctg/search/similarImageSearchResultView/?ctgItemCd=4901345037 HTTP/1.1" 404 1251 "https://blog.newkolkata.in/getidm1965/45037ccoyitems" "Mozilla/5.0 AppleWebKit/537.36 (KHTML, like Gecko; compatible; GPTBot/1.3; +https://openai.com/gptbot)"
74.7.227.180 - - [06/Feb/2026:07:35:51 -0500] "GET /ctg/search/similarImageSearchResultView/?ctgItemCd=5381549541 HTTP/1.1" 404 1251 "https://blog.newkolkata.in/item/49541pcywtidm588283.html" "Mozilla/5.0 AppleWebKit/537.36 (KHTML, like Gecko; compatible; GPTBot/1.3; +https://openai.com/gptbot)"
74.7.227.180 - - [06/Feb/2026:07:35:54 -0500] "GET /ctg/search/similarImageSearchResultView/?ctgItemCd=9631692404 HTTP/1.1" 404 1251 "https://blog.newkolkata.in/getidm426/92404jahtitems" "Mozilla/5.0 AppleWebKit/537.36 (KHTML, like Gecko; compatible; GPTBot/1.3; +https://openai.com/gptbot)"
85.208.96.204 - - [06/Feb/2026:07:35:54 -0500] "GET /geti/177151pcywitems HTTP/1.1" 404 1251 "-" "Mozilla/5.0 (compatible; SemrushBot/7~bl; +http://www.semrush.com/bot.html)"
74.7.227.180 - - [06/Feb/2026:07:35:57 -0500] "GET /ctg/search/similarImageSearchResultView/?ctgItemCd=8073276945 HTTP/1.1" 404 1251 "https://blog.newkolkata.in/getidm/76945tjvfitems" "Mozilla/5.0 AppleWebKit/537.36 (KHTML, like Gecko; compatible; GPTBot/1.3; +https://openai.com/gptbot)"
74.7.227.180 - - [06/Feb/2026:07:36:00 -0500] "GET /ctg/search/similarImageSearchResultView/?ctgItemCd=1703413018 HTTP/1.1" 404 1251 "https://blog.newkolkata.in/getid/13018jahtitems.htm" "Mozilla/5.0 AppleWebKit/537.36 (KHTML, like Gecko; compatible; GPTBot/1.3; +https://openai.com/gptbot)"
74.7.227.180 - - [06/Feb/2026:07:36:03 -0500] "GET /ctg/search/similarImageSearchResultView/?ctgItemCd=7908074793 HTTP/1.1" 404 1251 "https://blog.newkolkata.in/getidm114/74793cejpitems.htm" "Mozilla/5.0 AppleWebKit/537.36 (KHTML, like Gecko; compatible; GPTBot/1.3; +https://openai.com/gptbot)"
66.249.66.76 - - [06/Feb/2026:07:36:05 -0500] "GET /robots.txt HTTP/1.1" 200 281 "-" "Mozilla/5.0 (compatible; Googlebot/2.1; +http://www.google.com/bot.html)"
66.249.66.203 - - [06/Feb/2026:07:36:05 -0500] "GET /detail.php?products/97779297531 HTTP/1.1" 404 1251 "-" "Mozilla/5.0 (Linux; Android 6.0.1; Nexus 5X Build/MMB29P) AppleWebKit/537.36 (KHTML, like Gecko) Chrome/144.0.7559.132 Mobile Safari/537.36 (compatible; Googlebot/2.1; +http://www.google.com/bot.html)"
185.191.171.11 - - [06/Feb/2026:07:36:05 -0500] "GET /ite/35615jahttidm.html HTTP/1.1" 404 1251 "-" "Mozilla/5.0 (compatible; SemrushBot/7~bl; +http://www.semrush.com/bot.html)"
74.7.227.180 - - [06/Feb/2026:07:36:06 -0500] "GET /ctg/search/similarImageSearchResultView/?ctgItemCd=4042436387 HTTP/1.1" 404 1251 "https://blog.newkolkata.in/getid/36387ccoyitems.htm" "Mozilla/5.0 AppleWebKit/537.36 (KHTML, like Gecko; compatible; GPTBot/1.3; +https://openai.com/gptbot)"
74.7.227.180 - - [06/Feb/2026:07:36:09 -0500] "GET /ctg/search/similarImageSearchResultView/?ctgItemCd=3476030828 HTTP/1.1" 404 1251 "https://blog.newkolkata.in/geti/30828sejmitems.htm" "Mozilla/5.0 AppleWebKit/537.36 (KHTML, like Gecko; compatible; GPTBot/1.3; +https://openai.com/gptbot)"
74.7.227.180 - - [06/Feb/2026:07:36:13 -0500] "GET /ctg/search/similarImageSearchResultView/?ctgItemCd=8245378114 HTTP/1.1" 404 1251 "https://blog.newkolkata.in/items/78114cejptidm630307.html" "Mozilla/5.0 AppleWebKit/537.36 (KHTML, like Gecko; compatible; GPTBot/1.3; +https://openai.com/gptbot)"
74.7.227.180 - - [06/Feb/2026:07:36:16 -0500] "GET /ctg/search/similarImageSearchResultView/?ctgItemCd=8035176526 HTTP/1.1" 404 1251 "https://blog.newkolkata.in/item/76526ccoytid.html" "Mozilla/5.0 AppleWebKit/537.36 (KHTML, like Gecko; compatible; GPTBot/1.3; +https://openai.com/gptbot)"
74.7.227.180 - - [06/Feb/2026:07:36:19 -0500] "GET /ctg/search/similarImageSearchResultView/?ctgItemCd=6273758679 HTTP/1.1" 404 1251 "https://blog.newkolkata.in/items/58679ccoytidm.html" "Mozilla/5.0 AppleWebKit/537.36 (KHTML, like Gecko; compatible; GPTBot/1.3; +https://openai.com/gptbot)"
74.7.227.180 - - [06/Feb/2026:07:36:22 -0500] "GET /ctg/search/similarImageSearchResultView/?ctgItemCd=3080526884 HTTP/1.1" 404 1251 "https://blog.newkolkata.in/getidm539/26884cejpitems" "Mozilla/5.0 AppleWebKit/537.36 (KHTML, like Gecko; compatible; GPTBot/1.3; +https://openai.com/gptbot)"
74.7.227.180 - - [06/Feb/2026:07:36:25 -0500] "GET /ctg/search/similarImageSearchResultView/?ctgItemCd=4416139797 HTTP/1.1" 404 1251 "https://blog.newkolkata.in/items/39797jahttidm393712.html" "Mozilla/5.0 AppleWebKit/537.36 (KHTML, like Gecko; compatible; GPTBot/1.3; +https://openai.com/gptbot)"
74.7.227.180 - - [06/Feb/2026:07:36:28 -0500] "GET /ctg/search/similarImageSearchResultView/?ctgItemCd=3110726835 HTTP/1.1" 404 1251 "https://blog.newkolkata.in/getidm93/26835pcywitems.htm" "Mozilla/5.0 AppleWebKit/537.36 (KHTML, like Gecko; compatible; GPTBot/1.3; +https://openai.com/gptbot)"
74.7.227.180 - - [06/Feb/2026:07:36:31 -0500] "GET /ctg/search/similarImageSearchResultView/?ctgItemCd=2098217068 HTTP/1.1" 404 1251 "https://blog.newkolkata.in/getidm650/17068jahtitems" "Mozilla/5.0 AppleWebKit/537.36 (KHTML, like Gecko; compatible; GPTBot/1.3; +https://openai.com/gptbot)"
74.7.227.180 - - [06/Feb/2026:07:36:34 -0500] "GET /ctg/search/similarImageSearchResultView/?ctgItemCd=9321989377 HTTP/1.1" 404 1251 "https://blog.newkolkata.in/getidm4/89377tjvfitems" "Mozilla/5.0 AppleWebKit/537.36 (KHTML, like Gecko; compatible; GPTBot/1.3; +https://openai.com/gptbot)"
74.7.227.180 - - [06/Feb/2026:07:36:37 -0500] "GET /ctg/search/similarImageSearchResultView/?ctgItemCd=3248428805 HTTP/1.1" 404 1251 "https://blog.newkolkata.in/getid/28805pcywitems" "Mozilla/5.0 AppleWebKit/537.36 (KHTML, like Gecko; compatible; GPTBot/1.3; +https://openai.com/gptbot)"
74.7.227.180 - - [06/Feb/2026:07:36:41 -0500] "GET /ctg/search/similarImageSearchResultView/?ctgItemCd=3269428548 HTTP/1.1" 404 1251 "https://blog.newkolkata.in/getidm/28548ccoyitems.htm" "Mozilla/5.0 AppleWebKit/537.36 (KHTML, like Gecko; compatible; GPTBot/1.3; +https://openai.com/gptbot)"
74.7.227.180 - - [06/Feb/2026:07:36:44 -0500] "GET /ctg/search/similarImageSearchResultView/?ctgItemCd=8413680199 HTTP/1.1" 404 1251 "https://blog.newkolkata.in/geti/80199ccoyitems.htm" "Mozilla/5.0 AppleWebKit/537.36 (KHTML, like Gecko; compatible; GPTBot/1.3; +https://openai.com/gptbot)"
74.7.227.180 - - [06/Feb/2026:07:36:47 -0500] "GET /ctg/search/similarImageSearchResultView/?ctgItemCd=8203678241 HTTP/1.1" 404 1251 "https://blog.newkolkata.in/getidm/78241mvrvitems" "Mozilla/5.0 AppleWebKit/537.36 (KHTML, like Gecko; compatible; GPTBot/1.3; +https://openai.com/gptbot)"
74.7.227.180 - - [06/Feb/2026:07:36:50 -0500] "GET /ctg/search/similarImageSearchResultView/?ctgItemCd=3459130750 HTTP/1.1" 404 1251 "https://blog.newkolkata.in/get/30750pcywitems.htm" "Mozilla/5.0 AppleWebKit/537.36 (KHTML, like Gecko; compatible; GPTBot/1.3; +https://openai.com/gptbot)"
74.7.227.180 - - [06/Feb/2026:07:36:53 -0500] "GET /ctg/search/similarImageSearchResultView/?ctgItemCd=8311678755 HTTP/1.1" 404 1251 "https://blog.newkolkata.in/items/78755cejptidm338871.html" "Mozilla/5.0 AppleWebKit/537.36 (KHTML, like Gecko; compatible; GPTBot/1.3; +https://openai.com/gptbot)"
74.7.227.180 - - [06/Feb/2026:07:36:56 -0500] "GET /ctg/search/similarImageSearchResultView/?ctgItemCd=6254058322 HTTP/1.1" 404 1251 "https://blog.newkolkata.in/items/58322pcywtidm910.html" "Mozilla/5.0 AppleWebKit/537.36 (KHTML, like Gecko; compatible; GPTBot/1.3; +https://openai.com/gptbot)"
185.191.171.13 - - [06/Feb/2026:07:36:59 -0500] "GET /item/134846zslytid.html HTTP/1.1" 404 1251 "-" "Mozilla/5.0 (compatible; SemrushBot/7~bl; +http://www.semrush.com/bot.html)"
74.7.227.180 - - [06/Feb/2026:07:37:00 -0500] "GET /ctg/search/similarImageSearchResultView/?ctgItemCd=3220928049 HTTP/1.1" 404 1251 "https://blog.newkolkata.in/items/28049sejmtidm98.html" "Mozilla/5.0 AppleWebKit/537.36 (KHTML, like Gecko; compatible; GPTBot/1.3; +https://openai.com/gptbot)"
74.7.227.180 - - [06/Feb/2026:07:37:03 -0500] "GET /ctg/search/similarImageSearchResultView/?ctgItemCd=5601751990 HTTP/1.1" 404 1251 "https://blog.newkolkata.in/getid/51990jahtitems.htm" "Mozilla/5.0 AppleWebKit/537.36 (KHTML, like Gecko; compatible; GPTBot/1.3; +https://openai.com/gptbot)"
74.7.227.180 - - [06/Feb/2026:07:37:06 -0500] "GET /ctg/search/similarImageSearchResultView/?ctgItemCd=4381840255 HTTP/1.1" 404 1251 "https://blog.newkolkata.in/geti/40255tjvfitems" "Mozilla/5.0 AppleWebKit/537.36 (KHTML, like Gecko; compatible; GPTBot/1.3; +https://openai.com/gptbot)"
74.7.227.180 - - [06/Feb/2026:07:37:09 -0500] "GET /ctg/search/similarImageSearchResultView/?ctgItemCd=6021556057 HTTP/1.1" 404 1251 "https://blog.newkolkata.in/items/56057ulgptidm51.html" "Mozilla/5.0 AppleWebKit/537.36 (KHTML, like Gecko; compatible; GPTBot/1.3; +https://openai.com/gptbot)"
74.7.227.180 - - [06/Feb/2026:07:37:12 -0500] "GET /ctg/search/similarImageSearchResultView/?ctgItemCd=5547451368 HTTP/1.1" 404 1251 "https://blog.newkolkata.in/items/51368ulgptidm2.html" "Mozilla/5.0 AppleWebKit/537.36 (KHTML, like Gecko; compatible; GPTBot/1.3; +https://openai.com/gptbot)"
74.7.227.180 - - [06/Feb/2026:07:37:15 -0500] "GET /ctg/search/similarImageSearchResultView/?ctgItemCd=2887624896 HTTP/1.1" 404 1251 "https://blog.newkolkata.in/item/24896cejptidm7.html" "Mozilla/5.0 AppleWebKit/537.36 (KHTML, like Gecko; compatible; GPTBot/1.3; +https://openai.com/gptbot)"
74.7.227.180 - - [06/Feb/2026:07:37:18 -0500] "GET /ctg/search/similarImageSearchResultView/?ctgItemCd=1489310872 HTTP/1.1" 404 1251 "https://blog.newkolkata.in/getid/10872jahtitems.htm" "Mozilla/5.0 AppleWebKit/537.36 (KHTML, like Gecko; compatible; GPTBot/1.3; +https://openai.com/gptbot)"
74.7.227.180 - - [06/Feb/2026:07:37:22 -0500] "GET /ctg/search/similarImageSearchResultView/?ctgItemCd=5175747812 HTTP/1.1" 404 1251 "https://blog.newkolkata.in/getidm887/47812tjvfitems" "Mozilla/5.0 AppleWebKit/537.36 (KHTML, like Gecko; compatible; GPTBot/1.3; +https://openai.com/gptbot)"
85.208.96.204 - - [06/Feb/2026:07:37:24 -0500] "GET /geti/244303tjvfitems HTTP/1.1" 404 1251 "-" "Mozilla/5.0 (compatible; SemrushBot/7~bl; +http://www.semrush.com/bot.html)"
74.7.227.180 - - [06/Feb/2026:07:37:25 -0500] "GET /ctg/search/similarImageSearchResultView/?ctgItemCd=7883174997 HTTP/1.1" 404 1251 "https://blog.newkolkata.in/get/74997jahtitems.htm" "Mozilla/5.0 AppleWebKit/537.36 (KHTML, like Gecko; compatible; GPTBot/1.3; +https://openai.com/gptbot)"
74.7.227.180 - - [06/Feb/2026:07:37:28 -0500] "GET /ctg/search/similarImageSearchResultView/?ctgItemCd=4643142615 HTTP/1.1" 404 1251 "https://blog.newkolkata.in/get/42615jahtitems.htm" "Mozilla/5.0 AppleWebKit/537.36 (KHTML, like Gecko; compatible; GPTBot/1.3; +https://openai.com/gptbot)"
85.208.96.196 - - [06/Feb/2026:07:37:30 -0500] "GET /get/73506pcywitems.htm HTTP/1.1" 404 1251 "-" "Mozilla/5.0 (compatible; SemrushBot/7~bl; +http://www.semrush.com/bot.html)"
74.7.227.180 - - [06/Feb/2026:07:37:31 -0500] "GET /ctg/search/similarImageSearchResultView/?ctgItemCd=1588012430 HTTP/1.1" 404 1251 "https://blog.newkolkata.in/get/12430ulgpitems" "Mozilla/5.0 AppleWebKit/537.36 (KHTML, like Gecko; compatible; GPTBot/1.3; +https://openai.com/gptbot)"
74.7.227.180 - - [06/Feb/2026:07:37:34 -0500] "GET /ctg/search/similarImageSearchResultView/?ctgItemCd=6383859975 HTTP/1.1" 404 1251 "https://blog.newkolkata.in/ite/59975mvrvtidm.html" "Mozilla/5.0 AppleWebKit/537.36 (KHTML, like Gecko; compatible; GPTBot/1.3; +https://openai.com/gptbot)"
74.7.227.180 - - [06/Feb/2026:07:37:37 -0500] "GET /ctg/search/similarImageSearchResultView/?ctgItemCd=7394769848 HTTP/1.1" 404 1251 "https://blog.newkolkata.in/items/69848cejptidm5.html" "Mozilla/5.0 AppleWebKit/537.36 (KHTML, like Gecko; compatible; GPTBot/1.3; +https://openai.com/gptbot)"
74.7.227.180 - - [06/Feb/2026:07:37:40 -0500] "GET /ctg/search/similarImageSearchResultView/?ctgItemCd=3307928878 HTTP/1.1" 404 1251 "https://blog.newkolkata.in/getidm8/28878kairitems.htm" "Mozilla/5.0 AppleWebKit/537.36 (KHTML, like Gecko; compatible; GPTBot/1.3; +https://openai.com/gptbot)"
85.208.96.196 - - [06/Feb/2026:07:37:43 -0500] "GET /getidm/165321sejmitems.htm HTTP/1.1" 404 1251 "-" "Mozilla/5.0 (compatible; SemrushBot/7~bl; +http://www.semrush.com/bot.html)"
74.7.227.180 - - [06/Feb/2026:07:37:43 -0500] "GET /ctg/search/similarImageSearchResultView/?ctgItemCd=7410969960 HTTP/1.1" 404 1251 "https://blog.newkolkata.in/getidm/69960ccoyitems.htm" "Mozilla/5.0 AppleWebKit/537.36 (KHTML, like Gecko; compatible; GPTBot/1.3; +https://openai.com/gptbot)"
74.7.227.180 - - [06/Feb/2026:07:37:47 -0500] "GET /ctg/search/similarImageSearchResultView/?ctgItemCd=3251828597 HTTP/1.1" 404 1251 "https://blog.newkolkata.in/getidm338/28597cejpitems" "Mozilla/5.0 AppleWebKit/537.36 (KHTML, like Gecko; compatible; GPTBot/1.3; +https://openai.com/gptbot)"
185.191.171.11 - - [06/Feb/2026:07:37:47 -0500] "GET /getid/75783jahtitems.htm HTTP/1.1" 404 1251 "-" "Mozilla/5.0 (compatible; SemrushBot/7~bl; +http://www.semrush.com/bot.html)"
74.7.227.180 - - [06/Feb/2026:07:37:50 -0500] "GET /ctg/search/similarImageSearchResultView/?ctgItemCd=7059766793 HTTP/1.1" 404 1251 "https://blog.newkolkata.in/getidm/66793mvrvitems" "Mozilla/5.0 AppleWebKit/537.36 (KHTML, like Gecko; compatible; GPTBot/1.3; +https://openai.com/gptbot)"
85.208.96.209 - - [06/Feb/2026:07:37:50 -0500] "GET /item/55046mvrvtid.html HTTP/1.1" 404 1251 "-" "Mozilla/5.0 (compatible; SemrushBot/7~bl; +http://www.semrush.com/bot.html)"
74.7.227.180 - - [06/Feb/2026:07:37:53 -0500] "GET /ctg/search/similarImageSearchResultView/?ctgItemCd=9353789635 HTTP/1.1" 404 1251 "https://blog.newkolkata.in/getidm55/89635pcywitems" "Mozilla/5.0 AppleWebKit/537.36 (KHTML, like Gecko; compatible; GPTBot/1.3; +https://openai.com/gptbot)"
74.7.227.180 - - [06/Feb/2026:07:37:56 -0500] "GET /ctg/search/similarImageSearchResultView/?ctgItemCd=5191247765 HTTP/1.1" 404 1251 "https://blog.newkolkata.in/ite/47765tjvftidm580051.html" "Mozilla/5.0 AppleWebKit/537.36 (KHTML, like Gecko; compatible; GPTBot/1.3; +https://openai.com/gptbot)"
74.7.227.180 - - [06/Feb/2026:07:37:59 -0500] "GET /ctg/search/similarImageSearchResultView/?ctgItemCd=9074186624 HTTP/1.1" 404 1251 "https://blog.newkolkata.in/items/86624tjvftidm8.html" "Mozilla/5.0 AppleWebKit/537.36 (KHTML, like Gecko; compatible; GPTBot/1.3; +https://openai.com/gptbot)"
74.7.227.180 - - [06/Feb/2026:07:38:02 -0500] "GET /ctg/search/similarImageSearchResultView/?ctgItemCd=7620372064 HTTP/1.1" 404 1251 "https://blog.newkolkata.in/getidm/72064sejmitems.htm" "Mozilla/5.0 AppleWebKit/537.36 (KHTML, like Gecko; compatible; GPTBot/1.3; +https://openai.com/gptbot)"
85.208.96.198 - - [06/Feb/2026:07:38:04 -0500] "GET /geti/228655cejpitems HTTP/1.1" 404 1251 "-" "Mozilla/5.0 (compatible; SemrushBot/7~bl; +http://www.semrush.com/bot.html)"
74.7.227.180 - - [06/Feb/2026:07:38:06 -0500] "GET /ctg/search/similarImageSearchResultView/?ctgItemCd=9289589054 HTTP/1.1" 404 1251 "https://blog.newkolkata.in/get/89054ulgpitems.htm" "Mozilla/5.0 AppleWebKit/537.36 (KHTML, like Gecko; compatible; GPTBot/1.3; +https://openai.com/gptbot)"
185.191.171.7 - - [06/Feb/2026:07:38:08 -0500] "GET /getidm6/276898tjvfitems HTTP/1.1" 404 1251 "-" "Mozilla/5.0 (compatible; SemrushBot/7~bl; +http://www.semrush.com/bot.html)"
74.7.227.180 - - [06/Feb/2026:07:38:09 -0500] "GET /ctg/search/similarImageSearchResultView/?ctgItemCd=7432770491 HTTP/1.1" 404 1251 "https://blog.newkolkata.in/get/70491ulgpitems.htm" "Mozilla/5.0 AppleWebKit/537.36 (KHTML, like Gecko; compatible; GPTBot/1.3; +https://openai.com/gptbot)"
74.7.227.180 - - [06/Feb/2026:07:38:12 -0500] "GET /ctg/search/similarImageSearchResultView/?ctgItemCd=8007176273 HTTP/1.1" 404 1251 "https://blog.newkolkata.in/getidm/76273mvrvitems" "Mozilla/5.0 AppleWebKit/537.36 (KHTML, like Gecko; compatible; GPTBot/1.3; +https://openai.com/gptbot)"
74.7.227.180 - - [06/Feb/2026:07:38:15 -0500] "GET /ctg/search/similarImageSearchResultView/?ctgItemCd=1729613058 HTTP/1.1" 404 1251 "https://blog.newkolkata.in/items/13058zslytidm396.html" "Mozilla/5.0 AppleWebKit/537.36 (KHTML, like Gecko; compatible; GPTBot/1.3; +https://openai.com/gptbot)"
74.7.227.180 - - [06/Feb/2026:07:38:18 -0500] "GET /ctg/search/similarImageSearchResultView/?ctgItemCd=5471050675 HTTP/1.1" 404 1251 "https://blog.newkolkata.in/ite/50675sejmtidm2594.html" "Mozilla/5.0 AppleWebKit/537.36 (KHTML, like Gecko; compatible; GPTBot/1.3; +https://openai.com/gptbot)"
85.208.96.210 - - [06/Feb/2026:07:38:20 -0500] "GET /get/42321cejpitems.htm HTTP/1.1" 404 1251 "-" "Mozilla/5.0 (compatible; SemrushBot/7~bl; +http://www.semrush.com/bot.html)"
198.54.126.162 - - [06/Feb/2026:07:38:20 -0500] "POST /wp-cron.php?doing_wp_cron=1770381500.2059819698333740234375 HTTP/1.1" 200 0 "-" "WordPress/6.9.1; https://blog.newkolkata.in"
87.188.98.135 - - [06/Feb/2026:07:37:38 -0500] "POST /xmlrpc.php HTTP/1.1" 200 139 "-" "Mozilla/5.0"
74.7.227.180 - - [06/Feb/2026:07:38:21 -0500] "GET /ctg/search/similarImageSearchResultView/?ctgItemCd=2288918964 HTTP/1.1" 404 1251 "https://blog.newkolkata.in/getidm439/18964jahtitems" "Mozilla/5.0 AppleWebKit/537.36 (KHTML, like Gecko; compatible; GPTBot/1.3; +https://openai.com/gptbot)"
85.208.96.203 - - [06/Feb/2026:07:38:22 -0500] "GET /getid/138736cejpitems HTTP/1.1" 404 1251 "-" "Mozilla/5.0 (compatible; SemrushBot/7~bl; +http://www.semrush.com/bot.html)"
185.191.171.18 - - [06/Feb/2026:07:38:24 -0500] "GET /getidm/153145pcywitems HTTP/1.1" 404 1251 "-" "Mozilla/5.0 (compatible; SemrushBot/7~bl; +http://www.semrush.com/bot.html)"
74.7.227.180 - - [06/Feb/2026:07:38:24 -0500] "GET /ctg/search/similarImageSearchResultView/?ctgItemCd=7245168379 HTTP/1.1" 404 1251 "https://blog.newkolkata.in/getid/68379mvrvitems.htm" "Mozilla/5.0 AppleWebKit/537.36 (KHTML, like Gecko; compatible; GPTBot/1.3; +https://openai.com/gptbot)"
87.188.98.135 - - [06/Feb/2026:07:38:22 -0500] "GET /?p=9363 HTTP/1.1" 200 1666 "-" "Mozilla/5.0 (Windows NT 10.0; Win64; x64) AppleWebKit/537.36 (KHTML, like Gecko) Chrome/120.0.0.0 Safari/537.36"
87.188.98.135 - - [06/Feb/2026:07:38:26 -0500] "GET /?p=9363 HTTP/1.1" 200 1666 "-" "Mozilla/5.0 (Windows NT 10.0; Win64; x64) AppleWebKit/537.36 (KHTML, like Gecko) Chrome/120.0.0.0 Safari/537.36"
74.7.227.180 - - [06/Feb/2026:07:38:28 -0500] "GET /ctg/search/similarImageSearchResultView/?ctgItemCd=6247758289 HTTP/1.1" 404 1251 "https://blog.newkolkata.in/items/58289mvrvtidm71.html" "Mozilla/5.0 AppleWebKit/537.36 (KHTML, like Gecko; compatible; GPTBot/1.3; +https://openai.com/gptbot)"
74.7.227.180 - - [06/Feb/2026:07:38:31 -0500] "GET /ctg/search/similarImageSearchResultView/?ctgItemCd=6481961033 HTTP/1.1" 404 1251 "https://blog.newkolkata.in/getidm/61033mvrvitems" "Mozilla/5.0 AppleWebKit/537.36 (KHTML, like Gecko; compatible; GPTBot/1.3; +https://openai.com/gptbot)"
74.7.227.180 - - [06/Feb/2026:07:38:34 -0500] "GET /ctg/search/similarImageSearchResultView/?ctgItemCd=2708523179 HTTP/1.1" 404 1251 "https://blog.newkolkata.in/getidm96/23179mvrvitems" "Mozilla/5.0 AppleWebKit/537.36 (KHTML, like Gecko; compatible; GPTBot/1.3; +https://openai.com/gptbot)"
74.7.227.180 - - [06/Feb/2026:07:38:37 -0500] "GET /ctg/search/similarImageSearchResultView/?ctgItemCd=9523391256 HTTP/1.1" 404 1251 "https://blog.newkolkata.in/item/91256kairtidm5.html" "Mozilla/5.0 AppleWebKit/537.36 (KHTML, like Gecko; compatible; GPTBot/1.3; +https://openai.com/gptbot)"
74.7.227.180 - - [06/Feb/2026:07:38:40 -0500] "GET /ctg/search/similarImageSearchResultView/?ctgItemCd=8673082736 HTTP/1.1" 404 1251 "https://blog.newkolkata.in/item/82736ulgptidm2.html" "Mozilla/5.0 AppleWebKit/537.36 (KHTML, like Gecko; compatible; GPTBot/1.3; +https://openai.com/gptbot)"
74.7.227.180 - - [06/Feb/2026:07:38:43 -0500] "GET /ctg/search/similarImageSearchResultView/?ctgItemCd=9725493179 HTTP/1.1" 404 1251 "https://blog.newkolkata.in/getid/93179zslyitems.htm" "Mozilla/5.0 AppleWebKit/537.36 (KHTML, like Gecko; compatible; GPTBot/1.3; +https://openai.com/gptbot)"
213.180.203.41 - - [06/Feb/2026:07:38:45 -0500] "GET /robots.txt HTTP/1.1" 200 281 "-" "Mozilla/5.0 (compatible; YandexBot/3.0; +http://yandex.com/bots)"
213.180.203.169 - - [06/Feb/2026:07:38:46 -0500] "GET /emocion-y-suerte-en-cada-tirada-el-universo-spingranny-y-el/ HTTP/1.1" 404 1251 "-" "Mozilla/5.0 (compatible; YandexBot/3.0; +http://yandex.com/bots)"
74.7.227.180 - - [06/Feb/2026:07:38:46 -0500] "GET /ctg/search/similarImageSearchResultView/?ctgItemCd=8038476704 HTTP/1.1" 404 1251 "https://blog.newkolkata.in/getid/76704pcywitems" "Mozilla/5.0 AppleWebKit/537.36 (KHTML, like Gecko; compatible; GPTBot/1.3; +https://openai.com/gptbot)"
74.7.227.180 - - [06/Feb/2026:07:38:50 -0500] "GET /ctg/search/similarImageSearchResultView/?ctgItemCd=5729253153 HTTP/1.1" 404 1251 "https://blog.newkolkata.in/items/53153jahttidm91.html" "Mozilla/5.0 AppleWebKit/537.36 (KHTML, like Gecko; compatible; GPTBot/1.3; +https://openai.com/gptbot)"
74.7.227.180 - - [06/Feb/2026:07:38:53 -0500] "GET /ctg/search/similarImageSearchResultView/?ctgItemCd=5112647203 HTTP/1.1" 404 1251 "https://blog.newkolkata.in/getidm421/47203tjvfitems" "Mozilla/5.0 AppleWebKit/537.36 (KHTML, like Gecko; compatible; GPTBot/1.3; +https://openai.com/gptbot)"
185.191.171.7 - - [06/Feb/2026:07:38:53 -0500] "GET /getidm7/60442ccoyitems HTTP/1.1" 404 1251 "-" "Mozilla/5.0 (compatible; SemrushBot/7~bl; +http://www.semrush.com/bot.html)"
66.249.66.11 - - [06/Feb/2026:07:38:54 -0500] "GET /products.php?class/4190-4274300030.html HTTP/1.1" 404 1251 "-" "Mozilla/5.0 (Linux; Android 6.0.1; Nexus 5X Build/MMB29P) AppleWebKit/537.36 (KHTML, like Gecko) Chrome/144.0.7559.132 Mobile Safari/537.36 (compatible; Googlebot/2.1; +http://www.google.com/bot.html)"
66.249.66.167 - - [06/Feb/2026:07:38:54 -0500] "GET /robots.txt HTTP/1.1" 200 281 "-" "Mozilla/5.0 (compatible; Googlebot/2.1; +http://www.google.com/bot.html)"
74.7.227.180 - - [06/Feb/2026:07:38:56 -0500] "GET /ctg/search/similarImageSearchResultView/?ctgItemCd=7647872329 HTTP/1.1" 404 1251 "https://blog.newkolkata.in/items/72329jahttidm68.html" "Mozilla/5.0 AppleWebKit/537.36 (KHTML, like Gecko; compatible; GPTBot/1.3; +https://openai.com/gptbot)"
185.191.171.2 - - [06/Feb/2026:07:38:56 -0500] "GET /getid/28360mvrvitems HTTP/1.1" 404 1251 "-" "Mozilla/5.0 (compatible; SemrushBot/7~bl; +http://www.semrush.com/bot.html)"
85.208.96.202 - - [06/Feb/2026:07:38:57 -0500] "GET /getid/60054kairitems.htm HTTP/1.1" 404 1251 "-" "Mozilla/5.0 (compatible; SemrushBot/7~bl; +http://www.semrush.com/bot.html)"
74.7.227.180 - - [06/Feb/2026:07:38:59 -0500] "GET /ctg/search/similarImageSearchResultView/?ctgItemCd=8324279112 HTTP/1.1" 404 1251 "https://blog.newkolkata.in/items/79112zslytidm3.html" "Mozilla/5.0 AppleWebKit/537.36 (KHTML, like Gecko; compatible; GPTBot/1.3; +https://openai.com/gptbot)"
74.7.227.180 - - [06/Feb/2026:07:39:02 -0500] "GET /ctg/search/similarImageSearchResultView/?ctgItemCd=5352649640 HTTP/1.1" 404 1251 "https://blog.newkolkata.in/ite/49640tjvftidm4.html" "Mozilla/5.0 AppleWebKit/537.36 (KHTML, like Gecko; compatible; GPTBot/1.3; +https://openai.com/gptbot)"
74.7.227.180 - - [06/Feb/2026:07:39:05 -0500] "GET /ctg/search/similarImageSearchResultView/?ctgItemCd=7986275713 HTTP/1.1" 404 1251 "https://blog.newkolkata.in/items/75713sejmtidm51.html" "Mozilla/5.0 AppleWebKit/537.36 (KHTML, like Gecko; compatible; GPTBot/1.3; +https://openai.com/gptbot)"
185.191.171.13 - - [06/Feb/2026:07:39:08 -0500] "GET /geti/186655ulgpitems HTTP/1.1" 404 1251 "-" "Mozilla/5.0 (compatible; SemrushBot/7~bl; +http://www.semrush.com/bot.html)"
74.7.227.180 - - [06/Feb/2026:07:39:08 -0500] "GET /ctg/search/similarImageSearchResultView/?ctgItemCd=4039136272 HTTP/1.1" 404 1251 "https://blog.newkolkata.in/items/36272pcywtidm7.html" "Mozilla/5.0 AppleWebKit/537.36 (KHTML, like Gecko; compatible; GPTBot/1.3; +https://openai.com/gptbot)"
85.208.96.210 - - [06/Feb/2026:07:39:10 -0500] "GET /getidm/175884zslyitems.htm HTTP/1.1" 404 1251 "-" "Mozilla/5.0 (compatible; SemrushBot/7~bl; +http://www.semrush.com/bot.html)"
74.7.227.180 - - [06/Feb/2026:07:39:11 -0500] "GET /ctg/search/similarImageSearchResultView/?ctgItemCd=7382869501 HTTP/1.1" 404 1251 "https://blog.newkolkata.in/getidm815/69501mvrvitems.htm" "Mozilla/5.0 AppleWebKit/537.36 (KHTML, like Gecko; compatible; GPTBot/1.3; +https://openai.com/gptbot)"
74.7.227.180 - - [06/Feb/2026:07:39:14 -0500] "GET /ctg/search/similarImageSearchResultView/?ctgItemCd=6547461274 HTTP/1.1" 404 1251 "https://blog.newkolkata.in/items/61274jahttidm839.html" "Mozilla/5.0 AppleWebKit/537.36 (KHTML, like Gecko; compatible; GPTBot/1.3; +https://openai.com/gptbot)"
74.7.227.180 - - [06/Feb/2026:07:39:18 -0500] "GET /ctg/search/similarImageSearchResultView/?ctgItemCd=4490640631 HTTP/1.1" 404 1251 "https://blog.newkolkata.in/getidm104/40631kairitems.htm" "Mozilla/5.0 AppleWebKit/537.36 (KHTML, like Gecko; compatible; GPTBot/1.3; +https://openai.com/gptbot)"
74.7.227.180 - - [06/Feb/2026:07:39:21 -0500] "GET /ctg/search/similarImageSearchResultView/?ctgItemCd=7931075369 HTTP/1.1" 404 1251 "https://blog.newkolkata.in/geti/75369sejmitems.htm" "Mozilla/5.0 AppleWebKit/537.36 (KHTML, like Gecko; compatible; GPTBot/1.3; +https://openai.com/gptbot)"
74.7.227.180 - - [06/Feb/2026:07:39:24 -0500] "GET /ctg/search/similarImageSearchResultView/?ctgItemCd=5407749913 HTTP/1.1" 404 1251 "https://blog.newkolkata.in/items/49913tjvftidm16.html" "Mozilla/5.0 AppleWebKit/537.36 (KHTML, like Gecko; compatible; GPTBot/1.3; +https://openai.com/gptbot)"
74.7.227.180 - - [06/Feb/2026:07:39:27 -0500] "GET /ctg/search/similarImageSearchResultView/?ctgItemCd=6795664036 HTTP/1.1" 404 1251 "https://blog.newkolkata.in/getidm893/64036jahtitems" "Mozilla/5.0 AppleWebKit/537.36 (KHTML, like Gecko; compatible; GPTBot/1.3; +https://openai.com/gptbot)"
74.7.227.180 - - [06/Feb/2026:07:39:30 -0500] "GET /ctg/search/similarImageSearchResultView/?ctgItemCd=9273389167 HTTP/1.1" 404 1251 "https://blog.newkolkata.in/geti/89167ccoyitems" "Mozilla/5.0 AppleWebKit/537.36 (KHTML, like Gecko; compatible; GPTBot/1.3; +https://openai.com/gptbot)"
74.7.227.180 - - [06/Feb/2026:07:39:33 -0500] "GET /ctg/search/similarImageSearchResultView/?ctgItemCd=4399539781 HTTP/1.1" 404 1251 "https://blog.newkolkata.in/getidm7/39781tjvfitems.htm" "Mozilla/5.0 AppleWebKit/537.36 (KHTML, like Gecko; compatible; GPTBot/1.3; +https://openai.com/gptbot)"
74.7.227.180 - - [06/Feb/2026:07:39:37 -0500] "GET /ctg/search/similarImageSearchResultView/?ctgItemCd=4457940622 HTTP/1.1" 404 1251 "https://blog.newkolkata.in/items/40622mvrvtid.html" "Mozilla/5.0 AppleWebKit/537.36 (KHTML, like Gecko; compatible; GPTBot/1.3; +https://openai.com/gptbot)"
74.7.227.180 - - [06/Feb/2026:07:39:40 -0500] "GET /ctg/search/similarImageSearchResultView/?ctgItemCd=3612832450 HTTP/1.1" 404 1251 "https://blog.newkolkata.in/getid/32450mvrvitems" "Mozilla/5.0 AppleWebKit/537.36 (KHTML, like Gecko; compatible; GPTBot/1.3; +https://openai.com/gptbot)"
74.7.227.180 - - [06/Feb/2026:07:39:43 -0500] "GET /ctg/search/similarImageSearchResultView/?ctgItemCd=9077486468 HTTP/1.1" 404 1251 "https://blog.newkolkata.in/items/86468cejptidm26780.html" "Mozilla/5.0 AppleWebKit/537.36 (KHTML, like Gecko; compatible; GPTBot/1.3; +https://openai.com/gptbot)"
85.208.96.201 - - [06/Feb/2026:07:39:44 -0500] "GET /getidm/99889zslyitems HTTP/1.1" 404 1251 "-" "Mozilla/5.0 (compatible; SemrushBot/7~bl; +http://www.semrush.com/bot.html)"
74.7.227.180 - - [06/Feb/2026:07:39:46 -0500] "GET /ctg/search/similarImageSearchResultView/?ctgItemCd=5196447762 HTTP/1.1" 404 1251 "https://blog.newkolkata.in/items/47762ccoytidm333.html" "Mozilla/5.0 AppleWebKit/537.36 (KHTML, like Gecko; compatible; GPTBot/1.3; +https://openai.com/gptbot)"
74.7.227.180 - - [06/Feb/2026:07:39:49 -0500] "GET /ctg/search/similarImageSearchResultView/?ctgItemCd=6575361930 HTTP/1.1" 404 1251 "https://blog.newkolkata.in/getidm2/61930ulgpitems" "Mozilla/5.0 AppleWebKit/537.36 (KHTML, like Gecko; compatible; GPTBot/1.3; +https://openai.com/gptbot)"
74.7.227.180 - - [06/Feb/2026:07:39:52 -0500] "GET /ctg/search/similarImageSearchResultView/?ctgItemCd=1776013596 HTTP/1.1" 404 1251 "https://blog.newkolkata.in/getidm/13596pcywitems.htm" "Mozilla/5.0 AppleWebKit/537.36 (KHTML, like Gecko; compatible; GPTBot/1.3; +https://openai.com/gptbot)"
74.7.227.180 - - [06/Feb/2026:07:39:55 -0500] "GET /ctg/search/similarImageSearchResultView/?ctgItemCd=8907385606 HTTP/1.1" 404 1251 "https://blog.newkolkata.in/get/85606tjvfitems" "Mozilla/5.0 AppleWebKit/537.36 (KHTML, like Gecko; compatible; GPTBot/1.3; +https://openai.com/gptbot)"
85.208.96.211 - - [06/Feb/2026:07:39:58 -0500] "GET /getidm/116545ulgpitems HTTP/1.1" 404 1251 "-" "Mozilla/5.0 (compatible; SemrushBot/7~bl; +http://www.semrush.com/bot.html)"
74.7.227.180 - - [06/Feb/2026:07:39:59 -0500] "GET /ctg/search/similarImageSearchResultView/?ctgItemCd=4269438794 HTTP/1.1" 404 1251 "https://blog.newkolkata.in/getidm98/38794tjvfitems" "Mozilla/5.0 AppleWebKit/537.36 (KHTML, like Gecko; compatible; GPTBot/1.3; +https://openai.com/gptbot)"
74.7.227.180 - - [06/Feb/2026:07:40:02 -0500] "GET /ctg/search/similarImageSearchResultView/?ctgItemCd=7316568780 HTTP/1.1" 404 1251 "https://blog.newkolkata.in/items/68780mvrvtidm184102.html" "Mozilla/5.0 AppleWebKit/537.36 (KHTML, like Gecko; compatible; GPTBot/1.3; +https://openai.com/gptbot)"
74.7.227.180 - - [06/Feb/2026:07:40:05 -0500] "GET /ctg/search/similarImageSearchResultView/?ctgItemCd=6438560262 HTTP/1.1" 404 1251 "https://blog.newkolkata.in/getidm/60262cejpitems.htm" "Mozilla/5.0 AppleWebKit/537.36 (KHTML, like Gecko; compatible; GPTBot/1.3; +https://openai.com/gptbot)"
185.191.171.14 - - [06/Feb/2026:07:40:08 -0500] "GET /geti/151879ulgpitems HTTP/1.1" 404 1251 "-" "Mozilla/5.0 (compatible; SemrushBot/7~bl; +http://www.semrush.com/bot.html)"
74.7.227.180 - - [06/Feb/2026:07:40:08 -0500] "GET /ctg/search/similarImageSearchResultView/?ctgItemCd=2861624778 HTTP/1.1" 404 1251 "https://blog.newkolkata.in/getidm8/24778ulgpitems" "Mozilla/5.0 AppleWebKit/537.36 (KHTML, like Gecko; compatible; GPTBot/1.3; +https://openai.com/gptbot)"
74.7.227.180 - - [06/Feb/2026:07:40:11 -0500] "GET /ctg/search/similarImageSearchResultView/?ctgItemCd=1522510829 HTTP/1.1" 404 1251 "https://blog.newkolkata.in/items/10829zslytidm643970.html" "Mozilla/5.0 AppleWebKit/537.36 (KHTML, like Gecko; compatible; GPTBot/1.3; +https://openai.com/gptbot)"
185.191.171.15 - - [06/Feb/2026:07:40:14 -0500] "GET /item/176606kairtid.html HTTP/1.1" 404 1251 "-" "Mozilla/5.0 (compatible; SemrushBot/7~bl; +http://www.semrush.com/bot.html)"
74.7.227.180 - - [06/Feb/2026:07:40:14 -0500] "GET /ctg/search/similarImageSearchResultView/?ctgItemCd=4139937476 HTTP/1.1" 404 1251 "https://blog.newkolkata.in/item/37476cejptidm.html" "Mozilla/5.0 AppleWebKit/537.36 (KHTML, like Gecko; compatible; GPTBot/1.3; +https://openai.com/gptbot)"
74.7.227.180 - - [06/Feb/2026:07:40:17 -0500] "GET /ctg/search/similarImageSearchResultView/?ctgItemCd=1528011365 HTTP/1.1" 404 1251 "https://blog.newkolkata.in/getidm657/11365kairitems" "Mozilla/5.0 AppleWebKit/537.36 (KHTML, like Gecko; compatible; GPTBot/1.3; +https://openai.com/gptbot)"
74.7.227.180 - - [06/Feb/2026:07:40:21 -0500] "GET /ctg/search/similarImageSearchResultView/?ctgItemCd=1664312596 HTTP/1.1" 404 1251 "https://blog.newkolkata.in/ite/12596ulgptidm8663.html" "Mozilla/5.0 AppleWebKit/537.36 (KHTML, like Gecko; compatible; GPTBot/1.3; +https://openai.com/gptbot)"
74.7.227.180 - - [06/Feb/2026:07:40:24 -0500] "GET /ctg/search/similarImageSearchResultView/?ctgItemCd=7303369227 HTTP/1.1" 404 1251 "https://blog.newkolkata.in/getidm/69227zslyitems" "Mozilla/5.0 AppleWebKit/537.36 (KHTML, like Gecko; compatible; GPTBot/1.3; +https://openai.com/gptbot)"
74.7.227.180 - - [06/Feb/2026:07:40:27 -0500] "GET /ctg/search/similarImageSearchResultView/?ctgItemCd=7438770624 HTTP/1.1" 404 1251 "https://blog.newkolkata.in/getidm/70624ccoyitems" "Mozilla/5.0 AppleWebKit/537.36 (KHTML, like Gecko; compatible; GPTBot/1.3; +https://openai.com/gptbot)"
74.7.227.180 - - [06/Feb/2026:07:40:30 -0500] "GET /ctg/search/similarImageSearchResultView/?ctgItemCd=9239688942 HTTP/1.1" 404 1251 "https://blog.newkolkata.in/get/88942jahtitems" "Mozilla/5.0 AppleWebKit/537.36 (KHTML, like Gecko; compatible; GPTBot/1.3; +https://openai.com/gptbot)"
74.7.227.180 - - [06/Feb/2026:07:40:33 -0500] "GET /ctg/search/similarImageSearchResultView/?ctgItemCd=3512630977 HTTP/1.1" 404 1251 "https://blog.newkolkata.in/items/30977ccoytidm40.html" "Mozilla/5.0 AppleWebKit/537.36 (KHTML, like Gecko; compatible; GPTBot/1.3; +https://openai.com/gptbot)"
74.7.227.180 - - [06/Feb/2026:07:40:36 -0500] "GET /ctg/search/similarImageSearchResultView/?ctgItemCd=2563321473 HTTP/1.1" 404 1251 "https://blog.newkolkata.in/items/21473tjvftidm48.html" "Mozilla/5.0 AppleWebKit/537.36 (KHTML, like Gecko; compatible; GPTBot/1.3; +https://openai.com/gptbot)"
74.7.227.180 - - [06/Feb/2026:07:40:39 -0500] "GET /ctg/search/similarImageSearchResultView/?ctgItemCd=8014976214 HTTP/1.1" 404 1251 "https://blog.newkolkata.in/items/76214sejmtid.html" "Mozilla/5.0 AppleWebKit/537.36 (KHTML, like Gecko; compatible; GPTBot/1.3; +https://openai.com/gptbot)"
74.7.227.180 - - [06/Feb/2026:07:40:43 -0500] "GET /ctg/search/similarImageSearchResultView/?ctgItemCd=3288728956 HTTP/1.1" 404 1251 "https://blog.newkolkata.in/getidm668/28956jahtitems" "Mozilla/5.0 AppleWebKit/537.36 (KHTML, like Gecko; compatible; GPTBot/1.3; +https://openai.com/gptbot)"
74.7.227.180 - - [06/Feb/2026:07:40:46 -0500] "GET /ctg/search/similarImageSearchResultView/?ctgItemCd=8902285249 HTTP/1.1" 404 1251 "https://blog.newkolkata.in/getidm/85249sejmitems" "Mozilla/5.0 AppleWebKit/537.36 (KHTML, like Gecko; compatible; GPTBot/1.3; +https://openai.com/gptbot)"
74.7.227.180 - - [06/Feb/2026:07:40:49 -0500] "GET /ctg/search/similarImageSearchResultView/?ctgItemCd=3972135791 HTTP/1.1" 404 1251 "https://blog.newkolkata.in/ite/35791ccoytidm37.html" "Mozilla/5.0 AppleWebKit/537.36 (KHTML, like Gecko; compatible; GPTBot/1.3; +https://openai.com/gptbot)"
74.7.227.180 - - [06/Feb/2026:07:40:52 -0500] "GET /ctg/search/similarImageSearchResultView/?ctgItemCd=9626092195 HTTP/1.1" 404 1251 "https://blog.newkolkata.in/ite/92195mvrvtidm9541.html" "Mozilla/5.0 AppleWebKit/537.36 (KHTML, like Gecko; compatible; GPTBot/1.3; +https://openai.com/gptbot)"
74.7.227.180 - - [06/Feb/2026:07:40:55 -0500] "GET /ctg/search/similarImageSearchResultView/?ctgItemCd=1843614249 HTTP/1.1" 404 1251 "https://blog.newkolkata.in/items/14249zslytidm66.html" "Mozilla/5.0 AppleWebKit/537.36 (KHTML, like Gecko; compatible; GPTBot/1.3; +https://openai.com/gptbot)"
74.7.227.180 - - [06/Feb/2026:07:40:58 -0500] "GET /ctg/search/similarImageSearchResultView/?ctgItemCd=4674243256 HTTP/1.1" 404 1251 "https://blog.newkolkata.in/get/43256zslyitems" "Mozilla/5.0 AppleWebKit/537.36 (KHTML, like Gecko; compatible; GPTBot/1.3; +https://openai.com/gptbot)"
74.7.227.180 - - [06/Feb/2026:07:41:01 -0500] "GET /ctg/search/similarImageSearchResultView/?ctgItemCd=5681352644 HTTP/1.1" 404 1251 "https://blog.newkolkata.in/getidm/52644mvrvitems.htm" "Mozilla/5.0 AppleWebKit/537.36 (KHTML, like Gecko; compatible; GPTBot/1.3; +https://openai.com/gptbot)"
85.208.96.197 - - [06/Feb/2026:07:41:04 -0500] "GET /getidm/21697sejmitems HTTP/1.1" 404 1251 "-" "Mozilla/5.0 (compatible; SemrushBot/7~bl; +http://www.semrush.com/bot.html)"
74.7.227.180 - - [06/Feb/2026:07:41:05 -0500] "GET /ctg/search/similarImageSearchResultView/?ctgItemCd=2695022793 HTTP/1.1" 404 1251 "https://blog.newkolkata.in/items/22793ulgptidm14.html" "Mozilla/5.0 AppleWebKit/537.36 (KHTML, like Gecko; compatible; GPTBot/1.3; +https://openai.com/gptbot)"
74.7.227.180 - - [06/Feb/2026:07:41:08 -0500] "GET /ctg/search/similarImageSearchResultView/?ctgItemCd=7561871583 HTTP/1.1" 404 1251 "https://blog.newkolkata.in/getid/71583sejmitems.htm" "Mozilla/5.0 AppleWebKit/537.36 (KHTML, like Gecko; compatible; GPTBot/1.3; +https://openai.com/gptbot)"
74.7.227.180 - - [06/Feb/2026:07:41:11 -0500] "GET /ctg/search/similarImageSearchResultView/?ctgItemCd=4729042978 HTTP/1.1" 404 1251 "https://blog.newkolkata.in/getidm441/42978ulgpitems.htm" "Mozilla/5.0 AppleWebKit/537.36 (KHTML, like Gecko; compatible; GPTBot/1.3; +https://openai.com/gptbot)"
74.7.227.180 - - [06/Feb/2026:07:41:14 -0500] "GET /ctg/search/similarImageSearchResultView/?ctgItemCd=4254638570 HTTP/1.1" 404 1251 "https://blog.newkolkata.in/ite/38570cejptidm949.html" "Mozilla/5.0 AppleWebKit/537.36 (KHTML, like Gecko; compatible; GPTBot/1.3; +https://openai.com/gptbot)"
74.7.227.180 - - [06/Feb/2026:07:41:17 -0500] "GET /ctg/search/similarImageSearchResultView/?ctgItemCd=7204267860 HTTP/1.1" 404 1251 "https://blog.newkolkata.in/getidm/67860zslyitems.htm" "Mozilla/5.0 AppleWebKit/537.36 (KHTML, like Gecko; compatible; GPTBot/1.3; +https://openai.com/gptbot)"
74.7.227.180 - - [06/Feb/2026:07:41:20 -0500] "GET /ctg/search/similarImageSearchResultView/?ctgItemCd=5049746816 HTTP/1.1" 404 1251 "https://blog.newkolkata.in/getid/46816pcywitems" "Mozilla/5.0 AppleWebKit/537.36 (KHTML, like Gecko; compatible; GPTBot/1.3; +https://openai.com/gptbot)"
185.191.171.17 - - [06/Feb/2026:07:41:23 -0500] "GET /getid/32320cejpitems HTTP/1.1" 404 1251 "-" "Mozilla/5.0 (compatible; SemrushBot/7~bl; +http://www.semrush.com/bot.html)"
74.7.227.180 - - [06/Feb/2026:07:41:24 -0500] "GET /ctg/search/similarImageSearchResultView/?ctgItemCd=7826274343 HTTP/1.1" 404 1251 "https://blog.newkolkata.in/geti/74343cejpitems.htm" "Mozilla/5.0 AppleWebKit/537.36 (KHTML, like Gecko; compatible; GPTBot/1.3; +https://openai.com/gptbot)"
74.7.227.180 - - [06/Feb/2026:07:41:27 -0500] "GET /ctg/search/similarImageSearchResultView/?ctgItemCd=2070016529 HTTP/1.1" 404 1251 "https://blog.newkolkata.in/items/16529tjvftidm89.html" "Mozilla/5.0 AppleWebKit/537.36 (KHTML, like Gecko; compatible; GPTBot/1.3; +https://openai.com/gptbot)"
185.191.171.11 - - [06/Feb/2026:07:41:30 -0500] "GET /get/144094jahtitems HTTP/1.1" 404 1251 "-" "Mozilla/5.0 (compatible; SemrushBot/7~bl; +http://www.semrush.com/bot.html)"
74.7.227.180 - - [06/Feb/2026:07:41:30 -0500] "GET /ctg/search/similarImageSearchResultView/?ctgItemCd=9679192825 HTTP/1.1" 404 1251 "https://blog.newkolkata.in/ite/92825mvrvtidm97.html" "Mozilla/5.0 AppleWebKit/537.36 (KHTML, like Gecko; compatible; GPTBot/1.3; +https://openai.com/gptbot)"
74.7.227.180 - - [06/Feb/2026:07:41:33 -0500] "GET /ctg/search/similarImageSearchResultView/?ctgItemCd=7613172296 HTTP/1.1" 404 1251 "https://blog.newkolkata.in/ite/72296ulgptidm.html" "Mozilla/5.0 AppleWebKit/537.36 (KHTML, like Gecko; compatible; GPTBot/1.3; +https://openai.com/gptbot)"
74.7.227.180 - - [06/Feb/2026:07:41:36 -0500] "GET /ctg/search/similarImageSearchResultView/?ctgItemCd=2288119036 HTTP/1.1" 404 1251 "https://blog.newkolkata.in/get/19036pcywitems.htm" "Mozilla/5.0 AppleWebKit/537.36 (KHTML, like Gecko; compatible; GPTBot/1.3; +https://openai.com/gptbot)"
74.7.227.180 - - [06/Feb/2026:07:41:39 -0500] "GET /ctg/search/similarImageSearchResultView/?ctgItemCd=5080346712 HTTP/1.1" 404 1251 "https://blog.newkolkata.in/items/46712kairtidm7.html" "Mozilla/5.0 AppleWebKit/537.36 (KHTML, like Gecko; compatible; GPTBot/1.3; +https://openai.com/gptbot)"
74.7.227.180 - - [06/Feb/2026:07:41:42 -0500] "GET /ctg/search/similarImageSearchResultView/?ctgItemCd=1939715436 HTTP/1.1" 404 1251 "https://blog.newkolkata.in/getidm189/15436zslyitems" "Mozilla/5.0 AppleWebKit/537.36 (KHTML, like Gecko; compatible; GPTBot/1.3; +https://openai.com/gptbot)"
85.208.96.210 - - [06/Feb/2026:07:41:43 -0500] "GET /get/128662sejmitems HTTP/1.1" 404 1251 "-" "Mozilla/5.0 (compatible; SemrushBot/7~bl; +http://www.semrush.com/bot.html)"
185.191.171.2 - - [06/Feb/2026:07:41:45 -0500] "GET /getidm/215868cejpitems.htm HTTP/1.1" 404 1251 "-" "Mozilla/5.0 (compatible; SemrushBot/7~bl; +http://www.semrush.com/bot.html)"
74.7.227.180 - - [06/Feb/2026:07:41:46 -0500] "GET /ctg/search/similarImageSearchResultView/?ctgItemCd=3807133794 HTTP/1.1" 404 1251 "https://blog.newkolkata.in/getidm78/33794pcywitems.htm" "Mozilla/5.0 AppleWebKit/537.36 (KHTML, like Gecko; compatible; GPTBot/1.3; +https://openai.com/gptbot)"
74.7.227.180 - - [06/Feb/2026:07:41:49 -0500] "GET /ctg/search/similarImageSearchResultView/?ctgItemCd=2761323646 HTTP/1.1" 404 1251 "https://blog.newkolkata.in/geti/23646zslyitems.htm" "Mozilla/5.0 AppleWebKit/537.36 (KHTML, like Gecko; compatible; GPTBot/1.3; +https://openai.com/gptbot)"
185.191.171.8 - - [06/Feb/2026:07:41:49 -0500] "GET /get/147468kairitems.htm HTTP/1.1" 404 1251 "-" "Mozilla/5.0 (compatible; SemrushBot/7~bl; +http://www.semrush.com/bot.html)"
74.7.227.180 - - [06/Feb/2026:07:41:52 -0500] "GET /ctg/search/similarImageSearchResultView/?ctgItemCd=5614352064 HTTP/1.1" 404 1251 "https://blog.newkolkata.in/items/52064cejptidm3.html" "Mozilla/5.0 AppleWebKit/537.36 (KHTML, like Gecko; compatible; GPTBot/1.3; +https://openai.com/gptbot)"
185.191.171.17 - - [06/Feb/2026:07:41:54 -0500] "GET /getidm/191172cejpitems.htm HTTP/1.1" 404 1251 "-" "Mozilla/5.0 (compatible; SemrushBot/7~bl; +http://www.semrush.com/bot.html)"
74.7.227.180 - - [06/Feb/2026:07:41:55 -0500] "GET /ctg/search/similarImageSearchResultView/?ctgItemCd=6579061838 HTTP/1.1" 404 1251 "https://blog.newkolkata.in/items/61838tjvftid.html" "Mozilla/5.0 AppleWebKit/537.36 (KHTML, like Gecko; compatible; GPTBot/1.3; +https://openai.com/gptbot)"
74.7.227.180 - - [06/Feb/2026:07:41:58 -0500] "GET /ctg/search/similarImageSearchResultView/?ctgItemCd=3540731648 HTTP/1.1" 404 1251 "https://blog.newkolkata.in/getidm/31648jahtitems" "Mozilla/5.0 AppleWebKit/537.36 (KHTML, like Gecko; compatible; GPTBot/1.3; +https://openai.com/gptbot)"
74.7.227.180 - - [06/Feb/2026:07:42:01 -0500] "GET /ctg/search/similarImageSearchResultView/?ctgItemCd=3079326836 HTTP/1.1" 404 1251 "https://blog.newkolkata.in/getidm645/26836mvrvitems" "Mozilla/5.0 AppleWebKit/537.36 (KHTML, like Gecko; compatible; GPTBot/1.3; +https://openai.com/gptbot)"
74.7.227.180 - - [06/Feb/2026:07:42:05 -0500] "GET /ctg/search/similarImageSearchResultView/?ctgItemCd=5203947793 HTTP/1.1" 404 1251 "https://blog.newkolkata.in/getidm67/47793cejpitems.htm" "Mozilla/5.0 AppleWebKit/537.36 (KHTML, like Gecko; compatible; GPTBot/1.3; +https://openai.com/gptbot)"
185.191.171.12 - - [06/Feb/2026:07:42:07 -0500] "GET /getidm3/290674mvrvitems HTTP/1.1" 404 1251 "-" "Mozilla/5.0 (compatible; SemrushBot/7~bl; +http://www.semrush.com/bot.html)"
74.7.227.180 - - [06/Feb/2026:07:42:08 -0500] "GET /ctg/search/similarImageSearchResultView/?ctgItemCd=1883214744 HTTP/1.1" 404 1251 "https://blog.newkolkata.in/items/14744kairtidm4.html" "Mozilla/5.0 AppleWebKit/537.36 (KHTML, like Gecko; compatible; GPTBot/1.3; +https://openai.com/gptbot)"
74.7.227.180 - - [06/Feb/2026:07:42:11 -0500] "GET /ctg/search/similarImageSearchResultView/?ctgItemCd=4829744351 HTTP/1.1" 404 1251 "https://blog.newkolkata.in/item/44351pcywtidm.html" "Mozilla/5.0 AppleWebKit/537.36 (KHTML, like Gecko; compatible; GPTBot/1.3; +https://openai.com/gptbot)"
74.7.227.180 - - [06/Feb/2026:07:42:14 -0500] "GET /ctg/search/similarImageSearchResultView/?ctgItemCd=8081276706 HTTP/1.1" 404 1251 "https://blog.newkolkata.in/item/76706pcywtidm403.html" "Mozilla/5.0 AppleWebKit/537.36 (KHTML, like Gecko; compatible; GPTBot/1.3; +https://openai.com/gptbot)"
74.7.227.180 - - [06/Feb/2026:07:42:17 -0500] "GET /ctg/search/similarImageSearchResultView/?ctgItemCd=9395490118 HTTP/1.1" 404 1251 "https://blog.newkolkata.in/get/90118tjvfitems.htm" "Mozilla/5.0 AppleWebKit/537.36 (KHTML, like Gecko; compatible; GPTBot/1.3; +https://openai.com/gptbot)"
