74.7.227.180 - - [06/Feb/2026:09:07:23 -0500] "GET /ctg/search/similarImageSearchResultView/?ctgItemCd=4199038120 HTTP/1.1" 404 1251 "https://blog.newkolkata.in/ite/38120ccoytidm9.html" "Mozilla/5.0 AppleWebKit/537.36 (KHTML, like Gecko; compatible; GPTBot/1.3; +https://openai.com/gptbot)"
85.208.96.196 - - [06/Feb/2026:09:07:24 -0500] "GET /get/109510ulgpitems HTTP/1.1" 404 1251 "-" "Mozilla/5.0 (compatible; SemrushBot/7~bl; +http://www.semrush.com/bot.html)"
74.7.227.180 - - [06/Feb/2026:09:07:26 -0500] "GET /ctg/search/similarImageSearchResultView/?ctgItemCd=9305289479 HTTP/1.1" 404 1251 "https://blog.newkolkata.in/geti/89479sejmitems" "Mozilla/5.0 AppleWebKit/537.36 (KHTML, like Gecko; compatible; GPTBot/1.3; +https://openai.com/gptbot)"
74.7.227.180 - - [06/Feb/2026:09:07:29 -0500] "GET /ctg/search/similarImageSearchResultView/?ctgItemCd=8404679853 HTTP/1.1" 404 1251 "https://blog.newkolkata.in/getidm1/79853kairitems.htm" "Mozilla/5.0 AppleWebKit/537.36 (KHTML, like Gecko; compatible; GPTBot/1.3; +https://openai.com/gptbot)"
74.7.227.180 - - [06/Feb/2026:09:07:32 -0500] "GET /ctg/search/similarImageSearchResultView/?ctgItemCd=6371760175 HTTP/1.1" 404 1251 "https://blog.newkolkata.in/geti/60175cejpitems" "Mozilla/5.0 AppleWebKit/537.36 (KHTML, like Gecko; compatible; GPTBot/1.3; +https://openai.com/gptbot)"
74.7.227.180 - - [06/Feb/2026:09:07:36 -0500] "GET /ctg/search/similarImageSearchResultView/?ctgItemCd=3928835046 HTTP/1.1" 404 1251 "https://blog.newkolkata.in/getidm62/35046sejmitems.htm" "Mozilla/5.0 AppleWebKit/537.36 (KHTML, like Gecko; compatible; GPTBot/1.3; +https://openai.com/gptbot)"
74.7.227.180 - - [06/Feb/2026:09:07:39 -0500] "GET /ctg/search/similarImageSearchResultView/?ctgItemCd=2068916374 HTTP/1.1" 404 1251 "https://blog.newkolkata.in/items/16374tjvftidm27604.html" "Mozilla/5.0 AppleWebKit/537.36 (KHTML, like Gecko; compatible; GPTBot/1.3; +https://openai.com/gptbot)"
40.77.167.243 - - [06/Feb/2026:09:07:40 -0500] "GET /items/7504tjvftidm5.html HTTP/1.1" 404 1251 "-" "Mozilla/5.0 AppleWebKit/537.36 (KHTML, like Gecko; compatible; bingbot/2.0; +http://www.bing.com/bingbot.htm) Chrome/116.0.1938.76 Safari/537.36"
74.7.227.180 - - [06/Feb/2026:09:07:42 -0500] "GET /ctg/search/similarImageSearchResultView/?ctgItemCd=7214167848 HTTP/1.1" 404 1251 "https://blog.newkolkata.in/getidm90/67848zslyitems.htm" "Mozilla/5.0 AppleWebKit/537.36 (KHTML, like Gecko; compatible; GPTBot/1.3; +https://openai.com/gptbot)"
74.7.227.180 - - [06/Feb/2026:09:07:45 -0500] "GET /ctg/search/similarImageSearchResultView/?ctgItemCd=6192458264 HTTP/1.1" 404 1251 "https://blog.newkolkata.in/getid/58264ccoyitems" "Mozilla/5.0 AppleWebKit/537.36 (KHTML, like Gecko; compatible; GPTBot/1.3; +https://openai.com/gptbot)"
85.208.96.196 - - [06/Feb/2026:09:07:45 -0500] "GET /getidm/78121sejmitems HTTP/1.1" 404 1251 "-" "Mozilla/5.0 (compatible; SemrushBot/7~bl; +http://www.semrush.com/bot.html)"
74.7.227.180 - - [06/Feb/2026:09:07:48 -0500] "GET /ctg/search/similarImageSearchResultView/?ctgItemCd=4230538854 HTTP/1.1" 404 1251 "https://blog.newkolkata.in/get/38854jahtitems" "Mozilla/5.0 AppleWebKit/537.36 (KHTML, like Gecko; compatible; GPTBot/1.3; +https://openai.com/gptbot)"
74.7.227.180 - - [06/Feb/2026:09:07:51 -0500] "GET /ctg/search/similarImageSearchResultView/?ctgItemCd=6748563525 HTTP/1.1" 404 1251 "https://blog.newkolkata.in/geti/63525mvrvitems.htm" "Mozilla/5.0 AppleWebKit/537.36 (KHTML, like Gecko; compatible; GPTBot/1.3; +https://openai.com/gptbot)"
185.191.171.19 - - [06/Feb/2026:09:07:53 -0500] "GET /get/12018sejmitems.htm HTTP/1.1" 404 1251 "-" "Mozilla/5.0 (compatible; SemrushBot/7~bl; +http://www.semrush.com/bot.html)"
114.119.137.153 - - [06/Feb/2026:09:07:54 -0500] "GET /getidm4/14455jahtitems.htm HTTP/1.1" 404 1251 "https://blog.newkolkata.in/sitemap226.xml" "Mozilla/5.0 (Linux; Android 7.0;) AppleWebKit/537.36 (KHTML, like Gecko) Mobile Safari/537.36 (compatible; PetalBot;+https://webmaster.petalsearch.com/site/petalbot)"
74.7.227.180 - - [06/Feb/2026:09:07:55 -0500] "GET /ctg/search/similarImageSearchResultView/?ctgItemCd=8277278564 HTTP/1.1" 404 1251 "https://blog.newkolkata.in/getidm1/78564ulgpitems.htm" "Mozilla/5.0 AppleWebKit/537.36 (KHTML, like Gecko; compatible; GPTBot/1.3; +https://openai.com/gptbot)"
185.191.171.4 - - [06/Feb/2026:09:07:55 -0500] "GET /get/171849pcywitems.htm HTTP/1.1" 404 1251 "-" "Mozilla/5.0 (compatible; SemrushBot/7~bl; +http://www.semrush.com/bot.html)"
74.7.227.180 - - [06/Feb/2026:09:07:58 -0500] "GET /ctg/search/similarImageSearchResultView/?ctgItemCd=3008925787 HTTP/1.1" 404 1251 "https://blog.newkolkata.in/items/25787zslytidm6619.html" "Mozilla/5.0 AppleWebKit/537.36 (KHTML, like Gecko; compatible; GPTBot/1.3; +https://openai.com/gptbot)"
74.7.227.180 - - [06/Feb/2026:09:08:01 -0500] "GET /ctg/search/similarImageSearchResultView/?ctgItemCd=3162827678 HTTP/1.1" 404 1251 "https://blog.newkolkata.in/geti/27678ulgpitems.htm" "Mozilla/5.0 AppleWebKit/537.36 (KHTML, like Gecko; compatible; GPTBot/1.3; +https://openai.com/gptbot)"
85.208.96.205 - - [06/Feb/2026:09:08:03 -0500] "GET /getid/94242zslyitems.htm HTTP/1.1" 404 1251 "-" "Mozilla/5.0 (compatible; SemrushBot/7~bl; +http://www.semrush.com/bot.html)"
74.7.227.180 - - [06/Feb/2026:09:08:04 -0500] "GET /ctg/search/similarImageSearchResultView/?ctgItemCd=5762353473 HTTP/1.1" 404 1251 "https://blog.newkolkata.in/items/53473sejmtidm62.html" "Mozilla/5.0 AppleWebKit/537.36 (KHTML, like Gecko; compatible; GPTBot/1.3; +https://openai.com/gptbot)"
74.7.227.180 - - [06/Feb/2026:09:08:07 -0500] "GET /ctg/search/similarImageSearchResultView/?ctgItemCd=7271968696 HTTP/1.1" 404 1251 "https://blog.newkolkata.in/item/68696mvrvtidm3.html" "Mozilla/5.0 AppleWebKit/537.36 (KHTML, like Gecko; compatible; GPTBot/1.3; +https://openai.com/gptbot)"
74.7.227.180 - - [06/Feb/2026:09:08:10 -0500] "GET /ctg/search/similarImageSearchResultView/?ctgItemCd=3169027655 HTTP/1.1" 404 1251 "https://blog.newkolkata.in/getid/27655ccoyitems.htm" "Mozilla/5.0 AppleWebKit/537.36 (KHTML, like Gecko; compatible; GPTBot/1.3; +https://openai.com/gptbot)"
74.7.227.180 - - [06/Feb/2026:09:08:13 -0500] "GET /ctg/search/similarImageSearchResultView/?ctgItemCd=4134037522 HTTP/1.1" 404 1251 "https://blog.newkolkata.in/getidm7/37522ccoyitems" "Mozilla/5.0 AppleWebKit/537.36 (KHTML, like Gecko; compatible; GPTBot/1.3; +https://openai.com/gptbot)"
185.191.171.15 - - [06/Feb/2026:09:08:14 -0500] "GET /getid/244792tjvfitems HTTP/1.1" 404 1251 "-" "Mozilla/5.0 (compatible; SemrushBot/7~bl; +http://www.semrush.com/bot.html)"
74.7.227.180 - - [06/Feb/2026:09:08:17 -0500] "GET /ctg/search/similarImageSearchResultView/?ctgItemCd=2512420823 HTTP/1.1" 404 1251 "https://blog.newkolkata.in/getidm407/20823tjvfitems.htm" "Mozilla/5.0 AppleWebKit/537.36 (KHTML, like Gecko; compatible; GPTBot/1.3; +https://openai.com/gptbot)"
74.7.227.180 - - [06/Feb/2026:09:08:20 -0500] "GET /ctg/search/similarImageSearchResultView/?ctgItemCd=1774213818 HTTP/1.1" 404 1251 "https://blog.newkolkata.in/geti/13818kairitems.htm" "Mozilla/5.0 AppleWebKit/537.36 (KHTML, like Gecko; compatible; GPTBot/1.3; +https://openai.com/gptbot)"
185.191.171.12 - - [06/Feb/2026:09:08:20 -0500] "GET /getidm/181153mvrvitems HTTP/1.1" 404 1251 "-" "Mozilla/5.0 (compatible; SemrushBot/7~bl; +http://www.semrush.com/bot.html)"
85.208.96.194 - - [06/Feb/2026:09:08:22 -0500] "GET /get/275547jahtitems.htm HTTP/1.1" 404 1251 "-" "Mozilla/5.0 (compatible; SemrushBot/7~bl; +http://www.semrush.com/bot.html)"
74.7.227.180 - - [06/Feb/2026:09:08:23 -0500] "GET /ctg/search/similarImageSearchResultView/?ctgItemCd=9219687980 HTTP/1.1" 404 1251 "https://blog.newkolkata.in/getidm5/87980tjvfitems.htm" "Mozilla/5.0 AppleWebKit/537.36 (KHTML, like Gecko; compatible; GPTBot/1.3; +https://openai.com/gptbot)"
74.7.227.180 - - [06/Feb/2026:09:08:26 -0500] "GET /ctg/search/similarImageSearchResultView/?ctgItemCd=5128846968 HTTP/1.1" 404 1251 "https://blog.newkolkata.in/getidm959/46968sejmitems.htm" "Mozilla/5.0 AppleWebKit/537.36 (KHTML, like Gecko; compatible; GPTBot/1.3; +https://openai.com/gptbot)"
74.7.227.180 - - [06/Feb/2026:09:08:29 -0500] "GET /ctg/search/similarImageSearchResultView/?ctgItemCd=7653872599 HTTP/1.1" 404 1251 "https://blog.newkolkata.in/items/72599jahttid.html" "Mozilla/5.0 AppleWebKit/537.36 (KHTML, like Gecko; compatible; GPTBot/1.3; +https://openai.com/gptbot)"
74.7.227.180 - - [06/Feb/2026:09:08:33 -0500] "GET /ctg/search/similarImageSearchResultView/?ctgItemCd=5414450197 HTTP/1.1" 404 1251 "https://blog.newkolkata.in/getidm367/50197pcywitems" "Mozilla/5.0 AppleWebKit/537.36 (KHTML, like Gecko; compatible; GPTBot/1.3; +https://openai.com/gptbot)"
74.7.227.180 - - [06/Feb/2026:09:08:36 -0500] "GET /ctg/search/similarImageSearchResultView/?ctgItemCd=9796294010 HTTP/1.1" 404 1251 "https://blog.newkolkata.in/ite/94010kairtidm200.html" "Mozilla/5.0 AppleWebKit/537.36 (KHTML, like Gecko; compatible; GPTBot/1.3; +https://openai.com/gptbot)"
74.7.227.180 - - [06/Feb/2026:09:08:39 -0500] "GET /ctg/search/similarImageSearchResultView/?ctgItemCd=4880144765 HTTP/1.1" 404 1251 "https://blog.newkolkata.in/item/44765sejmtidm32.html" "Mozilla/5.0 AppleWebKit/537.36 (KHTML, like Gecko; compatible; GPTBot/1.3; +https://openai.com/gptbot)"
185.191.171.2 - - [06/Feb/2026:09:08:40 -0500] "GET /getidm7/255418ulgpitems HTTP/1.1" 404 1251 "-" "Mozilla/5.0 (compatible; SemrushBot/7~bl; +http://www.semrush.com/bot.html)"
74.7.227.180 - - [06/Feb/2026:09:08:42 -0500] "GET /ctg/search/similarImageSearchResultView/?ctgItemCd=7306069564 HTTP/1.1" 404 1251 "https://blog.newkolkata.in/get/69564zslyitems" "Mozilla/5.0 AppleWebKit/537.36 (KHTML, like Gecko; compatible; GPTBot/1.3; +https://openai.com/gptbot)"
185.191.171.4 - - [06/Feb/2026:09:08:43 -0500] "GET /items/2759zslytidm.html HTTP/1.1" 404 1251 "-" "Mozilla/5.0 (compatible; SemrushBot/7~bl; +http://www.semrush.com/bot.html)"
74.7.227.180 - - [06/Feb/2026:09:08:45 -0500] "GET /ctg/search/similarImageSearchResultView/?ctgItemCd=9645892626 HTTP/1.1" 404 1251 "https://blog.newkolkata.in/getidm5/92626ulgpitems" "Mozilla/5.0 AppleWebKit/537.36 (KHTML, like Gecko; compatible; GPTBot/1.3; +https://openai.com/gptbot)"
74.7.227.180 - - [06/Feb/2026:09:08:48 -0500] "GET /ctg/search/similarImageSearchResultView/?ctgItemCd=6058456339 HTTP/1.1" 404 1251 "https://blog.newkolkata.in/items/56339cejptidm5263.html" "Mozilla/5.0 AppleWebKit/537.36 (KHTML, like Gecko; compatible; GPTBot/1.3; +https://openai.com/gptbot)"
74.7.227.180 - - [06/Feb/2026:09:08:51 -0500] "GET /ctg/search/similarImageSearchResultView/?ctgItemCd=9638192264 HTTP/1.1" 404 1251 "https://blog.newkolkata.in/items/92264pcywtidm2.html" "Mozilla/5.0 AppleWebKit/537.36 (KHTML, like Gecko; compatible; GPTBot/1.3; +https://openai.com/gptbot)"
85.208.96.200 - - [06/Feb/2026:09:08:54 -0500] "GET /getidm/36145tjvfitems HTTP/1.1" 404 1251 "-" "Mozilla/5.0 (compatible; SemrushBot/7~bl; +http://www.semrush.com/bot.html)"
74.7.227.180 - - [06/Feb/2026:09:08:54 -0500] "GET /ctg/search/similarImageSearchResultView/?ctgItemCd=6249558209 HTTP/1.1" 404 1251 "https://blog.newkolkata.in/getidm65/58209zslyitems.htm" "Mozilla/5.0 AppleWebKit/537.36 (KHTML, like Gecko; compatible; GPTBot/1.3; +https://openai.com/gptbot)"
74.7.227.180 - - [06/Feb/2026:09:08:57 -0500] "GET /ctg/search/similarImageSearchResultView/?ctgItemCd=8154677432 HTTP/1.1" 404 1251 "https://blog.newkolkata.in/items/77432tjvftidm8.html" "Mozilla/5.0 AppleWebKit/537.36 (KHTML, like Gecko; compatible; GPTBot/1.3; +https://openai.com/gptbot)"
74.7.227.180 - - [06/Feb/2026:09:09:01 -0500] "GET /ctg/search/similarImageSearchResultView/?ctgItemCd=8028176335 HTTP/1.1" 404 1251 "https://blog.newkolkata.in/geti/76335tjvfitems.htm" "Mozilla/5.0 AppleWebKit/537.36 (KHTML, like Gecko; compatible; GPTBot/1.3; +https://openai.com/gptbot)"
185.191.171.17 - - [06/Feb/2026:09:09:02 -0500] "GET /getidm1/203650mvrvitems HTTP/1.1" 404 1251 "-" "Mozilla/5.0 (compatible; SemrushBot/7~bl; +http://www.semrush.com/bot.html)"
74.7.227.180 - - [06/Feb/2026:09:09:04 -0500] "GET /ctg/search/similarImageSearchResultView/?ctgItemCd=9915495336 HTTP/1.1" 404 1251 "https://blog.newkolkata.in/ite/95336jahttidm.html" "Mozilla/5.0 AppleWebKit/537.36 (KHTML, like Gecko; compatible; GPTBot/1.3; +https://openai.com/gptbot)"
74.7.227.180 - - [06/Feb/2026:09:09:07 -0500] "GET /ctg/search/similarImageSearchResultView/?ctgItemCd=4685142536 HTTP/1.1" 404 1251 "https://blog.newkolkata.in/items/42536sejmtidm68278.html" "Mozilla/5.0 AppleWebKit/537.36 (KHTML, like Gecko; compatible; GPTBot/1.3; +https://openai.com/gptbot)"
74.7.227.180 - - [06/Feb/2026:09:09:10 -0500] "GET /ctg/search/similarImageSearchResultView/?ctgItemCd=2150918070 HTTP/1.1" 404 1251 "https://blog.newkolkata.in/get/18070kairitems" "Mozilla/5.0 AppleWebKit/537.36 (KHTML, like Gecko; compatible; GPTBot/1.3; +https://openai.com/gptbot)"
74.7.227.180 - - [06/Feb/2026:09:09:13 -0500] "GET /ctg/search/similarImageSearchResultView/?ctgItemCd=3157827197 HTTP/1.1" 404 1251 "https://blog.newkolkata.in/items/27197pcywtidm522284.html" "Mozilla/5.0 AppleWebKit/537.36 (KHTML, like Gecko; compatible; GPTBot/1.3; +https://openai.com/gptbot)"
74.7.227.180 - - [06/Feb/2026:09:09:16 -0500] "GET /ctg/search/similarImageSearchResultView/?ctgItemCd=7217468250 HTTP/1.1" 404 1251 "https://blog.newkolkata.in/geti/68250kairitems.htm" "Mozilla/5.0 AppleWebKit/537.36 (KHTML, like Gecko; compatible; GPTBot/1.3; +https://openai.com/gptbot)"
185.191.171.15 - - [06/Feb/2026:09:09:18 -0500] "GET /geti/118903sejmitems HTTP/1.1" 404 1251 "-" "Mozilla/5.0 (compatible; SemrushBot/7~bl; +http://www.semrush.com/bot.html)"
114.119.138.37 - - [06/Feb/2026:09:09:18 -0500] "GET /getidm/18512jahtitems HTTP/1.1" 404 1251 "https://blog.newkolkata.in/sitemap162.xml" "Mozilla/5.0 (Linux; Android 7.0;) AppleWebKit/537.36 (KHTML, like Gecko) Mobile Safari/537.36 (compatible; PetalBot;+https://webmaster.petalsearch.com/site/petalbot)"
74.7.227.180 - - [06/Feb/2026:09:09:19 -0500] "GET /ctg/search/similarImageSearchResultView/?ctgItemCd=3589631643 HTTP/1.1" 404 1251 "https://blog.newkolkata.in/items/31643sejmtidm3557.html" "Mozilla/5.0 AppleWebKit/537.36 (KHTML, like Gecko; compatible; GPTBot/1.3; +https://openai.com/gptbot)"
74.7.227.180 - - [06/Feb/2026:09:09:23 -0500] "GET /ctg/search/similarImageSearchResultView/?ctgItemCd=6513861369 HTTP/1.1" 404 1251 "https://blog.newkolkata.in/getidm/61369ccoyitems" "Mozilla/5.0 AppleWebKit/537.36 (KHTML, like Gecko; compatible; GPTBot/1.3; +https://openai.com/gptbot)"
74.7.227.180 - - [06/Feb/2026:09:09:26 -0500] "GET /ctg/search/similarImageSearchResultView/?ctgItemCd=5181047657 HTTP/1.1" 404 1251 "https://blog.newkolkata.in/items/47657ccoytidm41.html" "Mozilla/5.0 AppleWebKit/537.36 (KHTML, like Gecko; compatible; GPTBot/1.3; +https://openai.com/gptbot)"
74.7.227.180 - - [06/Feb/2026:09:09:29 -0500] "GET /ctg/search/similarImageSearchResultView/?ctgItemCd=1638012373 HTTP/1.1" 404 1251 "https://blog.newkolkata.in/getidm4483/12373zslyitems" "Mozilla/5.0 AppleWebKit/537.36 (KHTML, like Gecko; compatible; GPTBot/1.3; +https://openai.com/gptbot)"
74.7.227.180 - - [06/Feb/2026:09:09:32 -0500] "GET /ctg/search/similarImageSearchResultView/?ctgItemCd=4914745026 HTTP/1.1" 404 1251 "https://blog.newkolkata.in/item/45026zslytidm673.html" "Mozilla/5.0 AppleWebKit/537.36 (KHTML, like Gecko; compatible; GPTBot/1.3; +https://openai.com/gptbot)"
74.7.227.180 - - [06/Feb/2026:09:09:35 -0500] "GET /ctg/search/similarImageSearchResultView/?ctgItemCd=8601282147 HTTP/1.1" 404 1251 "https://blog.newkolkata.in/getidm19/82147jahtitems" "Mozilla/5.0 AppleWebKit/537.36 (KHTML, like Gecko; compatible; GPTBot/1.3; +https://openai.com/gptbot)"
85.208.96.194 - - [06/Feb/2026:09:09:36 -0500] "GET /getidm38/79027cejpitems HTTP/1.1" 404 1251 "-" "Mozilla/5.0 (compatible; SemrushBot/7~bl; +http://www.semrush.com/bot.html)"
74.7.227.180 - - [06/Feb/2026:09:09:38 -0500] "GET /ctg/search/similarImageSearchResultView/?ctgItemCd=9575991873 HTTP/1.1" 404 1251 "https://blog.newkolkata.in/getidm60/91873tjvfitems" "Mozilla/5.0 AppleWebKit/537.36 (KHTML, like Gecko; compatible; GPTBot/1.3; +https://openai.com/gptbot)"
74.7.227.180 - - [06/Feb/2026:09:09:42 -0500] "GET /ctg/search/similarImageSearchResultView/?ctgItemCd=9432090460 HTTP/1.1" 404 1251 "https://blog.newkolkata.in/getidm35/90460kairitems" "Mozilla/5.0 AppleWebKit/537.36 (KHTML, like Gecko; compatible; GPTBot/1.3; +https://openai.com/gptbot)"
74.7.227.180 - - [06/Feb/2026:09:09:45 -0500] "GET /ctg/search/similarImageSearchResultView/?ctgItemCd=3997836526 HTTP/1.1" 404 1251 "https://blog.newkolkata.in/get/36526ccoyitems" "Mozilla/5.0 AppleWebKit/537.36 (KHTML, like Gecko; compatible; GPTBot/1.3; +https://openai.com/gptbot)"
74.7.227.180 - - [06/Feb/2026:09:09:48 -0500] "GET /ctg/search/similarImageSearchResultView/?ctgItemCd=6771863413 HTTP/1.1" 404 1251 "https://blog.newkolkata.in/items/63413ccoytidm87802.html" "Mozilla/5.0 AppleWebKit/537.36 (KHTML, like Gecko; compatible; GPTBot/1.3; +https://openai.com/gptbot)"
74.7.227.180 - - [06/Feb/2026:09:09:51 -0500] "GET /ctg/search/similarImageSearchResultView/?ctgItemCd=7392270104 HTTP/1.1" 404 1251 "https://blog.newkolkata.in/get/70104sejmitems.htm" "Mozilla/5.0 AppleWebKit/537.36 (KHTML, like Gecko; compatible; GPTBot/1.3; +https://openai.com/gptbot)"
74.7.227.180 - - [06/Feb/2026:09:09:54 -0500] "GET /ctg/search/similarImageSearchResultView/?ctgItemCd=4292739019 HTTP/1.1" 404 1251 "https://blog.newkolkata.in/getidm64/39019zslyitems" "Mozilla/5.0 AppleWebKit/537.36 (KHTML, like Gecko; compatible; GPTBot/1.3; +https://openai.com/gptbot)"
74.7.227.180 - - [06/Feb/2026:09:09:57 -0500] "GET /ctg/search/similarImageSearchResultView/?ctgItemCd=3503430842 HTTP/1.1" 404 1251 "https://blog.newkolkata.in/items/30842ccoytidm170.html" "Mozilla/5.0 AppleWebKit/537.36 (KHTML, like Gecko; compatible; GPTBot/1.3; +https://openai.com/gptbot)"
74.7.227.180 - - [06/Feb/2026:09:10:00 -0500] "GET /ctg/search/similarImageSearchResultView/?ctgItemCd=8624882550 HTTP/1.1" 404 1251 "https://blog.newkolkata.in/ite/82550cejptid.html" "Mozilla/5.0 AppleWebKit/537.36 (KHTML, like Gecko; compatible; GPTBot/1.3; +https://openai.com/gptbot)"
74.7.227.180 - - [06/Feb/2026:09:10:04 -0500] "GET /ctg/search/similarImageSearchResultView/?ctgItemCd=7291969054 HTTP/1.1" 404 1251 "https://blog.newkolkata.in/get/69054zslyitems.htm" "Mozilla/5.0 AppleWebKit/537.36 (KHTML, like Gecko; compatible; GPTBot/1.3; +https://openai.com/gptbot)"
74.7.227.180 - - [06/Feb/2026:09:10:07 -0500] "GET /ctg/search/similarImageSearchResultView/?ctgItemCd=9062086678 HTTP/1.1" 404 1251 "https://blog.newkolkata.in/items/86678jahttid.html" "Mozilla/5.0 AppleWebKit/537.36 (KHTML, like Gecko; compatible; GPTBot/1.3; +https://openai.com/gptbot)"
74.7.227.180 - - [06/Feb/2026:09:10:10 -0500] "GET /ctg/search/similarImageSearchResultView/?ctgItemCd=3118526993 HTTP/1.1" 404 1251 "https://blog.newkolkata.in/items/26993zslytidm17.html" "Mozilla/5.0 AppleWebKit/537.36 (KHTML, like Gecko; compatible; GPTBot/1.3; +https://openai.com/gptbot)"
74.7.227.180 - - [06/Feb/2026:09:10:13 -0500] "GET /ctg/search/similarImageSearchResultView/?ctgItemCd=5458950307 HTTP/1.1" 404 1251 "https://blog.newkolkata.in/getidm218/50307kairitems.htm" "Mozilla/5.0 AppleWebKit/537.36 (KHTML, like Gecko; compatible; GPTBot/1.3; +https://openai.com/gptbot)"
74.7.227.180 - - [06/Feb/2026:09:10:16 -0500] "GET /ctg/search/similarImageSearchResultView/?ctgItemCd=8922885774 HTTP/1.1" 404 1251 "https://blog.newkolkata.in/get/85774jahtitems" "Mozilla/5.0 AppleWebKit/537.36 (KHTML, like Gecko; compatible; GPTBot/1.3; +https://openai.com/gptbot)"
74.7.227.180 - - [06/Feb/2026:09:10:19 -0500] "GET /ctg/search/similarImageSearchResultView/?ctgItemCd=1736913720 HTTP/1.1" 404 1251 "https://blog.newkolkata.in/getid/13720sejmitems" "Mozilla/5.0 AppleWebKit/537.36 (KHTML, like Gecko; compatible; GPTBot/1.3; +https://openai.com/gptbot)"
74.7.227.180 - - [06/Feb/2026:09:10:23 -0500] "GET /ctg/search/similarImageSearchResultView/?ctgItemCd=5362549573 HTTP/1.1" 404 1251 "https://blog.newkolkata.in/items/49573sejmtidm.html" "Mozilla/5.0 AppleWebKit/537.36 (KHTML, like Gecko; compatible; GPTBot/1.3; +https://openai.com/gptbot)"
74.7.227.180 - - [06/Feb/2026:09:10:26 -0500] "GET /ctg/search/similarImageSearchResultView/?ctgItemCd=9118587127 HTTP/1.1" 404 1251 "https://blog.newkolkata.in/item/87127pcywtidm62.html" "Mozilla/5.0 AppleWebKit/537.36 (KHTML, like Gecko; compatible; GPTBot/1.3; +https://openai.com/gptbot)"
74.7.227.180 - - [06/Feb/2026:09:10:29 -0500] "GET /ctg/search/similarImageSearchResultView/?ctgItemCd=1898714856 HTTP/1.1" 404 1251 "https://blog.newkolkata.in/getidm/14856cejpitems.htm" "Mozilla/5.0 AppleWebKit/537.36 (KHTML, like Gecko; compatible; GPTBot/1.3; +https://openai.com/gptbot)"
74.7.227.180 - - [06/Feb/2026:09:10:32 -0500] "GET /ctg/search/similarImageSearchResultView/?ctgItemCd=6553061614 HTTP/1.1" 404 1251 "https://blog.newkolkata.in/geti/61614cejpitems.htm" "Mozilla/5.0 AppleWebKit/537.36 (KHTML, like Gecko; compatible; GPTBot/1.3; +https://openai.com/gptbot)"
74.7.227.180 - - [06/Feb/2026:09:10:35 -0500] "GET /ctg/search/similarImageSearchResultView/?ctgItemCd=7469970565 HTTP/1.1" 404 1251 "https://blog.newkolkata.in/ite/70565cejptidm965835.html" "Mozilla/5.0 AppleWebKit/537.36 (KHTML, like Gecko; compatible; GPTBot/1.3; +https://openai.com/gptbot)"
185.191.171.19 - - [06/Feb/2026:09:10:38 -0500] "GET /getidm/18006ccoyitems.htm HTTP/1.1" 404 1251 "-" "Mozilla/5.0 (compatible; SemrushBot/7~bl; +http://www.semrush.com/bot.html)"
74.7.227.180 - - [06/Feb/2026:09:10:38 -0500] "GET /ctg/search/similarImageSearchResultView/?ctgItemCd=4919245359 HTTP/1.1" 404 1251 "https://blog.newkolkata.in/getidm5/45359ulgpitems" "Mozilla/5.0 AppleWebKit/537.36 (KHTML, like Gecko; compatible; GPTBot/1.3; +https://openai.com/gptbot)"
114.119.148.161 - - [06/Feb/2026:09:10:41 -0500] "GET /getid/146476kairitems.htm HTTP/1.1" 404 1251 "https://blog.newkolkata.in/sitemap654.xml" "Mozilla/5.0 (Linux; Android 7.0;) AppleWebKit/537.36 (KHTML, like Gecko) Mobile Safari/537.36 (compatible; PetalBot;+https://webmaster.petalsearch.com/site/petalbot)"
74.7.227.180 - - [06/Feb/2026:09:10:41 -0500] "GET /ctg/search/similarImageSearchResultView/?ctgItemCd=6655062490 HTTP/1.1" 404 1251 "https://blog.newkolkata.in/getid/62490mvrvitems.htm" "Mozilla/5.0 AppleWebKit/537.36 (KHTML, like Gecko; compatible; GPTBot/1.3; +https://openai.com/gptbot)"
74.7.227.180 - - [06/Feb/2026:09:10:45 -0500] "GET /ctg/search/similarImageSearchResultView/?ctgItemCd=8695482881 HTTP/1.1" 404 1251 "https://blog.newkolkata.in/getid/82881zslyitems.htm" "Mozilla/5.0 AppleWebKit/537.36 (KHTML, like Gecko; compatible; GPTBot/1.3; +https://openai.com/gptbot)"
185.191.171.18 - - [06/Feb/2026:09:10:45 -0500] "GET /geti/31374jahtitems.htm HTTP/1.1" 404 1251 "-" "Mozilla/5.0 (compatible; SemrushBot/7~bl; +http://www.semrush.com/bot.html)"
74.7.227.180 - - [06/Feb/2026:09:10:48 -0500] "GET /ctg/search/similarImageSearchResultView/?ctgItemCd=6064356348 HTTP/1.1" 404 1251 "https://blog.newkolkata.in/item/56348zslytidm741988.html" "Mozilla/5.0 AppleWebKit/537.36 (KHTML, like Gecko; compatible; GPTBot/1.3; +https://openai.com/gptbot)"
74.7.227.180 - - [06/Feb/2026:09:10:51 -0500] "GET /ctg/search/similarImageSearchResultView/?ctgItemCd=6409359850 HTTP/1.1" 404 1251 "https://blog.newkolkata.in/getidm35/59850kairitems.htm" "Mozilla/5.0 AppleWebKit/537.36 (KHTML, like Gecko; compatible; GPTBot/1.3; +https://openai.com/gptbot)"
74.7.227.180 - - [06/Feb/2026:09:10:54 -0500] "GET /ctg/search/similarImageSearchResultView/?ctgItemCd=3681532657 HTTP/1.1" 404 1251 "https://blog.newkolkata.in/items/32657tjvftidm13.html" "Mozilla/5.0 AppleWebKit/537.36 (KHTML, like Gecko; compatible; GPTBot/1.3; +https://openai.com/gptbot)"
74.7.227.180 - - [06/Feb/2026:09:10:57 -0500] "GET /ctg/search/similarImageSearchResultView/?ctgItemCd=6534061370 HTTP/1.1" 404 1251 "https://blog.newkolkata.in/ite/61370ccoytidm163.html" "Mozilla/5.0 AppleWebKit/537.36 (KHTML, like Gecko; compatible; GPTBot/1.3; +https://openai.com/gptbot)"
74.7.227.180 - - [06/Feb/2026:09:11:01 -0500] "GET /ctg/search/similarImageSearchResultView/?ctgItemCd=3607832638 HTTP/1.1" 404 1251 "https://blog.newkolkata.in/get/32638cejpitems" "Mozilla/5.0 AppleWebKit/537.36 (KHTML, like Gecko; compatible; GPTBot/1.3; +https://openai.com/gptbot)"
74.7.227.180 - - [06/Feb/2026:09:11:04 -0500] "GET /ctg/search/similarImageSearchResultView/?ctgItemCd=1486010706 HTTP/1.1" 404 1251 "https://blog.newkolkata.in/getidm/10706pcywitems.htm" "Mozilla/5.0 AppleWebKit/537.36 (KHTML, like Gecko; compatible; GPTBot/1.3; +https://openai.com/gptbot)"
74.7.227.180 - - [06/Feb/2026:09:11:07 -0500] "GET /ctg/search/similarImageSearchResultView/?ctgItemCd=2647422188 HTTP/1.1" 404 1251 "https://blog.newkolkata.in/getidm702/22188jahtitems.htm" "Mozilla/5.0 AppleWebKit/537.36 (KHTML, like Gecko; compatible; GPTBot/1.3; +https://openai.com/gptbot)"
85.208.96.204 - - [06/Feb/2026:09:11:08 -0500] "GET /getid/74082tjvfitems.htm HTTP/1.1" 404 1251 "-" "Mozilla/5.0 (compatible; SemrushBot/7~bl; +http://www.semrush.com/bot.html)"
85.208.96.202 - - [06/Feb/2026:09:11:09 -0500] "GET /get/280654ccoyitems HTTP/1.1" 404 1251 "-" "Mozilla/5.0 (compatible; SemrushBot/7~bl; +http://www.semrush.com/bot.html)"
74.7.227.180 - - [06/Feb/2026:09:11:10 -0500] "GET /ctg/search/similarImageSearchResultView/?ctgItemCd=6818364536 HTTP/1.1" 404 1251 "https://blog.newkolkata.in/getid/64536cejpitems" "Mozilla/5.0 AppleWebKit/537.36 (KHTML, like Gecko; compatible; GPTBot/1.3; +https://openai.com/gptbot)"
74.7.227.180 - - [06/Feb/2026:09:11:13 -0500] "GET /ctg/search/similarImageSearchResultView/?ctgItemCd=3866134740 HTTP/1.1" 404 1251 "https://blog.newkolkata.in/getidm120/34740tjvfitems" "Mozilla/5.0 AppleWebKit/537.36 (KHTML, like Gecko; compatible; GPTBot/1.3; +https://openai.com/gptbot)"
85.208.96.198 - - [06/Feb/2026:09:11:15 -0500] "GET /get/1918zslyitems HTTP/1.1" 404 1251 "-" "Mozilla/5.0 (compatible; SemrushBot/7~bl; +http://www.semrush.com/bot.html)"
74.7.227.180 - - [06/Feb/2026:09:11:17 -0500] "GET /ctg/search/similarImageSearchResultView/?ctgItemCd=1678412548 HTTP/1.1" 404 1251 "https://blog.newkolkata.in/item/12548sejmtidm527113.html" "Mozilla/5.0 AppleWebKit/537.36 (KHTML, like Gecko; compatible; GPTBot/1.3; +https://openai.com/gptbot)"
74.7.227.180 - - [06/Feb/2026:09:11:20 -0500] "GET /ctg/search/similarImageSearchResultView/?ctgItemCd=6295458832 HTTP/1.1" 404 1251 "https://blog.newkolkata.in/items/58832pcywtidm4.html" "Mozilla/5.0 AppleWebKit/537.36 (KHTML, like Gecko; compatible; GPTBot/1.3; +https://openai.com/gptbot)"
74.7.227.180 - - [06/Feb/2026:09:11:23 -0500] "GET /ctg/search/similarImageSearchResultView/?ctgItemCd=7429270612 HTTP/1.1" 404 1251 "https://blog.newkolkata.in/getid/70612mvrvitems" "Mozilla/5.0 AppleWebKit/537.36 (KHTML, like Gecko; compatible; GPTBot/1.3; +https://openai.com/gptbot)"
74.7.227.180 - - [06/Feb/2026:09:11:26 -0500] "GET /ctg/search/similarImageSearchResultView/?ctgItemCd=3794734462 HTTP/1.1" 404 1251 "https://blog.newkolkata.in/get/34462zslyitems" "Mozilla/5.0 AppleWebKit/537.36 (KHTML, like Gecko; compatible; GPTBot/1.3; +https://openai.com/gptbot)"
74.7.227.180 - - [06/Feb/2026:09:11:29 -0500] "GET /ctg/search/similarImageSearchResultView/?ctgItemCd=3628832139 HTTP/1.1" 404 1251 "https://blog.newkolkata.in/getidm/32139tjvfitems.htm" "Mozilla/5.0 AppleWebKit/537.36 (KHTML, like Gecko; compatible; GPTBot/1.3; +https://openai.com/gptbot)"
85.208.96.203 - - [06/Feb/2026:09:11:32 -0500] "GET /items/58598jahttid.html HTTP/1.1" 404 1251 "-" "Mozilla/5.0 (compatible; SemrushBot/7~bl; +http://www.semrush.com/bot.html)"
74.7.227.180 - - [06/Feb/2026:09:11:33 -0500] "GET /ctg/search/similarImageSearchResultView/?ctgItemCd=5634952314 HTTP/1.1" 404 1251 "https://blog.newkolkata.in/getid/52314ulgpitems.htm" "Mozilla/5.0 AppleWebKit/537.36 (KHTML, like Gecko; compatible; GPTBot/1.3; +https://openai.com/gptbot)"
74.7.227.180 - - [06/Feb/2026:09:11:36 -0500] "GET /ctg/search/similarImageSearchResultView/?ctgItemCd=3502931234 HTTP/1.1" 404 1251 "https://blog.newkolkata.in/getidm2/31234cejpitems" "Mozilla/5.0 AppleWebKit/537.36 (KHTML, like Gecko; compatible; GPTBot/1.3; +https://openai.com/gptbot)"
74.7.227.180 - - [06/Feb/2026:09:11:39 -0500] "GET /ctg/search/similarImageSearchResultView/?ctgItemCd=1950615312 HTTP/1.1" 404 1251 "https://blog.newkolkata.in/getidm5/15312ulgpitems.htm" "Mozilla/5.0 AppleWebKit/537.36 (KHTML, like Gecko; compatible; GPTBot/1.3; +https://openai.com/gptbot)"
74.7.227.180 - - [06/Feb/2026:09:11:42 -0500] "GET /ctg/search/similarImageSearchResultView/?ctgItemCd=2081016649 HTTP/1.1" 404 1251 "https://blog.newkolkata.in/items/16649ulgptidm33.html" "Mozilla/5.0 AppleWebKit/537.36 (KHTML, like Gecko; compatible; GPTBot/1.3; +https://openai.com/gptbot)"
74.7.227.180 - - [06/Feb/2026:09:11:45 -0500] "GET /ctg/search/similarImageSearchResultView/?ctgItemCd=1469610886 HTTP/1.1" 404 1251 "https://blog.newkolkata.in/item/10886cejptid.html" "Mozilla/5.0 AppleWebKit/537.36 (KHTML, like Gecko; compatible; GPTBot/1.3; +https://openai.com/gptbot)"
74.7.227.180 - - [06/Feb/2026:09:11:48 -0500] "GET /ctg/search/similarImageSearchResultView/?ctgItemCd=5928755467 HTTP/1.1" 404 1251 "https://blog.newkolkata.in/get/55467cejpitems.htm" "Mozilla/5.0 AppleWebKit/537.36 (KHTML, like Gecko; compatible; GPTBot/1.3; +https://openai.com/gptbot)"
185.191.171.5 - - [06/Feb/2026:09:11:49 -0500] "GET /item/135686mvrvtid.html HTTP/1.1" 404 1251 "-" "Mozilla/5.0 (compatible; SemrushBot/7~bl; +http://www.semrush.com/bot.html)"
74.7.227.180 - - [06/Feb/2026:09:11:52 -0500] "GET /ctg/search/similarImageSearchResultView/?ctgItemCd=2395119826 HTTP/1.1" 404 1251 "https://blog.newkolkata.in/item/19826mvrvtidm918.html" "Mozilla/5.0 AppleWebKit/537.36 (KHTML, like Gecko; compatible; GPTBot/1.3; +https://openai.com/gptbot)"
74.7.227.180 - - [06/Feb/2026:09:11:55 -0500] "GET /ctg/search/similarImageSearchResultView/?ctgItemCd=3316829013 HTTP/1.1" 404 1251 "https://blog.newkolkata.in/getidm/29013pcywitems.htm" "Mozilla/5.0 AppleWebKit/537.36 (KHTML, like Gecko; compatible; GPTBot/1.3; +https://openai.com/gptbot)"
185.191.171.7 - - [06/Feb/2026:09:11:56 -0500] "GET /getidm24/16267cejpitems HTTP/1.1" 404 1251 "-" "Mozilla/5.0 (compatible; SemrushBot/7~bl; +http://www.semrush.com/bot.html)"
74.7.227.180 - - [06/Feb/2026:09:11:58 -0500] "GET /ctg/search/similarImageSearchResultView/?ctgItemCd=1752713424 HTTP/1.1" 404 1251 "https://blog.newkolkata.in/items/13424tjvftidm6.html" "Mozilla/5.0 AppleWebKit/537.36 (KHTML, like Gecko; compatible; GPTBot/1.3; +https://openai.com/gptbot)"
185.191.171.19 - - [06/Feb/2026:09:12:01 -0500] "GET /get/284422kairitems HTTP/1.1" 404 1251 "-" "Mozilla/5.0 (compatible; SemrushBot/7~bl; +http://www.semrush.com/bot.html)"
74.7.227.180 - - [06/Feb/2026:09:12:01 -0500] "GET /ctg/search/similarImageSearchResultView/?ctgItemCd=8440180223 HTTP/1.1" 404 1251 "https://blog.newkolkata.in/getidm8/80223cejpitems.htm" "Mozilla/5.0 AppleWebKit/537.36 (KHTML, like Gecko; compatible; GPTBot/1.3; +https://openai.com/gptbot)"
74.7.227.180 - - [06/Feb/2026:09:12:04 -0500] "GET /ctg/search/similarImageSearchResultView/?ctgItemCd=4539141288 HTTP/1.1" 404 1251 "https://blog.newkolkata.in/items/41288sejmtidm8.html" "Mozilla/5.0 AppleWebKit/537.36 (KHTML, like Gecko; compatible; GPTBot/1.3; +https://openai.com/gptbot)"
185.191.171.18 - - [06/Feb/2026:09:12:06 -0500] "GET /getid/61576cejpitems HTTP/1.1" 404 1251 "-" "Mozilla/5.0 (compatible; SemrushBot/7~bl; +http://www.semrush.com/bot.html)"
74.7.227.180 - - [06/Feb/2026:09:12:07 -0500] "GET /ctg/search/similarImageSearchResultView/?ctgItemCd=9530791382 HTTP/1.1" 404 1251 "https://blog.newkolkata.in/items/91382cejptid.html" "Mozilla/5.0 AppleWebKit/537.36 (KHTML, like Gecko; compatible; GPTBot/1.3; +https://openai.com/gptbot)"
185.191.171.5 - - [06/Feb/2026:09:12:09 -0500] "GET /robots.txt HTTP/1.1" 200 281 "-" "Mozilla/5.0 (compatible; SemrushBot/7~bl; +http://www.semrush.com/bot.html)"
185.191.171.10 - - [06/Feb/2026:09:12:10 -0500] "GET /geti/82362zslyitems.htm HTTP/1.1" 404 1251 "-" "Mozilla/5.0 (compatible; SemrushBot/7~bl; +http://www.semrush.com/bot.html)"
74.7.227.180 - - [06/Feb/2026:09:12:10 -0500] "GET /ctg/search/similarImageSearchResultView/?ctgItemCd=7623872432 HTTP/1.1" 404 1251 "https://blog.newkolkata.in/getidm3/72432jahtitems" "Mozilla/5.0 AppleWebKit/537.36 (KHTML, like Gecko; compatible; GPTBot/1.3; +https://openai.com/gptbot)"
74.7.227.180 - - [06/Feb/2026:09:12:13 -0500] "GET /ctg/search/similarImageSearchResultView/?ctgItemCd=4781943980 HTTP/1.1" 404 1251 "https://blog.newkolkata.in/get/43980ulgpitems.htm" "Mozilla/5.0 AppleWebKit/537.36 (KHTML, like Gecko; compatible; GPTBot/1.3; +https://openai.com/gptbot)"
85.208.96.201 - - [06/Feb/2026:09:12:14 -0500] "GET /item/150566pcywtid.html HTTP/1.1" 404 1251 "-" "Mozilla/5.0 (compatible; SemrushBot/7~bl; +http://www.semrush.com/bot.html)"
74.7.227.180 - - [06/Feb/2026:09:12:17 -0500] "GET /ctg/search/similarImageSearchResultView/?ctgItemCd=4206538046 HTTP/1.1" 404 1251 "https://blog.newkolkata.in/getid/38046cejpitems.htm" "Mozilla/5.0 AppleWebKit/537.36 (KHTML, like Gecko; compatible; GPTBot/1.3; +https://openai.com/gptbot)"
74.7.227.180 - - [06/Feb/2026:09:12:20 -0500] "GET /ctg/search/similarImageSearchResultView/?ctgItemCd=9454190371 HTTP/1.1" 404 1251 "https://blog.newkolkata.in/item/90371mvrvtidm8562.html" "Mozilla/5.0 AppleWebKit/537.36 (KHTML, like Gecko; compatible; GPTBot/1.3; +https://openai.com/gptbot)"
185.191.171.4 - - [06/Feb/2026:09:12:23 -0500] "GET /getid/37792tjvfitems HTTP/1.1" 404 1251 "-" "Mozilla/5.0 (compatible; SemrushBot/7~bl; +http://www.semrush.com/bot.html)"
74.7.227.180 - - [06/Feb/2026:09:12:23 -0500] "GET /ctg/search/similarImageSearchResultView/?ctgItemCd=5191947930 HTTP/1.1" 404 1251 "https://blog.newkolkata.in/ite/47930ulgptidm841.html" "Mozilla/5.0 AppleWebKit/537.36 (KHTML, like Gecko; compatible; GPTBot/1.3; +https://openai.com/gptbot)"
74.7.227.180 - - [06/Feb/2026:09:12:26 -0500] "GET /ctg/search/similarImageSearchResultView/?ctgItemCd=8966485411 HTTP/1.1" 404 1251 "https://blog.newkolkata.in/getidm36/85411ulgpitems.htm" "Mozilla/5.0 AppleWebKit/537.36 (KHTML, like Gecko; compatible; GPTBot/1.3; +https://openai.com/gptbot)"
74.7.227.180 - - [06/Feb/2026:09:12:29 -0500] "GET /ctg/search/similarImageSearchResultView/?ctgItemCd=6336959272 HTTP/1.1" 404 1251 "https://blog.newkolkata.in/item/59272ulgptidm514.html" "Mozilla/5.0 AppleWebKit/537.36 (KHTML, like Gecko; compatible; GPTBot/1.3; +https://openai.com/gptbot)"
185.191.171.16 - - [06/Feb/2026:09:12:30 -0500] "GET /getidm2/281626kairitems HTTP/1.1" 404 1251 "-" "Mozilla/5.0 (compatible; SemrushBot/7~bl; +http://www.semrush.com/bot.html)"
74.7.227.180 - - [06/Feb/2026:09:12:32 -0500] "GET /ctg/search/similarImageSearchResultView/?ctgItemCd=1742013502 HTTP/1.1" 404 1251 "https://blog.newkolkata.in/items/13502kairtid.html" "Mozilla/5.0 AppleWebKit/537.36 (KHTML, like Gecko; compatible; GPTBot/1.3; +https://openai.com/gptbot)"
74.7.227.180 - - [06/Feb/2026:09:12:35 -0500] "GET /ctg/search/similarImageSearchResultView/?ctgItemCd=2651322197 HTTP/1.1" 404 1251 "https://blog.newkolkata.in/getidm560/22197pcywitems.htm" "Mozilla/5.0 AppleWebKit/537.36 (KHTML, like Gecko; compatible; GPTBot/1.3; +https://openai.com/gptbot)"
74.7.227.180 - - [06/Feb/2026:09:12:38 -0500] "GET /ctg/search/similarImageSearchResultView/?ctgItemCd=2864124566 HTTP/1.1" 404 1251 "https://blog.newkolkata.in/items/24566mvrvtidm.html" "Mozilla/5.0 AppleWebKit/537.36 (KHTML, like Gecko; compatible; GPTBot/1.3; +https://openai.com/gptbot)"
74.7.227.180 - - [06/Feb/2026:09:12:42 -0500] "GET /ctg/search/similarImageSearchResultView/?ctgItemCd=7693772864 HTTP/1.1" 404 1251 "https://blog.newkolkata.in/getid/72864zslyitems.htm" "Mozilla/5.0 AppleWebKit/537.36 (KHTML, like Gecko; compatible; GPTBot/1.3; +https://openai.com/gptbot)"
74.7.227.180 - - [06/Feb/2026:09:12:45 -0500] "GET /ctg/search/similarImageSearchResultView/?ctgItemCd=3369329474 HTTP/1.1" 404 1251 "https://blog.newkolkata.in/items/29474tjvftidm239.html" "Mozilla/5.0 AppleWebKit/537.36 (KHTML, like Gecko; compatible; GPTBot/1.3; +https://openai.com/gptbot)"
85.208.96.208 - - [06/Feb/2026:09:12:47 -0500] "GET /ite/108950kairtid.html HTTP/1.1" 404 1251 "-" "Mozilla/5.0 (compatible; SemrushBot/7~bl; +http://www.semrush.com/bot.html)"
74.7.227.180 - - [06/Feb/2026:09:12:48 -0500] "GET /ctg/search/similarImageSearchResultView/?ctgItemCd=5279148602 HTTP/1.1" 404 1251 "https://blog.newkolkata.in/items/48602jahttidm342.html" "Mozilla/5.0 AppleWebKit/537.36 (KHTML, like Gecko; compatible; GPTBot/1.3; +https://openai.com/gptbot)"
185.191.171.10 - - [06/Feb/2026:09:12:50 -0500] "GET /get/144550kairitems HTTP/1.1" 404 1251 "-" "Mozilla/5.0 (compatible; SemrushBot/7~bl; +http://www.semrush.com/bot.html)"
74.7.227.180 - - [06/Feb/2026:09:12:51 -0500] "GET /ctg/search/similarImageSearchResultView/?ctgItemCd=5446350297 HTTP/1.1" 404 1251 "https://blog.newkolkata.in/items/50297ulgptidm77.html" "Mozilla/5.0 AppleWebKit/537.36 (KHTML, like Gecko; compatible; GPTBot/1.3; +https://openai.com/gptbot)"
74.7.227.180 - - [06/Feb/2026:09:12:55 -0500] "GET /ctg/search/similarImageSearchResultView/?ctgItemCd=9341489288 HTTP/1.1" 404 1251 "https://blog.newkolkata.in/items/89288tjvftidm8.html" "Mozilla/5.0 AppleWebKit/537.36 (KHTML, like Gecko; compatible; GPTBot/1.3; +https://openai.com/gptbot)"
74.7.227.180 - - [06/Feb/2026:09:12:58 -0500] "GET /ctg/search/similarImageSearchResultView/?ctgItemCd=4161737292 HTTP/1.1" 404 1251 "https://blog.newkolkata.in/items/37292tjvftidm69822.html" "Mozilla/5.0 AppleWebKit/537.36 (KHTML, like Gecko; compatible; GPTBot/1.3; +https://openai.com/gptbot)"
185.191.171.19 - - [06/Feb/2026:09:13:00 -0500] "GET /getidm/33865zslyitems HTTP/1.1" 404 1251 "-" "Mozilla/5.0 (compatible; SemrushBot/7~bl; +http://www.semrush.com/bot.html)"
74.7.227.180 - - [06/Feb/2026:09:13:01 -0500] "GET /ctg/search/similarImageSearchResultView/?ctgItemCd=2949825312 HTTP/1.1" 404 1251 "https://blog.newkolkata.in/getidm5/25312sejmitems.htm" "Mozilla/5.0 AppleWebKit/537.36 (KHTML, like Gecko; compatible; GPTBot/1.3; +https://openai.com/gptbot)"
74.7.227.180 - - [06/Feb/2026:09:13:04 -0500] "GET /ctg/search/similarImageSearchResultView/?ctgItemCd=7871974537 HTTP/1.1" 404 1251 "https://blog.newkolkata.in/items/74537zslytidm10.html" "Mozilla/5.0 AppleWebKit/537.36 (KHTML, like Gecko; compatible; GPTBot/1.3; +https://openai.com/gptbot)"
74.7.227.180 - - [06/Feb/2026:09:13:07 -0500] "GET /ctg/search/similarImageSearchResultView/?ctgItemCd=5486750768 HTTP/1.1" 404 1251 "https://blog.newkolkata.in/items/50768sejmtidm1.html" "Mozilla/5.0 AppleWebKit/537.36 (KHTML, like Gecko; compatible; GPTBot/1.3; +https://openai.com/gptbot)"
74.7.227.180 - - [06/Feb/2026:09:13:10 -0500] "GET /ctg/search/similarImageSearchResultView/?ctgItemCd=8307678895 HTTP/1.1" 404 1251 "https://blog.newkolkata.in/items/78895pcywtidm31.html" "Mozilla/5.0 AppleWebKit/537.36 (KHTML, like Gecko; compatible; GPTBot/1.3; +https://openai.com/gptbot)"
74.7.227.180 - - [06/Feb/2026:09:13:13 -0500] "GET /ctg/search/similarImageSearchResultView/?ctgItemCd=2676022518 HTTP/1.1" 404 1251 "https://blog.newkolkata.in/getidm90/22518ccoyitems.htm" "Mozilla/5.0 AppleWebKit/537.36 (KHTML, like Gecko; compatible; GPTBot/1.3; +https://openai.com/gptbot)"
74.7.227.180 - - [06/Feb/2026:09:13:16 -0500] "GET /ctg/search/similarImageSearchResultView/?ctgItemCd=6208358116 HTTP/1.1" 404 1251 "https://blog.newkolkata.in/geti/58116zslyitems.htm" "Mozilla/5.0 AppleWebKit/537.36 (KHTML, like Gecko; compatible; GPTBot/1.3; +https://openai.com/gptbot)"
85.208.96.211 - - [06/Feb/2026:09:13:19 -0500] "GET /item/41606jahttid.html HTTP/1.1" 404 1251 "-" "Mozilla/5.0 (compatible; SemrushBot/7~bl; +http://www.semrush.com/bot.html)"
74.7.227.180 - - [06/Feb/2026:09:13:20 -0500] "GET /ctg/search/similarImageSearchResultView/?ctgItemCd=2032216179 HTTP/1.1" 404 1251 "https://blog.newkolkata.in/getidm/16179ccoyitems.htm" "Mozilla/5.0 AppleWebKit/537.36 (KHTML, like Gecko; compatible; GPTBot/1.3; +https://openai.com/gptbot)"
74.7.227.180 - - [06/Feb/2026:09:13:23 -0500] "GET /ctg/search/similarImageSearchResultView/?ctgItemCd=8722983375 HTTP/1.1" 404 1251 "https://blog.newkolkata.in/ite/83375mvrvtidm.html" "Mozilla/5.0 AppleWebKit/537.36 (KHTML, like Gecko; compatible; GPTBot/1.3; +https://openai.com/gptbot)"
185.191.171.3 - - [06/Feb/2026:09:13:23 -0500] "GET /getidm38/60619tjvfitems HTTP/1.1" 404 1251 "-" "Mozilla/5.0 (compatible; SemrushBot/7~bl; +http://www.semrush.com/bot.html)"
74.7.227.180 - - [06/Feb/2026:09:13:25 -0500] "GET /ctg/search/similarImageSearchResultView/?ctgItemCd=6403460124 HTTP/1.1" 404 1251 "https://blog.newkolkata.in/getidm439/60124jahtitems" "Mozilla/5.0 AppleWebKit/537.36 (KHTML, like Gecko; compatible; GPTBot/1.3; +https://openai.com/gptbot)"
74.7.227.180 - - [06/Feb/2026:09:13:29 -0500] "GET /ctg/search/similarImageSearchResultView/?ctgItemCd=3245028340 HTTP/1.1" 404 1251 "https://blog.newkolkata.in/ite/28340mvrvtidm59830.html" "Mozilla/5.0 AppleWebKit/537.36 (KHTML, like Gecko; compatible; GPTBot/1.3; +https://openai.com/gptbot)"
74.7.227.180 - - [06/Feb/2026:09:13:32 -0500] "GET /ctg/search/similarImageSearchResultView/?ctgItemCd=4317039011 HTTP/1.1" 404 1251 "https://blog.newkolkata.in/item/39011mvrvtidm2671.html" "Mozilla/5.0 AppleWebKit/537.36 (KHTML, like Gecko; compatible; GPTBot/1.3; +https://openai.com/gptbot)"
74.7.227.180 - - [06/Feb/2026:09:13:35 -0500] "GET /ctg/search/similarImageSearchResultView/?ctgItemCd=4208538426 HTTP/1.1" 404 1251 "https://blog.newkolkata.in/getid/38426sejmitems" "Mozilla/5.0 AppleWebKit/537.36 (KHTML, like Gecko; compatible; GPTBot/1.3; +https://openai.com/gptbot)"
74.7.227.180 - - [06/Feb/2026:09:13:38 -0500] "GET /ctg/search/similarImageSearchResultView/?ctgItemCd=3136927087 HTTP/1.1" 404 1251 "https://blog.newkolkata.in/getidm43/27087zslyitems.htm" "Mozilla/5.0 AppleWebKit/537.36 (KHTML, like Gecko; compatible; GPTBot/1.3; +https://openai.com/gptbot)"
74.7.227.180 - - [06/Feb/2026:09:13:41 -0500] "GET /ctg/search/similarImageSearchResultView/?ctgItemCd=6068456513 HTTP/1.1" 404 1251 "https://blog.newkolkata.in/items/56513pcywtidm83.html" "Mozilla/5.0 AppleWebKit/537.36 (KHTML, like Gecko; compatible; GPTBot/1.3; +https://openai.com/gptbot)"
74.7.227.180 - - [06/Feb/2026:09:13:44 -0500] "GET /ctg/search/similarImageSearchResultView/?ctgItemCd=8928684957 HTTP/1.1" 404 1251 "https://blog.newkolkata.in/getidm165/84957pcywitems.htm" "Mozilla/5.0 AppleWebKit/537.36 (KHTML, like Gecko; compatible; GPTBot/1.3; +https://openai.com/gptbot)"
74.7.227.180 - - [06/Feb/2026:09:13:47 -0500] "GET /ctg/search/similarImageSearchResultView/?ctgItemCd=8519381607 HTTP/1.1" 404 1251 "https://blog.newkolkata.in/geti/81607mvrvitems" "Mozilla/5.0 AppleWebKit/537.36 (KHTML, like Gecko; compatible; GPTBot/1.3; +https://openai.com/gptbot)"
74.7.227.180 - - [06/Feb/2026:09:13:50 -0500] "GET /ctg/search/similarImageSearchResultView/?ctgItemCd=5017345951 HTTP/1.1" 404 1251 "https://blog.newkolkata.in/getidm2/45951mvrvitems.htm" "Mozilla/5.0 AppleWebKit/537.36 (KHTML, like Gecko; compatible; GPTBot/1.3; +https://openai.com/gptbot)"
74.7.227.180 - - [06/Feb/2026:09:13:54 -0500] "GET /ctg/search/similarImageSearchResultView/?ctgItemCd=4899445135 HTTP/1.1" 404 1251 "https://blog.newkolkata.in/get/45135zslyitems.htm" "Mozilla/5.0 AppleWebKit/537.36 (KHTML, like Gecko; compatible; GPTBot/1.3; +https://openai.com/gptbot)"
74.7.227.180 - - [06/Feb/2026:09:13:57 -0500] "GET /ctg/search/similarImageSearchResultView/?ctgItemCd=5610351971 HTTP/1.1" 404 1251 "https://blog.newkolkata.in/item/51971cejptidm5682.html" "Mozilla/5.0 AppleWebKit/537.36 (KHTML, like Gecko; compatible; GPTBot/1.3; +https://openai.com/gptbot)"
85.208.96.207 - - [06/Feb/2026:09:13:57 -0500] "GET /get/112726zslyitems HTTP/1.1" 404 1251 "-" "Mozilla/5.0 (compatible; SemrushBot/7~bl; +http://www.semrush.com/bot.html)"
74.7.227.180 - - [06/Feb/2026:09:14:00 -0500] "GET /ctg/search/similarImageSearchResultView/?ctgItemCd=4137837217 HTTP/1.1" 404 1251 "https://blog.newkolkata.in/items/37217ulgptidm75.html" "Mozilla/5.0 AppleWebKit/537.36 (KHTML, like Gecko; compatible; GPTBot/1.3; +https://openai.com/gptbot)"
74.7.227.180 - - [06/Feb/2026:09:14:03 -0500] "GET /ctg/search/similarImageSearchResultView/?ctgItemCd=9732893874 HTTP/1.1" 404 1251 "https://blog.newkolkata.in/get/93874jahtitems" "Mozilla/5.0 AppleWebKit/537.36 (KHTML, like Gecko; compatible; GPTBot/1.3; +https://openai.com/gptbot)"
74.7.227.180 - - [06/Feb/2026:09:14:06 -0500] "GET /ctg/search/similarImageSearchResultView/?ctgItemCd=7369169728 HTTP/1.1" 404 1251 "https://blog.newkolkata.in/geti/69728pcywitems.htm" "Mozilla/5.0 AppleWebKit/537.36 (KHTML, like Gecko; compatible; GPTBot/1.3; +https://openai.com/gptbot)"
74.7.227.180 - - [06/Feb/2026:09:14:09 -0500] "GET /ctg/search/similarImageSearchResultView/?ctgItemCd=6128957529 HTTP/1.1" 404 1251 "https://blog.newkolkata.in/getidm/57529cejpitems" "Mozilla/5.0 AppleWebKit/537.36 (KHTML, like Gecko; compatible; GPTBot/1.3; +https://openai.com/gptbot)"
66.249.66.165 - - [06/Feb/2026:09:14:12 -0500] "GET /products.php?shop/unlocks/flauntingly3551565780.html HTTP/1.1" 404 1251 "-" "Mozilla/5.0 (Linux; Android 6.0.1; Nexus 5X Build/MMB29P) AppleWebKit/537.36 (KHTML, like Gecko) Chrome/144.0.7559.132 Mobile Safari/537.36 (compatible; Googlebot/2.1; +http://www.google.com/bot.html)"
74.7.227.180 - - [06/Feb/2026:09:14:12 -0500] "GET /ctg/search/similarImageSearchResultView/?ctgItemCd=1590212329 HTTP/1.1" 404 1251 "https://blog.newkolkata.in/geti/12329pcywitems" "Mozilla/5.0 AppleWebKit/537.36 (KHTML, like Gecko; compatible; GPTBot/1.3; +https://openai.com/gptbot)"
74.7.227.180 - - [06/Feb/2026:09:14:15 -0500] "GET /ctg/search/similarImageSearchResultView/?ctgItemCd=6107957109 HTTP/1.1" 404 1251 "https://blog.newkolkata.in/getidm7075/57109jahtitems" "Mozilla/5.0 AppleWebKit/537.36 (KHTML, like Gecko; compatible; GPTBot/1.3; +https://openai.com/gptbot)"
74.7.227.180 - - [06/Feb/2026:09:14:18 -0500] "GET /ctg/search/similarImageSearchResultView/?ctgItemCd=2128117097 HTTP/1.1" 404 1251 "https://blog.newkolkata.in/getidm5/17097cejpitems.htm" "Mozilla/5.0 AppleWebKit/537.36 (KHTML, like Gecko; compatible; GPTBot/1.3; +https://openai.com/gptbot)"
74.7.227.180 - - [06/Feb/2026:09:14:21 -0500] "GET /ctg/search/similarImageSearchResultView/?ctgItemCd=5829754838 HTTP/1.1" 404 1251 "https://blog.newkolkata.in/get/54838sejmitems" "Mozilla/5.0 AppleWebKit/537.36 (KHTML, like Gecko; compatible; GPTBot/1.3; +https://openai.com/gptbot)"
74.7.227.180 - - [06/Feb/2026:09:14:25 -0500] "GET /ctg/search/similarImageSearchResultView/?ctgItemCd=9741693176 HTTP/1.1" 404 1251 "https://blog.newkolkata.in/getidm33/93176jahtitems.htm" "Mozilla/5.0 AppleWebKit/537.36 (KHTML, like Gecko; compatible; GPTBot/1.3; +https://openai.com/gptbot)"
74.7.227.180 - - [06/Feb/2026:09:14:28 -0500] "GET /ctg/search/similarImageSearchResultView/?ctgItemCd=8901684870 HTTP/1.1" 404 1251 "https://blog.newkolkata.in/getidm/84870ccoyitems.htm" "Mozilla/5.0 AppleWebKit/537.36 (KHTML, like Gecko; compatible; GPTBot/1.3; +https://openai.com/gptbot)"
74.7.227.180 - - [06/Feb/2026:09:14:31 -0500] "GET /ctg/search/similarImageSearchResultView/?ctgItemCd=8455880417 HTTP/1.1" 404 1251 "https://blog.newkolkata.in/items/80417kairtidm81.html" "Mozilla/5.0 AppleWebKit/537.36 (KHTML, like Gecko; compatible; GPTBot/1.3; +https://openai.com/gptbot)"
74.7.227.180 - - [06/Feb/2026:09:14:34 -0500] "GET /ctg/search/similarImageSearchResultView/?ctgItemCd=9067386598 HTTP/1.1" 404 1251 "https://blog.newkolkata.in/getid/86598mvrvitems.htm" "Mozilla/5.0 AppleWebKit/537.36 (KHTML, like Gecko; compatible; GPTBot/1.3; +https://openai.com/gptbot)"
74.7.227.180 - - [06/Feb/2026:09:14:37 -0500] "GET /ctg/search/similarImageSearchResultView/?ctgItemCd=3412830559 HTTP/1.1" 404 1251 "https://blog.newkolkata.in/geti/30559tjvfitems" "Mozilla/5.0 AppleWebKit/537.36 (KHTML, like Gecko; compatible; GPTBot/1.3; +https://openai.com/gptbot)"
85.208.96.203 - - [06/Feb/2026:09:14:38 -0500] "GET /item/22406cejptid.html HTTP/1.1" 404 1251 "-" "Mozilla/5.0 (compatible; SemrushBot/7~bl; +http://www.semrush.com/bot.html)"
74.7.227.180 - - [06/Feb/2026:09:14:40 -0500] "GET /ctg/search/similarImageSearchResultView/?ctgItemCd=5394050126 HTTP/1.1" 404 1251 "https://blog.newkolkata.in/item/50126sejmtid.html" "Mozilla/5.0 AppleWebKit/537.36 (KHTML, like Gecko; compatible; GPTBot/1.3; +https://openai.com/gptbot)"
74.7.227.180 - - [06/Feb/2026:09:14:44 -0500] "GET /ctg/search/similarImageSearchResultView/?ctgItemCd=6284358539 HTTP/1.1" 404 1251 "https://blog.newkolkata.in/getidm380/58539ccoyitems.htm" "Mozilla/5.0 AppleWebKit/537.36 (KHTML, like Gecko; compatible; GPTBot/1.3; +https://openai.com/gptbot)"
74.7.227.180 - - [06/Feb/2026:09:14:47 -0500] "GET /ctg/search/similarImageSearchResultView/?ctgItemCd=3934035767 HTTP/1.1" 404 1251 "https://blog.newkolkata.in/geti/35767ulgpitems" "Mozilla/5.0 AppleWebKit/537.36 (KHTML, like Gecko; compatible; GPTBot/1.3; +https://openai.com/gptbot)"
74.7.227.180 - - [06/Feb/2026:09:14:50 -0500] "GET /ctg/search/similarImageSearchResultView/?ctgItemCd=2064716834 HTTP/1.1" 404 1251 "https://blog.newkolkata.in/getidm6/16834kairitems" "Mozilla/5.0 AppleWebKit/537.36 (KHTML, like Gecko; compatible; GPTBot/1.3; +https://openai.com/gptbot)"
74.7.227.180 - - [06/Feb/2026:09:14:53 -0500] "GET /ctg/search/similarImageSearchResultView/?ctgItemCd=2379619479 HTTP/1.1" 404 1251 "https://blog.newkolkata.in/getidm336/19479tjvfitems.htm" "Mozilla/5.0 AppleWebKit/537.36 (KHTML, like Gecko; compatible; GPTBot/1.3; +https://openai.com/gptbot)"
