66.249.66.12 - - [06/Feb/2026:07:20:02 -0500] "GET /get/39990cejpitems.htm HTTP/1.1" 404 1251 "-" "Mozilla/5.0 (Linux; Android 6.0.1; Nexus 5X Build/MMB29P) AppleWebKit/537.36 (KHTML, like Gecko) Chrome/144.0.7559.132 Mobile Safari/537.36 (compatible; Googlebot/2.1; +http://www.google.com/bot.html)"
74.7.227.180 - - [06/Feb/2026:07:20:03 -0500] "GET /ctg/search/similarImageSearchResultView/?ctgItemCd=3965435836 HTTP/1.1" 404 1251 "https://blog.newkolkata.in/get/35836cejpitems.htm" "Mozilla/5.0 AppleWebKit/537.36 (KHTML, like Gecko; compatible; GPTBot/1.3; +https://openai.com/gptbot)"
74.7.227.180 - - [06/Feb/2026:07:20:06 -0500] "GET /ctg/search/similarImageSearchResultView/?ctgItemCd=3241628641 HTTP/1.1" 404 1251 "https://blog.newkolkata.in/getidm/28641ulgpitems" "Mozilla/5.0 AppleWebKit/537.36 (KHTML, like Gecko; compatible; GPTBot/1.3; +https://openai.com/gptbot)"
74.7.227.180 - - [06/Feb/2026:07:20:09 -0500] "GET /ctg/search/similarImageSearchResultView/?ctgItemCd=4580141874 HTTP/1.1" 404 1251 "https://blog.newkolkata.in/geti/41874jahtitems.htm" "Mozilla/5.0 AppleWebKit/537.36 (KHTML, like Gecko; compatible; GPTBot/1.3; +https://openai.com/gptbot)"
66.249.66.11 - - [06/Feb/2026:07:20:12 -0500] "GET /ctg/search/similarImageSearchResultView/?ctgItemCd=126356120251 HTTP/1.1" 404 1251 "-" "Mozilla/5.0 (Linux; Android 6.0.1; Nexus 5X Build/MMB29P) AppleWebKit/537.36 (KHTML, like Gecko) Chrome/144.0.7559.132 Mobile Safari/537.36 (compatible; Googlebot/2.1; +http://www.google.com/bot.html)"
74.7.227.180 - - [06/Feb/2026:07:20:12 -0500] "GET /ctg/search/similarImageSearchResultView/?ctgItemCd=8019676417 HTTP/1.1" 404 1251 "https://blog.newkolkata.in/getidm/76417ulgpitems" "Mozilla/5.0 AppleWebKit/537.36 (KHTML, like Gecko; compatible; GPTBot/1.3; +https://openai.com/gptbot)"
74.7.227.180 - - [06/Feb/2026:07:20:15 -0500] "GET /ctg/search/similarImageSearchResultView/?ctgItemCd=5762653816 HTTP/1.1" 404 1251 "https://blog.newkolkata.in/ite/53816cejptidm.html" "Mozilla/5.0 AppleWebKit/537.36 (KHTML, like Gecko; compatible; GPTBot/1.3; +https://openai.com/gptbot)"
74.7.227.180 - - [06/Feb/2026:07:20:19 -0500] "GET /ctg/search/similarImageSearchResultView/?ctgItemCd=3451930597 HTTP/1.1" 404 1251 "https://blog.newkolkata.in/geti/30597cejpitems.htm" "Mozilla/5.0 AppleWebKit/537.36 (KHTML, like Gecko; compatible; GPTBot/1.3; +https://openai.com/gptbot)"
74.7.227.180 - - [06/Feb/2026:07:20:22 -0500] "GET /ctg/search/similarImageSearchResultView/?ctgItemCd=5698252637 HTTP/1.1" 404 1251 "https://blog.newkolkata.in/items/52637jahttidm312471.html" "Mozilla/5.0 AppleWebKit/537.36 (KHTML, like Gecko; compatible; GPTBot/1.3; +https://openai.com/gptbot)"
74.7.227.180 - - [06/Feb/2026:07:20:25 -0500] "GET /ctg/search/similarImageSearchResultView/?ctgItemCd=4364739372 HTTP/1.1" 404 1251 "https://blog.newkolkata.in/getidm25/39372mvrvitems.htm" "Mozilla/5.0 AppleWebKit/537.36 (KHTML, like Gecko; compatible; GPTBot/1.3; +https://openai.com/gptbot)"
74.7.227.180 - - [06/Feb/2026:07:20:28 -0500] "GET /ctg/search/similarImageSearchResultView/?ctgItemCd=7446670313 HTTP/1.1" 404 1251 "https://blog.newkolkata.in/items/70313tjvftidm53.html" "Mozilla/5.0 AppleWebKit/537.36 (KHTML, like Gecko; compatible; GPTBot/1.3; +https://openai.com/gptbot)"
66.249.66.11 - - [06/Feb/2026:07:20:29 -0500] "GET /geti/237727tjvfitems HTTP/1.1" 404 1251 "-" "Mozilla/5.0 (Linux; Android 6.0.1; Nexus 5X Build/MMB29P) AppleWebKit/537.36 (KHTML, like Gecko) Chrome/144.0.7559.132 Mobile Safari/537.36 (compatible; Googlebot/2.1; +http://www.google.com/bot.html)"
74.7.227.180 - - [06/Feb/2026:07:20:31 -0500] "GET /ctg/search/similarImageSearchResultView/?ctgItemCd=9486890911 HTTP/1.1" 404 1251 "https://blog.newkolkata.in/item/90911mvrvtidm.html" "Mozilla/5.0 AppleWebKit/537.36 (KHTML, like Gecko; compatible; GPTBot/1.3; +https://openai.com/gptbot)"
74.7.227.180 - - [06/Feb/2026:07:20:34 -0500] "GET /ctg/search/similarImageSearchResultView/?ctgItemCd=6382660073 HTTP/1.1" 404 1251 "https://blog.newkolkata.in/getidm/60073kairitems" "Mozilla/5.0 AppleWebKit/537.36 (KHTML, like Gecko; compatible; GPTBot/1.3; +https://openai.com/gptbot)"
74.7.227.180 - - [06/Feb/2026:07:20:37 -0500] "GET /ctg/search/similarImageSearchResultView/?ctgItemCd=5171347764 HTTP/1.1" 404 1251 "https://blog.newkolkata.in/getidm255/47764pcywitems" "Mozilla/5.0 AppleWebKit/537.36 (KHTML, like Gecko; compatible; GPTBot/1.3; +https://openai.com/gptbot)"
74.7.227.180 - - [06/Feb/2026:07:20:40 -0500] "GET /ctg/search/similarImageSearchResultView/?ctgItemCd=9654492568 HTTP/1.1" 404 1251 "https://blog.newkolkata.in/geti/92568zslyitems.htm" "Mozilla/5.0 AppleWebKit/537.36 (KHTML, like Gecko; compatible; GPTBot/1.3; +https://openai.com/gptbot)"
66.249.66.43 - - [06/Feb/2026:07:20:41 -0500] "GET /ctg/search/similarImageSearchResultView/?ctgItemCd=287213284077 HTTP/1.1" 404 1251 "-" "Mozilla/5.0 (Linux; Android 6.0.1; Nexus 5X Build/MMB29P) AppleWebKit/537.36 (KHTML, like Gecko) Chrome/144.0.7559.132 Mobile Safari/537.36 (compatible; Googlebot/2.1; +http://www.google.com/bot.html)"
74.7.227.180 - - [06/Feb/2026:07:20:43 -0500] "GET /ctg/search/similarImageSearchResultView/?ctgItemCd=6962965315 HTTP/1.1" 404 1251 "https://blog.newkolkata.in/items/65315sejmtidm52959.html" "Mozilla/5.0 AppleWebKit/537.36 (KHTML, like Gecko; compatible; GPTBot/1.3; +https://openai.com/gptbot)"
85.208.96.195 - - [06/Feb/2026:07:20:45 -0500] "GET /getidm/261025sejmitems HTTP/1.1" 404 1251 "-" "Mozilla/5.0 (compatible; SemrushBot/7~bl; +http://www.semrush.com/bot.html)"
74.7.227.180 - - [06/Feb/2026:07:20:47 -0500] "GET /ctg/search/similarImageSearchResultView/?ctgItemCd=6920165157 HTTP/1.1" 404 1251 "https://blog.newkolkata.in/ite/65157ulgptidm7363.html" "Mozilla/5.0 AppleWebKit/537.36 (KHTML, like Gecko; compatible; GPTBot/1.3; +https://openai.com/gptbot)"
207.46.13.36 - - [06/Feb/2026:07:20:48 -0500] "GET /getid/170737jahtitems HTTP/1.1" 404 1251 "-" "Mozilla/5.0 AppleWebKit/537.36 (KHTML, like Gecko; compatible; bingbot/2.0; +http://www.bing.com/bingbot.htm) Chrome/116.0.1938.76 Safari/537.36"
74.7.227.180 - - [06/Feb/2026:07:20:50 -0500] "GET /ctg/search/similarImageSearchResultView/?ctgItemCd=9744793458 HTTP/1.1" 404 1251 "https://blog.newkolkata.in/getidm1599/93458ccoyitems" "Mozilla/5.0 AppleWebKit/537.36 (KHTML, like Gecko; compatible; GPTBot/1.3; +https://openai.com/gptbot)"
74.7.227.180 - - [06/Feb/2026:07:20:53 -0500] "GET /ctg/search/similarImageSearchResultView/?ctgItemCd=3946535221 HTTP/1.1" 404 1251 "https://blog.newkolkata.in/getidm24/35221ulgpitems.htm" "Mozilla/5.0 AppleWebKit/537.36 (KHTML, like Gecko; compatible; GPTBot/1.3; +https://openai.com/gptbot)"
74.7.227.180 - - [06/Feb/2026:07:20:56 -0500] "GET /ctg/search/similarImageSearchResultView/?ctgItemCd=9010786174 HTTP/1.1" 404 1251 "https://blog.newkolkata.in/items/86174jahttid.html" "Mozilla/5.0 AppleWebKit/537.36 (KHTML, like Gecko; compatible; GPTBot/1.3; +https://openai.com/gptbot)"
66.249.66.43 - - [06/Feb/2026:07:20:56 -0500] "GET /get/20880mvrvitems.htm HTTP/1.1" 404 1251 "-" "Mozilla/5.0 (Linux; Android 6.0.1; Nexus 5X Build/MMB29P) AppleWebKit/537.36 (KHTML, like Gecko) Chrome/144.0.7559.132 Mobile Safari/537.36 (compatible; Googlebot/2.1; +http://www.google.com/bot.html)"
74.7.227.180 - - [06/Feb/2026:07:20:59 -0500] "GET /ctg/search/similarImageSearchResultView/?ctgItemCd=3623532150 HTTP/1.1" 404 1251 "https://blog.newkolkata.in/items/32150ccoytidm3.html" "Mozilla/5.0 AppleWebKit/537.36 (KHTML, like Gecko; compatible; GPTBot/1.3; +https://openai.com/gptbot)"
74.7.227.180 - - [06/Feb/2026:07:21:02 -0500] "GET /ctg/search/similarImageSearchResultView/?ctgItemCd=6127257446 HTTP/1.1" 404 1251 "https://blog.newkolkata.in/item/57446sejmtid.html" "Mozilla/5.0 AppleWebKit/537.36 (KHTML, like Gecko; compatible; GPTBot/1.3; +https://openai.com/gptbot)"
85.208.96.198 - - [06/Feb/2026:07:21:02 -0500] "GET /getidm/226177kairitems HTTP/1.1" 404 1251 "-" "Mozilla/5.0 (compatible; SemrushBot/7~bl; +http://www.semrush.com/bot.html)"
185.191.171.7 - - [06/Feb/2026:07:21:04 -0500] "GET /geti/112879ulgpitems HTTP/1.1" 404 1251 "-" "Mozilla/5.0 (compatible; SemrushBot/7~bl; +http://www.semrush.com/bot.html)"
74.7.227.180 - - [06/Feb/2026:07:21:05 -0500] "GET /ctg/search/similarImageSearchResultView/?ctgItemCd=5843954179 HTTP/1.1" 404 1251 "https://blog.newkolkata.in/items/54179kairtidm2969.html" "Mozilla/5.0 AppleWebKit/537.36 (KHTML, like Gecko; compatible; GPTBot/1.3; +https://openai.com/gptbot)"
85.208.96.199 - - [06/Feb/2026:07:21:06 -0500] "GET /get/136023jahtitems.htm HTTP/1.1" 404 1251 "-" "Mozilla/5.0 (compatible; SemrushBot/7~bl; +http://www.semrush.com/bot.html)"
74.7.227.180 - - [06/Feb/2026:07:21:09 -0500] "GET /ctg/search/similarImageSearchResultView/?ctgItemCd=2293218674 HTTP/1.1" 404 1251 "https://blog.newkolkata.in/getidm61/18674ulgpitems.htm" "Mozilla/5.0 AppleWebKit/537.36 (KHTML, like Gecko; compatible; GPTBot/1.3; +https://openai.com/gptbot)"
74.7.227.180 - - [06/Feb/2026:07:21:12 -0500] "GET /ctg/search/similarImageSearchResultView/?ctgItemCd=4199837942 HTTP/1.1" 404 1251 "https://blog.newkolkata.in/getid/37942pcywitems.htm" "Mozilla/5.0 AppleWebKit/537.36 (KHTML, like Gecko; compatible; GPTBot/1.3; +https://openai.com/gptbot)"
66.249.66.196 - - [06/Feb/2026:07:21:14 -0500] "GET /detail.php?products/13639109623 HTTP/1.1" 404 1251 "-" "Mozilla/5.0 (Linux; Android 6.0.1; Nexus 5X Build/MMB29P) AppleWebKit/537.36 (KHTML, like Gecko) Chrome/144.0.7559.132 Mobile Safari/537.36 (compatible; Googlebot/2.1; +http://www.google.com/bot.html)"
66.249.66.166 - - [06/Feb/2026:07:21:14 -0500] "GET /ctg/search/similarImageSearchResultView/?ctgItemCd=104536100336 HTTP/1.1" 404 1251 "-" "Mozilla/5.0 (Linux; Android 6.0.1; Nexus 5X Build/MMB29P) AppleWebKit/537.36 (KHTML, like Gecko) Chrome/144.0.7559.132 Mobile Safari/537.36 (compatible; Googlebot/2.1; +http://www.google.com/bot.html)"
74.7.227.180 - - [06/Feb/2026:07:21:15 -0500] "GET /ctg/search/similarImageSearchResultView/?ctgItemCd=8553181479 HTTP/1.1" 404 1251 "https://blog.newkolkata.in/items/81479ccoytidm.html" "Mozilla/5.0 AppleWebKit/537.36 (KHTML, like Gecko; compatible; GPTBot/1.3; +https://openai.com/gptbot)"
74.7.227.180 - - [06/Feb/2026:07:21:18 -0500] "GET /ctg/search/similarImageSearchResultView/?ctgItemCd=9350589408 HTTP/1.1" 404 1251 "https://blog.newkolkata.in/items/89408kairtidm4.html" "Mozilla/5.0 AppleWebKit/537.36 (KHTML, like Gecko; compatible; GPTBot/1.3; +https://openai.com/gptbot)"
85.208.96.209 - - [06/Feb/2026:07:21:20 -0500] "GET /geti/194071pcywitems HTTP/1.1" 404 1251 "-" "Mozilla/5.0 (compatible; SemrushBot/7~bl; +http://www.semrush.com/bot.html)"
74.7.227.180 - - [06/Feb/2026:07:21:21 -0500] "GET /ctg/search/similarImageSearchResultView/?ctgItemCd=2711522874 HTTP/1.1" 404 1251 "https://blog.newkolkata.in/getidm21/22874ccoyitems.htm" "Mozilla/5.0 AppleWebKit/537.36 (KHTML, like Gecko; compatible; GPTBot/1.3; +https://openai.com/gptbot)"
74.7.227.180 - - [06/Feb/2026:07:21:24 -0500] "GET /ctg/search/similarImageSearchResultView/?ctgItemCd=5729953821 HTTP/1.1" 404 1251 "https://blog.newkolkata.in/get/53821mvrvitems" "Mozilla/5.0 AppleWebKit/537.36 (KHTML, like Gecko; compatible; GPTBot/1.3; +https://openai.com/gptbot)"
66.249.66.194 - - [06/Feb/2026:07:21:26 -0500] "GET /geti/49518zslyitems.htm HTTP/1.1" 404 1251 "-" "Mozilla/5.0 (Linux; Android 6.0.1; Nexus 5X Build/MMB29P) AppleWebKit/537.36 (KHTML, like Gecko) Chrome/144.0.7559.132 Mobile Safari/537.36 (compatible; Googlebot/2.1; +http://www.google.com/bot.html)"
207.46.13.36 - - [06/Feb/2026:07:21:27 -0500] "GET /getid/238134tjvfitems.htm HTTP/1.1" 404 1251 "-" "Mozilla/5.0 AppleWebKit/537.36 (KHTML, like Gecko; compatible; bingbot/2.0; +http://www.bing.com/bingbot.htm) Chrome/116.0.1938.76 Safari/537.36"
74.7.227.180 - - [06/Feb/2026:07:21:28 -0500] "GET /ctg/search/similarImageSearchResultView/?ctgItemCd=5336149783 HTTP/1.1" 404 1251 "https://blog.newkolkata.in/geti/49783tjvfitems" "Mozilla/5.0 AppleWebKit/537.36 (KHTML, like Gecko; compatible; GPTBot/1.3; +https://openai.com/gptbot)"
74.7.227.180 - - [06/Feb/2026:07:21:31 -0500] "GET /ctg/search/similarImageSearchResultView/?ctgItemCd=5134747426 HTTP/1.1" 404 1251 "https://blog.newkolkata.in/geti/47426cejpitems.htm" "Mozilla/5.0 AppleWebKit/537.36 (KHTML, like Gecko; compatible; GPTBot/1.3; +https://openai.com/gptbot)"
185.191.171.16 - - [06/Feb/2026:07:21:31 -0500] "GET /getidm2/64474jahtitems HTTP/1.1" 404 1251 "-" "Mozilla/5.0 (compatible; SemrushBot/7~bl; +http://www.semrush.com/bot.html)"
74.7.227.180 - - [06/Feb/2026:07:21:34 -0500] "GET /ctg/search/similarImageSearchResultView/?ctgItemCd=4069436453 HTTP/1.1" 404 1251 "https://blog.newkolkata.in/getidm89/36453cejpitems.htm" "Mozilla/5.0 AppleWebKit/537.36 (KHTML, like Gecko; compatible; GPTBot/1.3; +https://openai.com/gptbot)"
74.7.227.180 - - [06/Feb/2026:07:21:37 -0500] "GET /ctg/search/similarImageSearchResultView/?ctgItemCd=9588591572 HTTP/1.1" 404 1251 "https://blog.newkolkata.in/getidm293/91572tjvfitems.htm" "Mozilla/5.0 AppleWebKit/537.36 (KHTML, like Gecko; compatible; GPTBot/1.3; +https://openai.com/gptbot)"
85.208.96.209 - - [06/Feb/2026:07:21:39 -0500] "GET /getid/33208ccoyitems HTTP/1.1" 404 1251 "-" "Mozilla/5.0 (compatible; SemrushBot/7~bl; +http://www.semrush.com/bot.html)"
74.7.227.180 - - [06/Feb/2026:07:21:40 -0500] "GET /ctg/search/similarImageSearchResultView/?ctgItemCd=2096317185 HTTP/1.1" 404 1251 "https://blog.newkolkata.in/getidm/17185tjvfitems" "Mozilla/5.0 AppleWebKit/537.36 (KHTML, like Gecko; compatible; GPTBot/1.3; +https://openai.com/gptbot)"
185.191.171.10 - - [06/Feb/2026:07:21:41 -0500] "GET /get/239973tjvfitems.htm HTTP/1.1" 404 1251 "-" "Mozilla/5.0 (compatible; SemrushBot/7~bl; +http://www.semrush.com/bot.html)"
74.7.227.180 - - [06/Feb/2026:07:21:43 -0500] "GET /ctg/search/similarImageSearchResultView/?ctgItemCd=5625051979 HTTP/1.1" 404 1251 "https://blog.newkolkata.in/items/51979sejmtidm5568.html" "Mozilla/5.0 AppleWebKit/537.36 (KHTML, like Gecko; compatible; GPTBot/1.3; +https://openai.com/gptbot)"
185.191.171.2 - - [06/Feb/2026:07:21:45 -0500] "GET /get/63510tjvfitems.htm HTTP/1.1" 404 1251 "-" "Mozilla/5.0 (compatible; SemrushBot/7~bl; +http://www.semrush.com/bot.html)"
74.7.227.180 - - [06/Feb/2026:07:21:46 -0500] "GET /ctg/search/similarImageSearchResultView/?ctgItemCd=1920315631 HTTP/1.1" 404 1251 "https://blog.newkolkata.in/geti/15631pcywitems" "Mozilla/5.0 AppleWebKit/537.36 (KHTML, like Gecko; compatible; GPTBot/1.3; +https://openai.com/gptbot)"
74.7.227.180 - - [06/Feb/2026:07:21:50 -0500] "GET /ctg/search/similarImageSearchResultView/?ctgItemCd=3340829306 HTTP/1.1" 404 1251 "https://blog.newkolkata.in/item/29306tjvftidm459.html" "Mozilla/5.0 AppleWebKit/537.36 (KHTML, like Gecko; compatible; GPTBot/1.3; +https://openai.com/gptbot)"
74.7.227.180 - - [06/Feb/2026:07:21:53 -0500] "GET /ctg/search/similarImageSearchResultView/?ctgItemCd=1453110498 HTTP/1.1" 404 1251 "https://blog.newkolkata.in/getid/10498sejmitems.htm" "Mozilla/5.0 AppleWebKit/537.36 (KHTML, like Gecko; compatible; GPTBot/1.3; +https://openai.com/gptbot)"
66.249.66.194 - - [06/Feb/2026:07:21:56 -0500] "GET /get/236025pcywitems.htm HTTP/1.1" 404 1251 "-" "Mozilla/5.0 (Linux; Android 6.0.1; Nexus 5X Build/MMB29P) AppleWebKit/537.36 (KHTML, like Gecko) Chrome/144.0.7559.132 Mobile Safari/537.36 (compatible; Googlebot/2.1; +http://www.google.com/bot.html)"
74.7.227.180 - - [06/Feb/2026:07:21:56 -0500] "GET /ctg/search/similarImageSearchResultView/?ctgItemCd=9295488656 HTTP/1.1" 404 1251 "https://blog.newkolkata.in/getidm126/88656jahtitems.htm" "Mozilla/5.0 AppleWebKit/537.36 (KHTML, like Gecko; compatible; GPTBot/1.3; +https://openai.com/gptbot)"
85.208.96.209 - - [06/Feb/2026:07:21:57 -0500] "GET /get/154366pcywitems HTTP/1.1" 404 1251 "-" "Mozilla/5.0 (compatible; SemrushBot/7~bl; +http://www.semrush.com/bot.html)"
74.7.227.180 - - [06/Feb/2026:07:21:59 -0500] "GET /ctg/search/similarImageSearchResultView/?ctgItemCd=7382369645 HTTP/1.1" 404 1251 "https://blog.newkolkata.in/getidm/69645mvrvitems.htm" "Mozilla/5.0 AppleWebKit/537.36 (KHTML, like Gecko; compatible; GPTBot/1.3; +https://openai.com/gptbot)"
85.208.96.195 - - [06/Feb/2026:07:22:00 -0500] "GET /getidm/113115pcywitems.htm HTTP/1.1" 404 1251 "-" "Mozilla/5.0 (compatible; SemrushBot/7~bl; +http://www.semrush.com/bot.html)"
74.7.227.180 - - [06/Feb/2026:07:22:03 -0500] "GET /ctg/search/similarImageSearchResultView/?ctgItemCd=2393419722 HTTP/1.1" 404 1251 "https://blog.newkolkata.in/getidm3/19722pcywitems.htm" "Mozilla/5.0 AppleWebKit/537.36 (KHTML, like Gecko; compatible; GPTBot/1.3; +https://openai.com/gptbot)"
74.7.227.180 - - [06/Feb/2026:07:22:06 -0500] "GET /ctg/search/similarImageSearchResultView/?ctgItemCd=8302979171 HTTP/1.1" 404 1251 "https://blog.newkolkata.in/getidm50/79171cejpitems" "Mozilla/5.0 AppleWebKit/537.36 (KHTML, like Gecko; compatible; GPTBot/1.3; +https://openai.com/gptbot)"
74.7.227.180 - - [06/Feb/2026:07:22:09 -0500] "GET /ctg/search/similarImageSearchResultView/?ctgItemCd=3248329038 HTTP/1.1" 404 1251 "https://blog.newkolkata.in/get/29038jahtitems" "Mozilla/5.0 AppleWebKit/537.36 (KHTML, like Gecko; compatible; GPTBot/1.3; +https://openai.com/gptbot)"
66.249.66.13 - - [06/Feb/2026:07:22:11 -0500] "GET /get/56328sejmitems.htm HTTP/1.1" 404 1251 "-" "Mozilla/5.0 (Linux; Android 6.0.1; Nexus 5X Build/MMB29P) AppleWebKit/537.36 (KHTML, like Gecko) Chrome/144.0.7559.132 Mobile Safari/537.36 (compatible; Googlebot/2.1; +http://www.google.com/bot.html)"
85.208.96.209 - - [06/Feb/2026:07:22:11 -0500] "GET /getidm9/154282ulgpitems HTTP/1.1" 404 1251 "-" "Mozilla/5.0 (compatible; SemrushBot/7~bl; +http://www.semrush.com/bot.html)"
74.7.227.180 - - [06/Feb/2026:07:22:12 -0500] "GET /ctg/search/similarImageSearchResultView/?ctgItemCd=8413980081 HTTP/1.1" 404 1251 "https://blog.newkolkata.in/item/80081zslytidm10.html" "Mozilla/5.0 AppleWebKit/537.36 (KHTML, like Gecko; compatible; GPTBot/1.3; +https://openai.com/gptbot)"
74.7.227.180 - - [06/Feb/2026:07:22:15 -0500] "GET /ctg/search/similarImageSearchResultView/?ctgItemCd=7982976005 HTTP/1.1" 404 1251 "https://blog.newkolkata.in/get/76005sejmitems.htm" "Mozilla/5.0 AppleWebKit/537.36 (KHTML, like Gecko; compatible; GPTBot/1.3; +https://openai.com/gptbot)"
74.7.227.180 - - [06/Feb/2026:07:22:18 -0500] "GET /ctg/search/similarImageSearchResultView/?ctgItemCd=3932735400 HTTP/1.1" 404 1251 "https://blog.newkolkata.in/items/35400sejmtid.html" "Mozilla/5.0 AppleWebKit/537.36 (KHTML, like Gecko; compatible; GPTBot/1.3; +https://openai.com/gptbot)"
74.7.227.180 - - [06/Feb/2026:07:22:21 -0500] "GET /ctg/search/similarImageSearchResultView/?ctgItemCd=1491810692 HTTP/1.1" 404 1251 "https://blog.newkolkata.in/getidm5/10692zslyitems.htm" "Mozilla/5.0 AppleWebKit/537.36 (KHTML, like Gecko; compatible; GPTBot/1.3; +https://openai.com/gptbot)"
74.7.227.180 - - [06/Feb/2026:07:22:24 -0500] "GET /ctg/search/similarImageSearchResultView/?ctgItemCd=9037586547 HTTP/1.1" 404 1251 "https://blog.newkolkata.in/get/86547kairitems.htm" "Mozilla/5.0 AppleWebKit/537.36 (KHTML, like Gecko; compatible; GPTBot/1.3; +https://openai.com/gptbot)"
66.249.66.195 - - [06/Feb/2026:07:22:26 -0500] "GET /geti/257383mvrvitems HTTP/1.1" 404 1251 "-" "Mozilla/5.0 (Linux; Android 6.0.1; Nexus 5X Build/MMB29P) AppleWebKit/537.36 (KHTML, like Gecko) Chrome/144.0.7559.132 Mobile Safari/537.36 (compatible; Googlebot/2.1; +http://www.google.com/bot.html)"
74.7.227.180 - - [06/Feb/2026:07:22:27 -0500] "GET /ctg/search/similarImageSearchResultView/?ctgItemCd=2814823945 HTTP/1.1" 404 1251 "https://blog.newkolkata.in/getidm1/23945tjvfitems.htm" "Mozilla/5.0 AppleWebKit/537.36 (KHTML, like Gecko; compatible; GPTBot/1.3; +https://openai.com/gptbot)"
74.7.227.180 - - [06/Feb/2026:07:22:30 -0500] "GET /ctg/search/similarImageSearchResultView/?ctgItemCd=6909565163 HTTP/1.1" 404 1251 "https://blog.newkolkata.in/geti/65163sejmitems.htm" "Mozilla/5.0 AppleWebKit/537.36 (KHTML, like Gecko; compatible; GPTBot/1.3; +https://openai.com/gptbot)"
74.7.227.180 - - [06/Feb/2026:07:22:34 -0500] "GET /ctg/search/similarImageSearchResultView/?ctgItemCd=2705123479 HTTP/1.1" 404 1251 "https://blog.newkolkata.in/geti/23479tjvfitems" "Mozilla/5.0 AppleWebKit/537.36 (KHTML, like Gecko; compatible; GPTBot/1.3; +https://openai.com/gptbot)"
85.208.96.196 - - [06/Feb/2026:07:22:34 -0500] "GET /getidm/47137cejpitems HTTP/1.1" 404 1251 "-" "Mozilla/5.0 (compatible; SemrushBot/7~bl; +http://www.semrush.com/bot.html)"
74.7.227.180 - - [06/Feb/2026:07:22:37 -0500] "GET /ctg/search/similarImageSearchResultView/?ctgItemCd=8907485069 HTTP/1.1" 404 1251 "https://blog.newkolkata.in/getidm4979/85069tjvfitems" "Mozilla/5.0 AppleWebKit/537.36 (KHTML, like Gecko; compatible; GPTBot/1.3; +https://openai.com/gptbot)"
74.7.227.180 - - [06/Feb/2026:07:22:40 -0500] "GET /ctg/search/similarImageSearchResultView/?ctgItemCd=3507930882 HTTP/1.1" 404 1251 "https://blog.newkolkata.in/getidm8/30882sejmitems.htm" "Mozilla/5.0 AppleWebKit/537.36 (KHTML, like Gecko; compatible; GPTBot/1.3; +https://openai.com/gptbot)"
74.7.227.180 - - [06/Feb/2026:07:22:43 -0500] "GET /ctg/search/similarImageSearchResultView/?ctgItemCd=7325969766 HTTP/1.1" 404 1251 "https://blog.newkolkata.in/get/69766mvrvitems" "Mozilla/5.0 AppleWebKit/537.36 (KHTML, like Gecko; compatible; GPTBot/1.3; +https://openai.com/gptbot)"
74.7.227.180 - - [06/Feb/2026:07:22:46 -0500] "GET /ctg/search/similarImageSearchResultView/?ctgItemCd=7968175429 HTTP/1.1" 404 1251 "https://blog.newkolkata.in/getidm19/75429ccoyitems.htm" "Mozilla/5.0 AppleWebKit/537.36 (KHTML, like Gecko; compatible; GPTBot/1.3; +https://openai.com/gptbot)"
85.208.96.204 - - [06/Feb/2026:07:22:49 -0500] "GET /getid/273520mvrvitems HTTP/1.1" 404 1251 "-" "Mozilla/5.0 (compatible; SemrushBot/7~bl; +http://www.semrush.com/bot.html)"
74.7.227.180 - - [06/Feb/2026:07:22:50 -0500] "GET /ctg/search/similarImageSearchResultView/?ctgItemCd=9778594135 HTTP/1.1" 404 1251 "https://blog.newkolkata.in/getid/94135kairitems" "Mozilla/5.0 AppleWebKit/537.36 (KHTML, like Gecko; compatible; GPTBot/1.3; +https://openai.com/gptbot)"
185.191.171.3 - - [06/Feb/2026:07:22:51 -0500] "GET /getidm24/60883sejmitems HTTP/1.1" 404 1251 "-" "Mozilla/5.0 (compatible; SemrushBot/7~bl; +http://www.semrush.com/bot.html)"
74.7.227.180 - - [06/Feb/2026:07:22:53 -0500] "GET /ctg/search/similarImageSearchResultView/?ctgItemCd=5996355706 HTTP/1.1" 404 1251 "https://blog.newkolkata.in/items/55706ccoytidm5770.html" "Mozilla/5.0 AppleWebKit/537.36 (KHTML, like Gecko; compatible; GPTBot/1.3; +https://openai.com/gptbot)"
74.7.227.180 - - [06/Feb/2026:07:22:56 -0500] "GET /ctg/search/similarImageSearchResultView/?ctgItemCd=9536091526 HTTP/1.1" 404 1251 "https://blog.newkolkata.in/item/91526tjvftid.html" "Mozilla/5.0 AppleWebKit/537.36 (KHTML, like Gecko; compatible; GPTBot/1.3; +https://openai.com/gptbot)"
74.7.227.180 - - [06/Feb/2026:07:22:59 -0500] "GET /ctg/search/similarImageSearchResultView/?ctgItemCd=8363080047 HTTP/1.1" 404 1251 "https://blog.newkolkata.in/geti/80047mvrvitems" "Mozilla/5.0 AppleWebKit/537.36 (KHTML, like Gecko; compatible; GPTBot/1.3; +https://openai.com/gptbot)"
74.7.227.180 - - [06/Feb/2026:07:23:02 -0500] "GET /ctg/search/similarImageSearchResultView/?ctgItemCd=2096416809 HTTP/1.1" 404 1251 "https://blog.newkolkata.in/getidm/16809tjvfitems.htm" "Mozilla/5.0 AppleWebKit/537.36 (KHTML, like Gecko; compatible; GPTBot/1.3; +https://openai.com/gptbot)"
74.7.227.180 - - [06/Feb/2026:07:23:05 -0500] "GET /ctg/search/similarImageSearchResultView/?ctgItemCd=6717162954 HTTP/1.1" 404 1251 "https://blog.newkolkata.in/items/62954sejmtidm896.html" "Mozilla/5.0 AppleWebKit/537.36 (KHTML, like Gecko; compatible; GPTBot/1.3; +https://openai.com/gptbot)"
85.208.96.210 - - [06/Feb/2026:07:23:06 -0500] "GET /ite/90590kairtid.html HTTP/1.1" 404 1251 "-" "Mozilla/5.0 (compatible; SemrushBot/7~bl; +http://www.semrush.com/bot.html)"
85.208.96.210 - - [06/Feb/2026:07:23:08 -0500] "GET /getidm1/263866jahtitems HTTP/1.1" 404 1251 "-" "Mozilla/5.0 (compatible; SemrushBot/7~bl; +http://www.semrush.com/bot.html)"
74.7.227.180 - - [06/Feb/2026:07:23:08 -0500] "GET /ctg/search/similarImageSearchResultView/?ctgItemCd=5433250506 HTTP/1.1" 404 1251 "https://blog.newkolkata.in/getidm8/50506ulgpitems" "Mozilla/5.0 AppleWebKit/537.36 (KHTML, like Gecko; compatible; GPTBot/1.3; +https://openai.com/gptbot)"
85.208.96.203 - - [06/Feb/2026:07:23:09 -0500] "GET /get/128421cejpitems.htm HTTP/1.1" 404 1251 "-" "Mozilla/5.0 (compatible; SemrushBot/7~bl; +http://www.semrush.com/bot.html)"
74.7.227.180 - - [06/Feb/2026:07:23:12 -0500] "GET /ctg/search/similarImageSearchResultView/?ctgItemCd=9810694172 HTTP/1.1" 404 1251 "https://blog.newkolkata.in/geti/94172sejmitems.htm" "Mozilla/5.0 AppleWebKit/537.36 (KHTML, like Gecko; compatible; GPTBot/1.3; +https://openai.com/gptbot)"
74.7.227.180 - - [06/Feb/2026:07:23:15 -0500] "GET /ctg/search/similarImageSearchResultView/?ctgItemCd=5571651820 HTTP/1.1" 404 1251 "https://blog.newkolkata.in/getidm65/51820mvrvitems" "Mozilla/5.0 AppleWebKit/537.36 (KHTML, like Gecko; compatible; GPTBot/1.3; +https://openai.com/gptbot)"
74.7.227.180 - - [06/Feb/2026:07:23:18 -0500] "GET /ctg/search/similarImageSearchResultView/?ctgItemCd=3094726921 HTTP/1.1" 404 1251 "https://blog.newkolkata.in/item/26921ccoytidm20.html" "Mozilla/5.0 AppleWebKit/537.36 (KHTML, like Gecko; compatible; GPTBot/1.3; +https://openai.com/gptbot)"
74.7.227.180 - - [06/Feb/2026:07:23:21 -0500] "GET /ctg/search/similarImageSearchResultView/?ctgItemCd=5667952607 HTTP/1.1" 404 1251 "https://blog.newkolkata.in/items/52607mvrvtidm.html" "Mozilla/5.0 AppleWebKit/537.36 (KHTML, like Gecko; compatible; GPTBot/1.3; +https://openai.com/gptbot)"
74.7.227.180 - - [06/Feb/2026:07:23:24 -0500] "GET /ctg/search/similarImageSearchResultView/?ctgItemCd=1936515048 HTTP/1.1" 404 1251 "https://blog.newkolkata.in/getidm897/15048tjvfitems.htm" "Mozilla/5.0 AppleWebKit/537.36 (KHTML, like Gecko; compatible; GPTBot/1.3; +https://openai.com/gptbot)"
74.7.227.180 - - [06/Feb/2026:07:23:27 -0500] "GET /ctg/search/similarImageSearchResultView/?ctgItemCd=6303459218 HTTP/1.1" 404 1251 "https://blog.newkolkata.in/getidm6/59218jahtitems" "Mozilla/5.0 AppleWebKit/537.36 (KHTML, like Gecko; compatible; GPTBot/1.3; +https://openai.com/gptbot)"
74.7.227.180 - - [06/Feb/2026:07:23:31 -0500] "GET /ctg/search/similarImageSearchResultView/?ctgItemCd=1497710754 HTTP/1.1" 404 1251 "https://blog.newkolkata.in/items/10754pcywtidm774.html" "Mozilla/5.0 AppleWebKit/537.36 (KHTML, like Gecko; compatible; GPTBot/1.3; +https://openai.com/gptbot)"
74.7.227.180 - - [06/Feb/2026:07:23:34 -0500] "GET /ctg/search/similarImageSearchResultView/?ctgItemCd=2218818694 HTTP/1.1" 404 1251 "https://blog.newkolkata.in/get/18694zslyitems" "Mozilla/5.0 AppleWebKit/537.36 (KHTML, like Gecko; compatible; GPTBot/1.3; +https://openai.com/gptbot)"
74.7.227.180 - - [06/Feb/2026:07:23:37 -0500] "GET /ctg/search/similarImageSearchResultView/?ctgItemCd=7618872155 HTTP/1.1" 404 1251 "https://blog.newkolkata.in/ite/72155ccoytidm9913.html" "Mozilla/5.0 AppleWebKit/537.36 (KHTML, like Gecko; compatible; GPTBot/1.3; +https://openai.com/gptbot)"
185.191.171.16 - - [06/Feb/2026:07:23:37 -0500] "GET /geti/20643cejpitems.htm HTTP/1.1" 404 1251 "-" "Mozilla/5.0 (compatible; SemrushBot/7~bl; +http://www.semrush.com/bot.html)"
74.7.227.180 - - [06/Feb/2026:07:23:40 -0500] "GET /ctg/search/similarImageSearchResultView/?ctgItemCd=9245388289 HTTP/1.1" 404 1251 "https://blog.newkolkata.in/items/88289ccoytidm46.html" "Mozilla/5.0 AppleWebKit/537.36 (KHTML, like Gecko; compatible; GPTBot/1.3; +https://openai.com/gptbot)"
74.7.227.180 - - [06/Feb/2026:07:23:43 -0500] "GET /ctg/search/similarImageSearchResultView/?ctgItemCd=9536091524 HTTP/1.1" 404 1251 "https://blog.newkolkata.in/get/91524ulgpitems.htm" "Mozilla/5.0 AppleWebKit/537.36 (KHTML, like Gecko; compatible; GPTBot/1.3; +https://openai.com/gptbot)"
74.7.227.180 - - [06/Feb/2026:07:23:46 -0500] "GET /ctg/search/similarImageSearchResultView/?ctgItemCd=8365979433 HTTP/1.1" 404 1251 "https://blog.newkolkata.in/getidm4/79433mvrvitems.htm" "Mozilla/5.0 AppleWebKit/537.36 (KHTML, like Gecko; compatible; GPTBot/1.3; +https://openai.com/gptbot)"
74.7.227.180 - - [06/Feb/2026:07:23:49 -0500] "GET /ctg/search/similarImageSearchResultView/?ctgItemCd=6594661977 HTTP/1.1" 404 1251 "https://blog.newkolkata.in/geti/61977mvrvitems.htm" "Mozilla/5.0 AppleWebKit/537.36 (KHTML, like Gecko; compatible; GPTBot/1.3; +https://openai.com/gptbot)"
74.7.227.180 - - [06/Feb/2026:07:23:52 -0500] "GET /ctg/search/similarImageSearchResultView/?ctgItemCd=5190447995 HTTP/1.1" 404 1251 "https://blog.newkolkata.in/getidm86/47995pcywitems" "Mozilla/5.0 AppleWebKit/537.36 (KHTML, like Gecko; compatible; GPTBot/1.3; +https://openai.com/gptbot)"
74.7.227.180 - - [06/Feb/2026:07:23:56 -0500] "GET /ctg/search/similarImageSearchResultView/?ctgItemCd=5982055801 HTTP/1.1" 404 1251 "https://blog.newkolkata.in/ite/55801kairtidm8620.html" "Mozilla/5.0 AppleWebKit/537.36 (KHTML, like Gecko; compatible; GPTBot/1.3; +https://openai.com/gptbot)"
74.7.227.180 - - [06/Feb/2026:07:23:59 -0500] "GET /ctg/search/similarImageSearchResultView/?ctgItemCd=3884035006 HTTP/1.1" 404 1251 "https://blog.newkolkata.in/item/35006pcywtid.html" "Mozilla/5.0 AppleWebKit/537.36 (KHTML, like Gecko; compatible; GPTBot/1.3; +https://openai.com/gptbot)"
74.7.227.180 - - [06/Feb/2026:07:24:02 -0500] "GET /ctg/search/similarImageSearchResultView/?ctgItemCd=1796013827 HTTP/1.1" 404 1251 "https://blog.newkolkata.in/getidm/13827kairitems.htm" "Mozilla/5.0 AppleWebKit/537.36 (KHTML, like Gecko; compatible; GPTBot/1.3; +https://openai.com/gptbot)"
74.7.227.180 - - [06/Feb/2026:07:24:05 -0500] "GET /ctg/search/similarImageSearchResultView/?ctgItemCd=2368519762 HTTP/1.1" 404 1251 "https://blog.newkolkata.in/geti/19762cejpitems.htm" "Mozilla/5.0 AppleWebKit/537.36 (KHTML, like Gecko; compatible; GPTBot/1.3; +https://openai.com/gptbot)"
185.191.171.16 - - [06/Feb/2026:07:24:08 -0500] "GET /getid/220096ccoyitems HTTP/1.1" 404 1251 "-" "Mozilla/5.0 (compatible; SemrushBot/7~bl; +http://www.semrush.com/bot.html)"
74.7.227.180 - - [06/Feb/2026:07:24:08 -0500] "GET /ctg/search/similarImageSearchResultView/?ctgItemCd=8204977897 HTTP/1.1" 404 1251 "https://blog.newkolkata.in/items/77897cejptidm43.html" "Mozilla/5.0 AppleWebKit/537.36 (KHTML, like Gecko; compatible; GPTBot/1.3; +https://openai.com/gptbot)"
74.7.227.180 - - [06/Feb/2026:07:24:11 -0500] "GET /ctg/search/similarImageSearchResultView/?ctgItemCd=7782973945 HTTP/1.1" 404 1251 "https://blog.newkolkata.in/getidm40/73945tjvfitems" "Mozilla/5.0 AppleWebKit/537.36 (KHTML, like Gecko; compatible; GPTBot/1.3; +https://openai.com/gptbot)"
74.7.227.180 - - [06/Feb/2026:07:24:14 -0500] "GET /ctg/search/similarImageSearchResultView/?ctgItemCd=2394619704 HTTP/1.1" 404 1251 "https://blog.newkolkata.in/getidm94/19704kairitems.htm" "Mozilla/5.0 AppleWebKit/537.36 (KHTML, like Gecko; compatible; GPTBot/1.3; +https://openai.com/gptbot)"
74.7.227.180 - - [06/Feb/2026:07:24:17 -0500] "GET /ctg/search/similarImageSearchResultView/?ctgItemCd=1408010227 HTTP/1.1" 404 1251 "https://blog.newkolkata.in/getidm58/10227cejpitems" "Mozilla/5.0 AppleWebKit/537.36 (KHTML, like Gecko; compatible; GPTBot/1.3; +https://openai.com/gptbot)"
74.7.227.180 - - [06/Feb/2026:07:24:20 -0500] "GET /ctg/search/similarImageSearchResultView/?ctgItemCd=7665172463 HTTP/1.1" 404 1251 "https://blog.newkolkata.in/items/72463zslytidm29.html" "Mozilla/5.0 AppleWebKit/537.36 (KHTML, like Gecko; compatible; GPTBot/1.3; +https://openai.com/gptbot)"
74.7.227.180 - - [06/Feb/2026:07:24:23 -0500] "GET /ctg/search/similarImageSearchResultView/?ctgItemCd=5042746202 HTTP/1.1" 404 1251 "https://blog.newkolkata.in/items/46202pcywtidm977.html" "Mozilla/5.0 AppleWebKit/537.36 (KHTML, like Gecko; compatible; GPTBot/1.3; +https://openai.com/gptbot)"
74.7.227.180 - - [06/Feb/2026:07:24:27 -0500] "GET /ctg/search/similarImageSearchResultView/?ctgItemCd=6183157855 HTTP/1.1" 404 1251 "https://blog.newkolkata.in/geti/57855zslyitems.htm" "Mozilla/5.0 AppleWebKit/537.36 (KHTML, like Gecko; compatible; GPTBot/1.3; +https://openai.com/gptbot)"
74.7.227.180 - - [06/Feb/2026:07:24:30 -0500] "GET /ctg/search/similarImageSearchResultView/?ctgItemCd=5625952443 HTTP/1.1" 404 1251 "https://blog.newkolkata.in/get/52443jahtitems.htm" "Mozilla/5.0 AppleWebKit/537.36 (KHTML, like Gecko; compatible; GPTBot/1.3; +https://openai.com/gptbot)"
74.7.227.180 - - [06/Feb/2026:07:24:33 -0500] "GET /ctg/search/similarImageSearchResultView/?ctgItemCd=4638342261 HTTP/1.1" 404 1251 "https://blog.newkolkata.in/getidm/42261cejpitems.htm" "Mozilla/5.0 AppleWebKit/537.36 (KHTML, like Gecko; compatible; GPTBot/1.3; +https://openai.com/gptbot)"
74.7.227.180 - - [06/Feb/2026:07:24:36 -0500] "GET /ctg/search/similarImageSearchResultView/?ctgItemCd=8610482082 HTTP/1.1" 404 1251 "https://blog.newkolkata.in/ite/82082sejmtidm2125.html" "Mozilla/5.0 AppleWebKit/537.36 (KHTML, like Gecko; compatible; GPTBot/1.3; +https://openai.com/gptbot)"
74.7.227.180 - - [06/Feb/2026:07:24:39 -0500] "GET /ctg/search/similarImageSearchResultView/?ctgItemCd=2833124270 HTTP/1.1" 404 1251 "https://blog.newkolkata.in/getid/24270zslyitems.htm" "Mozilla/5.0 AppleWebKit/537.36 (KHTML, like Gecko; compatible; GPTBot/1.3; +https://openai.com/gptbot)"
74.7.227.180 - - [06/Feb/2026:07:24:42 -0500] "GET /ctg/search/similarImageSearchResultView/?ctgItemCd=7373469626 HTTP/1.1" 404 1251 "https://blog.newkolkata.in/item/69626ulgptidm197.html" "Mozilla/5.0 AppleWebKit/537.36 (KHTML, like Gecko; compatible; GPTBot/1.3; +https://openai.com/gptbot)"
85.208.96.205 - - [06/Feb/2026:07:24:44 -0500] "GET /items/39662cejptid.html HTTP/1.1" 404 1251 "-" "Mozilla/5.0 (compatible; SemrushBot/7~bl; +http://www.semrush.com/bot.html)"
74.7.227.180 - - [06/Feb/2026:07:24:45 -0500] "GET /ctg/search/similarImageSearchResultView/?ctgItemCd=9036186321 HTTP/1.1" 404 1251 "https://blog.newkolkata.in/item/86321sejmtidm69.html" "Mozilla/5.0 AppleWebKit/537.36 (KHTML, like Gecko; compatible; GPTBot/1.3; +https://openai.com/gptbot)"
74.7.227.180 - - [06/Feb/2026:07:24:49 -0500] "GET /ctg/search/similarImageSearchResultView/?ctgItemCd=1486910554 HTTP/1.1" 404 1251 "https://blog.newkolkata.in/getidm907/10554pcywitems.htm" "Mozilla/5.0 AppleWebKit/537.36 (KHTML, like Gecko; compatible; GPTBot/1.3; +https://openai.com/gptbot)"
74.7.227.180 - - [06/Feb/2026:07:24:52 -0500] "GET /ctg/search/similarImageSearchResultView/?ctgItemCd=9627392806 HTTP/1.1" 404 1251 "https://blog.newkolkata.in/get/92806tjvfitems" "Mozilla/5.0 AppleWebKit/537.36 (KHTML, like Gecko; compatible; GPTBot/1.3; +https://openai.com/gptbot)"
74.7.227.180 - - [06/Feb/2026:07:24:55 -0500] "GET /ctg/search/similarImageSearchResultView/?ctgItemCd=4228237980 HTTP/1.1" 404 1251 "https://blog.newkolkata.in/getidm298/37980kairitems.htm" "Mozilla/5.0 AppleWebKit/537.36 (KHTML, like Gecko; compatible; GPTBot/1.3; +https://openai.com/gptbot)"
74.7.227.180 - - [06/Feb/2026:07:24:58 -0500] "GET /ctg/search/similarImageSearchResultView/?ctgItemCd=9703993452 HTTP/1.1" 404 1251 "https://blog.newkolkata.in/geti/93452mvrvitems" "Mozilla/5.0 AppleWebKit/537.36 (KHTML, like Gecko; compatible; GPTBot/1.3; +https://openai.com/gptbot)"
74.7.227.180 - - [06/Feb/2026:07:25:01 -0500] "GET /ctg/search/similarImageSearchResultView/?ctgItemCd=7682572602 HTTP/1.1" 404 1251 "https://blog.newkolkata.in/items/72602mvrvtidm730.html" "Mozilla/5.0 AppleWebKit/537.36 (KHTML, like Gecko; compatible; GPTBot/1.3; +https://openai.com/gptbot)"
74.7.227.180 - - [06/Feb/2026:07:25:05 -0500] "GET /ctg/search/similarImageSearchResultView/?ctgItemCd=9065386799 HTTP/1.1" 404 1251 "https://blog.newkolkata.in/get/86799ulgpitems.htm" "Mozilla/5.0 AppleWebKit/537.36 (KHTML, like Gecko; compatible; GPTBot/1.3; +https://openai.com/gptbot)"
85.208.96.197 - - [06/Feb/2026:07:25:05 -0500] "GET /getidm/292513zslyitems HTTP/1.1" 404 1251 "-" "Mozilla/5.0 (compatible; SemrushBot/7~bl; +http://www.semrush.com/bot.html)"
74.7.227.180 - - [06/Feb/2026:07:25:08 -0500] "GET /ctg/search/similarImageSearchResultView/?ctgItemCd=6365959489 HTTP/1.1" 404 1251 "https://blog.newkolkata.in/items/59489ccoytidm79.html" "Mozilla/5.0 AppleWebKit/537.36 (KHTML, like Gecko; compatible; GPTBot/1.3; +https://openai.com/gptbot)"
85.208.96.197 - - [06/Feb/2026:07:25:10 -0500] "GET /getidm/241417sejmitems HTTP/1.1" 404 1251 "-" "Mozilla/5.0 (compatible; SemrushBot/7~bl; +http://www.semrush.com/bot.html)"
74.7.227.180 - - [06/Feb/2026:07:25:11 -0500] "GET /ctg/search/similarImageSearchResultView/?ctgItemCd=2234918374 HTTP/1.1" 404 1251 "https://blog.newkolkata.in/item/18374jahttidm3.html" "Mozilla/5.0 AppleWebKit/537.36 (KHTML, like Gecko; compatible; GPTBot/1.3; +https://openai.com/gptbot)"
74.7.227.180 - - [06/Feb/2026:07:25:14 -0500] "GET /ctg/search/similarImageSearchResultView/?ctgItemCd=5426450308 HTTP/1.1" 404 1251 "https://blog.newkolkata.in/getidm977/50308mvrvitems" "Mozilla/5.0 AppleWebKit/537.36 (KHTML, like Gecko; compatible; GPTBot/1.3; +https://openai.com/gptbot)"
74.7.227.180 - - [06/Feb/2026:07:25:17 -0500] "GET /ctg/search/similarImageSearchResultView/?ctgItemCd=9539791708 HTTP/1.1" 404 1251 "https://blog.newkolkata.in/getid/91708mvrvitems" "Mozilla/5.0 AppleWebKit/537.36 (KHTML, like Gecko; compatible; GPTBot/1.3; +https://openai.com/gptbot)"
74.7.227.180 - - [06/Feb/2026:07:25:20 -0500] "GET /ctg/search/similarImageSearchResultView/?ctgItemCd=9551791692 HTTP/1.1" 404 1251 "https://blog.newkolkata.in/get/91692jahtitems.htm" "Mozilla/5.0 AppleWebKit/537.36 (KHTML, like Gecko; compatible; GPTBot/1.3; +https://openai.com/gptbot)"
85.208.96.207 - - [06/Feb/2026:07:25:23 -0500] "GET /getidm/140545ulgpitems HTTP/1.1" 404 1251 "-" "Mozilla/5.0 (compatible; SemrushBot/7~bl; +http://www.semrush.com/bot.html)"
74.7.227.180 - - [06/Feb/2026:07:25:23 -0500] "GET /ctg/search/similarImageSearchResultView/?ctgItemCd=3483830912 HTTP/1.1" 404 1251 "https://blog.newkolkata.in/geti/30912sejmitems.htm" "Mozilla/5.0 AppleWebKit/537.36 (KHTML, like Gecko; compatible; GPTBot/1.3; +https://openai.com/gptbot)"
74.7.227.180 - - [06/Feb/2026:07:25:26 -0500] "GET /ctg/search/similarImageSearchResultView/?ctgItemCd=6419959978 HTTP/1.1" 404 1251 "https://blog.newkolkata.in/items/59978ulgptidm330.html" "Mozilla/5.0 AppleWebKit/537.36 (KHTML, like Gecko; compatible; GPTBot/1.3; +https://openai.com/gptbot)"
185.191.171.1 - - [06/Feb/2026:07:25:29 -0500] "GET /item/210086zslytid.html HTTP/1.1" 404 1251 "-" "Mozilla/5.0 (compatible; SemrushBot/7~bl; +http://www.semrush.com/bot.html)"
74.7.227.180 - - [06/Feb/2026:07:25:30 -0500] "GET /ctg/search/similarImageSearchResultView/?ctgItemCd=4820044366 HTTP/1.1" 404 1251 "https://blog.newkolkata.in/item/44366tjvftid.html" "Mozilla/5.0 AppleWebKit/537.36 (KHTML, like Gecko; compatible; GPTBot/1.3; +https://openai.com/gptbot)"
74.7.227.180 - - [06/Feb/2026:07:25:33 -0500] "GET /ctg/search/similarImageSearchResultView/?ctgItemCd=7354269491 HTTP/1.1" 404 1251 "https://blog.newkolkata.in/getid/69491tjvfitems.htm" "Mozilla/5.0 AppleWebKit/537.36 (KHTML, like Gecko; compatible; GPTBot/1.3; +https://openai.com/gptbot)"
74.7.227.180 - - [06/Feb/2026:07:25:36 -0500] "GET /ctg/search/similarImageSearchResultView/?ctgItemCd=3751633482 HTTP/1.1" 404 1251 "https://blog.newkolkata.in/ite/33482sejmtidm4684.html" "Mozilla/5.0 AppleWebKit/537.36 (KHTML, like Gecko; compatible; GPTBot/1.3; +https://openai.com/gptbot)"
185.191.171.4 - - [06/Feb/2026:07:25:37 -0500] "GET /get/70461pcywitems.htm HTTP/1.1" 404 1251 "-" "Mozilla/5.0 (compatible; SemrushBot/7~bl; +http://www.semrush.com/bot.html)"
74.7.227.180 - - [06/Feb/2026:07:25:39 -0500] "GET /ctg/search/similarImageSearchResultView/?ctgItemCd=6327959782 HTTP/1.1" 404 1251 "https://blog.newkolkata.in/get/59782zslyitems" "Mozilla/5.0 AppleWebKit/537.36 (KHTML, like Gecko; compatible; GPTBot/1.3; +https://openai.com/gptbot)"
74.7.227.180 - - [06/Feb/2026:07:25:43 -0500] "GET /ctg/search/similarImageSearchResultView/?ctgItemCd=2635122185 HTTP/1.1" 404 1251 "https://blog.newkolkata.in/getidm/22185mvrvitems.htm" "Mozilla/5.0 AppleWebKit/537.36 (KHTML, like Gecko; compatible; GPTBot/1.3; +https://openai.com/gptbot)"
74.7.227.180 - - [06/Feb/2026:07:25:46 -0500] "GET /ctg/search/similarImageSearchResultView/?ctgItemCd=1652912686 HTTP/1.1" 404 1251 "https://blog.newkolkata.in/item/12686pcywtid.html" "Mozilla/5.0 AppleWebKit/537.36 (KHTML, like Gecko; compatible; GPTBot/1.3; +https://openai.com/gptbot)"
74.7.227.180 - - [06/Feb/2026:07:25:49 -0500] "GET /ctg/search/similarImageSearchResultView/?ctgItemCd=8425380361 HTTP/1.1" 404 1251 "https://blog.newkolkata.in/getidm32/80361mvrvitems" "Mozilla/5.0 AppleWebKit/537.36 (KHTML, like Gecko; compatible; GPTBot/1.3; +https://openai.com/gptbot)"
74.7.227.180 - - [06/Feb/2026:07:25:52 -0500] "GET /ctg/search/similarImageSearchResultView/?ctgItemCd=8052876386 HTTP/1.1" 404 1251 "https://blog.newkolkata.in/getidm/76386jahtitems.htm" "Mozilla/5.0 AppleWebKit/537.36 (KHTML, like Gecko; compatible; GPTBot/1.3; +https://openai.com/gptbot)"
74.7.227.180 - - [06/Feb/2026:07:25:55 -0500] "GET /ctg/search/similarImageSearchResultView/?ctgItemCd=9367389905 HTTP/1.1" 404 1251 "https://blog.newkolkata.in/getidm/89905kairitems" "Mozilla/5.0 AppleWebKit/537.36 (KHTML, like Gecko; compatible; GPTBot/1.3; +https://openai.com/gptbot)"
85.208.96.206 - - [06/Feb/2026:07:25:56 -0500] "GET /getidm/231601sejmitems HTTP/1.1" 404 1251 "-" "Mozilla/5.0 (compatible; SemrushBot/7~bl; +http://www.semrush.com/bot.html)"
185.191.171.8 - - [06/Feb/2026:07:25:58 -0500] "GET /get/219910tjvfitems HTTP/1.1" 404 1251 "-" "Mozilla/5.0 (compatible; SemrushBot/7~bl; +http://www.semrush.com/bot.html)"
74.7.227.180 - - [06/Feb/2026:07:25:58 -0500] "GET /ctg/search/similarImageSearchResultView/?ctgItemCd=2852324371 HTTP/1.1" 404 1251 "https://blog.newkolkata.in/item/24371ulgptidm7954.html" "Mozilla/5.0 AppleWebKit/537.36 (KHTML, like Gecko; compatible; GPTBot/1.3; +https://openai.com/gptbot)"
85.208.96.200 - - [06/Feb/2026:07:25:59 -0500] "GET /item/235046sejmtid.html HTTP/1.1" 404 1251 "-" "Mozilla/5.0 (compatible; SemrushBot/7~bl; +http://www.semrush.com/bot.html)"
185.191.171.5 - - [06/Feb/2026:07:26:01 -0500] "GET /getid/238864ccoyitems HTTP/1.1" 404 1251 "-" "Mozilla/5.0 (compatible; SemrushBot/7~bl; +http://www.semrush.com/bot.html)"
74.7.227.180 - - [06/Feb/2026:07:26:02 -0500] "GET /ctg/search/similarImageSearchResultView/?ctgItemCd=8317279480 HTTP/1.1" 404 1251 "https://blog.newkolkata.in/getid/79480mvrvitems" "Mozilla/5.0 AppleWebKit/537.36 (KHTML, like Gecko; compatible; GPTBot/1.3; +https://openai.com/gptbot)"
185.191.171.15 - - [06/Feb/2026:07:26:04 -0500] "GET /items/76574jahttid.html HTTP/1.1" 404 1251 "-" "Mozilla/5.0 (compatible; SemrushBot/7~bl; +http://www.semrush.com/bot.html)"
74.7.227.180 - - [06/Feb/2026:07:26:05 -0500] "GET /ctg/search/similarImageSearchResultView/?ctgItemCd=2320819615 HTTP/1.1" 404 1251 "https://blog.newkolkata.in/geti/19615zslyitems" "Mozilla/5.0 AppleWebKit/537.36 (KHTML, like Gecko; compatible; GPTBot/1.3; +https://openai.com/gptbot)"
74.7.227.180 - - [06/Feb/2026:07:26:08 -0500] "GET /ctg/search/similarImageSearchResultView/?ctgItemCd=5626852199 HTTP/1.1" 404 1251 "https://blog.newkolkata.in/item/52199zslytidm30.html" "Mozilla/5.0 AppleWebKit/537.36 (KHTML, like Gecko; compatible; GPTBot/1.3; +https://openai.com/gptbot)"
74.7.227.180 - - [06/Feb/2026:07:26:11 -0500] "GET /ctg/search/similarImageSearchResultView/?ctgItemCd=3811834286 HTTP/1.1" 404 1251 "https://blog.newkolkata.in/item/34286ulgptid.html" "Mozilla/5.0 AppleWebKit/537.36 (KHTML, like Gecko; compatible; GPTBot/1.3; +https://openai.com/gptbot)"
85.208.96.201 - - [06/Feb/2026:07:26:12 -0500] "GET /get/60526sejmitems HTTP/1.1" 404 1251 "-" "Mozilla/5.0 (compatible; SemrushBot/7~bl; +http://www.semrush.com/bot.html)"
74.7.227.180 - - [06/Feb/2026:07:26:14 -0500] "GET /ctg/search/similarImageSearchResultView/?ctgItemCd=8033576391 HTTP/1.1" 404 1251 "https://blog.newkolkata.in/item/76391ulgptidm.html" "Mozilla/5.0 AppleWebKit/537.36 (KHTML, like Gecko; compatible; GPTBot/1.3; +https://openai.com/gptbot)"
74.7.227.180 - - [06/Feb/2026:07:26:17 -0500] "GET /ctg/search/similarImageSearchResultView/?ctgItemCd=5095947098 HTTP/1.1" 404 1251 "https://blog.newkolkata.in/getidm5/47098zslyitems" "Mozilla/5.0 AppleWebKit/537.36 (KHTML, like Gecko; compatible; GPTBot/1.3; +https://openai.com/gptbot)"
74.7.227.180 - - [06/Feb/2026:07:26:20 -0500] "GET /ctg/search/similarImageSearchResultView/?ctgItemCd=4933245461 HTTP/1.1" 404 1251 "https://blog.newkolkata.in/getidm46/45461sejmitems" "Mozilla/5.0 AppleWebKit/537.36 (KHTML, like Gecko; compatible; GPTBot/1.3; +https://openai.com/gptbot)"
74.7.227.180 - - [06/Feb/2026:07:26:23 -0500] "GET /ctg/search/similarImageSearchResultView/?ctgItemCd=1884514906 HTTP/1.1" 404 1251 "https://blog.newkolkata.in/ite/14906ulgptidm59.html" "Mozilla/5.0 AppleWebKit/537.36 (KHTML, like Gecko; compatible; GPTBot/1.3; +https://openai.com/gptbot)"
185.191.171.16 - - [06/Feb/2026:07:26:24 -0500] "GET /robots.txt HTTP/1.1" 200 281 "-" "Mozilla/5.0 (compatible; SemrushBot/7~bl; +http://www.semrush.com/bot.html)"
85.208.96.211 - - [06/Feb/2026:07:26:24 -0500] "GET /getidm1/48658ulgpitems HTTP/1.1" 404 1251 "-" "Mozilla/5.0 (compatible; SemrushBot/7~bl; +http://www.semrush.com/bot.html)"
74.7.227.180 - - [06/Feb/2026:07:26:26 -0500] "GET /ctg/search/similarImageSearchResultView/?ctgItemCd=4209038266 HTTP/1.1" 404 1251 "https://blog.newkolkata.in/getidm7/38266ccoyitems" "Mozilla/5.0 AppleWebKit/537.36 (KHTML, like Gecko; compatible; GPTBot/1.3; +https://openai.com/gptbot)"
74.7.227.180 - - [06/Feb/2026:07:26:30 -0500] "GET /ctg/search/similarImageSearchResultView/?ctgItemCd=8487380918 HTTP/1.1" 404 1251 "https://blog.newkolkata.in/getidm129/80918mvrvitems" "Mozilla/5.0 AppleWebKit/537.36 (KHTML, like Gecko; compatible; GPTBot/1.3; +https://openai.com/gptbot)"
74.7.227.180 - - [06/Feb/2026:07:26:33 -0500] "GET /ctg/search/similarImageSearchResultView/?ctgItemCd=3187328081 HTTP/1.1" 404 1251 "https://blog.newkolkata.in/getidm/28081mvrvitems" "Mozilla/5.0 AppleWebKit/537.36 (KHTML, like Gecko; compatible; GPTBot/1.3; +https://openai.com/gptbot)"
74.7.227.180 - - [06/Feb/2026:07:26:36 -0500] "GET /ctg/search/similarImageSearchResultView/?ctgItemCd=6578461972 HTTP/1.1" 404 1251 "https://blog.newkolkata.in/item/61972cejptid.html" "Mozilla/5.0 AppleWebKit/537.36 (KHTML, like Gecko; compatible; GPTBot/1.3; +https://openai.com/gptbot)"
74.7.227.180 - - [06/Feb/2026:07:26:39 -0500] "GET /ctg/search/similarImageSearchResultView/?ctgItemCd=9810594093 HTTP/1.1" 404 1251 "https://blog.newkolkata.in/getidm9067/94093mvrvitems" "Mozilla/5.0 AppleWebKit/537.36 (KHTML, like Gecko; compatible; GPTBot/1.3; +https://openai.com/gptbot)"
74.7.227.180 - - [06/Feb/2026:07:26:42 -0500] "GET /ctg/search/similarImageSearchResultView/?ctgItemCd=6768463482 HTTP/1.1" 404 1251 "https://blog.newkolkata.in/items/63482cejptidm897.html" "Mozilla/5.0 AppleWebKit/537.36 (KHTML, like Gecko; compatible; GPTBot/1.3; +https://openai.com/gptbot)"
185.191.171.2 - - [06/Feb/2026:07:26:43 -0500] "GET /geti/183631pcywitems HTTP/1.1" 404 1251 "-" "Mozilla/5.0 (compatible; SemrushBot/7~bl; +http://www.semrush.com/bot.html)"
74.7.227.180 - - [06/Feb/2026:07:26:46 -0500] "GET /ctg/search/similarImageSearchResultView/?ctgItemCd=5160847396 HTTP/1.1" 404 1251 "https://blog.newkolkata.in/item/47396tjvftidm38354.html" "Mozilla/5.0 AppleWebKit/537.36 (KHTML, like Gecko; compatible; GPTBot/1.3; +https://openai.com/gptbot)"
85.208.96.197 - - [06/Feb/2026:07:26:48 -0500] "GET /geti/31563pcywitems.htm HTTP/1.1" 404 1251 "-" "Mozilla/5.0 (compatible; SemrushBot/7~bl; +http://www.semrush.com/bot.html)"
74.7.227.180 - - [06/Feb/2026:07:26:49 -0500] "GET /ctg/search/similarImageSearchResultView/?ctgItemCd=2213117969 HTTP/1.1" 404 1251 "https://blog.newkolkata.in/items/17969kairtidm99.html" "Mozilla/5.0 AppleWebKit/537.36 (KHTML, like Gecko; compatible; GPTBot/1.3; +https://openai.com/gptbot)"
74.7.227.180 - - [06/Feb/2026:07:26:52 -0500] "GET /ctg/search/similarImageSearchResultView/?ctgItemCd=9151687353 HTTP/1.1" 404 1251 "https://blog.newkolkata.in/items/87353tjvftidm33.html" "Mozilla/5.0 AppleWebKit/537.36 (KHTML, like Gecko; compatible; GPTBot/1.3; +https://openai.com/gptbot)"
74.7.227.180 - - [06/Feb/2026:07:26:55 -0500] "GET /ctg/search/similarImageSearchResultView/?ctgItemCd=6358459615 HTTP/1.1" 404 1251 "https://blog.newkolkata.in/items/59615mvrvtid.html" "Mozilla/5.0 AppleWebKit/537.36 (KHTML, like Gecko; compatible; GPTBot/1.3; +https://openai.com/gptbot)"
74.7.227.180 - - [06/Feb/2026:07:26:58 -0500] "GET /ctg/search/similarImageSearchResultView/?ctgItemCd=2145517998 HTTP/1.1" 404 1251 "https://blog.newkolkata.in/get/17998jahtitems" "Mozilla/5.0 AppleWebKit/537.36 (KHTML, like Gecko; compatible; GPTBot/1.3; +https://openai.com/gptbot)"
74.7.227.180 - - [06/Feb/2026:07:27:01 -0500] "GET /ctg/search/similarImageSearchResultView/?ctgItemCd=8338479056 HTTP/1.1" 404 1251 "https://blog.newkolkata.in/getidm791/79056pcywitems.htm" "Mozilla/5.0 AppleWebKit/537.36 (KHTML, like Gecko; compatible; GPTBot/1.3; +https://openai.com/gptbot)"
85.208.96.207 - - [06/Feb/2026:07:27:04 -0500] "GET /getidm/151776mvrvitems.htm HTTP/1.1" 404 1251 "-" "Mozilla/5.0 (compatible; SemrushBot/7~bl; +http://www.semrush.com/bot.html)"
74.7.227.180 - - [06/Feb/2026:07:27:04 -0500] "GET /ctg/search/similarImageSearchResultView/?ctgItemCd=9547391518 HTTP/1.1" 404 1251 "https://blog.newkolkata.in/geti/91518pcywitems.htm" "Mozilla/5.0 AppleWebKit/537.36 (KHTML, like Gecko; compatible; GPTBot/1.3; +https://openai.com/gptbot)"
