74.7.227.180 - - [06/Feb/2026:11:28:51 -0500] "GET /ctg/search/similarImageSearchResultView/?ctgItemCd=6871864563 HTTP/1.1" 404 1251 "https://blog.newkolkata.in/getidm/64563tjvfitems.htm" "Mozilla/5.0 AppleWebKit/537.36 (KHTML, like Gecko; compatible; GPTBot/1.3; +https://openai.com/gptbot)"
185.191.171.1 - - [06/Feb/2026:11:28:52 -0500] "GET /get/226218zslyitems.htm HTTP/1.1" 404 1251 "-" "Mozilla/5.0 (compatible; SemrushBot/7~bl; +http://www.semrush.com/bot.html)"
74.7.227.180 - - [06/Feb/2026:11:28:54 -0500] "GET /ctg/search/similarImageSearchResultView/?ctgItemCd=6721963162 HTTP/1.1" 404 1251 "https://blog.newkolkata.in/getid/63162mvrvitems.htm" "Mozilla/5.0 AppleWebKit/537.36 (KHTML, like Gecko; compatible; GPTBot/1.3; +https://openai.com/gptbot)"
74.7.227.180 - - [06/Feb/2026:11:28:57 -0500] "GET /ctg/search/similarImageSearchResultView/?ctgItemCd=7492270875 HTTP/1.1" 404 1251 "https://blog.newkolkata.in/getid/70875ulgpitems.htm" "Mozilla/5.0 AppleWebKit/537.36 (KHTML, like Gecko; compatible; GPTBot/1.3; +https://openai.com/gptbot)"
74.7.227.180 - - [06/Feb/2026:11:29:00 -0500] "GET /ctg/search/similarImageSearchResultView/?ctgItemCd=8175477938 HTTP/1.1" 404 1251 "https://blog.newkolkata.in/getidm2/77938cejpitems" "Mozilla/5.0 AppleWebKit/537.36 (KHTML, like Gecko; compatible; GPTBot/1.3; +https://openai.com/gptbot)"
74.7.227.180 - - [06/Feb/2026:11:29:04 -0500] "GET /ctg/search/similarImageSearchResultView/?ctgItemCd=8924885261 HTTP/1.1" 404 1251 "https://blog.newkolkata.in/getidm8117/85261tjvfitems" "Mozilla/5.0 AppleWebKit/537.36 (KHTML, like Gecko; compatible; GPTBot/1.3; +https://openai.com/gptbot)"
74.7.227.180 - - [06/Feb/2026:11:29:07 -0500] "GET /ctg/search/similarImageSearchResultView/?ctgItemCd=1944615610 HTTP/1.1" 404 1251 "https://blog.newkolkata.in/getidm2/15610mvrvitems" "Mozilla/5.0 AppleWebKit/537.36 (KHTML, like Gecko; compatible; GPTBot/1.3; +https://openai.com/gptbot)"
74.7.227.180 - - [06/Feb/2026:11:29:10 -0500] "GET /ctg/search/similarImageSearchResultView/?ctgItemCd=8223178305 HTTP/1.1" 404 1251 "https://blog.newkolkata.in/ite/78305ccoytidm26.html" "Mozilla/5.0 AppleWebKit/537.36 (KHTML, like Gecko; compatible; GPTBot/1.3; +https://openai.com/gptbot)"
185.191.171.18 - - [06/Feb/2026:11:29:13 -0500] "GET /get/71326tjvfitems HTTP/1.1" 404 1251 "-" "Mozilla/5.0 (compatible; SemrushBot/7~bl; +http://www.semrush.com/bot.html)"
74.7.227.180 - - [06/Feb/2026:11:29:13 -0500] "GET /ctg/search/similarImageSearchResultView/?ctgItemCd=3258628451 HTTP/1.1" 404 1251 "https://blog.newkolkata.in/item/28451jahttidm1579.html" "Mozilla/5.0 AppleWebKit/537.36 (KHTML, like Gecko; compatible; GPTBot/1.3; +https://openai.com/gptbot)"
185.191.171.12 - - [06/Feb/2026:11:29:15 -0500] "GET /get/73065ccoyitems.htm HTTP/1.1" 404 1251 "-" "Mozilla/5.0 (compatible; SemrushBot/7~bl; +http://www.semrush.com/bot.html)"
74.7.227.180 - - [06/Feb/2026:11:29:16 -0500] "GET /ctg/search/similarImageSearchResultView/?ctgItemCd=7484071015 HTTP/1.1" 404 1251 "https://blog.newkolkata.in/ite/71015tjvftidm.html" "Mozilla/5.0 AppleWebKit/537.36 (KHTML, like Gecko; compatible; GPTBot/1.3; +https://openai.com/gptbot)"
74.7.227.180 - - [06/Feb/2026:11:29:19 -0500] "GET /ctg/search/similarImageSearchResultView/?ctgItemCd=8654682296 HTTP/1.1" 404 1251 "https://blog.newkolkata.in/getidm25/82296sejmitems.htm" "Mozilla/5.0 AppleWebKit/537.36 (KHTML, like Gecko; compatible; GPTBot/1.3; +https://openai.com/gptbot)"
74.7.227.180 - - [06/Feb/2026:11:29:22 -0500] "GET /ctg/search/similarImageSearchResultView/?ctgItemCd=9077986648 HTTP/1.1" 404 1251 "https://blog.newkolkata.in/items/86648pcywtidm7.html" "Mozilla/5.0 AppleWebKit/537.36 (KHTML, like Gecko; compatible; GPTBot/1.3; +https://openai.com/gptbot)"
74.7.227.180 - - [06/Feb/2026:11:29:26 -0500] "GET /ctg/search/similarImageSearchResultView/?ctgItemCd=1839614469 HTTP/1.1" 404 1251 "https://blog.newkolkata.in/geti/14469kairitems.htm" "Mozilla/5.0 AppleWebKit/537.36 (KHTML, like Gecko; compatible; GPTBot/1.3; +https://openai.com/gptbot)"
74.7.227.180 - - [06/Feb/2026:11:29:29 -0500] "GET /ctg/search/similarImageSearchResultView/?ctgItemCd=8767183701 HTTP/1.1" 404 1251 "https://blog.newkolkata.in/getidm7627/83701kairitems" "Mozilla/5.0 AppleWebKit/537.36 (KHTML, like Gecko; compatible; GPTBot/1.3; +https://openai.com/gptbot)"
74.7.227.180 - - [06/Feb/2026:11:29:32 -0500] "GET /ctg/search/similarImageSearchResultView/?ctgItemCd=9744093153 HTTP/1.1" 404 1251 "https://blog.newkolkata.in/getidm96/93153zslyitems.htm" "Mozilla/5.0 AppleWebKit/537.36 (KHTML, like Gecko; compatible; GPTBot/1.3; +https://openai.com/gptbot)"
85.208.96.210 - - [06/Feb/2026:11:29:33 -0500] "GET /items/30614kairtid.html HTTP/1.1" 404 1251 "-" "Mozilla/5.0 (compatible; SemrushBot/7~bl; +http://www.semrush.com/bot.html)"
74.7.227.180 - - [06/Feb/2026:11:29:35 -0500] "GET /ctg/search/similarImageSearchResultView/?ctgItemCd=6920964881 HTTP/1.1" 404 1251 "https://blog.newkolkata.in/getidm603/64881mvrvitems.htm" "Mozilla/5.0 AppleWebKit/537.36 (KHTML, like Gecko; compatible; GPTBot/1.3; +https://openai.com/gptbot)"
74.7.227.180 - - [06/Feb/2026:11:29:38 -0500] "GET /ctg/search/similarImageSearchResultView/?ctgItemCd=5002845818 HTTP/1.1" 404 1251 "https://blog.newkolkata.in/items/45818kairtidm987.html" "Mozilla/5.0 AppleWebKit/537.36 (KHTML, like Gecko; compatible; GPTBot/1.3; +https://openai.com/gptbot)"
74.7.227.180 - - [06/Feb/2026:11:29:41 -0500] "GET /ctg/search/similarImageSearchResultView/?ctgItemCd=2294018835 HTTP/1.1" 404 1251 "https://blog.newkolkata.in/items/18835sejmtidm8.html" "Mozilla/5.0 AppleWebKit/537.36 (KHTML, like Gecko; compatible; GPTBot/1.3; +https://openai.com/gptbot)"
85.208.96.193 - - [06/Feb/2026:11:29:42 -0500] "GET /getidm2/32458mvrvitems HTTP/1.1" 404 1251 "-" "Mozilla/5.0 (compatible; SemrushBot/7~bl; +http://www.semrush.com/bot.html)"
74.7.227.180 - - [06/Feb/2026:11:29:44 -0500] "GET /ctg/search/similarImageSearchResultView/?ctgItemCd=8579281690 HTTP/1.1" 404 1251 "https://blog.newkolkata.in/items/81690sejmtidm6.html" "Mozilla/5.0 AppleWebKit/537.36 (KHTML, like Gecko; compatible; GPTBot/1.3; +https://openai.com/gptbot)"
74.7.227.180 - - [06/Feb/2026:11:29:47 -0500] "GET /ctg/search/similarImageSearchResultView/?ctgItemCd=7611572559 HTTP/1.1" 404 1251 "https://blog.newkolkata.in/geti/72559jahtitems" "Mozilla/5.0 AppleWebKit/537.36 (KHTML, like Gecko; compatible; GPTBot/1.3; +https://openai.com/gptbot)"
74.7.227.180 - - [06/Feb/2026:11:29:51 -0500] "GET /ctg/search/similarImageSearchResultView/?ctgItemCd=9147187330 HTTP/1.1" 404 1251 "https://blog.newkolkata.in/getidm/87330sejmitems.htm" "Mozilla/5.0 AppleWebKit/537.36 (KHTML, like Gecko; compatible; GPTBot/1.3; +https://openai.com/gptbot)"
74.7.227.180 - - [06/Feb/2026:11:29:54 -0500] "GET /ctg/search/similarImageSearchResultView/?ctgItemCd=9586392117 HTTP/1.1" 404 1251 "https://blog.newkolkata.in/ite/92117zslytid.html" "Mozilla/5.0 AppleWebKit/537.36 (KHTML, like Gecko; compatible; GPTBot/1.3; +https://openai.com/gptbot)"
74.7.227.180 - - [06/Feb/2026:11:29:57 -0500] "GET /ctg/search/similarImageSearchResultView/?ctgItemCd=8751883498 HTTP/1.1" 404 1251 "https://blog.newkolkata.in/getidm2941/83498zslyitems" "Mozilla/5.0 AppleWebKit/537.36 (KHTML, like Gecko; compatible; GPTBot/1.3; +https://openai.com/gptbot)"
74.7.227.180 - - [06/Feb/2026:11:30:00 -0500] "GET /ctg/search/similarImageSearchResultView/?ctgItemCd=7384970057 HTTP/1.1" 404 1251 "https://blog.newkolkata.in/getidm/70057mvrvitems" "Mozilla/5.0 AppleWebKit/537.36 (KHTML, like Gecko; compatible; GPTBot/1.3; +https://openai.com/gptbot)"
74.7.227.180 - - [06/Feb/2026:11:30:03 -0500] "GET /ctg/search/similarImageSearchResultView/?ctgItemCd=9646392750 HTTP/1.1" 404 1251 "https://blog.newkolkata.in/ite/92750ccoytid.html" "Mozilla/5.0 AppleWebKit/537.36 (KHTML, like Gecko; compatible; GPTBot/1.3; +https://openai.com/gptbot)"
74.7.227.180 - - [06/Feb/2026:11:30:06 -0500] "GET /ctg/search/similarImageSearchResultView/?ctgItemCd=2858524296 HTTP/1.1" 404 1251 "https://blog.newkolkata.in/getidm537/24296cejpitems.htm" "Mozilla/5.0 AppleWebKit/537.36 (KHTML, like Gecko; compatible; GPTBot/1.3; +https://openai.com/gptbot)"
66.249.66.203 - - [06/Feb/2026:11:30:07 -0500] "GET /products.php?shop/unqualify/hein9243430766.html HTTP/1.1" 404 1251 "-" "Mozilla/5.0 (Linux; Android 6.0.1; Nexus 5X Build/MMB29P) AppleWebKit/537.36 (KHTML, like Gecko) Chrome/144.0.7559.132 Mobile Safari/537.36 (compatible; Googlebot/2.1; +http://www.google.com/bot.html)"
74.7.227.180 - - [06/Feb/2026:11:30:09 -0500] "GET /ctg/search/similarImageSearchResultView/?ctgItemCd=4037036327 HTTP/1.1" 404 1251 "https://blog.newkolkata.in/getid/36327tjvfitems.htm" "Mozilla/5.0 AppleWebKit/537.36 (KHTML, like Gecko; compatible; GPTBot/1.3; +https://openai.com/gptbot)"
74.7.227.180 - - [06/Feb/2026:11:30:12 -0500] "GET /ctg/search/similarImageSearchResultView/?ctgItemCd=5809953910 HTTP/1.1" 404 1251 "https://blog.newkolkata.in/getidm4/53910ccoyitems.htm" "Mozilla/5.0 AppleWebKit/537.36 (KHTML, like Gecko; compatible; GPTBot/1.3; +https://openai.com/gptbot)"
185.191.171.10 - - [06/Feb/2026:11:30:13 -0500] "GET /getidm1/3634kairitems HTTP/1.1" 404 1251 "-" "Mozilla/5.0 (compatible; SemrushBot/7~bl; +http://www.semrush.com/bot.html)"
85.208.96.197 - - [06/Feb/2026:11:30:15 -0500] "GET /getidm/10225tjvfitems HTTP/1.1" 404 1251 "-" "Mozilla/5.0 (compatible; SemrushBot/7~bl; +http://www.semrush.com/bot.html)"
74.7.227.180 - - [06/Feb/2026:11:30:15 -0500] "GET /ctg/search/similarImageSearchResultView/?ctgItemCd=7287169057 HTTP/1.1" 404 1251 "https://blog.newkolkata.in/ite/69057cejptidm.html" "Mozilla/5.0 AppleWebKit/537.36 (KHTML, like Gecko; compatible; GPTBot/1.3; +https://openai.com/gptbot)"
74.7.227.180 - - [06/Feb/2026:11:30:18 -0500] "GET /ctg/search/similarImageSearchResultView/?ctgItemCd=5231948074 HTTP/1.1" 404 1251 "https://blog.newkolkata.in/items/48074zslytidm568.html" "Mozilla/5.0 AppleWebKit/537.36 (KHTML, like Gecko; compatible; GPTBot/1.3; +https://openai.com/gptbot)"
74.7.227.180 - - [06/Feb/2026:11:30:22 -0500] "GET /ctg/search/similarImageSearchResultView/?ctgItemCd=2169817400 HTTP/1.1" 404 1251 "https://blog.newkolkata.in/getidm355/17400ulgpitems.htm" "Mozilla/5.0 AppleWebKit/537.36 (KHTML, like Gecko; compatible; GPTBot/1.3; +https://openai.com/gptbot)"
74.7.227.180 - - [06/Feb/2026:11:30:25 -0500] "GET /ctg/search/similarImageSearchResultView/?ctgItemCd=8321579528 HTTP/1.1" 404 1251 "https://blog.newkolkata.in/getid/79528pcywitems" "Mozilla/5.0 AppleWebKit/537.36 (KHTML, like Gecko; compatible; GPTBot/1.3; +https://openai.com/gptbot)"
74.7.227.180 - - [06/Feb/2026:11:30:28 -0500] "GET /ctg/search/similarImageSearchResultView/?ctgItemCd=6415260117 HTTP/1.1" 404 1251 "https://blog.newkolkata.in/getid/60117ulgpitems.htm" "Mozilla/5.0 AppleWebKit/537.36 (KHTML, like Gecko; compatible; GPTBot/1.3; +https://openai.com/gptbot)"
74.7.227.180 - - [06/Feb/2026:11:30:31 -0500] "GET /ctg/search/similarImageSearchResultView/?ctgItemCd=2025416415 HTTP/1.1" 404 1251 "https://blog.newkolkata.in/getidm9/16415pcywitems" "Mozilla/5.0 AppleWebKit/537.36 (KHTML, like Gecko; compatible; GPTBot/1.3; +https://openai.com/gptbot)"
74.7.227.180 - - [06/Feb/2026:11:30:34 -0500] "GET /ctg/search/similarImageSearchResultView/?ctgItemCd=8450780266 HTTP/1.1" 404 1251 "https://blog.newkolkata.in/getidm88/80266cejpitems.htm" "Mozilla/5.0 AppleWebKit/537.36 (KHTML, like Gecko; compatible; GPTBot/1.3; +https://openai.com/gptbot)"
74.7.227.180 - - [06/Feb/2026:11:30:37 -0500] "GET /ctg/search/similarImageSearchResultView/?ctgItemCd=9568091527 HTTP/1.1" 404 1251 "https://blog.newkolkata.in/getidm/91527ulgpitems.htm" "Mozilla/5.0 AppleWebKit/537.36 (KHTML, like Gecko; compatible; GPTBot/1.3; +https://openai.com/gptbot)"
74.7.227.180 - - [06/Feb/2026:11:30:40 -0500] "GET /ctg/search/similarImageSearchResultView/?ctgItemCd=6348759384 HTTP/1.1" 404 1251 "https://blog.newkolkata.in/items/59384sejmtidm2.html" "Mozilla/5.0 AppleWebKit/537.36 (KHTML, like Gecko; compatible; GPTBot/1.3; +https://openai.com/gptbot)"
74.7.227.180 - - [06/Feb/2026:11:30:44 -0500] "GET /ctg/search/similarImageSearchResultView/?ctgItemCd=6118057170 HTTP/1.1" 404 1251 "https://blog.newkolkata.in/ite/57170mvrvtidm558.html" "Mozilla/5.0 AppleWebKit/537.36 (KHTML, like Gecko; compatible; GPTBot/1.3; +https://openai.com/gptbot)"
185.191.171.3 - - [06/Feb/2026:11:30:44 -0500] "GET /get/294334tjvfitems HTTP/1.1" 404 1251 "-" "Mozilla/5.0 (compatible; SemrushBot/7~bl; +http://www.semrush.com/bot.html)"
74.7.227.180 - - [06/Feb/2026:11:30:47 -0500] "GET /ctg/search/similarImageSearchResultView/?ctgItemCd=2338019417 HTTP/1.1" 404 1251 "https://blog.newkolkata.in/getidm3002/19417ccoyitems" "Mozilla/5.0 AppleWebKit/537.36 (KHTML, like Gecko; compatible; GPTBot/1.3; +https://openai.com/gptbot)"
85.208.96.204 - - [06/Feb/2026:11:30:48 -0500] "GET /get/16953ulgpitems.htm HTTP/1.1" 404 1251 "-" "Mozilla/5.0 (compatible; SemrushBot/7~bl; +http://www.semrush.com/bot.html)"
74.7.227.180 - - [06/Feb/2026:11:30:50 -0500] "GET /ctg/search/similarImageSearchResultView/?ctgItemCd=6167857434 HTTP/1.1" 404 1251 "https://blog.newkolkata.in/items/57434zslytidm477.html" "Mozilla/5.0 AppleWebKit/537.36 (KHTML, like Gecko; compatible; GPTBot/1.3; +https://openai.com/gptbot)"
85.208.96.212 - - [06/Feb/2026:11:30:51 -0500] "GET /get/30046zslyitems HTTP/1.1" 404 1251 "-" "Mozilla/5.0 (compatible; SemrushBot/7~bl; +http://www.semrush.com/bot.html)"
74.7.227.180 - - [06/Feb/2026:11:30:53 -0500] "GET /ctg/search/similarImageSearchResultView/?ctgItemCd=9052386583 HTTP/1.1" 404 1251 "https://blog.newkolkata.in/geti/86583ccoyitems.htm" "Mozilla/5.0 AppleWebKit/537.36 (KHTML, like Gecko; compatible; GPTBot/1.3; +https://openai.com/gptbot)"
85.208.96.195 - - [06/Feb/2026:11:30:54 -0500] "GET /getid/209944jahtitems HTTP/1.1" 404 1251 "-" "Mozilla/5.0 (compatible; SemrushBot/7~bl; +http://www.semrush.com/bot.html)"
74.7.227.180 - - [06/Feb/2026:11:30:56 -0500] "GET /ctg/search/similarImageSearchResultView/?ctgItemCd=8164177528 HTTP/1.1" 404 1251 "https://blog.newkolkata.in/items/77528ulgptidm3.html" "Mozilla/5.0 AppleWebKit/537.36 (KHTML, like Gecko; compatible; GPTBot/1.3; +https://openai.com/gptbot)"
74.7.227.180 - - [06/Feb/2026:11:31:00 -0500] "GET /ctg/search/similarImageSearchResultView/?ctgItemCd=8219478002 HTTP/1.1" 404 1251 "https://blog.newkolkata.in/items/78002cejptidm587.html" "Mozilla/5.0 AppleWebKit/537.36 (KHTML, like Gecko; compatible; GPTBot/1.3; +https://openai.com/gptbot)"
74.7.227.180 - - [06/Feb/2026:11:31:03 -0500] "GET /ctg/search/similarImageSearchResultView/?ctgItemCd=8022876056 HTTP/1.1" 404 1251 "https://blog.newkolkata.in/getidm/76056mvrvitems.htm" "Mozilla/5.0 AppleWebKit/537.36 (KHTML, like Gecko; compatible; GPTBot/1.3; +https://openai.com/gptbot)"
185.191.171.3 - - [06/Feb/2026:11:31:04 -0500] "GET /get/83796ccoyitems.htm HTTP/1.1" 404 1251 "-" "Mozilla/5.0 (compatible; SemrushBot/7~bl; +http://www.semrush.com/bot.html)"
74.7.227.180 - - [06/Feb/2026:11:31:06 -0500] "GET /ctg/search/similarImageSearchResultView/?ctgItemCd=1604412574 HTTP/1.1" 404 1251 "https://blog.newkolkata.in/get/12574pcywitems" "Mozilla/5.0 AppleWebKit/537.36 (KHTML, like Gecko; compatible; GPTBot/1.3; +https://openai.com/gptbot)"
74.7.227.180 - - [06/Feb/2026:11:31:09 -0500] "GET /ctg/search/similarImageSearchResultView/?ctgItemCd=3716132993 HTTP/1.1" 404 1251 "https://blog.newkolkata.in/items/32993tjvftidm47.html" "Mozilla/5.0 AppleWebKit/537.36 (KHTML, like Gecko; compatible; GPTBot/1.3; +https://openai.com/gptbot)"
74.7.227.180 - - [06/Feb/2026:11:31:12 -0500] "GET /ctg/search/similarImageSearchResultView/?ctgItemCd=5833554266 HTTP/1.1" 404 1251 "https://blog.newkolkata.in/getid/54266zslyitems.htm" "Mozilla/5.0 AppleWebKit/537.36 (KHTML, like Gecko; compatible; GPTBot/1.3; +https://openai.com/gptbot)"
74.7.227.180 - - [06/Feb/2026:11:31:16 -0500] "GET /ctg/search/similarImageSearchResultView/?ctgItemCd=5694652991 HTTP/1.1" 404 1251 "https://blog.newkolkata.in/item/52991pcywtidm.html" "Mozilla/5.0 AppleWebKit/537.36 (KHTML, like Gecko; compatible; GPTBot/1.3; +https://openai.com/gptbot)"
74.7.227.180 - - [06/Feb/2026:11:31:19 -0500] "GET /ctg/search/similarImageSearchResultView/?ctgItemCd=3590131877 HTTP/1.1" 404 1251 "https://blog.newkolkata.in/getid/31877cejpitems.htm" "Mozilla/5.0 AppleWebKit/537.36 (KHTML, like Gecko; compatible; GPTBot/1.3; +https://openai.com/gptbot)"
74.7.227.180 - - [06/Feb/2026:11:31:22 -0500] "GET /ctg/search/similarImageSearchResultView/?ctgItemCd=7524671434 HTTP/1.1" 404 1251 "https://blog.newkolkata.in/getidm8/71434jahtitems" "Mozilla/5.0 AppleWebKit/537.36 (KHTML, like Gecko; compatible; GPTBot/1.3; +https://openai.com/gptbot)"
74.7.227.180 - - [06/Feb/2026:11:31:25 -0500] "GET /ctg/search/similarImageSearchResultView/?ctgItemCd=9782394002 HTTP/1.1" 404 1251 "https://blog.newkolkata.in/get/94002sejmitems.htm" "Mozilla/5.0 AppleWebKit/537.36 (KHTML, like Gecko; compatible; GPTBot/1.3; +https://openai.com/gptbot)"
74.7.227.180 - - [06/Feb/2026:11:31:28 -0500] "GET /ctg/search/similarImageSearchResultView/?ctgItemCd=6270059047 HTTP/1.1" 404 1251 "https://blog.newkolkata.in/getid/59047kairitems" "Mozilla/5.0 AppleWebKit/537.36 (KHTML, like Gecko; compatible; GPTBot/1.3; +https://openai.com/gptbot)"
74.7.227.180 - - [06/Feb/2026:11:31:31 -0500] "GET /ctg/search/similarImageSearchResultView/?ctgItemCd=9355489698 HTTP/1.1" 404 1251 "https://blog.newkolkata.in/getidm3/89698pcywitems" "Mozilla/5.0 AppleWebKit/537.36 (KHTML, like Gecko; compatible; GPTBot/1.3; +https://openai.com/gptbot)"
85.208.96.212 - - [06/Feb/2026:11:31:34 -0500] "GET /getid/280432ccoyitems HTTP/1.1" 404 1251 "-" "Mozilla/5.0 (compatible; SemrushBot/7~bl; +http://www.semrush.com/bot.html)"
74.7.227.180 - - [06/Feb/2026:11:31:35 -0500] "GET /ctg/search/similarImageSearchResultView/?ctgItemCd=8741683606 HTTP/1.1" 404 1251 "https://blog.newkolkata.in/item/83606cejptid.html" "Mozilla/5.0 AppleWebKit/537.36 (KHTML, like Gecko; compatible; GPTBot/1.3; +https://openai.com/gptbot)"
185.191.171.15 - - [06/Feb/2026:11:31:36 -0500] "GET /geti/80047ulgpitems HTTP/1.1" 404 1251 "-" "Mozilla/5.0 (compatible; SemrushBot/7~bl; +http://www.semrush.com/bot.html)"
74.7.227.180 - - [06/Feb/2026:11:31:38 -0500] "GET /ctg/search/similarImageSearchResultView/?ctgItemCd=6962165757 HTTP/1.1" 404 1251 "https://blog.newkolkata.in/get/65757mvrvitems.htm" "Mozilla/5.0 AppleWebKit/537.36 (KHTML, like Gecko; compatible; GPTBot/1.3; +https://openai.com/gptbot)"
74.7.227.180 - - [06/Feb/2026:11:31:41 -0500] "GET /ctg/search/similarImageSearchResultView/?ctgItemCd=5982256041 HTTP/1.1" 404 1251 "https://blog.newkolkata.in/getidm/56041pcywitems" "Mozilla/5.0 AppleWebKit/537.36 (KHTML, like Gecko; compatible; GPTBot/1.3; +https://openai.com/gptbot)"
185.191.171.17 - - [06/Feb/2026:11:31:43 -0500] "GET /geti/11277kairitems.htm HTTP/1.1" 404 1251 "-" "Mozilla/5.0 (compatible; SemrushBot/7~bl; +http://www.semrush.com/bot.html)"
74.7.227.180 - - [06/Feb/2026:11:31:44 -0500] "GET /ctg/search/similarImageSearchResultView/?ctgItemCd=6265358584 HTTP/1.1" 404 1251 "https://blog.newkolkata.in/getid/58584mvrvitems.htm" "Mozilla/5.0 AppleWebKit/537.36 (KHTML, like Gecko; compatible; GPTBot/1.3; +https://openai.com/gptbot)"
74.7.227.180 - - [06/Feb/2026:11:31:47 -0500] "GET /ctg/search/similarImageSearchResultView/?ctgItemCd=6818863992 HTTP/1.1" 404 1251 "https://blog.newkolkata.in/items/63992kairtidm214.html" "Mozilla/5.0 AppleWebKit/537.36 (KHTML, like Gecko; compatible; GPTBot/1.3; +https://openai.com/gptbot)"
74.7.227.180 - - [06/Feb/2026:11:31:51 -0500] "GET /ctg/search/similarImageSearchResultView/?ctgItemCd=8663782694 HTTP/1.1" 404 1251 "https://blog.newkolkata.in/items/82694ccoytid.html" "Mozilla/5.0 AppleWebKit/537.36 (KHTML, like Gecko; compatible; GPTBot/1.3; +https://openai.com/gptbot)"
74.7.227.180 - - [06/Feb/2026:11:31:54 -0500] "GET /ctg/search/similarImageSearchResultView/?ctgItemCd=2469320531 HTTP/1.1" 404 1251 "https://blog.newkolkata.in/item/20531mvrvtidm6853.html" "Mozilla/5.0 AppleWebKit/537.36 (KHTML, like Gecko; compatible; GPTBot/1.3; +https://openai.com/gptbot)"
74.7.227.180 - - [06/Feb/2026:11:31:57 -0500] "GET /ctg/search/similarImageSearchResultView/?ctgItemCd=8907785142 HTTP/1.1" 404 1251 "https://blog.newkolkata.in/items/85142sejmtid.html" "Mozilla/5.0 AppleWebKit/537.36 (KHTML, like Gecko; compatible; GPTBot/1.3; +https://openai.com/gptbot)"
74.7.227.180 - - [06/Feb/2026:11:32:00 -0500] "GET /ctg/search/similarImageSearchResultView/?ctgItemCd=7642472871 HTTP/1.1" 404 1251 "https://blog.newkolkata.in/geti/72871kairitems" "Mozilla/5.0 AppleWebKit/537.36 (KHTML, like Gecko; compatible; GPTBot/1.3; +https://openai.com/gptbot)"
74.7.227.180 - - [06/Feb/2026:11:32:03 -0500] "GET /ctg/search/similarImageSearchResultView/?ctgItemCd=5487450995 HTTP/1.1" 404 1251 "https://blog.newkolkata.in/getidm47/50995ccoyitems" "Mozilla/5.0 AppleWebKit/537.36 (KHTML, like Gecko; compatible; GPTBot/1.3; +https://openai.com/gptbot)"
74.7.227.180 - - [06/Feb/2026:11:32:06 -0500] "GET /ctg/search/similarImageSearchResultView/?ctgItemCd=5727153129 HTTP/1.1" 404 1251 "https://blog.newkolkata.in/items/53129kairtidm73.html" "Mozilla/5.0 AppleWebKit/537.36 (KHTML, like Gecko; compatible; GPTBot/1.3; +https://openai.com/gptbot)"
85.208.96.209 - - [06/Feb/2026:11:32:10 -0500] "GET /getid/49912kairitems HTTP/1.1" 404 1251 "-" "Mozilla/5.0 (compatible; SemrushBot/7~bl; +http://www.semrush.com/bot.html)"
74.7.227.180 - - [06/Feb/2026:11:32:10 -0500] "GET /ctg/search/similarImageSearchResultView/?ctgItemCd=8995686507 HTTP/1.1" 404 1251 "https://blog.newkolkata.in/get/86507jahtitems" "Mozilla/5.0 AppleWebKit/537.36 (KHTML, like Gecko; compatible; GPTBot/1.3; +https://openai.com/gptbot)"
74.7.227.180 - - [06/Feb/2026:11:32:13 -0500] "GET /ctg/search/similarImageSearchResultView/?ctgItemCd=8399079817 HTTP/1.1" 404 1251 "https://blog.newkolkata.in/items/79817tjvftidm46.html" "Mozilla/5.0 AppleWebKit/537.36 (KHTML, like Gecko; compatible; GPTBot/1.3; +https://openai.com/gptbot)"
185.191.171.7 - - [06/Feb/2026:11:32:15 -0500] "GET /getidm/197497zslyitems HTTP/1.1" 404 1251 "-" "Mozilla/5.0 (compatible; SemrushBot/7~bl; +http://www.semrush.com/bot.html)"
74.7.227.180 - - [06/Feb/2026:11:32:16 -0500] "GET /ctg/search/similarImageSearchResultView/?ctgItemCd=9560491472 HTTP/1.1" 404 1251 "https://blog.newkolkata.in/items/91472zslytidm2.html" "Mozilla/5.0 AppleWebKit/537.36 (KHTML, like Gecko; compatible; GPTBot/1.3; +https://openai.com/gptbot)"
74.7.227.180 - - [06/Feb/2026:11:32:19 -0500] "GET /ctg/search/similarImageSearchResultView/?ctgItemCd=7647072919 HTTP/1.1" 404 1251 "https://blog.newkolkata.in/geti/72919cejpitems" "Mozilla/5.0 AppleWebKit/537.36 (KHTML, like Gecko; compatible; GPTBot/1.3; +https://openai.com/gptbot)"
74.7.227.180 - - [06/Feb/2026:11:32:22 -0500] "GET /ctg/search/similarImageSearchResultView/?ctgItemCd=7448370681 HTTP/1.1" 404 1251 "https://blog.newkolkata.in/getidm/70681zslyitems" "Mozilla/5.0 AppleWebKit/537.36 (KHTML, like Gecko; compatible; GPTBot/1.3; +https://openai.com/gptbot)"
74.7.227.180 - - [06/Feb/2026:11:32:25 -0500] "GET /ctg/search/similarImageSearchResultView/?ctgItemCd=6020756373 HTTP/1.1" 404 1251 "https://blog.newkolkata.in/getidm8/56373ulgpitems" "Mozilla/5.0 AppleWebKit/537.36 (KHTML, like Gecko; compatible; GPTBot/1.3; +https://openai.com/gptbot)"
74.7.227.180 - - [06/Feb/2026:11:32:29 -0500] "GET /ctg/search/similarImageSearchResultView/?ctgItemCd=9061886280 HTTP/1.1" 404 1251 "https://blog.newkolkata.in/getidm708/86280zslyitems.htm" "Mozilla/5.0 AppleWebKit/537.36 (KHTML, like Gecko; compatible; GPTBot/1.3; +https://openai.com/gptbot)"
74.7.227.180 - - [06/Feb/2026:11:32:32 -0500] "GET /ctg/search/similarImageSearchResultView/?ctgItemCd=6905165140 HTTP/1.1" 404 1251 "https://blog.newkolkata.in/getidm469/65140cejpitems" "Mozilla/5.0 AppleWebKit/537.36 (KHTML, like Gecko; compatible; GPTBot/1.3; +https://openai.com/gptbot)"
185.191.171.16 - - [06/Feb/2026:11:32:33 -0500] "GET /getidm3/17458cejpitems HTTP/1.1" 404 1251 "-" "Mozilla/5.0 (compatible; SemrushBot/7~bl; +http://www.semrush.com/bot.html)"
74.7.227.180 - - [06/Feb/2026:11:32:35 -0500] "GET /ctg/search/similarImageSearchResultView/?ctgItemCd=7808073764 HTTP/1.1" 404 1251 "https://blog.newkolkata.in/getidm781/73764ulgpitems.htm" "Mozilla/5.0 AppleWebKit/537.36 (KHTML, like Gecko; compatible; GPTBot/1.3; +https://openai.com/gptbot)"
185.191.171.18 - - [06/Feb/2026:11:32:37 -0500] "GET /getidm9/207466jahtitems HTTP/1.1" 404 1251 "-" "Mozilla/5.0 (compatible; SemrushBot/7~bl; +http://www.semrush.com/bot.html)"
74.7.227.180 - - [06/Feb/2026:11:32:38 -0500] "GET /ctg/search/similarImageSearchResultView/?ctgItemCd=3952835187 HTTP/1.1" 404 1251 "https://blog.newkolkata.in/getidm799/35187mvrvitems.htm" "Mozilla/5.0 AppleWebKit/537.36 (KHTML, like Gecko; compatible; GPTBot/1.3; +https://openai.com/gptbot)"
74.7.227.180 - - [06/Feb/2026:11:32:41 -0500] "GET /ctg/search/similarImageSearchResultView/?ctgItemCd=2432620495 HTTP/1.1" 404 1251 "https://blog.newkolkata.in/ite/20495tjvftidm.html" "Mozilla/5.0 AppleWebKit/537.36 (KHTML, like Gecko; compatible; GPTBot/1.3; +https://openai.com/gptbot)"
74.7.227.180 - - [06/Feb/2026:11:32:44 -0500] "GET /ctg/search/similarImageSearchResultView/?ctgItemCd=1866914729 HTTP/1.1" 404 1251 "https://blog.newkolkata.in/getidm397/14729ulgpitems" "Mozilla/5.0 AppleWebKit/537.36 (KHTML, like Gecko; compatible; GPTBot/1.3; +https://openai.com/gptbot)"
74.7.227.180 - - [06/Feb/2026:11:32:48 -0500] "GET /ctg/search/similarImageSearchResultView/?ctgItemCd=5355949622 HTTP/1.1" 404 1251 "https://blog.newkolkata.in/items/49622ccoytid.html" "Mozilla/5.0 AppleWebKit/537.36 (KHTML, like Gecko; compatible; GPTBot/1.3; +https://openai.com/gptbot)"
74.7.227.180 - - [06/Feb/2026:11:32:51 -0500] "GET /ctg/search/similarImageSearchResultView/?ctgItemCd=6202058549 HTTP/1.1" 404 1251 "https://blog.newkolkata.in/get/58549ulgpitems" "Mozilla/5.0 AppleWebKit/537.36 (KHTML, like Gecko; compatible; GPTBot/1.3; +https://openai.com/gptbot)"
74.7.227.180 - - [06/Feb/2026:11:32:54 -0500] "GET /ctg/search/similarImageSearchResultView/?ctgItemCd=1962216039 HTTP/1.1" 404 1251 "https://blog.newkolkata.in/geti/16039mvrvitems" "Mozilla/5.0 AppleWebKit/537.36 (KHTML, like Gecko; compatible; GPTBot/1.3; +https://openai.com/gptbot)"
85.208.96.201 - - [06/Feb/2026:11:32:56 -0500] "GET /get/75963zslyitems.htm HTTP/1.1" 404 1251 "-" "Mozilla/5.0 (compatible; SemrushBot/7~bl; +http://www.semrush.com/bot.html)"
74.7.227.180 - - [06/Feb/2026:11:32:57 -0500] "GET /ctg/search/similarImageSearchResultView/?ctgItemCd=1765613544 HTTP/1.1" 404 1251 "https://blog.newkolkata.in/items/13544pcywtidm3.html" "Mozilla/5.0 AppleWebKit/537.36 (KHTML, like Gecko; compatible; GPTBot/1.3; +https://openai.com/gptbot)"
74.7.227.180 - - [06/Feb/2026:11:33:00 -0500] "GET /ctg/search/similarImageSearchResultView/?ctgItemCd=6635062208 HTTP/1.1" 404 1251 "https://blog.newkolkata.in/items/62208kairtidm75.html" "Mozilla/5.0 AppleWebKit/537.36 (KHTML, like Gecko; compatible; GPTBot/1.3; +https://openai.com/gptbot)"
74.7.227.180 - - [06/Feb/2026:11:33:03 -0500] "GET /ctg/search/similarImageSearchResultView/?ctgItemCd=1700613045 HTTP/1.1" 404 1251 "https://blog.newkolkata.in/getidm2514/13045ccoyitems" "Mozilla/5.0 AppleWebKit/537.36 (KHTML, like Gecko; compatible; GPTBot/1.3; +https://openai.com/gptbot)"
74.7.227.180 - - [06/Feb/2026:11:33:06 -0500] "GET /ctg/search/similarImageSearchResultView/?ctgItemCd=7947975336 HTTP/1.1" 404 1251 "https://blog.newkolkata.in/getidm/75336ccoyitems.htm" "Mozilla/5.0 AppleWebKit/537.36 (KHTML, like Gecko; compatible; GPTBot/1.3; +https://openai.com/gptbot)"
85.208.96.212 - - [06/Feb/2026:11:33:07 -0500] "GET /get/88500cejpitems.htm HTTP/1.1" 404 1251 "-" "Mozilla/5.0 (compatible; SemrushBot/7~bl; +http://www.semrush.com/bot.html)"
74.7.227.180 - - [06/Feb/2026:11:33:09 -0500] "GET /ctg/search/similarImageSearchResultView/?ctgItemCd=5530851074 HTTP/1.1" 404 1251 "https://blog.newkolkata.in/items/51074zslytidm356.html" "Mozilla/5.0 AppleWebKit/537.36 (KHTML, like Gecko; compatible; GPTBot/1.3; +https://openai.com/gptbot)"
185.191.171.18 - - [06/Feb/2026:11:33:12 -0500] "GET /getid/177160ulgpitems HTTP/1.1" 404 1251 "-" "Mozilla/5.0 (compatible; SemrushBot/7~bl; +http://www.semrush.com/bot.html)"
74.7.227.180 - - [06/Feb/2026:11:33:13 -0500] "GET /ctg/search/similarImageSearchResultView/?ctgItemCd=8750483408 HTTP/1.1" 404 1251 "https://blog.newkolkata.in/items/83408sejmtidm1.html" "Mozilla/5.0 AppleWebKit/537.36 (KHTML, like Gecko; compatible; GPTBot/1.3; +https://openai.com/gptbot)"
74.7.227.180 - - [06/Feb/2026:11:33:16 -0500] "GET /ctg/search/similarImageSearchResultView/?ctgItemCd=6370059893 HTTP/1.1" 404 1251 "https://blog.newkolkata.in/getidm/59893mvrvitems" "Mozilla/5.0 AppleWebKit/537.36 (KHTML, like Gecko; compatible; GPTBot/1.3; +https://openai.com/gptbot)"
74.7.227.180 - - [06/Feb/2026:11:33:19 -0500] "GET /ctg/search/similarImageSearchResultView/?ctgItemCd=1825814510 HTTP/1.1" 404 1251 "https://blog.newkolkata.in/getidm/14510kairitems" "Mozilla/5.0 AppleWebKit/537.36 (KHTML, like Gecko; compatible; GPTBot/1.3; +https://openai.com/gptbot)"
185.191.171.7 - - [06/Feb/2026:11:33:21 -0500] "GET /getidm7/78874ulgpitems HTTP/1.1" 404 1251 "-" "Mozilla/5.0 (compatible; SemrushBot/7~bl; +http://www.semrush.com/bot.html)"
74.7.227.180 - - [06/Feb/2026:11:33:22 -0500] "GET /ctg/search/similarImageSearchResultView/?ctgItemCd=8419479896 HTTP/1.1" 404 1251 "https://blog.newkolkata.in/getidm300/79896kairitems.htm" "Mozilla/5.0 AppleWebKit/537.36 (KHTML, like Gecko; compatible; GPTBot/1.3; +https://openai.com/gptbot)"
85.208.96.206 - - [06/Feb/2026:11:33:22 -0500] "GET /get/259894kairitems HTTP/1.1" 404 1251 "-" "Mozilla/5.0 (compatible; SemrushBot/7~bl; +http://www.semrush.com/bot.html)"
74.7.227.180 - - [06/Feb/2026:11:33:25 -0500] "GET /ctg/search/similarImageSearchResultView/?ctgItemCd=4241738569 HTTP/1.1" 404 1251 "https://blog.newkolkata.in/get/38569tjvfitems.htm" "Mozilla/5.0 AppleWebKit/537.36 (KHTML, like Gecko; compatible; GPTBot/1.3; +https://openai.com/gptbot)"
74.7.227.180 - - [06/Feb/2026:11:33:28 -0500] "GET /ctg/search/similarImageSearchResultView/?ctgItemCd=2213817820 HTTP/1.1" 404 1251 "https://blog.newkolkata.in/getidm440/17820mvrvitems.htm" "Mozilla/5.0 AppleWebKit/537.36 (KHTML, like Gecko; compatible; GPTBot/1.3; +https://openai.com/gptbot)"
74.7.227.180 - - [06/Feb/2026:11:33:31 -0500] "GET /ctg/search/similarImageSearchResultView/?ctgItemCd=8546781560 HTTP/1.1" 404 1251 "https://blog.newkolkata.in/ite/81560zslytidm4.html" "Mozilla/5.0 AppleWebKit/537.36 (KHTML, like Gecko; compatible; GPTBot/1.3; +https://openai.com/gptbot)"
74.7.227.180 - - [06/Feb/2026:11:33:35 -0500] "GET /ctg/search/similarImageSearchResultView/?ctgItemCd=9425290568 HTTP/1.1" 404 1251 "https://blog.newkolkata.in/getid/90568pcywitems" "Mozilla/5.0 AppleWebKit/537.36 (KHTML, like Gecko; compatible; GPTBot/1.3; +https://openai.com/gptbot)"
74.7.227.180 - - [06/Feb/2026:11:33:38 -0500] "GET /ctg/search/similarImageSearchResultView/?ctgItemCd=3397829685 HTTP/1.1" 404 1251 "https://blog.newkolkata.in/getidm705/29685cejpitems.htm" "Mozilla/5.0 AppleWebKit/537.36 (KHTML, like Gecko; compatible; GPTBot/1.3; +https://openai.com/gptbot)"
74.7.227.180 - - [06/Feb/2026:11:33:41 -0500] "GET /ctg/search/similarImageSearchResultView/?ctgItemCd=4407540297 HTTP/1.1" 404 1251 "https://blog.newkolkata.in/getidm/40297tjvfitems" "Mozilla/5.0 AppleWebKit/537.36 (KHTML, like Gecko; compatible; GPTBot/1.3; +https://openai.com/gptbot)"
74.7.227.180 - - [06/Feb/2026:11:33:44 -0500] "GET /ctg/search/similarImageSearchResultView/?ctgItemCd=5018146121 HTTP/1.1" 404 1251 "https://blog.newkolkata.in/item/46121mvrvtidm85.html" "Mozilla/5.0 AppleWebKit/537.36 (KHTML, like Gecko; compatible; GPTBot/1.3; +https://openai.com/gptbot)"
52.167.144.23 - - [06/Feb/2026:11:33:44 -0500] "GET /get/40524pcywitems.htm HTTP/1.1" 404 1251 "-" "Mozilla/5.0 AppleWebKit/537.36 (KHTML, like Gecko; compatible; bingbot/2.0; +http://www.bing.com/bingbot.htm) Chrome/116.0.1938.76 Safari/537.36"
66.249.66.13 - - [06/Feb/2026:11:33:45 -0500] "GET /detail.php?products/70990142624 HTTP/1.1" 404 1251 "-" "Mozilla/5.0 (Linux; Android 6.0.1; Nexus 5X Build/MMB29P) AppleWebKit/537.36 (KHTML, like Gecko) Chrome/144.0.7559.132 Mobile Safari/537.36 (compatible; Googlebot/2.1; +http://www.google.com/bot.html)"
74.7.227.180 - - [06/Feb/2026:11:33:47 -0500] "GET /ctg/search/similarImageSearchResultView/?ctgItemCd=8073876553 HTTP/1.1" 404 1251 "https://blog.newkolkata.in/items/76553zslytidm22.html" "Mozilla/5.0 AppleWebKit/537.36 (KHTML, like Gecko; compatible; GPTBot/1.3; +https://openai.com/gptbot)"
74.7.227.180 - - [06/Feb/2026:11:33:50 -0500] "GET /ctg/search/similarImageSearchResultView/?ctgItemCd=2773623391 HTTP/1.1" 404 1251 "https://blog.newkolkata.in/items/23391kairtidm471812.html" "Mozilla/5.0 AppleWebKit/537.36 (KHTML, like Gecko; compatible; GPTBot/1.3; +https://openai.com/gptbot)"
185.191.171.17 - - [06/Feb/2026:11:33:51 -0500] "GET /geti/18631sejmitems HTTP/1.1" 404 1251 "-" "Mozilla/5.0 (compatible; SemrushBot/7~bl; +http://www.semrush.com/bot.html)"
74.7.227.180 - - [06/Feb/2026:11:33:54 -0500] "GET /ctg/search/similarImageSearchResultView/?ctgItemCd=9207588151 HTTP/1.1" 404 1251 "https://blog.newkolkata.in/item/88151kairtidm.html" "Mozilla/5.0 AppleWebKit/537.36 (KHTML, like Gecko; compatible; GPTBot/1.3; +https://openai.com/gptbot)"
74.7.227.180 - - [06/Feb/2026:11:33:57 -0500] "GET /ctg/search/similarImageSearchResultView/?ctgItemCd=3659532268 HTTP/1.1" 404 1251 "https://blog.newkolkata.in/getidm815/32268mvrvitems.htm" "Mozilla/5.0 AppleWebKit/537.36 (KHTML, like Gecko; compatible; GPTBot/1.3; +https://openai.com/gptbot)"
74.7.227.180 - - [06/Feb/2026:11:34:00 -0500] "GET /ctg/search/similarImageSearchResultView/?ctgItemCd=7806174246 HTTP/1.1" 404 1251 "https://blog.newkolkata.in/item/74246jahttid.html" "Mozilla/5.0 AppleWebKit/537.36 (KHTML, like Gecko; compatible; GPTBot/1.3; +https://openai.com/gptbot)"
74.7.227.180 - - [06/Feb/2026:11:34:03 -0500] "GET /ctg/search/similarImageSearchResultView/?ctgItemCd=3023626544 HTTP/1.1" 404 1251 "https://blog.newkolkata.in/getid/26544zslyitems" "Mozilla/5.0 AppleWebKit/537.36 (KHTML, like Gecko; compatible; GPTBot/1.3; +https://openai.com/gptbot)"
74.7.227.180 - - [06/Feb/2026:11:34:06 -0500] "GET /ctg/search/similarImageSearchResultView/?ctgItemCd=3821633906 HTTP/1.1" 404 1251 "https://blog.newkolkata.in/getidm158/33906tjvfitems.htm" "Mozilla/5.0 AppleWebKit/537.36 (KHTML, like Gecko; compatible; GPTBot/1.3; +https://openai.com/gptbot)"
74.7.227.180 - - [06/Feb/2026:11:34:09 -0500] "GET /ctg/search/similarImageSearchResultView/?ctgItemCd=3978436223 HTTP/1.1" 404 1251 "https://blog.newkolkata.in/geti/36223ulgpitems" "Mozilla/5.0 AppleWebKit/537.36 (KHTML, like Gecko; compatible; GPTBot/1.3; +https://openai.com/gptbot)"
185.191.171.1 - - [06/Feb/2026:11:34:09 -0500] "GET /getidm2/22402jahtitems HTTP/1.1" 404 1251 "-" "Mozilla/5.0 (compatible; SemrushBot/7~bl; +http://www.semrush.com/bot.html)"
74.7.227.180 - - [06/Feb/2026:11:34:12 -0500] "GET /ctg/search/similarImageSearchResultView/?ctgItemCd=7388570190 HTTP/1.1" 404 1251 "https://blog.newkolkata.in/ite/70190cejptid.html" "Mozilla/5.0 AppleWebKit/537.36 (KHTML, like Gecko; compatible; GPTBot/1.3; +https://openai.com/gptbot)"
85.208.96.199 - - [06/Feb/2026:11:34:15 -0500] "GET /items/2654kairtid.html HTTP/1.1" 404 1251 "-" "Mozilla/5.0 (compatible; SemrushBot/7~bl; +http://www.semrush.com/bot.html)"
74.7.227.180 - - [06/Feb/2026:11:34:16 -0500] "GET /ctg/search/similarImageSearchResultView/?ctgItemCd=6257758389 HTTP/1.1" 404 1251 "https://blog.newkolkata.in/getidm/58389zslyitems.htm" "Mozilla/5.0 AppleWebKit/537.36 (KHTML, like Gecko; compatible; GPTBot/1.3; +https://openai.com/gptbot)"
74.7.227.180 - - [06/Feb/2026:11:34:19 -0500] "GET /ctg/search/similarImageSearchResultView/?ctgItemCd=6789264240 HTTP/1.1" 404 1251 "https://blog.newkolkata.in/getid/64240sejmitems" "Mozilla/5.0 AppleWebKit/537.36 (KHTML, like Gecko; compatible; GPTBot/1.3; +https://openai.com/gptbot)"
85.208.96.194 - - [06/Feb/2026:11:34:19 -0500] "GET /get/252447cejpitems.htm HTTP/1.1" 404 1251 "-" "Mozilla/5.0 (compatible; SemrushBot/7~bl; +http://www.semrush.com/bot.html)"
74.7.227.180 - - [06/Feb/2026:11:34:22 -0500] "GET /ctg/search/similarImageSearchResultView/?ctgItemCd=4016236032 HTTP/1.1" 404 1251 "https://blog.newkolkata.in/items/36032zslytidm9.html" "Mozilla/5.0 AppleWebKit/537.36 (KHTML, like Gecko; compatible; GPTBot/1.3; +https://openai.com/gptbot)"
74.7.227.180 - - [06/Feb/2026:11:34:25 -0500] "GET /ctg/search/similarImageSearchResultView/?ctgItemCd=7691473012 HTTP/1.1" 404 1251 "https://blog.newkolkata.in/getidm332/73012kairitems" "Mozilla/5.0 AppleWebKit/537.36 (KHTML, like Gecko; compatible; GPTBot/1.3; +https://openai.com/gptbot)"
74.7.227.180 - - [06/Feb/2026:11:34:28 -0500] "GET /ctg/search/similarImageSearchResultView/?ctgItemCd=5683752629 HTTP/1.1" 404 1251 "https://blog.newkolkata.in/getidm7/52629ulgpitems.htm" "Mozilla/5.0 AppleWebKit/537.36 (KHTML, like Gecko; compatible; GPTBot/1.3; +https://openai.com/gptbot)"
74.7.227.180 - - [06/Feb/2026:11:34:31 -0500] "GET /ctg/search/similarImageSearchResultView/?ctgItemCd=7403269690 HTTP/1.1" 404 1251 "https://blog.newkolkata.in/getidm274/69690zslyitems.htm" "Mozilla/5.0 AppleWebKit/537.36 (KHTML, like Gecko; compatible; GPTBot/1.3; +https://openai.com/gptbot)"
74.7.227.180 - - [06/Feb/2026:11:34:35 -0500] "GET /ctg/search/similarImageSearchResultView/?ctgItemCd=7160267699 HTTP/1.1" 404 1251 "https://blog.newkolkata.in/getidm68/67699tjvfitems" "Mozilla/5.0 AppleWebKit/537.36 (KHTML, like Gecko; compatible; GPTBot/1.3; +https://openai.com/gptbot)"
74.7.227.180 - - [06/Feb/2026:11:34:38 -0500] "GET /ctg/search/similarImageSearchResultView/?ctgItemCd=9617092161 HTTP/1.1" 404 1251 "https://blog.newkolkata.in/getidm7524/92161zslyitems" "Mozilla/5.0 AppleWebKit/537.36 (KHTML, like Gecko; compatible; GPTBot/1.3; +https://openai.com/gptbot)"
74.7.227.180 - - [06/Feb/2026:11:34:41 -0500] "GET /ctg/search/similarImageSearchResultView/?ctgItemCd=8042676570 HTTP/1.1" 404 1251 "https://blog.newkolkata.in/getidm3/76570zslyitems" "Mozilla/5.0 AppleWebKit/537.36 (KHTML, like Gecko; compatible; GPTBot/1.3; +https://openai.com/gptbot)"
74.7.227.180 - - [06/Feb/2026:11:34:44 -0500] "GET /ctg/search/similarImageSearchResultView/?ctgItemCd=7881774453 HTTP/1.1" 404 1251 "https://blog.newkolkata.in/items/74453sejmtidm950924.html" "Mozilla/5.0 AppleWebKit/537.36 (KHTML, like Gecko; compatible; GPTBot/1.3; +https://openai.com/gptbot)"
74.7.227.180 - - [06/Feb/2026:11:34:47 -0500] "GET /ctg/search/similarImageSearchResultView/?ctgItemCd=5882954902 HTTP/1.1" 404 1251 "https://blog.newkolkata.in/items/54902jahttid.html" "Mozilla/5.0 AppleWebKit/537.36 (KHTML, like Gecko; compatible; GPTBot/1.3; +https://openai.com/gptbot)"
85.208.96.209 - - [06/Feb/2026:11:34:50 -0500] "GET /geti/112759cejpitems HTTP/1.1" 404 1251 "-" "Mozilla/5.0 (compatible; SemrushBot/7~bl; +http://www.semrush.com/bot.html)"
74.7.227.180 - - [06/Feb/2026:11:34:51 -0500] "GET /ctg/search/similarImageSearchResultView/?ctgItemCd=8469980701 HTTP/1.1" 404 1251 "https://blog.newkolkata.in/getidm6326/80701mvrvitems" "Mozilla/5.0 AppleWebKit/537.36 (KHTML, like Gecko; compatible; GPTBot/1.3; +https://openai.com/gptbot)"
74.7.227.180 - - [06/Feb/2026:11:34:54 -0500] "GET /ctg/search/similarImageSearchResultView/?ctgItemCd=7305968669 HTTP/1.1" 404 1251 "https://blog.newkolkata.in/items/68669sejmtidm299689.html" "Mozilla/5.0 AppleWebKit/537.36 (KHTML, like Gecko; compatible; GPTBot/1.3; +https://openai.com/gptbot)"
74.7.227.180 - - [06/Feb/2026:11:34:57 -0500] "GET /ctg/search/similarImageSearchResultView/?ctgItemCd=5995756407 HTTP/1.1" 404 1251 "https://blog.newkolkata.in/geti/56407kairitems" "Mozilla/5.0 AppleWebKit/537.36 (KHTML, like Gecko; compatible; GPTBot/1.3; +https://openai.com/gptbot)"
74.7.227.180 - - [06/Feb/2026:11:35:00 -0500] "GET /ctg/search/similarImageSearchResultView/?ctgItemCd=8759283354 HTTP/1.1" 404 1251 "https://blog.newkolkata.in/items/83354zslytidm921.html" "Mozilla/5.0 AppleWebKit/537.36 (KHTML, like Gecko; compatible; GPTBot/1.3; +https://openai.com/gptbot)"
74.7.227.180 - - [06/Feb/2026:11:35:03 -0500] "GET /ctg/search/similarImageSearchResultView/?ctgItemCd=6052356582 HTTP/1.1" 404 1251 "https://blog.newkolkata.in/items/56582sejmtid.html" "Mozilla/5.0 AppleWebKit/537.36 (KHTML, like Gecko; compatible; GPTBot/1.3; +https://openai.com/gptbot)"
74.7.227.180 - - [06/Feb/2026:11:35:06 -0500] "GET /ctg/search/similarImageSearchResultView/?ctgItemCd=2788923940 HTTP/1.1" 404 1251 "https://blog.newkolkata.in/geti/23940pcywitems.htm" "Mozilla/5.0 AppleWebKit/537.36 (KHTML, like Gecko; compatible; GPTBot/1.3; +https://openai.com/gptbot)"
74.7.227.180 - - [06/Feb/2026:11:35:10 -0500] "GET /ctg/search/similarImageSearchResultView/?ctgItemCd=2056516487 HTTP/1.1" 404 1251 "https://blog.newkolkata.in/items/16487mvrvtidm.html" "Mozilla/5.0 AppleWebKit/537.36 (KHTML, like Gecko; compatible; GPTBot/1.3; +https://openai.com/gptbot)"
74.7.227.180 - - [06/Feb/2026:11:35:13 -0500] "GET /ctg/search/similarImageSearchResultView/?ctgItemCd=8994286106 HTTP/1.1" 404 1251 "https://blog.newkolkata.in/get/86106ulgpitems.htm" "Mozilla/5.0 AppleWebKit/537.36 (KHTML, like Gecko; compatible; GPTBot/1.3; +https://openai.com/gptbot)"
74.7.227.180 - - [06/Feb/2026:11:35:16 -0500] "GET /ctg/search/similarImageSearchResultView/?ctgItemCd=1779413929 HTTP/1.1" 404 1251 "https://blog.newkolkata.in/get/13929zslyitems.htm" "Mozilla/5.0 AppleWebKit/537.36 (KHTML, like Gecko; compatible; GPTBot/1.3; +https://openai.com/gptbot)"
85.208.96.202 - - [06/Feb/2026:11:35:18 -0500] "GET /getidm/145393kairitems HTTP/1.1" 404 1251 "-" "Mozilla/5.0 (compatible; SemrushBot/7~bl; +http://www.semrush.com/bot.html)"
74.7.227.180 - - [06/Feb/2026:11:35:19 -0500] "GET /ctg/search/similarImageSearchResultView/?ctgItemCd=7640972360 HTTP/1.1" 404 1251 "https://blog.newkolkata.in/getid/72360pcywitems.htm" "Mozilla/5.0 AppleWebKit/537.36 (KHTML, like Gecko; compatible; GPTBot/1.3; +https://openai.com/gptbot)"
85.208.96.196 - - [06/Feb/2026:11:35:21 -0500] "GET /geti/221359ccoyitems HTTP/1.1" 404 1251 "-" "Mozilla/5.0 (compatible; SemrushBot/7~bl; +http://www.semrush.com/bot.html)"
74.7.227.180 - - [06/Feb/2026:11:35:22 -0500] "GET /ctg/search/similarImageSearchResultView/?ctgItemCd=6537461425 HTTP/1.1" 404 1251 "https://blog.newkolkata.in/geti/61425pcywitems.htm" "Mozilla/5.0 AppleWebKit/537.36 (KHTML, like Gecko; compatible; GPTBot/1.3; +https://openai.com/gptbot)"
85.208.96.205 - - [06/Feb/2026:11:35:23 -0500] "GET /get/29889ccoyitems.htm HTTP/1.1" 404 1251 "-" "Mozilla/5.0 (compatible; SemrushBot/7~bl; +http://www.semrush.com/bot.html)"
74.7.227.180 - - [06/Feb/2026:11:35:25 -0500] "GET /ctg/search/similarImageSearchResultView/?ctgItemCd=2246618508 HTTP/1.1" 404 1251 "https://blog.newkolkata.in/getidm327/18508zslyitems" "Mozilla/5.0 AppleWebKit/537.36 (KHTML, like Gecko; compatible; GPTBot/1.3; +https://openai.com/gptbot)"
74.7.227.180 - - [06/Feb/2026:11:35:29 -0500] "GET /ctg/search/similarImageSearchResultView/?ctgItemCd=3308928952 HTTP/1.1" 404 1251 "https://blog.newkolkata.in/items/28952zslytidm4.html" "Mozilla/5.0 AppleWebKit/537.36 (KHTML, like Gecko; compatible; GPTBot/1.3; +https://openai.com/gptbot)"
74.7.227.180 - - [06/Feb/2026:11:35:32 -0500] "GET /ctg/search/similarImageSearchResultView/?ctgItemCd=1548011523 HTTP/1.1" 404 1251 "https://blog.newkolkata.in/getidm2473/11523jahtitems" "Mozilla/5.0 AppleWebKit/537.36 (KHTML, like Gecko; compatible; GPTBot/1.3; +https://openai.com/gptbot)"
74.7.227.180 - - [06/Feb/2026:11:35:35 -0500] "GET /ctg/search/similarImageSearchResultView/?ctgItemCd=8006275818 HTTP/1.1" 404 1251 "https://blog.newkolkata.in/items/75818zslytidm228.html" "Mozilla/5.0 AppleWebKit/537.36 (KHTML, like Gecko; compatible; GPTBot/1.3; +https://openai.com/gptbot)"
85.208.96.202 - - [06/Feb/2026:11:35:35 -0500] "GET /item/67166tjvftid.html HTTP/1.1" 404 1251 "-" "Mozilla/5.0 (compatible; SemrushBot/7~bl; +http://www.semrush.com/bot.html)"
74.7.227.180 - - [06/Feb/2026:11:35:38 -0500] "GET /ctg/search/similarImageSearchResultView/?ctgItemCd=4399039845 HTTP/1.1" 404 1251 "https://blog.newkolkata.in/ite/39845jahttidm609858.html" "Mozilla/5.0 AppleWebKit/537.36 (KHTML, like Gecko; compatible; GPTBot/1.3; +https://openai.com/gptbot)"
74.7.227.180 - - [06/Feb/2026:11:35:41 -0500] "GET /ctg/search/similarImageSearchResultView/?ctgItemCd=7296569003 HTTP/1.1" 404 1251 "https://blog.newkolkata.in/getidm1635/69003jahtitems" "Mozilla/5.0 AppleWebKit/537.36 (KHTML, like Gecko; compatible; GPTBot/1.3; +https://openai.com/gptbot)"
74.7.227.180 - - [06/Feb/2026:11:35:44 -0500] "GET /ctg/search/similarImageSearchResultView/?ctgItemCd=2459820512 HTTP/1.1" 404 1251 "https://blog.newkolkata.in/item/20512sejmtidm986.html" "Mozilla/5.0 AppleWebKit/537.36 (KHTML, like Gecko; compatible; GPTBot/1.3; +https://openai.com/gptbot)"
74.7.227.180 - - [06/Feb/2026:11:35:47 -0500] "GET /ctg/search/similarImageSearchResultView/?ctgItemCd=8723582941 HTTP/1.1" 404 1251 "https://blog.newkolkata.in/items/82941mvrvtidm7847.html" "Mozilla/5.0 AppleWebKit/537.36 (KHTML, like Gecko; compatible; GPTBot/1.3; +https://openai.com/gptbot)"
74.7.227.180 - - [06/Feb/2026:11:35:51 -0500] "GET /ctg/search/similarImageSearchResultView/?ctgItemCd=4117237591 HTTP/1.1" 404 1251 "https://blog.newkolkata.in/geti/37591pcywitems" "Mozilla/5.0 AppleWebKit/537.36 (KHTML, like Gecko; compatible; GPTBot/1.3; +https://openai.com/gptbot)"
85.208.96.193 - - [06/Feb/2026:11:35:52 -0500] "GET /geti/3969kairitems.htm HTTP/1.1" 404 1251 "-" "Mozilla/5.0 (compatible; SemrushBot/7~bl; +http://www.semrush.com/bot.html)"
74.7.227.180 - - [06/Feb/2026:11:35:54 -0500] "GET /ctg/search/similarImageSearchResultView/?ctgItemCd=6545061903 HTTP/1.1" 404 1251 "https://blog.newkolkata.in/geti/61903kairitems" "Mozilla/5.0 AppleWebKit/537.36 (KHTML, like Gecko; compatible; GPTBot/1.3; +https://openai.com/gptbot)"
185.191.171.14 - - [06/Feb/2026:11:35:54 -0500] "GET /get/38038jahtitems HTTP/1.1" 404 1251 "-" "Mozilla/5.0 (compatible; SemrushBot/7~bl; +http://www.semrush.com/bot.html)"
74.7.227.180 - - [06/Feb/2026:11:35:57 -0500] "GET /ctg/search/similarImageSearchResultView/?ctgItemCd=8696283494 HTTP/1.1" 404 1251 "https://blog.newkolkata.in/get/83494ulgpitems" "Mozilla/5.0 AppleWebKit/537.36 (KHTML, like Gecko; compatible; GPTBot/1.3; +https://openai.com/gptbot)"
74.7.227.180 - - [06/Feb/2026:11:36:00 -0500] "GET /ctg/search/similarImageSearchResultView/?ctgItemCd=4607741825 HTTP/1.1" 404 1251 "https://blog.newkolkata.in/items/41825sejmtidm3409.html" "Mozilla/5.0 AppleWebKit/537.36 (KHTML, like Gecko; compatible; GPTBot/1.3; +https://openai.com/gptbot)"
74.7.227.180 - - [06/Feb/2026:11:36:03 -0500] "GET /ctg/search/similarImageSearchResultView/?ctgItemCd=5648752563 HTTP/1.1" 404 1251 "https://blog.newkolkata.in/geti/52563jahtitems.htm" "Mozilla/5.0 AppleWebKit/537.36 (KHTML, like Gecko; compatible; GPTBot/1.3; +https://openai.com/gptbot)"
74.7.227.180 - - [06/Feb/2026:11:36:06 -0500] "GET /ctg/search/similarImageSearchResultView/?ctgItemCd=8200377921 HTTP/1.1" 404 1251 "https://blog.newkolkata.in/item/77921zslytidm88.html" "Mozilla/5.0 AppleWebKit/537.36 (KHTML, like Gecko; compatible; GPTBot/1.3; +https://openai.com/gptbot)"
74.7.227.180 - - [06/Feb/2026:11:36:09 -0500] "GET /ctg/search/similarImageSearchResultView/?ctgItemCd=7155767448 HTTP/1.1" 404 1251 "https://blog.newkolkata.in/items/67448sejmtidm8.html" "Mozilla/5.0 AppleWebKit/537.36 (KHTML, like Gecko; compatible; GPTBot/1.3; +https://openai.com/gptbot)"
74.7.227.180 - - [06/Feb/2026:11:36:12 -0500] "GET /ctg/search/similarImageSearchResultView/?ctgItemCd=9611792152 HTTP/1.1" 404 1251 "https://blog.newkolkata.in/geti/92152zslyitems.htm" "Mozilla/5.0 AppleWebKit/537.36 (KHTML, like Gecko; compatible; GPTBot/1.3; +https://openai.com/gptbot)"
74.7.227.180 - - [06/Feb/2026:11:36:16 -0500] "GET /ctg/search/similarImageSearchResultView/?ctgItemCd=7026966331 HTTP/1.1" 404 1251 "https://blog.newkolkata.in/getidm415/66331pcywitems" "Mozilla/5.0 AppleWebKit/537.36 (KHTML, like Gecko; compatible; GPTBot/1.3; +https://openai.com/gptbot)"
74.7.227.180 - - [06/Feb/2026:11:36:19 -0500] "GET /ctg/search/similarImageSearchResultView/?ctgItemCd=3829334735 HTTP/1.1" 404 1251 "https://blog.newkolkata.in/geti/34735sejmitems" "Mozilla/5.0 AppleWebKit/537.36 (KHTML, like Gecko; compatible; GPTBot/1.3; +https://openai.com/gptbot)"
85.208.96.194 - - [06/Feb/2026:11:36:19 -0500] "GET /ite/216230ccoytid.html HTTP/1.1" 404 1251 "-" "Mozilla/5.0 (compatible; SemrushBot/7~bl; +http://www.semrush.com/bot.html)"
74.7.227.180 - - [06/Feb/2026:11:36:22 -0500] "GET /ctg/search/similarImageSearchResultView/?ctgItemCd=8455780735 HTTP/1.1" 404 1251 "https://blog.newkolkata.in/ite/80735ccoytidm.html" "Mozilla/5.0 AppleWebKit/537.36 (KHTML, like Gecko; compatible; GPTBot/1.3; +https://openai.com/gptbot)"
74.7.227.180 - - [06/Feb/2026:11:36:25 -0500] "GET /ctg/search/similarImageSearchResultView/?ctgItemCd=4008036535 HTTP/1.1" 404 1251 "https://blog.newkolkata.in/geti/36535cejpitems" "Mozilla/5.0 AppleWebKit/537.36 (KHTML, like Gecko; compatible; GPTBot/1.3; +https://openai.com/gptbot)"
85.208.96.200 - - [06/Feb/2026:11:36:25 -0500] "GET /getidm/185449zslyitems HTTP/1.1" 404 1251 "-" "Mozilla/5.0 (compatible; SemrushBot/7~bl; +http://www.semrush.com/bot.html)"
