KOK - MANAGER
Edit File: blogs.e-marketing.io-ssl_log
74.7.227.180 - - [06/Feb/2026:07:02:13 -0500] "GET /ctg/search/similarImageSearchResultView/?ctgItemCd=8912285247 HTTP/1.1" 404 1251 "https://blog.newkolkata.in/ite/85247kairtidm9.html" "Mozilla/5.0 AppleWebKit/537.36 (KHTML, like Gecko; compatible; GPTBot/1.3; +https://openai.com/gptbot)"
74.7.227.180 - - [06/Feb/2026:07:02:17 -0500] "GET /ctg/search/similarImageSearchResultView/?ctgItemCd=9438690081 HTTP/1.1" 404 1251 "https://blog.newkolkata.in/getidm888/90081ccoyitems.htm" "Mozilla/5.0 AppleWebKit/537.36 (KHTML, like Gecko; compatible; GPTBot/1.3; +https://openai.com/gptbot)"
74.7.227.180 - - [06/Feb/2026:07:02:20 -0500] "GET /ctg/search/similarImageSearchResultView/?ctgItemCd=1893915126 HTTP/1.1" 404 1251 "https://blog.newkolkata.in/get/15126jahtitems.htm" "Mozilla/5.0 AppleWebKit/537.36 (KHTML, like Gecko; compatible; GPTBot/1.3; +https://openai.com/gptbot)"
66.249.66.74 - - [06/Feb/2026:07:02:20 -0500] "GET /geti/200340mvrvitems.htm HTTP/1.1" 404 1251 "-" "Mozilla/5.0 (Linux; Android 6.0.1; Nexus 5X Build/MMB29P) AppleWebKit/537.36 (KHTML, like Gecko) Chrome/144.0.7559.132 Mobile Safari/537.36 (compatible; Googlebot/2.1; +http://www.google.com/bot.html)"
74.7.227.180 - - [06/Feb/2026:07:02:23 -0500] "GET /ctg/search/similarImageSearchResultView/?ctgItemCd=7620972254 HTTP/1.1" 404 1251 "https://blog.newkolkata.in/items/72254pcywtid.html" "Mozilla/5.0 AppleWebKit/537.36 (KHTML, like Gecko; compatible; GPTBot/1.3; +https://openai.com/gptbot)"
185.191.171.8 - - [06/Feb/2026:07:02:23 -0500] "GET /getidm/13029sejmitems.htm HTTP/1.1" 404 1251 "-" "Mozilla/5.0 (compatible; SemrushBot/7~bl; +http://www.semrush.com/bot.html)"
37.120.155.18 - - [06/Feb/2026:07:02:11 -0500] "POST /wp-admin/admin-ajax.php HTTP/1.1" 200 98 "https://blog.newkolkata.in/wp-admin/post-new.php" "Mozilla/5.0 (Windows NT 10.0; Win64; x64) AppleWebKit/537.36 (KHTML, like Gecko) Chrome/143.0.0.0 Safari/537.36"
74.7.227.180 - - [06/Feb/2026:07:02:26 -0500] "GET /ctg/search/similarImageSearchResultView/?ctgItemCd=8570981408 HTTP/1.1" 404 1251 "https://blog.newkolkata.in/getidm863/81408ccoyitems.htm" "Mozilla/5.0 AppleWebKit/537.36 (KHTML, like Gecko; compatible; GPTBot/1.3; +https://openai.com/gptbot)"
85.208.96.209 - - [06/Feb/2026:07:02:26 -0500] "GET /get/31774ccoyitems HTTP/1.1" 404 1251 "-" "Mozilla/5.0 (compatible; SemrushBot/7~bl; +http://www.semrush.com/bot.html)"
74.7.227.180 - - [06/Feb/2026:07:02:29 -0500] "GET /ctg/search/similarImageSearchResultView/?ctgItemCd=5783254004 HTTP/1.1" 404 1251 "https://blog.newkolkata.in/get/54004ulgpitems.htm" "Mozilla/5.0 AppleWebKit/537.36 (KHTML, like Gecko; compatible; GPTBot/1.3; +https://openai.com/gptbot)"
74.7.227.180 - - [06/Feb/2026:07:02:32 -0500] "GET /ctg/search/similarImageSearchResultView/?ctgItemCd=1690813264 HTTP/1.1" 404 1251 "https://blog.newkolkata.in/getid/13264kairitems" "Mozilla/5.0 AppleWebKit/537.36 (KHTML, like Gecko; compatible; GPTBot/1.3; +https://openai.com/gptbot)"
85.208.96.207 - - [06/Feb/2026:07:02:32 -0500] "GET /geti/33895sejmitems HTTP/1.1" 404 1251 "-" "Mozilla/5.0 (compatible; SemrushBot/7~bl; +http://www.semrush.com/bot.html)"
66.249.66.194 - - [06/Feb/2026:07:02:34 -0500] "GET /get/273190jahtitems HTTP/1.1" 404 1251 "-" "Mozilla/5.0 (Linux; Android 6.0.1; Nexus 5X Build/MMB29P) AppleWebKit/537.36 (KHTML, like Gecko) Chrome/144.0.7559.132 Mobile Safari/537.36 (compatible; Googlebot/2.1; +http://www.google.com/bot.html)"
74.7.227.180 - - [06/Feb/2026:07:02:35 -0500] "GET /ctg/search/similarImageSearchResultView/?ctgItemCd=8125677025 HTTP/1.1" 404 1251 "https://blog.newkolkata.in/getidm11/77025kairitems.htm" "Mozilla/5.0 AppleWebKit/537.36 (KHTML, like Gecko; compatible; GPTBot/1.3; +https://openai.com/gptbot)"
85.208.96.206 - - [06/Feb/2026:07:02:36 -0500] "GET /getidm3/212914tjvfitems HTTP/1.1" 404 1251 "-" "Mozilla/5.0 (compatible; SemrushBot/7~bl; +http://www.semrush.com/bot.html)"
198.54.126.162 - - [06/Feb/2026:07:02:36 -0500] "POST /wp-cron.php?doing_wp_cron=1770379356.7042779922485351562500 HTTP/1.1" 200 0 "-" "WordPress/6.9.1; https://blog.newkolkata.in"
37.120.155.18 - - [06/Feb/2026:07:02:25 -0500] "POST /wp-admin/admin-ajax.php HTTP/1.1" 200 98 "https://blog.newkolkata.in/wp-admin/post-new.php" "Mozilla/5.0 (Windows NT 10.0; Win64; x64) AppleWebKit/537.36 (KHTML, like Gecko) Chrome/143.0.0.0 Safari/537.36"
74.7.227.180 - - [06/Feb/2026:07:02:38 -0500] "GET /ctg/search/similarImageSearchResultView/?ctgItemCd=1669312589 HTTP/1.1" 404 1251 "https://blog.newkolkata.in/item/12589ulgptidm962.html" "Mozilla/5.0 AppleWebKit/537.36 (KHTML, like Gecko; compatible; GPTBot/1.3; +https://openai.com/gptbot)"
74.7.227.180 - - [06/Feb/2026:07:02:42 -0500] "GET /ctg/search/similarImageSearchResultView/?ctgItemCd=8599882031 HTTP/1.1" 404 1251 "https://blog.newkolkata.in/getidm6640/82031sejmitems" "Mozilla/5.0 AppleWebKit/537.36 (KHTML, like Gecko; compatible; GPTBot/1.3; +https://openai.com/gptbot)"
85.208.96.201 - - [06/Feb/2026:07:02:43 -0500] "GET /get/97294cejpitems HTTP/1.1" 404 1251 "-" "Mozilla/5.0 (compatible; SemrushBot/7~bl; +http://www.semrush.com/bot.html)"
74.7.227.180 - - [06/Feb/2026:07:02:45 -0500] "GET /ctg/search/similarImageSearchResultView/?ctgItemCd=7493670710 HTTP/1.1" 404 1251 "https://blog.newkolkata.in/getidm8/70710zslyitems.htm" "Mozilla/5.0 AppleWebKit/537.36 (KHTML, like Gecko; compatible; GPTBot/1.3; +https://openai.com/gptbot)"
37.120.155.18 - - [06/Feb/2026:07:02:37 -0500] "POST /wp-admin/admin-ajax.php HTTP/1.1" 200 98 "https://blog.newkolkata.in/wp-admin/post-new.php" "Mozilla/5.0 (Windows NT 10.0; Win64; x64) AppleWebKit/537.36 (KHTML, like Gecko) Chrome/143.0.0.0 Safari/537.36"
66.249.66.43 - - [06/Feb/2026:07:02:47 -0500] "GET /get/96312ulgpitems.htm HTTP/1.1" 404 1251 "-" "Mozilla/5.0 (Linux; Android 6.0.1; Nexus 5X Build/MMB29P) AppleWebKit/537.36 (KHTML, like Gecko) Chrome/144.0.7559.132 Mobile Safari/537.36 (compatible; Googlebot/2.1; +http://www.google.com/bot.html)"
74.7.227.180 - - [06/Feb/2026:07:02:48 -0500] "GET /ctg/search/similarImageSearchResultView/?ctgItemCd=3241828549 HTTP/1.1" 404 1251 "https://blog.newkolkata.in/get/28549zslyitems.htm" "Mozilla/5.0 AppleWebKit/537.36 (KHTML, like Gecko; compatible; GPTBot/1.3; +https://openai.com/gptbot)"
74.7.227.180 - - [06/Feb/2026:07:02:51 -0500] "GET /ctg/search/similarImageSearchResultView/?ctgItemCd=9275188930 HTTP/1.1" 404 1251 "https://blog.newkolkata.in/getidm8/88930jahtitems" "Mozilla/5.0 AppleWebKit/537.36 (KHTML, like Gecko; compatible; GPTBot/1.3; +https://openai.com/gptbot)"
74.7.227.180 - - [06/Feb/2026:07:02:54 -0500] "GET /ctg/search/similarImageSearchResultView/?ctgItemCd=6191657946 HTTP/1.1" 404 1251 "https://blog.newkolkata.in/geti/57946mvrvitems.htm" "Mozilla/5.0 AppleWebKit/537.36 (KHTML, like Gecko; compatible; GPTBot/1.3; +https://openai.com/gptbot)"
37.120.155.18 - - [06/Feb/2026:07:02:47 -0500] "POST /wp-admin/admin-ajax.php HTTP/1.1" 200 98 "https://blog.newkolkata.in/wp-admin/post-new.php" "Mozilla/5.0 (Windows NT 10.0; Win64; x64) AppleWebKit/537.36 (KHTML, like Gecko) Chrome/143.0.0.0 Safari/537.36"
74.7.227.180 - - [06/Feb/2026:07:02:57 -0500] "GET /ctg/search/similarImageSearchResultView/?ctgItemCd=4184737587 HTTP/1.1" 404 1251 "https://blog.newkolkata.in/getidm68/37587sejmitems.htm" "Mozilla/5.0 AppleWebKit/537.36 (KHTML, like Gecko; compatible; GPTBot/1.3; +https://openai.com/gptbot)"
74.7.227.180 - - [06/Feb/2026:07:03:01 -0500] "GET /ctg/search/similarImageSearchResultView/?ctgItemCd=2707423246 HTTP/1.1" 404 1251 "https://blog.newkolkata.in/item/23246tjvftid.html" "Mozilla/5.0 AppleWebKit/537.36 (KHTML, like Gecko; compatible; GPTBot/1.3; +https://openai.com/gptbot)"
66.249.66.12 - - [06/Feb/2026:07:03:01 -0500] "GET /geti/195258cejpitems.htm HTTP/1.1" 404 1251 "-" "Mozilla/5.0 (Linux; Android 6.0.1; Nexus 5X Build/MMB29P) AppleWebKit/537.36 (KHTML, like Gecko) Chrome/144.0.7559.132 Mobile Safari/537.36 (compatible; Googlebot/2.1; +http://www.google.com/bot.html)"
74.7.227.180 - - [06/Feb/2026:07:03:04 -0500] "GET /ctg/search/similarImageSearchResultView/?ctgItemCd=2031416636 HTTP/1.1" 404 1251 "https://blog.newkolkata.in/getid/16636pcywitems" "Mozilla/5.0 AppleWebKit/537.36 (KHTML, like Gecko; compatible; GPTBot/1.3; +https://openai.com/gptbot)"
37.120.155.18 - - [06/Feb/2026:07:02:58 -0500] "POST /wp-admin/admin-ajax.php HTTP/1.1" 200 98 "https://blog.newkolkata.in/wp-admin/post-new.php" "Mozilla/5.0 (Windows NT 10.0; Win64; x64) AppleWebKit/537.36 (KHTML, like Gecko) Chrome/143.0.0.0 Safari/537.36"
74.7.227.180 - - [06/Feb/2026:07:03:07 -0500] "GET /ctg/search/similarImageSearchResultView/?ctgItemCd=8465080678 HTTP/1.1" 404 1251 "https://blog.newkolkata.in/items/80678mvrvtid.html" "Mozilla/5.0 AppleWebKit/537.36 (KHTML, like Gecko; compatible; GPTBot/1.3; +https://openai.com/gptbot)"
37.120.155.18 - - [06/Feb/2026:07:03:08 -0500] "POST /wp-admin/admin-ajax.php HTTP/1.1" 200 98 "https://blog.newkolkata.in/wp-admin/post-new.php" "Mozilla/5.0 (Windows NT 10.0; Win64; x64) AppleWebKit/537.36 (KHTML, like Gecko) Chrome/143.0.0.0 Safari/537.36"
74.7.227.180 - - [06/Feb/2026:07:03:10 -0500] "GET /ctg/search/similarImageSearchResultView/?ctgItemCd=4978345543 HTTP/1.1" 404 1251 "https://blog.newkolkata.in/items/45543zslytidm286.html" "Mozilla/5.0 AppleWebKit/537.36 (KHTML, like Gecko; compatible; GPTBot/1.3; +https://openai.com/gptbot)"
74.7.227.180 - - [06/Feb/2026:07:03:13 -0500] "GET /ctg/search/similarImageSearchResultView/?ctgItemCd=8085176900 HTTP/1.1" 404 1251 "https://blog.newkolkata.in/getidm561/76900mvrvitems" "Mozilla/5.0 AppleWebKit/537.36 (KHTML, like Gecko; compatible; GPTBot/1.3; +https://openai.com/gptbot)"
66.249.66.11 - - [06/Feb/2026:07:03:15 -0500] "GET /get/41278tjvfitems HTTP/1.1" 404 1251 "-" "Mozilla/5.0 (Linux; Android 6.0.1; Nexus 5X Build/MMB29P) AppleWebKit/537.36 (KHTML, like Gecko) Chrome/144.0.7559.132 Mobile Safari/537.36 (compatible; Googlebot/2.1; +http://www.google.com/bot.html)"
66.249.66.75 - - [06/Feb/2026:07:03:15 -0500] "GET /get/161710mvrvitems HTTP/1.1" 404 1251 "-" "Mozilla/5.0 (Linux; Android 6.0.1; Nexus 5X Build/MMB29P) AppleWebKit/537.36 (KHTML, like Gecko) Chrome/144.0.7559.132 Mobile Safari/537.36 (compatible; Googlebot/2.1; +http://www.google.com/bot.html)"
74.7.227.180 - - [06/Feb/2026:07:03:17 -0500] "GET /ctg/search/similarImageSearchResultView/?ctgItemCd=6104256834 HTTP/1.1" 404 1251 "https://blog.newkolkata.in/items/56834ccoytidm258.html" "Mozilla/5.0 AppleWebKit/537.36 (KHTML, like Gecko; compatible; GPTBot/1.3; +https://openai.com/gptbot)"
37.120.155.18 - - [06/Feb/2026:07:03:18 -0500] "POST /wp-admin/admin-ajax.php HTTP/1.1" 200 98 "https://blog.newkolkata.in/wp-admin/post-new.php" "Mozilla/5.0 (Windows NT 10.0; Win64; x64) AppleWebKit/537.36 (KHTML, like Gecko) Chrome/143.0.0.0 Safari/537.36"
74.7.227.180 - - [06/Feb/2026:07:03:20 -0500] "GET /ctg/search/similarImageSearchResultView/?ctgItemCd=9495291025 HTTP/1.1" 404 1251 "https://blog.newkolkata.in/ite/91025sejmtidm86.html" "Mozilla/5.0 AppleWebKit/537.36 (KHTML, like Gecko; compatible; GPTBot/1.3; +https://openai.com/gptbot)"
66.249.66.11 - - [06/Feb/2026:07:03:22 -0500] "GET /get/264900cejpitems.htm HTTP/1.1" 404 1251 "-" "Mozilla/5.0 (Linux; Android 6.0.1; Nexus 5X Build/MMB29P) AppleWebKit/537.36 (KHTML, like Gecko) Chrome/144.0.7559.132 Mobile Safari/537.36 (compatible; Googlebot/2.1; +http://www.google.com/bot.html)"
74.7.227.180 - - [06/Feb/2026:07:03:23 -0500] "GET /ctg/search/similarImageSearchResultView/?ctgItemCd=2538021075 HTTP/1.1" 404 1251 "https://blog.newkolkata.in/getidm953/21075ulgpitems.htm" "Mozilla/5.0 AppleWebKit/537.36 (KHTML, like Gecko; compatible; GPTBot/1.3; +https://openai.com/gptbot)"
74.7.227.180 - - [06/Feb/2026:07:03:26 -0500] "GET /ctg/search/similarImageSearchResultView/?ctgItemCd=7522371216 HTTP/1.1" 404 1251 "https://blog.newkolkata.in/item/71216mvrvtidm5.html" "Mozilla/5.0 AppleWebKit/537.36 (KHTML, like Gecko; compatible; GPTBot/1.3; +https://openai.com/gptbot)"
37.120.155.18 - - [06/Feb/2026:07:03:28 -0500] "POST /wp-admin/admin-ajax.php HTTP/1.1" 200 98 "https://blog.newkolkata.in/wp-admin/post-new.php" "Mozilla/5.0 (Windows NT 10.0; Win64; x64) AppleWebKit/537.36 (KHTML, like Gecko) Chrome/143.0.0.0 Safari/537.36"
74.7.227.180 - - [06/Feb/2026:07:03:29 -0500] "GET /ctg/search/similarImageSearchResultView/?ctgItemCd=6796263848 HTTP/1.1" 404 1251 "https://blog.newkolkata.in/items/63848tjvftidm2.html" "Mozilla/5.0 AppleWebKit/537.36 (KHTML, like Gecko; compatible; GPTBot/1.3; +https://openai.com/gptbot)"
74.7.227.180 - - [06/Feb/2026:07:03:32 -0500] "GET /ctg/search/similarImageSearchResultView/?ctgItemCd=8945485075 HTTP/1.1" 404 1251 "https://blog.newkolkata.in/items/85075pcywtidm681124.html" "Mozilla/5.0 AppleWebKit/537.36 (KHTML, like Gecko; compatible; GPTBot/1.3; +https://openai.com/gptbot)"
66.249.66.193 - - [06/Feb/2026:07:03:35 -0500] "GET /get/282694mvrvitems HTTP/1.1" 404 1251 "-" "Mozilla/5.0 (Linux; Android 6.0.1; Nexus 5X Build/MMB29P) AppleWebKit/537.36 (KHTML, like Gecko) Chrome/144.0.7559.132 Mobile Safari/537.36 (compatible; Googlebot/2.1; +http://www.google.com/bot.html)"
74.7.227.180 - - [06/Feb/2026:07:03:36 -0500] "GET /ctg/search/similarImageSearchResultView/?ctgItemCd=2544521263 HTTP/1.1" 404 1251 "https://blog.newkolkata.in/getidm8/21263jahtitems.htm" "Mozilla/5.0 AppleWebKit/537.36 (KHTML, like Gecko; compatible; GPTBot/1.3; +https://openai.com/gptbot)"
74.7.227.180 - - [06/Feb/2026:07:03:39 -0500] "GET /ctg/search/similarImageSearchResultView/?ctgItemCd=8092476832 HTTP/1.1" 404 1251 "https://blog.newkolkata.in/items/76832kairtidm2.html" "Mozilla/5.0 AppleWebKit/537.36 (KHTML, like Gecko; compatible; GPTBot/1.3; +https://openai.com/gptbot)"
185.191.171.16 - - [06/Feb/2026:07:03:42 -0500] "GET /getidm8/23170kairitems HTTP/1.1" 404 1251 "-" "Mozilla/5.0 (compatible; SemrushBot/7~bl; +http://www.semrush.com/bot.html)"
74.7.227.180 - - [06/Feb/2026:07:03:42 -0500] "GET /ctg/search/similarImageSearchResultView/?ctgItemCd=3167427852 HTTP/1.1" 404 1251 "https://blog.newkolkata.in/get/27852kairitems.htm" "Mozilla/5.0 AppleWebKit/537.36 (KHTML, like Gecko; compatible; GPTBot/1.3; +https://openai.com/gptbot)"
37.120.155.18 - - [06/Feb/2026:07:03:38 -0500] "POST /wp-admin/admin-ajax.php HTTP/1.1" 200 98 "https://blog.newkolkata.in/wp-admin/post-new.php" "Mozilla/5.0 (Windows NT 10.0; Win64; x64) AppleWebKit/537.36 (KHTML, like Gecko) Chrome/143.0.0.0 Safari/537.36"
74.7.227.180 - - [06/Feb/2026:07:03:45 -0500] "GET /ctg/search/similarImageSearchResultView/?ctgItemCd=8292679012 HTTP/1.1" 404 1251 "https://blog.newkolkata.in/getidm510/79012sejmitems" "Mozilla/5.0 AppleWebKit/537.36 (KHTML, like Gecko; compatible; GPTBot/1.3; +https://openai.com/gptbot)"
74.7.227.180 - - [06/Feb/2026:07:03:48 -0500] "GET /ctg/search/similarImageSearchResultView/?ctgItemCd=3348629520 HTTP/1.1" 404 1251 "https://blog.newkolkata.in/getidm5946/29520cejpitems" "Mozilla/5.0 AppleWebKit/537.36 (KHTML, like Gecko; compatible; GPTBot/1.3; +https://openai.com/gptbot)"
85.208.96.203 - - [06/Feb/2026:07:03:50 -0500] "GET /getidm7/246082pcywitems HTTP/1.1" 404 1251 "-" "Mozilla/5.0 (compatible; SemrushBot/7~bl; +http://www.semrush.com/bot.html)"
66.249.66.165 - - [06/Feb/2026:07:03:50 -0500] "GET /products.php?shop/auspex/plugging42743206732.html HTTP/1.1" 404 1251 "-" "Mozilla/5.0 (Linux; Android 6.0.1; Nexus 5X Build/MMB29P) AppleWebKit/537.36 (KHTML, like Gecko) Chrome/144.0.7559.132 Mobile Safari/537.36 (compatible; Googlebot/2.1; +http://www.google.com/bot.html)"
74.7.227.180 - - [06/Feb/2026:07:03:51 -0500] "GET /ctg/search/similarImageSearchResultView/?ctgItemCd=3088327042 HTTP/1.1" 404 1251 "https://blog.newkolkata.in/getidm5/27042mvrvitems" "Mozilla/5.0 AppleWebKit/537.36 (KHTML, like Gecko; compatible; GPTBot/1.3; +https://openai.com/gptbot)"
74.7.227.180 - - [06/Feb/2026:07:03:55 -0500] "GET /ctg/search/similarImageSearchResultView/?ctgItemCd=5140347460 HTTP/1.1" 404 1251 "https://blog.newkolkata.in/geti/47460tjvfitems.htm" "Mozilla/5.0 AppleWebKit/537.36 (KHTML, like Gecko; compatible; GPTBot/1.3; +https://openai.com/gptbot)"
37.120.155.18 - - [06/Feb/2026:07:03:48 -0500] "POST /wp-admin/admin-ajax.php HTTP/1.1" 200 98 "https://blog.newkolkata.in/wp-admin/post-new.php" "Mozilla/5.0 (Windows NT 10.0; Win64; x64) AppleWebKit/537.36 (KHTML, like Gecko) Chrome/143.0.0.0 Safari/537.36"
74.7.227.180 - - [06/Feb/2026:07:03:58 -0500] "GET /ctg/search/similarImageSearchResultView/?ctgItemCd=9413589829 HTTP/1.1" 404 1251 "https://blog.newkolkata.in/getidm464/89829jahtitems.htm" "Mozilla/5.0 AppleWebKit/537.36 (KHTML, like Gecko; compatible; GPTBot/1.3; +https://openai.com/gptbot)"
74.7.227.180 - - [06/Feb/2026:07:04:01 -0500] "GET /ctg/search/similarImageSearchResultView/?ctgItemCd=1645412179 HTTP/1.1" 404 1251 "https://blog.newkolkata.in/items/12179mvrvtidm7040.html" "Mozilla/5.0 AppleWebKit/537.36 (KHTML, like Gecko; compatible; GPTBot/1.3; +https://openai.com/gptbot)"
74.7.227.180 - - [06/Feb/2026:07:04:04 -0500] "GET /ctg/search/similarImageSearchResultView/?ctgItemCd=9426390262 HTTP/1.1" 404 1251 "https://blog.newkolkata.in/getidm3877/90262pcywitems" "Mozilla/5.0 AppleWebKit/537.36 (KHTML, like Gecko; compatible; GPTBot/1.3; +https://openai.com/gptbot)"
66.249.66.167 - - [06/Feb/2026:07:04:05 -0500] "GET /detail.php?products/69439151321 HTTP/1.1" 404 1251 "-" "Mozilla/5.0 (Linux; Android 6.0.1; Nexus 5X Build/MMB29P) AppleWebKit/537.36 (KHTML, like Gecko) Chrome/144.0.7559.132 Mobile Safari/537.36 (compatible; Googlebot/2.1; +http://www.google.com/bot.html)"
74.7.227.180 - - [06/Feb/2026:07:04:07 -0500] "GET /ctg/search/similarImageSearchResultView/?ctgItemCd=9422490146 HTTP/1.1" 404 1251 "https://blog.newkolkata.in/item/90146kairtidm544.html" "Mozilla/5.0 AppleWebKit/537.36 (KHTML, like Gecko; compatible; GPTBot/1.3; +https://openai.com/gptbot)"
37.120.155.18 - - [06/Feb/2026:07:03:58 -0500] "POST /wp-admin/admin-ajax.php HTTP/1.1" 200 98 "https://blog.newkolkata.in/wp-admin/post-new.php" "Mozilla/5.0 (Windows NT 10.0; Win64; x64) AppleWebKit/537.36 (KHTML, like Gecko) Chrome/143.0.0.0 Safari/537.36"
74.7.227.180 - - [06/Feb/2026:07:04:11 -0500] "GET /ctg/search/similarImageSearchResultView/?ctgItemCd=7327669342 HTTP/1.1" 404 1251 "https://blog.newkolkata.in/geti/69342ccoyitems.htm" "Mozilla/5.0 AppleWebKit/537.36 (KHTML, like Gecko; compatible; GPTBot/1.3; +https://openai.com/gptbot)"
74.7.227.180 - - [06/Feb/2026:07:04:14 -0500] "GET /ctg/search/similarImageSearchResultView/?ctgItemCd=5285048689 HTTP/1.1" 404 1251 "https://blog.newkolkata.in/items/48689sejmtidm33.html" "Mozilla/5.0 AppleWebKit/537.36 (KHTML, like Gecko; compatible; GPTBot/1.3; +https://openai.com/gptbot)"
74.7.227.180 - - [06/Feb/2026:07:04:17 -0500] "GET /ctg/search/similarImageSearchResultView/?ctgItemCd=7179168340 HTTP/1.1" 404 1251 "https://blog.newkolkata.in/get/68340ccoyitems" "Mozilla/5.0 AppleWebKit/537.36 (KHTML, like Gecko; compatible; GPTBot/1.3; +https://openai.com/gptbot)"
66.249.66.74 - - [06/Feb/2026:07:04:20 -0500] "GET /get/254568jahtitems.htm HTTP/1.1" 404 1251 "-" "Mozilla/5.0 (Linux; Android 6.0.1; Nexus 5X Build/MMB29P) AppleWebKit/537.36 (KHTML, like Gecko) Chrome/144.0.7559.132 Mobile Safari/537.36 (compatible; Googlebot/2.1; +http://www.google.com/bot.html)"
74.7.227.180 - - [06/Feb/2026:07:04:20 -0500] "GET /ctg/search/similarImageSearchResultView/?ctgItemCd=4290038934 HTTP/1.1" 404 1251 "https://blog.newkolkata.in/geti/38934mvrvitems.htm" "Mozilla/5.0 AppleWebKit/537.36 (KHTML, like Gecko; compatible; GPTBot/1.3; +https://openai.com/gptbot)"
85.208.96.203 - - [06/Feb/2026:07:04:20 -0500] "GET /getidm/111225kairitems.htm HTTP/1.1" 404 1251 "-" "Mozilla/5.0 (compatible; SemrushBot/7~bl; +http://www.semrush.com/bot.html)"
37.120.155.18 - - [06/Feb/2026:07:04:10 -0500] "POST /wp-admin/admin-ajax.php HTTP/1.1" 200 98 "https://blog.newkolkata.in/wp-admin/post-new.php" "Mozilla/5.0 (Windows NT 10.0; Win64; x64) AppleWebKit/537.36 (KHTML, like Gecko) Chrome/143.0.0.0 Safari/537.36"
74.7.227.180 - - [06/Feb/2026:07:04:23 -0500] "GET /ctg/search/similarImageSearchResultView/?ctgItemCd=5627952020 HTTP/1.1" 404 1251 "https://blog.newkolkata.in/getidm24/52020mvrvitems.htm" "Mozilla/5.0 AppleWebKit/537.36 (KHTML, like Gecko; compatible; GPTBot/1.3; +https://openai.com/gptbot)"
37.120.155.18 - - [06/Feb/2026:07:04:24 -0500] "POST /wp-json/wp/v2/posts/9358?_locale=user HTTP/1.1" 404 1251 "https://blog.newkolkata.in/wp-admin/post-new.php" "Mozilla/5.0 (Windows NT 10.0; Win64; x64) AppleWebKit/537.36 (KHTML, like Gecko) Chrome/143.0.0.0 Safari/537.36"
74.7.227.180 - - [06/Feb/2026:07:04:26 -0500] "GET /ctg/search/similarImageSearchResultView/?ctgItemCd=2007716145 HTTP/1.1" 404 1251 "https://blog.newkolkata.in/ite/16145tjvftidm53.html" "Mozilla/5.0 AppleWebKit/537.36 (KHTML, like Gecko; compatible; GPTBot/1.3; +https://openai.com/gptbot)"
185.191.171.12 - - [06/Feb/2026:07:04:27 -0500] "GET /getidm9/241018kairitems HTTP/1.1" 404 1251 "-" "Mozilla/5.0 (compatible; SemrushBot/7~bl; +http://www.semrush.com/bot.html)"
37.120.155.18 - - [06/Feb/2026:07:04:21 -0500] "POST /wp-admin/admin-ajax.php HTTP/1.1" 200 98 "https://blog.newkolkata.in/wp-admin/post-new.php" "Mozilla/5.0 (Windows NT 10.0; Win64; x64) AppleWebKit/537.36 (KHTML, like Gecko) Chrome/143.0.0.0 Safari/537.36"
74.7.227.180 - - [06/Feb/2026:07:04:29 -0500] "GET /ctg/search/similarImageSearchResultView/?ctgItemCd=1975015924 HTTP/1.1" 404 1251 "https://blog.newkolkata.in/get/15924ccoyitems.htm" "Mozilla/5.0 AppleWebKit/537.36 (KHTML, like Gecko; compatible; GPTBot/1.3; +https://openai.com/gptbot)"
74.7.227.180 - - [06/Feb/2026:07:04:32 -0500] "GET /ctg/search/similarImageSearchResultView/?ctgItemCd=2809324337 HTTP/1.1" 404 1251 "https://blog.newkolkata.in/getidm/24337jahtitems" "Mozilla/5.0 AppleWebKit/537.36 (KHTML, like Gecko; compatible; GPTBot/1.3; +https://openai.com/gptbot)"
37.120.155.18 - - [06/Feb/2026:07:04:34 -0500] "POST /wp-json/wp/v2/posts/9358/autosaves?_locale=user HTTP/1.1" 404 1251 "https://blog.newkolkata.in/wp-admin/post-new.php" "Mozilla/5.0 (Windows NT 10.0; Win64; x64) AppleWebKit/537.36 (KHTML, like Gecko) Chrome/143.0.0.0 Safari/537.36"
74.7.227.180 - - [06/Feb/2026:07:04:36 -0500] "GET /ctg/search/similarImageSearchResultView/?ctgItemCd=4528341259 HTTP/1.1" 404 1251 "https://blog.newkolkata.in/getid/41259kairitems.htm" "Mozilla/5.0 AppleWebKit/537.36 (KHTML, like Gecko; compatible; GPTBot/1.3; +https://openai.com/gptbot)"
74.7.227.180 - - [06/Feb/2026:07:04:39 -0500] "GET /ctg/search/similarImageSearchResultView/?ctgItemCd=9252488790 HTTP/1.1" 404 1251 "https://blog.newkolkata.in/ite/88790tjvftid.html" "Mozilla/5.0 AppleWebKit/537.36 (KHTML, like Gecko; compatible; GPTBot/1.3; +https://openai.com/gptbot)"
37.120.155.18 - - [06/Feb/2026:07:04:31 -0500] "POST /wp-admin/admin-ajax.php HTTP/1.1" 200 98 "https://blog.newkolkata.in/wp-admin/post-new.php" "Mozilla/5.0 (Windows NT 10.0; Win64; x64) AppleWebKit/537.36 (KHTML, like Gecko) Chrome/143.0.0.0 Safari/537.36"
74.7.227.180 - - [06/Feb/2026:07:04:42 -0500] "GET /ctg/search/similarImageSearchResultView/?ctgItemCd=3596731680 HTTP/1.1" 404 1251 "https://blog.newkolkata.in/getidm733/31680jahtitems.htm" "Mozilla/5.0 AppleWebKit/537.36 (KHTML, like Gecko; compatible; GPTBot/1.3; +https://openai.com/gptbot)"
85.208.96.211 - - [06/Feb/2026:07:04:43 -0500] "GET /getid/7113pcywitems.htm HTTP/1.1" 404 1251 "-" "Mozilla/5.0 (compatible; SemrushBot/7~bl; +http://www.semrush.com/bot.html)"
74.7.227.180 - - [06/Feb/2026:07:04:45 -0500] "GET /ctg/search/similarImageSearchResultView/?ctgItemCd=2837424934 HTTP/1.1" 404 1251 "https://blog.newkolkata.in/get/24934cejpitems" "Mozilla/5.0 AppleWebKit/537.36 (KHTML, like Gecko; compatible; GPTBot/1.3; +https://openai.com/gptbot)"
74.7.227.180 - - [06/Feb/2026:07:04:48 -0500] "GET /ctg/search/similarImageSearchResultView/?ctgItemCd=9967095373 HTTP/1.1" 404 1251 "https://blog.newkolkata.in/getidm232/95373ccoyitems.htm" "Mozilla/5.0 AppleWebKit/537.36 (KHTML, like Gecko; compatible; GPTBot/1.3; +https://openai.com/gptbot)"
198.54.126.162 - - [06/Feb/2026:07:04:51 -0500] "POST /wp-cron.php?doing_wp_cron=1770379491.0060479640960693359375 HTTP/1.1" 200 0 "-" "WordPress/6.9.1; https://blog.newkolkata.in"
37.120.155.18 - - [06/Feb/2026:07:04:42 -0500] "POST /wp-admin/admin-ajax.php HTTP/1.1" 200 98 "https://blog.newkolkata.in/wp-admin/post-new.php" "Mozilla/5.0 (Windows NT 10.0; Win64; x64) AppleWebKit/537.36 (KHTML, like Gecko) Chrome/143.0.0.0 Safari/537.36"
74.7.227.180 - - [06/Feb/2026:07:04:51 -0500] "GET /ctg/search/similarImageSearchResultView/?ctgItemCd=1542811238 HTTP/1.1" 404 1251 "https://blog.newkolkata.in/getidm7/11238sejmitems.htm" "Mozilla/5.0 AppleWebKit/537.36 (KHTML, like Gecko; compatible; GPTBot/1.3; +https://openai.com/gptbot)"
74.7.227.180 - - [06/Feb/2026:07:04:55 -0500] "GET /ctg/search/similarImageSearchResultView/?ctgItemCd=8152477282 HTTP/1.1" 404 1251 "https://blog.newkolkata.in/items/77282mvrvtidm884.html" "Mozilla/5.0 AppleWebKit/537.36 (KHTML, like Gecko; compatible; GPTBot/1.3; +https://openai.com/gptbot)"
74.7.227.180 - - [06/Feb/2026:07:04:58 -0500] "GET /ctg/search/similarImageSearchResultView/?ctgItemCd=9003286131 HTTP/1.1" 404 1251 "https://blog.newkolkata.in/getidm24/86131zslyitems" "Mozilla/5.0 AppleWebKit/537.36 (KHTML, like Gecko; compatible; GPTBot/1.3; +https://openai.com/gptbot)"
85.208.96.205 - - [06/Feb/2026:07:04:58 -0500] "GET /item/233126ulgptid.html HTTP/1.1" 404 1251 "-" "Mozilla/5.0 (compatible; SemrushBot/7~bl; +http://www.semrush.com/bot.html)"
37.120.155.18 - - [06/Feb/2026:07:04:52 -0500] "POST /wp-admin/admin-ajax.php HTTP/1.1" 200 98 "https://blog.newkolkata.in/wp-admin/post-new.php" "Mozilla/5.0 (Windows NT 10.0; Win64; x64) AppleWebKit/537.36 (KHTML, like Gecko) Chrome/143.0.0.0 Safari/537.36"
74.7.227.180 - - [06/Feb/2026:07:05:01 -0500] "GET /ctg/search/similarImageSearchResultView/?ctgItemCd=7462470299 HTTP/1.1" 404 1251 "https://blog.newkolkata.in/getidm464/70299pcywitems.htm" "Mozilla/5.0 AppleWebKit/537.36 (KHTML, like Gecko; compatible; GPTBot/1.3; +https://openai.com/gptbot)"
66.249.66.44 - - [06/Feb/2026:07:05:02 -0500] "GET /get/159598jahtitems HTTP/1.1" 404 1251 "-" "Mozilla/5.0 (Linux; Android 6.0.1; Nexus 5X Build/MMB29P) AppleWebKit/537.36 (KHTML, like Gecko) Chrome/144.0.7559.132 Mobile Safari/537.36 (compatible; Googlebot/2.1; +http://www.google.com/bot.html)"
185.191.171.15 - - [06/Feb/2026:07:05:04 -0500] "GET /getidm9/76042cejpitems HTTP/1.1" 404 1251 "-" "Mozilla/5.0 (compatible; SemrushBot/7~bl; +http://www.semrush.com/bot.html)"
74.7.227.180 - - [06/Feb/2026:07:05:04 -0500] "GET /ctg/search/similarImageSearchResultView/?ctgItemCd=9721093370 HTTP/1.1" 404 1251 "https://blog.newkolkata.in/getidm5/93370pcywitems" "Mozilla/5.0 AppleWebKit/537.36 (KHTML, like Gecko; compatible; GPTBot/1.3; +https://openai.com/gptbot)"
74.7.227.180 - - [06/Feb/2026:07:05:08 -0500] "GET /ctg/search/similarImageSearchResultView/?ctgItemCd=4872544523 HTTP/1.1" 404 1251 "https://blog.newkolkata.in/getidm7/44523ulgpitems.htm" "Mozilla/5.0 AppleWebKit/537.36 (KHTML, like Gecko; compatible; GPTBot/1.3; +https://openai.com/gptbot)"
74.7.227.180 - - [06/Feb/2026:07:05:10 -0500] "GET /ctg/search/similarImageSearchResultView/?ctgItemCd=6014756686 HTTP/1.1" 404 1251 "https://blog.newkolkata.in/get/56686ccoyitems" "Mozilla/5.0 AppleWebKit/537.36 (KHTML, like Gecko; compatible; GPTBot/1.3; +https://openai.com/gptbot)"
74.7.227.180 - - [06/Feb/2026:07:05:14 -0500] "GET /ctg/search/similarImageSearchResultView/?ctgItemCd=1682312902 HTTP/1.1" 404 1251 "https://blog.newkolkata.in/items/12902kairtid.html" "Mozilla/5.0 AppleWebKit/537.36 (KHTML, like Gecko; compatible; GPTBot/1.3; +https://openai.com/gptbot)"
66.249.66.75 - - [06/Feb/2026:07:05:15 -0500] "GET /products.php?shop/mossi/redone35515274887.html HTTP/1.1" 404 1251 "-" "Mozilla/5.0 (Linux; Android 6.0.1; Nexus 5X Build/MMB29P) AppleWebKit/537.36 (KHTML, like Gecko) Chrome/144.0.7559.132 Mobile Safari/537.36 (compatible; Googlebot/2.1; +http://www.google.com/bot.html)"
37.120.155.18 - - [06/Feb/2026:07:05:02 -0500] "POST /wp-admin/admin-ajax.php HTTP/1.1" 200 98 "https://blog.newkolkata.in/wp-admin/post-new.php" "Mozilla/5.0 (Windows NT 10.0; Win64; x64) AppleWebKit/537.36 (KHTML, like Gecko) Chrome/143.0.0.0 Safari/537.36"
74.7.227.180 - - [06/Feb/2026:07:05:17 -0500] "GET /ctg/search/similarImageSearchResultView/?ctgItemCd=8970586216 HTTP/1.1" 404 1251 "https://blog.newkolkata.in/get/86216zslyitems" "Mozilla/5.0 AppleWebKit/537.36 (KHTML, like Gecko; compatible; GPTBot/1.3; +https://openai.com/gptbot)"
185.191.171.6 - - [06/Feb/2026:07:05:18 -0500] "GET /getidm9/160714kairitems HTTP/1.1" 404 1251 "-" "Mozilla/5.0 (compatible; SemrushBot/7~bl; +http://www.semrush.com/bot.html)"
74.7.227.180 - - [06/Feb/2026:07:05:20 -0500] "GET /ctg/search/similarImageSearchResultView/?ctgItemCd=4368539787 HTTP/1.1" 404 1251 "https://blog.newkolkata.in/getidm12/39787pcywitems" "Mozilla/5.0 AppleWebKit/537.36 (KHTML, like Gecko; compatible; GPTBot/1.3; +https://openai.com/gptbot)"
74.7.227.180 - - [06/Feb/2026:07:05:23 -0500] "GET /ctg/search/similarImageSearchResultView/?ctgItemCd=6109856936 HTTP/1.1" 404 1251 "https://blog.newkolkata.in/items/56936sejmtidm94.html" "Mozilla/5.0 AppleWebKit/537.36 (KHTML, like Gecko; compatible; GPTBot/1.3; +https://openai.com/gptbot)"
74.7.227.180 - - [06/Feb/2026:07:05:26 -0500] "GET /ctg/search/similarImageSearchResultView/?ctgItemCd=6872864500 HTTP/1.1" 404 1251 "https://blog.newkolkata.in/item/64500cejptidm464186.html" "Mozilla/5.0 AppleWebKit/537.36 (KHTML, like Gecko; compatible; GPTBot/1.3; +https://openai.com/gptbot)"
85.208.96.211 - - [06/Feb/2026:07:05:27 -0500] "GET /getidm/206785sejmitems HTTP/1.1" 404 1251 "-" "Mozilla/5.0 (compatible; SemrushBot/7~bl; +http://www.semrush.com/bot.html)"
85.208.96.212 - - [06/Feb/2026:07:05:28 -0500] "GET /getidm/25921sejmitems HTTP/1.1" 404 1251 "-" "Mozilla/5.0 (compatible; SemrushBot/7~bl; +http://www.semrush.com/bot.html)"
37.120.155.18 - - [06/Feb/2026:07:05:16 -0500] "POST /wp-admin/admin-ajax.php HTTP/1.1" 200 98 "https://blog.newkolkata.in/wp-admin/post-new.php" "Mozilla/5.0 (Windows NT 10.0; Win64; x64) AppleWebKit/537.36 (KHTML, like Gecko) Chrome/143.0.0.0 Safari/537.36"
66.249.66.43 - - [06/Feb/2026:07:05:29 -0500] "GET /detail.php?products/20444165792 HTTP/1.1" 404 1251 "-" "Mozilla/5.0 (Linux; Android 6.0.1; Nexus 5X Build/MMB29P) AppleWebKit/537.36 (KHTML, like Gecko) Chrome/144.0.7559.132 Mobile Safari/537.36 (compatible; Googlebot/2.1; +http://www.google.com/bot.html)"
74.7.227.180 - - [06/Feb/2026:07:05:29 -0500] "GET /ctg/search/similarImageSearchResultView/?ctgItemCd=6897765148 HTTP/1.1" 404 1251 "https://blog.newkolkata.in/get/65148ccoyitems.htm" "Mozilla/5.0 AppleWebKit/537.36 (KHTML, like Gecko; compatible; GPTBot/1.3; +https://openai.com/gptbot)"
66.249.66.11 - - [06/Feb/2026:07:05:30 -0500] "GET /geti/154623tjvfitems.htm HTTP/1.1" 404 1251 "-" "Mozilla/5.0 (Linux; Android 6.0.1; Nexus 5X Build/MMB29P) AppleWebKit/537.36 (KHTML, like Gecko) Chrome/144.0.7559.132 Mobile Safari/537.36 (compatible; Googlebot/2.1; +http://www.google.com/bot.html)"
74.7.227.180 - - [06/Feb/2026:07:05:32 -0500] "GET /ctg/search/similarImageSearchResultView/?ctgItemCd=8998586542 HTTP/1.1" 404 1251 "https://blog.newkolkata.in/get/86542cejpitems" "Mozilla/5.0 AppleWebKit/537.36 (KHTML, like Gecko; compatible; GPTBot/1.3; +https://openai.com/gptbot)"
74.7.227.180 - - [06/Feb/2026:07:05:36 -0500] "GET /ctg/search/similarImageSearchResultView/?ctgItemCd=5786053689 HTTP/1.1" 404 1251 "https://blog.newkolkata.in/getidm/53689pcywitems.htm" "Mozilla/5.0 AppleWebKit/537.36 (KHTML, like Gecko; compatible; GPTBot/1.3; +https://openai.com/gptbot)"
85.208.96.206 - - [06/Feb/2026:07:05:36 -0500] "GET /getid/253144jahtitems HTTP/1.1" 404 1251 "-" "Mozilla/5.0 (compatible; SemrushBot/7~bl; +http://www.semrush.com/bot.html)"
66.249.66.165 - - [06/Feb/2026:07:05:36 -0500] "GET /get/133461cejpitems.htm HTTP/1.1" 404 1251 "-" "Mozilla/5.0 (Linux; Android 6.0.1; Nexus 5X Build/MMB29P) AppleWebKit/537.36 (KHTML, like Gecko) Chrome/144.0.7559.132 Mobile Safari/537.36 (compatible; Googlebot/2.1; +http://www.google.com/bot.html)"
185.191.171.2 - - [06/Feb/2026:07:05:38 -0500] "GET /robots.txt HTTP/1.1" 200 281 "-" "Mozilla/5.0 (compatible; SemrushBot/7~bl; +http://www.semrush.com/bot.html)"
74.7.227.180 - - [06/Feb/2026:07:05:39 -0500] "GET /ctg/search/similarImageSearchResultView/?ctgItemCd=1765013708 HTTP/1.1" 404 1251 "https://blog.newkolkata.in/getidm878/13708tjvfitems" "Mozilla/5.0 AppleWebKit/537.36 (KHTML, like Gecko; compatible; GPTBot/1.3; +https://openai.com/gptbot)"
185.191.171.18 - - [06/Feb/2026:07:05:39 -0500] "GET /geti/249439zslyitems HTTP/1.1" 404 1251 "-" "Mozilla/5.0 (compatible; SemrushBot/7~bl; +http://www.semrush.com/bot.html)"
198.54.126.162 - - [06/Feb/2026:07:05:40 -0500] "POST /wp-cron.php?doing_wp_cron=1770379540.0056068897247314453125 HTTP/1.1" 200 0 "-" "WordPress/6.9.1; https://blog.newkolkata.in"
37.120.155.18 - - [06/Feb/2026:07:05:29 -0500] "POST /wp-admin/admin-ajax.php HTTP/1.1" 200 98 "https://blog.newkolkata.in/wp-admin/post-new.php" "Mozilla/5.0 (Windows NT 10.0; Win64; x64) AppleWebKit/537.36 (KHTML, like Gecko) Chrome/143.0.0.0 Safari/537.36"
74.7.227.180 - - [06/Feb/2026:07:05:42 -0500] "GET /ctg/search/similarImageSearchResultView/?ctgItemCd=7067866428 HTTP/1.1" 404 1251 "https://blog.newkolkata.in/item/66428ulgptidm206019.html" "Mozilla/5.0 AppleWebKit/537.36 (KHTML, like Gecko; compatible; GPTBot/1.3; +https://openai.com/gptbot)"
85.208.96.206 - - [06/Feb/2026:07:05:43 -0500] "GET /items/9647sejmtidm.html HTTP/1.1" 404 1251 "-" "Mozilla/5.0 (compatible; SemrushBot/7~bl; +http://www.semrush.com/bot.html)"
74.7.227.180 - - [06/Feb/2026:07:05:45 -0500] "GET /ctg/search/similarImageSearchResultView/?ctgItemCd=2155817641 HTTP/1.1" 404 1251 "https://blog.newkolkata.in/geti/17641cejpitems.htm" "Mozilla/5.0 AppleWebKit/537.36 (KHTML, like Gecko; compatible; GPTBot/1.3; +https://openai.com/gptbot)"
74.7.227.180 - - [06/Feb/2026:07:05:48 -0500] "GET /ctg/search/similarImageSearchResultView/?ctgItemCd=6108757400 HTTP/1.1" 404 1251 "https://blog.newkolkata.in/getid/57400zslyitems" "Mozilla/5.0 AppleWebKit/537.36 (KHTML, like Gecko; compatible; GPTBot/1.3; +https://openai.com/gptbot)"
74.7.227.180 - - [06/Feb/2026:07:05:51 -0500] "GET /ctg/search/similarImageSearchResultView/?ctgItemCd=8058176433 HTTP/1.1" 404 1251 "https://blog.newkolkata.in/items/76433jahttidm76.html" "Mozilla/5.0 AppleWebKit/537.36 (KHTML, like Gecko; compatible; GPTBot/1.3; +https://openai.com/gptbot)"
85.208.96.193 - - [06/Feb/2026:07:05:52 -0500] "GET /getidm4/240730kairitems HTTP/1.1" 404 1251 "-" "Mozilla/5.0 (compatible; SemrushBot/7~bl; +http://www.semrush.com/bot.html)"
74.7.227.180 - - [06/Feb/2026:07:05:54 -0500] "GET /ctg/search/similarImageSearchResultView/?ctgItemCd=7718673235 HTTP/1.1" 404 1251 "https://blog.newkolkata.in/geti/73235pcywitems.htm" "Mozilla/5.0 AppleWebKit/537.36 (KHTML, like Gecko; compatible; GPTBot/1.3; +https://openai.com/gptbot)"
37.120.155.18 - - [06/Feb/2026:07:05:41 -0500] "POST /wp-admin/admin-ajax.php HTTP/1.1" 200 98 "https://blog.newkolkata.in/wp-admin/post-new.php" "Mozilla/5.0 (Windows NT 10.0; Win64; x64) AppleWebKit/537.36 (KHTML, like Gecko) Chrome/143.0.0.0 Safari/537.36"
74.7.227.180 - - [06/Feb/2026:07:05:57 -0500] "GET /ctg/search/similarImageSearchResultView/?ctgItemCd=9097387019 HTTP/1.1" 404 1251 "https://blog.newkolkata.in/getidm767/87019pcywitems" "Mozilla/5.0 AppleWebKit/537.36 (KHTML, like Gecko; compatible; GPTBot/1.3; +https://openai.com/gptbot)"
37.120.155.18 - - [06/Feb/2026:07:05:57 -0500] "POST /wp-admin/admin-ajax.php HTTP/1.1" 200 98 "https://blog.newkolkata.in/wp-admin/post-new.php" "Mozilla/5.0 (Windows NT 10.0; Win64; x64) AppleWebKit/537.36 (KHTML, like Gecko) Chrome/143.0.0.0 Safari/537.36"
74.7.227.180 - - [06/Feb/2026:07:06:00 -0500] "GET /ctg/search/similarImageSearchResultView/?ctgItemCd=9435890067 HTTP/1.1" 404 1251 "https://blog.newkolkata.in/items/90067mvrvtidm7792.html" "Mozilla/5.0 AppleWebKit/537.36 (KHTML, like Gecko; compatible; GPTBot/1.3; +https://openai.com/gptbot)"
74.7.227.180 - - [06/Feb/2026:07:06:03 -0500] "GET /ctg/search/similarImageSearchResultView/?ctgItemCd=8985386311 HTTP/1.1" 404 1251 "https://blog.newkolkata.in/geti/86311cejpitems" "Mozilla/5.0 AppleWebKit/537.36 (KHTML, like Gecko; compatible; GPTBot/1.3; +https://openai.com/gptbot)"
66.249.66.165 - - [06/Feb/2026:07:06:04 -0500] "GET /get/161062sejmitems HTTP/1.1" 404 1251 "-" "Mozilla/5.0 (Linux; Android 6.0.1; Nexus 5X Build/MMB29P) AppleWebKit/537.36 (KHTML, like Gecko) Chrome/144.0.7559.132 Mobile Safari/537.36 (compatible; Googlebot/2.1; +http://www.google.com/bot.html)"
74.7.227.180 - - [06/Feb/2026:07:06:07 -0500] "GET /ctg/search/similarImageSearchResultView/?ctgItemCd=7125066859 HTTP/1.1" 404 1251 "https://blog.newkolkata.in/items/66859pcywtidm920860.html" "Mozilla/5.0 AppleWebKit/537.36 (KHTML, like Gecko; compatible; GPTBot/1.3; +https://openai.com/gptbot)"
37.120.155.18 - - [06/Feb/2026:07:06:07 -0500] "POST /wp-admin/admin-ajax.php HTTP/1.1" 200 98 "https://blog.newkolkata.in/wp-admin/post-new.php" "Mozilla/5.0 (Windows NT 10.0; Win64; x64) AppleWebKit/537.36 (KHTML, like Gecko) Chrome/143.0.0.0 Safari/537.36"
74.7.227.180 - - [06/Feb/2026:07:06:10 -0500] "GET /ctg/search/similarImageSearchResultView/?ctgItemCd=2489521145 HTTP/1.1" 404 1251 "https://blog.newkolkata.in/getidm/21145kairitems" "Mozilla/5.0 AppleWebKit/537.36 (KHTML, like Gecko; compatible; GPTBot/1.3; +https://openai.com/gptbot)"
74.7.227.180 - - [06/Feb/2026:07:06:13 -0500] "GET /ctg/search/similarImageSearchResultView/?ctgItemCd=8610781914 HTTP/1.1" 404 1251 "https://blog.newkolkata.in/items/81914cejptidm771.html" "Mozilla/5.0 AppleWebKit/537.36 (KHTML, like Gecko; compatible; GPTBot/1.3; +https://openai.com/gptbot)"
74.7.227.180 - - [06/Feb/2026:07:06:16 -0500] "GET /ctg/search/similarImageSearchResultView/?ctgItemCd=8013375878 HTTP/1.1" 404 1251 "https://blog.newkolkata.in/getidm31/75878sejmitems.htm" "Mozilla/5.0 AppleWebKit/537.36 (KHTML, like Gecko; compatible; GPTBot/1.3; +https://openai.com/gptbot)"
85.208.96.193 - - [06/Feb/2026:07:06:17 -0500] "GET /geti/223999ulgpitems HTTP/1.1" 404 1251 "-" "Mozilla/5.0 (compatible; SemrushBot/7~bl; +http://www.semrush.com/bot.html)"
74.7.227.180 - - [06/Feb/2026:07:06:19 -0500] "GET /ctg/search/similarImageSearchResultView/?ctgItemCd=9665392489 HTTP/1.1" 404 1251 "https://blog.newkolkata.in/items/92489sejmtidm75.html" "Mozilla/5.0 AppleWebKit/537.36 (KHTML, like Gecko; compatible; GPTBot/1.3; +https://openai.com/gptbot)"
74.7.227.180 - - [06/Feb/2026:07:06:22 -0500] "GET /ctg/search/similarImageSearchResultView/?ctgItemCd=7335069211 HTTP/1.1" 404 1251 "https://blog.newkolkata.in/getidm/69211sejmitems.htm" "Mozilla/5.0 AppleWebKit/537.36 (KHTML, like Gecko; compatible; GPTBot/1.3; +https://openai.com/gptbot)"
37.120.155.18 - - [06/Feb/2026:07:06:17 -0500] "POST /wp-admin/admin-ajax.php HTTP/1.1" 200 98 "https://blog.newkolkata.in/wp-admin/post-new.php" "Mozilla/5.0 (Windows NT 10.0; Win64; x64) AppleWebKit/537.36 (KHTML, like Gecko) Chrome/143.0.0.0 Safari/537.36"
74.7.227.180 - - [06/Feb/2026:07:06:25 -0500] "GET /ctg/search/similarImageSearchResultView/?ctgItemCd=8384079913 HTTP/1.1" 404 1251 "https://blog.newkolkata.in/geti/79913cejpitems.htm" "Mozilla/5.0 AppleWebKit/537.36 (KHTML, like Gecko; compatible; GPTBot/1.3; +https://openai.com/gptbot)"
85.208.96.195 - - [06/Feb/2026:07:06:27 -0500] "GET /ite/233270sejmtid.html HTTP/1.1" 404 1251 "-" "Mozilla/5.0 (compatible; SemrushBot/7~bl; +http://www.semrush.com/bot.html)"
74.7.227.180 - - [06/Feb/2026:07:06:28 -0500] "GET /ctg/search/similarImageSearchResultView/?ctgItemCd=2576321896 HTTP/1.1" 404 1251 "https://blog.newkolkata.in/get/21896zslyitems.htm" "Mozilla/5.0 AppleWebKit/537.36 (KHTML, like Gecko; compatible; GPTBot/1.3; +https://openai.com/gptbot)"
66.249.66.74 - - [06/Feb/2026:07:06:28 -0500] "GET /products.php?shop/malleably/reverer427433336.html HTTP/1.1" 404 1251 "-" "Mozilla/5.0 (Linux; Android 6.0.1; Nexus 5X Build/MMB29P) AppleWebKit/537.36 (KHTML, like Gecko) Chrome/144.0.7559.132 Mobile Safari/537.36 (compatible; Googlebot/2.1; +http://www.google.com/bot.html)"
74.7.227.180 - - [06/Feb/2026:07:06:31 -0500] "GET /ctg/search/similarImageSearchResultView/?ctgItemCd=3140727586 HTTP/1.1" 404 1251 "https://blog.newkolkata.in/getidm1/27586ccoyitems" "Mozilla/5.0 AppleWebKit/537.36 (KHTML, like Gecko; compatible; GPTBot/1.3; +https://openai.com/gptbot)"
185.191.171.8 - - [06/Feb/2026:07:06:34 -0500] "GET /get/139318kairitems HTTP/1.1" 404 1251 "-" "Mozilla/5.0 (compatible; SemrushBot/7~bl; +http://www.semrush.com/bot.html)"
74.7.227.180 - - [06/Feb/2026:07:06:34 -0500] "GET /ctg/search/similarImageSearchResultView/?ctgItemCd=7203067682 HTTP/1.1" 404 1251 "https://blog.newkolkata.in/items/67682mvrvtidm55449.html" "Mozilla/5.0 AppleWebKit/537.36 (KHTML, like Gecko; compatible; GPTBot/1.3; +https://openai.com/gptbot)"
66.249.66.165 - - [06/Feb/2026:07:06:36 -0500] "GET /detail.php?products/78719164746 HTTP/1.1" 404 1251 "-" "Mozilla/5.0 (Linux; Android 6.0.1; Nexus 5X Build/MMB29P) AppleWebKit/537.36 (KHTML, like Gecko) Chrome/144.0.7559.132 Mobile Safari/537.36 (compatible; Googlebot/2.1; +http://www.google.com/bot.html)"
185.191.171.18 - - [06/Feb/2026:07:06:36 -0500] "GET /getidm4/76882zslyitems HTTP/1.1" 404 1251 "-" "Mozilla/5.0 (compatible; SemrushBot/7~bl; +http://www.semrush.com/bot.html)"
74.7.227.180 - - [06/Feb/2026:07:06:38 -0500] "GET /ctg/search/similarImageSearchResultView/?ctgItemCd=3177227935 HTTP/1.1" 404 1251 "https://blog.newkolkata.in/ite/27935tjvftidm.html" "Mozilla/5.0 AppleWebKit/537.36 (KHTML, like Gecko; compatible; GPTBot/1.3; +https://openai.com/gptbot)"
198.54.126.162 - - [06/Feb/2026:07:06:37 -0500] "POST /wp-cron.php?doing_wp_cron=1770379597.3142940998077392578125 HTTP/1.1" 200 0 "-" "WordPress/6.9.1; https://blog.newkolkata.in"
37.120.155.18 - - [06/Feb/2026:07:06:27 -0500] "POST /wp-admin/admin-ajax.php HTTP/1.1" 200 98 "https://blog.newkolkata.in/wp-admin/post-new.php" "Mozilla/5.0 (Windows NT 10.0; Win64; x64) AppleWebKit/537.36 (KHTML, like Gecko) Chrome/143.0.0.0 Safari/537.36"
85.208.96.207 - - [06/Feb/2026:07:06:39 -0500] "GET /getidm/138168ccoyitems.htm HTTP/1.1" 404 1251 "-" "Mozilla/5.0 (compatible; SemrushBot/7~bl; +http://www.semrush.com/bot.html)"
74.7.227.180 - - [06/Feb/2026:07:06:41 -0500] "GET /ctg/search/similarImageSearchResultView/?ctgItemCd=9821094276 HTTP/1.1" 404 1251 "https://blog.newkolkata.in/getidm864/94276ccoyitems" "Mozilla/5.0 AppleWebKit/537.36 (KHTML, like Gecko; compatible; GPTBot/1.3; +https://openai.com/gptbot)"
74.7.227.180 - - [06/Feb/2026:07:06:44 -0500] "GET /ctg/search/similarImageSearchResultView/?ctgItemCd=5631052362 HTTP/1.1" 404 1251 "https://blog.newkolkata.in/getidm489/52362pcywitems" "Mozilla/5.0 AppleWebKit/537.36 (KHTML, like Gecko; compatible; GPTBot/1.3; +https://openai.com/gptbot)"
85.208.96.200 - - [06/Feb/2026:07:06:45 -0500] "GET /get/2988zslyitems.htm HTTP/1.1" 404 1251 "-" "Mozilla/5.0 (compatible; SemrushBot/7~bl; +http://www.semrush.com/bot.html)"
74.7.227.180 - - [06/Feb/2026:07:06:47 -0500] "GET /ctg/search/similarImageSearchResultView/?ctgItemCd=3894035359 HTTP/1.1" 404 1251 "https://blog.newkolkata.in/geti/35359pcywitems" "Mozilla/5.0 AppleWebKit/537.36 (KHTML, like Gecko; compatible; GPTBot/1.3; +https://openai.com/gptbot)"
66.249.66.165 - - [06/Feb/2026:07:06:50 -0500] "GET /get/110634ulgpitems.htm HTTP/1.1" 404 1251 "-" "Mozilla/5.0 (Linux; Android 6.0.1; Nexus 5X Build/MMB29P) AppleWebKit/537.36 (KHTML, like Gecko) Chrome/144.0.7559.132 Mobile Safari/537.36 (compatible; Googlebot/2.1; +http://www.google.com/bot.html)"
74.7.227.180 - - [06/Feb/2026:07:06:50 -0500] "GET /ctg/search/similarImageSearchResultView/?ctgItemCd=5923455273 HTTP/1.1" 404 1251 "https://blog.newkolkata.in/geti/55273mvrvitems.htm" "Mozilla/5.0 AppleWebKit/537.36 (KHTML, like Gecko; compatible; GPTBot/1.3; +https://openai.com/gptbot)"
37.120.155.18 - - [06/Feb/2026:07:06:38 -0500] "POST /wp-admin/admin-ajax.php HTTP/1.1" 200 98 "https://blog.newkolkata.in/wp-admin/post-new.php" "Mozilla/5.0 (Windows NT 10.0; Win64; x64) AppleWebKit/537.36 (KHTML, like Gecko) Chrome/143.0.0.0 Safari/537.36"
74.7.227.180 - - [06/Feb/2026:07:06:54 -0500] "GET /ctg/search/similarImageSearchResultView/?ctgItemCd=9883894775 HTTP/1.1" 404 1251 "https://blog.newkolkata.in/getid/94775pcywitems.htm" "Mozilla/5.0 AppleWebKit/537.36 (KHTML, like Gecko; compatible; GPTBot/1.3; +https://openai.com/gptbot)"
74.7.227.180 - - [06/Feb/2026:07:06:57 -0500] "GET /ctg/search/similarImageSearchResultView/?ctgItemCd=5277548820 HTTP/1.1" 404 1251 "https://blog.newkolkata.in/getidm763/48820mvrvitems" "Mozilla/5.0 AppleWebKit/537.36 (KHTML, like Gecko; compatible; GPTBot/1.3; +https://openai.com/gptbot)"
74.7.227.180 - - [06/Feb/2026:07:07:00 -0500] "GET /ctg/search/similarImageSearchResultView/?ctgItemCd=3874934814 HTTP/1.1" 404 1251 "https://blog.newkolkata.in/items/34814sejmtid.html" "Mozilla/5.0 AppleWebKit/537.36 (KHTML, like Gecko; compatible; GPTBot/1.3; +https://openai.com/gptbot)"
74.7.227.180 - - [06/Feb/2026:07:07:03 -0500] "GET /ctg/search/similarImageSearchResultView/?ctgItemCd=9138287784 HTTP/1.1" 404 1251 "https://blog.newkolkata.in/geti/87784mvrvitems" "Mozilla/5.0 AppleWebKit/537.36 (KHTML, like Gecko; compatible; GPTBot/1.3; +https://openai.com/gptbot)"
37.120.155.18 - - [06/Feb/2026:07:06:52 -0500] "POST /wp-admin/admin-ajax.php HTTP/1.1" 200 98 "https://blog.newkolkata.in/wp-admin/post-new.php" "Mozilla/5.0 (Windows NT 10.0; Win64; x64) AppleWebKit/537.36 (KHTML, like Gecko) Chrome/143.0.0.0 Safari/537.36"
74.7.227.180 - - [06/Feb/2026:07:07:06 -0500] "GET /ctg/search/similarImageSearchResultView/?ctgItemCd=5093546982 HTTP/1.1" 404 1251 "https://blog.newkolkata.in/items/46982ulgptid.html" "Mozilla/5.0 AppleWebKit/537.36 (KHTML, like Gecko; compatible; GPTBot/1.3; +https://openai.com/gptbot)"
74.7.227.180 - - [06/Feb/2026:07:07:09 -0500] "GET /ctg/search/similarImageSearchResultView/?ctgItemCd=1659612426 HTTP/1.1" 404 1251 "https://blog.newkolkata.in/getidm/12426zslyitems.htm" "Mozilla/5.0 AppleWebKit/537.36 (KHTML, like Gecko; compatible; GPTBot/1.3; +https://openai.com/gptbot)"
74.7.227.180 - - [06/Feb/2026:07:07:13 -0500] "GET /ctg/search/similarImageSearchResultView/?ctgItemCd=8169578214 HTTP/1.1" 404 1251 "https://blog.newkolkata.in/get/78214mvrvitems" "Mozilla/5.0 AppleWebKit/537.36 (KHTML, like Gecko; compatible; GPTBot/1.3; +https://openai.com/gptbot)"
74.7.227.180 - - [06/Feb/2026:07:07:16 -0500] "GET /ctg/search/similarImageSearchResultView/?ctgItemCd=9610492246 HTTP/1.1" 404 1251 "https://blog.newkolkata.in/item/92246zslytid.html" "Mozilla/5.0 AppleWebKit/537.36 (KHTML, like Gecko; compatible; GPTBot/1.3; +https://openai.com/gptbot)"
37.120.155.18 - - [06/Feb/2026:07:07:06 -0500] "POST /wp-admin/admin-ajax.php HTTP/1.1" 200 98 "https://blog.newkolkata.in/wp-admin/post-new.php" "Mozilla/5.0 (Windows NT 10.0; Win64; x64) AppleWebKit/537.36 (KHTML, like Gecko) Chrome/143.0.0.0 Safari/537.36"
66.249.66.193 - - [06/Feb/2026:07:07:18 -0500] "GET /products.php?shop/crinated/motordrome6678661965.html HTTP/1.1" 404 1251 "-" "Mozilla/5.0 (Linux; Android 6.0.1; Nexus 5X Build/MMB29P) AppleWebKit/537.36 (KHTML, like Gecko) Chrome/144.0.7559.132 Mobile Safari/537.36 (compatible; Googlebot/2.1; +http://www.google.com/bot.html)"
74.7.227.180 - - [06/Feb/2026:07:07:19 -0500] "GET /ctg/search/similarImageSearchResultView/?ctgItemCd=2058416383 HTTP/1.1" 404 1251 "https://blog.newkolkata.in/items/16383jahttidm299.html" "Mozilla/5.0 AppleWebKit/537.36 (KHTML, like Gecko; compatible; GPTBot/1.3; +https://openai.com/gptbot)"
74.7.227.180 - - [06/Feb/2026:07:07:22 -0500] "GET /ctg/search/similarImageSearchResultView/?ctgItemCd=6978065805 HTTP/1.1" 404 1251 "https://blog.newkolkata.in/getidm7816/65805jahtitems" "Mozilla/5.0 AppleWebKit/537.36 (KHTML, like Gecko; compatible; GPTBot/1.3; +https://openai.com/gptbot)"
37.120.155.18 - - [06/Feb/2026:07:07:18 -0500] "POST /wp-admin/admin-ajax.php HTTP/1.1" 200 98 "https://blog.newkolkata.in/wp-admin/post-new.php" "Mozilla/5.0 (Windows NT 10.0; Win64; x64) AppleWebKit/537.36 (KHTML, like Gecko) Chrome/143.0.0.0 Safari/537.36"
74.7.227.180 - - [06/Feb/2026:07:07:25 -0500] "GET /ctg/search/similarImageSearchResultView/?ctgItemCd=8032176870 HTTP/1.1" 404 1251 "https://blog.newkolkata.in/get/76870jahtitems" "Mozilla/5.0 AppleWebKit/537.36 (KHTML, like Gecko; compatible; GPTBot/1.3; +https://openai.com/gptbot)"
74.7.227.180 - - [06/Feb/2026:07:07:28 -0500] "GET /ctg/search/similarImageSearchResultView/?ctgItemCd=9584691856 HTTP/1.1" 404 1251 "https://blog.newkolkata.in/item/91856ccoytidm5.html" "Mozilla/5.0 AppleWebKit/537.36 (KHTML, like Gecko; compatible; GPTBot/1.3; +https://openai.com/gptbot)"
74.7.227.180 - - [06/Feb/2026:07:07:32 -0500] "GET /ctg/search/similarImageSearchResultView/?ctgItemCd=9634592767 HTTP/1.1" 404 1251 "https://blog.newkolkata.in/geti/92767tjvfitems" "Mozilla/5.0 AppleWebKit/537.36 (KHTML, like Gecko; compatible; GPTBot/1.3; +https://openai.com/gptbot)"
66.249.66.75 - - [06/Feb/2026:07:07:33 -0500] "GET /detail.php?products/57279196751 HTTP/1.1" 404 1251 "-" "Mozilla/5.0 (Linux; Android 6.0.1; Nexus 5X Build/MMB29P) AppleWebKit/537.36 (KHTML, like Gecko) Chrome/144.0.7559.132 Mobile Safari/537.36 (compatible; Googlebot/2.1; +http://www.google.com/bot.html)"
