74.7.227.180 - - [06/Feb/2026:09:45:16 -0500] "GET /ctg/search/similarImageSearchResultView/?ctgItemCd=5906255236 HTTP/1.1" 404 1251 "https://blog.newkolkata.in/get/55236ccoyitems.htm" "Mozilla/5.0 AppleWebKit/537.36 (KHTML, like Gecko; compatible; GPTBot/1.3; +https://openai.com/gptbot)"
74.7.227.180 - - [06/Feb/2026:09:45:19 -0500] "GET /ctg/search/similarImageSearchResultView/?ctgItemCd=9446290895 HTTP/1.1" 404 1251 "https://blog.newkolkata.in/geti/90895sejmitems" "Mozilla/5.0 AppleWebKit/537.36 (KHTML, like Gecko; compatible; GPTBot/1.3; +https://openai.com/gptbot)"
185.191.171.2 - - [06/Feb/2026:09:45:21 -0500] "GET /getidm/183843sejmitems.htm HTTP/1.1" 404 1251 "-" "Mozilla/5.0 (compatible; SemrushBot/7~bl; +http://www.semrush.com/bot.html)"
74.7.227.180 - - [06/Feb/2026:09:45:23 -0500] "GET /ctg/search/similarImageSearchResultView/?ctgItemCd=1552811698 HTTP/1.1" 404 1251 "https://blog.newkolkata.in/getidm3/11698ulgpitems" "Mozilla/5.0 AppleWebKit/537.36 (KHTML, like Gecko; compatible; GPTBot/1.3; +https://openai.com/gptbot)"
74.7.227.180 - - [06/Feb/2026:09:45:26 -0500] "GET /ctg/search/similarImageSearchResultView/?ctgItemCd=2014716393 HTTP/1.1" 404 1251 "https://blog.newkolkata.in/getidm/16393cejpitems" "Mozilla/5.0 AppleWebKit/537.36 (KHTML, like Gecko; compatible; GPTBot/1.3; +https://openai.com/gptbot)"
185.191.171.8 - - [06/Feb/2026:09:45:27 -0500] "GET /getidm/203761cejpitems HTTP/1.1" 404 1251 "-" "Mozilla/5.0 (compatible; SemrushBot/7~bl; +http://www.semrush.com/bot.html)"
74.7.227.180 - - [06/Feb/2026:09:45:29 -0500] "GET /ctg/search/similarImageSearchResultView/?ctgItemCd=9883394712 HTTP/1.1" 404 1251 "https://blog.newkolkata.in/items/94712pcywtidm6.html" "Mozilla/5.0 AppleWebKit/537.36 (KHTML, like Gecko; compatible; GPTBot/1.3; +https://openai.com/gptbot)"
74.7.227.180 - - [06/Feb/2026:09:45:32 -0500] "GET /ctg/search/similarImageSearchResultView/?ctgItemCd=3429230081 HTTP/1.1" 404 1251 "https://blog.newkolkata.in/item/30081zslytidm21219.html" "Mozilla/5.0 AppleWebKit/537.36 (KHTML, like Gecko; compatible; GPTBot/1.3; +https://openai.com/gptbot)"
74.7.227.180 - - [06/Feb/2026:09:45:35 -0500] "GET /ctg/search/similarImageSearchResultView/?ctgItemCd=7355369314 HTTP/1.1" 404 1251 "https://blog.newkolkata.in/items/69314mvrvtidm668.html" "Mozilla/5.0 AppleWebKit/537.36 (KHTML, like Gecko; compatible; GPTBot/1.3; +https://openai.com/gptbot)"
74.7.227.180 - - [06/Feb/2026:09:45:38 -0500] "GET /ctg/search/similarImageSearchResultView/?ctgItemCd=7198368270 HTTP/1.1" 404 1251 "https://blog.newkolkata.in/ite/68270ccoytid.html" "Mozilla/5.0 AppleWebKit/537.36 (KHTML, like Gecko; compatible; GPTBot/1.3; +https://openai.com/gptbot)"
74.7.227.180 - - [06/Feb/2026:09:45:41 -0500] "GET /ctg/search/similarImageSearchResultView/?ctgItemCd=7244768132 HTTP/1.1" 404 1251 "https://blog.newkolkata.in/items/68132ccoytidm92975.html" "Mozilla/5.0 AppleWebKit/537.36 (KHTML, like Gecko; compatible; GPTBot/1.3; +https://openai.com/gptbot)"
114.119.138.37 - - [06/Feb/2026:09:45:43 -0500] "GET /items/25047zslytidm8.html HTTP/1.1" 404 1251 "https://blog.newkolkata.in/sitemap41.xml" "Mozilla/5.0 (Linux; Android 7.0;) AppleWebKit/537.36 (KHTML, like Gecko) Mobile Safari/537.36 (compatible; PetalBot;+https://webmaster.petalsearch.com/site/petalbot)"
74.7.227.180 - - [06/Feb/2026:09:45:44 -0500] "GET /ctg/search/similarImageSearchResultView/?ctgItemCd=9219588353 HTTP/1.1" 404 1251 "https://blog.newkolkata.in/get/88353ulgpitems.htm" "Mozilla/5.0 AppleWebKit/537.36 (KHTML, like Gecko; compatible; GPTBot/1.3; +https://openai.com/gptbot)"
74.7.227.180 - - [06/Feb/2026:09:45:48 -0500] "GET /ctg/search/similarImageSearchResultView/?ctgItemCd=6479060833 HTTP/1.1" 404 1251 "https://blog.newkolkata.in/getidm319/60833zslyitems" "Mozilla/5.0 AppleWebKit/537.36 (KHTML, like Gecko; compatible; GPTBot/1.3; +https://openai.com/gptbot)"
74.7.227.180 - - [06/Feb/2026:09:45:51 -0500] "GET /ctg/search/similarImageSearchResultView/?ctgItemCd=8330179635 HTTP/1.1" 404 1251 "https://blog.newkolkata.in/getid/79635sejmitems" "Mozilla/5.0 AppleWebKit/537.36 (KHTML, like Gecko; compatible; GPTBot/1.3; +https://openai.com/gptbot)"
74.7.227.180 - - [06/Feb/2026:09:45:54 -0500] "GET /ctg/search/similarImageSearchResultView/?ctgItemCd=1904815487 HTTP/1.1" 404 1251 "https://blog.newkolkata.in/geti/15487sejmitems" "Mozilla/5.0 AppleWebKit/537.36 (KHTML, like Gecko; compatible; GPTBot/1.3; +https://openai.com/gptbot)"
185.191.171.18 - - [06/Feb/2026:09:45:54 -0500] "GET /geti/61341jahtitems.htm HTTP/1.1" 404 1251 "-" "Mozilla/5.0 (compatible; SemrushBot/7~bl; +http://www.semrush.com/bot.html)"
74.7.227.180 - - [06/Feb/2026:09:45:57 -0500] "GET /ctg/search/similarImageSearchResultView/?ctgItemCd=6593761769 HTTP/1.1" 404 1251 "https://blog.newkolkata.in/items/61769ulgptidm82.html" "Mozilla/5.0 AppleWebKit/537.36 (KHTML, like Gecko; compatible; GPTBot/1.3; +https://openai.com/gptbot)"
74.7.227.180 - - [06/Feb/2026:09:46:00 -0500] "GET /ctg/search/similarImageSearchResultView/?ctgItemCd=3742933871 HTTP/1.1" 404 1251 "https://blog.newkolkata.in/geti/33871sejmitems" "Mozilla/5.0 AppleWebKit/537.36 (KHTML, like Gecko; compatible; GPTBot/1.3; +https://openai.com/gptbot)"
85.208.96.193 - - [06/Feb/2026:09:46:01 -0500] "GET /getid/211072tjvfitems HTTP/1.1" 404 1251 "-" "Mozilla/5.0 (compatible; SemrushBot/7~bl; +http://www.semrush.com/bot.html)"
74.7.227.180 - - [06/Feb/2026:09:46:03 -0500] "GET /ctg/search/similarImageSearchResultView/?ctgItemCd=8695482996 HTTP/1.1" 404 1251 "https://blog.newkolkata.in/getidm978/82996tjvfitems" "Mozilla/5.0 AppleWebKit/537.36 (KHTML, like Gecko; compatible; GPTBot/1.3; +https://openai.com/gptbot)"
185.191.171.6 - - [06/Feb/2026:09:46:06 -0500] "GET /getid/266752cejpitems HTTP/1.1" 404 1251 "-" "Mozilla/5.0 (compatible; SemrushBot/7~bl; +http://www.semrush.com/bot.html)"
74.7.227.180 - - [06/Feb/2026:09:46:06 -0500] "GET /ctg/search/similarImageSearchResultView/?ctgItemCd=6500461109 HTTP/1.1" 404 1251 "https://blog.newkolkata.in/getidm98/61109pcywitems" "Mozilla/5.0 AppleWebKit/537.36 (KHTML, like Gecko; compatible; GPTBot/1.3; +https://openai.com/gptbot)"
74.7.227.180 - - [06/Feb/2026:09:46:09 -0500] "GET /ctg/search/similarImageSearchResultView/?ctgItemCd=2724923758 HTTP/1.1" 404 1251 "https://blog.newkolkata.in/get/23758zslyitems" "Mozilla/5.0 AppleWebKit/537.36 (KHTML, like Gecko; compatible; GPTBot/1.3; +https://openai.com/gptbot)"
74.7.227.180 - - [06/Feb/2026:09:46:13 -0500] "GET /ctg/search/similarImageSearchResultView/?ctgItemCd=8133177503 HTTP/1.1" 404 1251 "https://blog.newkolkata.in/get/77503sejmitems.htm" "Mozilla/5.0 AppleWebKit/537.36 (KHTML, like Gecko; compatible; GPTBot/1.3; +https://openai.com/gptbot)"
74.7.227.180 - - [06/Feb/2026:09:46:16 -0500] "GET /ctg/search/similarImageSearchResultView/?ctgItemCd=8038276350 HTTP/1.1" 404 1251 "https://blog.newkolkata.in/getid/76350sejmitems.htm" "Mozilla/5.0 AppleWebKit/537.36 (KHTML, like Gecko; compatible; GPTBot/1.3; +https://openai.com/gptbot)"
74.7.227.180 - - [06/Feb/2026:09:46:19 -0500] "GET /ctg/search/similarImageSearchResultView/?ctgItemCd=5412349976 HTTP/1.1" 404 1251 "https://blog.newkolkata.in/getidm/49976jahtitems.htm" "Mozilla/5.0 AppleWebKit/537.36 (KHTML, like Gecko; compatible; GPTBot/1.3; +https://openai.com/gptbot)"
74.7.227.180 - - [06/Feb/2026:09:46:22 -0500] "GET /ctg/search/similarImageSearchResultView/?ctgItemCd=4820744510 HTTP/1.1" 404 1251 "https://blog.newkolkata.in/ite/44510kairtid.html" "Mozilla/5.0 AppleWebKit/537.36 (KHTML, like Gecko; compatible; GPTBot/1.3; +https://openai.com/gptbot)"
74.7.227.180 - - [06/Feb/2026:09:46:25 -0500] "GET /ctg/search/similarImageSearchResultView/?ctgItemCd=4611242559 HTTP/1.1" 404 1251 "https://blog.newkolkata.in/geti/42559kairitems" "Mozilla/5.0 AppleWebKit/537.36 (KHTML, like Gecko; compatible; GPTBot/1.3; +https://openai.com/gptbot)"
74.7.227.180 - - [06/Feb/2026:09:46:28 -0500] "GET /ctg/search/similarImageSearchResultView/?ctgItemCd=1825014608 HTTP/1.1" 404 1251 "https://blog.newkolkata.in/getid/14608cejpitems" "Mozilla/5.0 AppleWebKit/537.36 (KHTML, like Gecko; compatible; GPTBot/1.3; +https://openai.com/gptbot)"
74.7.227.180 - - [06/Feb/2026:09:46:32 -0500] "GET /ctg/search/similarImageSearchResultView/?ctgItemCd=5768353760 HTTP/1.1" 404 1251 "https://blog.newkolkata.in/items/53760cejptid.html" "Mozilla/5.0 AppleWebKit/537.36 (KHTML, like Gecko; compatible; GPTBot/1.3; +https://openai.com/gptbot)"
74.7.227.180 - - [06/Feb/2026:09:46:35 -0500] "GET /ctg/search/similarImageSearchResultView/?ctgItemCd=3607932241 HTTP/1.1" 404 1251 "https://blog.newkolkata.in/get/32241pcywitems.htm" "Mozilla/5.0 AppleWebKit/537.36 (KHTML, like Gecko; compatible; GPTBot/1.3; +https://openai.com/gptbot)"
74.7.227.180 - - [06/Feb/2026:09:46:38 -0500] "GET /ctg/search/similarImageSearchResultView/?ctgItemCd=2334219519 HTTP/1.1" 404 1251 "https://blog.newkolkata.in/get/19519jahtitems.htm" "Mozilla/5.0 AppleWebKit/537.36 (KHTML, like Gecko; compatible; GPTBot/1.3; +https://openai.com/gptbot)"
74.7.227.180 - - [06/Feb/2026:09:46:41 -0500] "GET /ctg/search/similarImageSearchResultView/?ctgItemCd=9863594392 HTTP/1.1" 404 1251 "https://blog.newkolkata.in/getidm53/94392kairitems.htm" "Mozilla/5.0 AppleWebKit/537.36 (KHTML, like Gecko; compatible; GPTBot/1.3; +https://openai.com/gptbot)"
74.7.227.180 - - [06/Feb/2026:09:46:44 -0500] "GET /ctg/search/similarImageSearchResultView/?ctgItemCd=7452270849 HTTP/1.1" 404 1251 "https://blog.newkolkata.in/getid/70849ulgpitems" "Mozilla/5.0 AppleWebKit/537.36 (KHTML, like Gecko; compatible; GPTBot/1.3; +https://openai.com/gptbot)"
74.7.227.180 - - [06/Feb/2026:09:46:47 -0500] "GET /ctg/search/similarImageSearchResultView/?ctgItemCd=3088026942 HTTP/1.1" 404 1251 "https://blog.newkolkata.in/items/26942sejmtid.html" "Mozilla/5.0 AppleWebKit/537.36 (KHTML, like Gecko; compatible; GPTBot/1.3; +https://openai.com/gptbot)"
74.7.227.180 - - [06/Feb/2026:09:46:50 -0500] "GET /ctg/search/similarImageSearchResultView/?ctgItemCd=5765254103 HTTP/1.1" 404 1251 "https://blog.newkolkata.in/geti/54103sejmitems" "Mozilla/5.0 AppleWebKit/537.36 (KHTML, like Gecko; compatible; GPTBot/1.3; +https://openai.com/gptbot)"
74.7.227.180 - - [06/Feb/2026:09:46:54 -0500] "GET /ctg/search/similarImageSearchResultView/?ctgItemCd=2059916680 HTTP/1.1" 404 1251 "https://blog.newkolkata.in/geti/16680cejpitems.htm" "Mozilla/5.0 AppleWebKit/537.36 (KHTML, like Gecko; compatible; GPTBot/1.3; +https://openai.com/gptbot)"
74.7.227.180 - - [06/Feb/2026:09:46:57 -0500] "GET /ctg/search/similarImageSearchResultView/?ctgItemCd=8826984079 HTTP/1.1" 404 1251 "https://blog.newkolkata.in/item/84079cejptidm79406.html" "Mozilla/5.0 AppleWebKit/537.36 (KHTML, like Gecko; compatible; GPTBot/1.3; +https://openai.com/gptbot)"
74.7.227.180 - - [06/Feb/2026:09:47:00 -0500] "GET /ctg/search/similarImageSearchResultView/?ctgItemCd=8122877410 HTTP/1.1" 404 1251 "https://blog.newkolkata.in/getidm7/77410ccoyitems" "Mozilla/5.0 AppleWebKit/537.36 (KHTML, like Gecko; compatible; GPTBot/1.3; +https://openai.com/gptbot)"
74.7.227.180 - - [06/Feb/2026:09:47:03 -0500] "GET /ctg/search/similarImageSearchResultView/?ctgItemCd=6591762061 HTTP/1.1" 404 1251 "https://blog.newkolkata.in/get/62061zslyitems.htm" "Mozilla/5.0 AppleWebKit/537.36 (KHTML, like Gecko; compatible; GPTBot/1.3; +https://openai.com/gptbot)"
114.119.137.98 - - [06/Feb/2026:09:47:06 -0500] "GET /ite/272070jahttidm56.html HTTP/1.1" 404 1251 "https://blog.newkolkata.in/sitemap654.xml" "Mozilla/5.0 (Linux; Android 7.0;) AppleWebKit/537.36 (KHTML, like Gecko) Mobile Safari/537.36 (compatible; PetalBot;+https://webmaster.petalsearch.com/site/petalbot)"
74.7.227.180 - - [06/Feb/2026:09:47:06 -0500] "GET /ctg/search/similarImageSearchResultView/?ctgItemCd=3859934409 HTTP/1.1" 404 1251 "https://blog.newkolkata.in/items/34409zslytidm78.html" "Mozilla/5.0 AppleWebKit/537.36 (KHTML, like Gecko; compatible; GPTBot/1.3; +https://openai.com/gptbot)"
74.7.227.180 - - [06/Feb/2026:09:47:10 -0500] "GET /ctg/search/similarImageSearchResultView/?ctgItemCd=9948595301 HTTP/1.1" 404 1251 "https://blog.newkolkata.in/getidm6/95301jahtitems.htm" "Mozilla/5.0 AppleWebKit/537.36 (KHTML, like Gecko; compatible; GPTBot/1.3; +https://openai.com/gptbot)"
74.7.227.180 - - [06/Feb/2026:09:47:13 -0500] "GET /ctg/search/similarImageSearchResultView/?ctgItemCd=8381479712 HTTP/1.1" 404 1251 "https://blog.newkolkata.in/items/79712ccoytidm5.html" "Mozilla/5.0 AppleWebKit/537.36 (KHTML, like Gecko; compatible; GPTBot/1.3; +https://openai.com/gptbot)"
85.208.96.198 - - [06/Feb/2026:09:47:13 -0500] "GET /getidm/229297zslyitems HTTP/1.1" 404 1251 "-" "Mozilla/5.0 (compatible; SemrushBot/7~bl; +http://www.semrush.com/bot.html)"
74.7.227.180 - - [06/Feb/2026:09:47:16 -0500] "GET /ctg/search/similarImageSearchResultView/?ctgItemCd=3863034418 HTTP/1.1" 404 1251 "https://blog.newkolkata.in/items/34418tjvftidm922.html" "Mozilla/5.0 AppleWebKit/537.36 (KHTML, like Gecko; compatible; GPTBot/1.3; +https://openai.com/gptbot)"
74.7.227.180 - - [06/Feb/2026:09:47:19 -0500] "GET /ctg/search/similarImageSearchResultView/?ctgItemCd=6746863172 HTTP/1.1" 404 1251 "https://blog.newkolkata.in/items/63172jahttidm91380.html" "Mozilla/5.0 AppleWebKit/537.36 (KHTML, like Gecko; compatible; GPTBot/1.3; +https://openai.com/gptbot)"
74.7.227.180 - - [06/Feb/2026:09:47:22 -0500] "GET /ctg/search/similarImageSearchResultView/?ctgItemCd=6697262873 HTTP/1.1" 404 1251 "https://blog.newkolkata.in/items/62873kairtidm9.html" "Mozilla/5.0 AppleWebKit/537.36 (KHTML, like Gecko; compatible; GPTBot/1.3; +https://openai.com/gptbot)"
85.208.96.201 - - [06/Feb/2026:09:47:24 -0500] "GET /getidm5/280042kairitems HTTP/1.1" 404 1251 "-" "Mozilla/5.0 (compatible; SemrushBot/7~bl; +http://www.semrush.com/bot.html)"
74.7.227.180 - - [06/Feb/2026:09:47:26 -0500] "GET /ctg/search/similarImageSearchResultView/?ctgItemCd=9834294783 HTTP/1.1" 404 1251 "https://blog.newkolkata.in/geti/94783jahtitems" "Mozilla/5.0 AppleWebKit/537.36 (KHTML, like Gecko; compatible; GPTBot/1.3; +https://openai.com/gptbot)"
74.7.227.180 - - [06/Feb/2026:09:47:29 -0500] "GET /ctg/search/similarImageSearchResultView/?ctgItemCd=1442110657 HTTP/1.1" 404 1251 "https://blog.newkolkata.in/getidm/10657sejmitems" "Mozilla/5.0 AppleWebKit/537.36 (KHTML, like Gecko; compatible; GPTBot/1.3; +https://openai.com/gptbot)"
74.7.227.180 - - [06/Feb/2026:09:47:32 -0500] "GET /ctg/search/similarImageSearchResultView/?ctgItemCd=2354319400 HTTP/1.1" 404 1251 "https://blog.newkolkata.in/getidm/19400ulgpitems.htm" "Mozilla/5.0 AppleWebKit/537.36 (KHTML, like Gecko; compatible; GPTBot/1.3; +https://openai.com/gptbot)"
85.208.96.210 - - [06/Feb/2026:09:47:35 -0500] "GET /getidm86/15763cejpitems HTTP/1.1" 404 1251 "-" "Mozilla/5.0 (compatible; SemrushBot/7~bl; +http://www.semrush.com/bot.html)"
74.7.227.180 - - [06/Feb/2026:09:47:35 -0500] "GET /ctg/search/similarImageSearchResultView/?ctgItemCd=6923465195 HTTP/1.1" 404 1251 "https://blog.newkolkata.in/ite/65195sejmtidm5781.html" "Mozilla/5.0 AppleWebKit/537.36 (KHTML, like Gecko; compatible; GPTBot/1.3; +https://openai.com/gptbot)"
74.7.227.180 - - [06/Feb/2026:09:47:38 -0500] "GET /ctg/search/similarImageSearchResultView/?ctgItemCd=3684932685 HTTP/1.1" 404 1251 "https://blog.newkolkata.in/getidm/32685pcywitems.htm" "Mozilla/5.0 AppleWebKit/537.36 (KHTML, like Gecko; compatible; GPTBot/1.3; +https://openai.com/gptbot)"
74.7.227.180 - - [06/Feb/2026:09:47:41 -0500] "GET /ctg/search/similarImageSearchResultView/?ctgItemCd=5534951090 HTTP/1.1" 404 1251 "https://blog.newkolkata.in/getidm89/51090tjvfitems.htm" "Mozilla/5.0 AppleWebKit/537.36 (KHTML, like Gecko; compatible; GPTBot/1.3; +https://openai.com/gptbot)"
74.7.227.180 - - [06/Feb/2026:09:47:45 -0500] "GET /ctg/search/similarImageSearchResultView/?ctgItemCd=9183987470 HTTP/1.1" 404 1251 "https://blog.newkolkata.in/items/87470ccoytidm506579.html" "Mozilla/5.0 AppleWebKit/537.36 (KHTML, like Gecko; compatible; GPTBot/1.3; +https://openai.com/gptbot)"
74.7.227.180 - - [06/Feb/2026:09:47:48 -0500] "GET /ctg/search/similarImageSearchResultView/?ctgItemCd=7220368375 HTTP/1.1" 404 1251 "https://blog.newkolkata.in/ite/68375ccoytidm.html" "Mozilla/5.0 AppleWebKit/537.36 (KHTML, like Gecko; compatible; GPTBot/1.3; +https://openai.com/gptbot)"
74.7.227.180 - - [06/Feb/2026:09:47:51 -0500] "GET /ctg/search/similarImageSearchResultView/?ctgItemCd=5498550664 HTTP/1.1" 404 1251 "https://blog.newkolkata.in/getidm952/50664pcywitems.htm" "Mozilla/5.0 AppleWebKit/537.36 (KHTML, like Gecko; compatible; GPTBot/1.3; +https://openai.com/gptbot)"
74.7.227.180 - - [06/Feb/2026:09:47:54 -0500] "GET /ctg/search/similarImageSearchResultView/?ctgItemCd=1657812506 HTTP/1.1" 404 1251 "https://blog.newkolkata.in/item/12506kairtidm382.html" "Mozilla/5.0 AppleWebKit/537.36 (KHTML, like Gecko; compatible; GPTBot/1.3; +https://openai.com/gptbot)"
185.191.171.14 - - [06/Feb/2026:09:47:55 -0500] "GET /getidm/144889zslyitems HTTP/1.1" 404 1251 "-" "Mozilla/5.0 (compatible; SemrushBot/7~bl; +http://www.semrush.com/bot.html)"
74.7.227.180 - - [06/Feb/2026:09:47:57 -0500] "GET /ctg/search/similarImageSearchResultView/?ctgItemCd=8536181607 HTTP/1.1" 404 1251 "https://blog.newkolkata.in/getidm/81607cejpitems" "Mozilla/5.0 AppleWebKit/537.36 (KHTML, like Gecko; compatible; GPTBot/1.3; +https://openai.com/gptbot)"
74.7.227.180 - - [06/Feb/2026:09:48:00 -0500] "GET /ctg/search/similarImageSearchResultView/?ctgItemCd=3002125716 HTTP/1.1" 404 1251 "https://blog.newkolkata.in/getidm623/25716ulgpitems.htm" "Mozilla/5.0 AppleWebKit/537.36 (KHTML, like Gecko; compatible; GPTBot/1.3; +https://openai.com/gptbot)"
74.7.227.180 - - [06/Feb/2026:09:48:03 -0500] "GET /ctg/search/similarImageSearchResultView/?ctgItemCd=9394890027 HTTP/1.1" 404 1251 "https://blog.newkolkata.in/geti/90027kairitems.htm" "Mozilla/5.0 AppleWebKit/537.36 (KHTML, like Gecko; compatible; GPTBot/1.3; +https://openai.com/gptbot)"
74.7.227.180 - - [06/Feb/2026:09:48:06 -0500] "GET /ctg/search/similarImageSearchResultView/?ctgItemCd=7224968294 HTTP/1.1" 404 1251 "https://blog.newkolkata.in/items/68294tjvftid.html" "Mozilla/5.0 AppleWebKit/537.36 (KHTML, like Gecko; compatible; GPTBot/1.3; +https://openai.com/gptbot)"
74.7.227.180 - - [06/Feb/2026:09:48:10 -0500] "GET /ctg/search/similarImageSearchResultView/?ctgItemCd=3960935748 HTTP/1.1" 404 1251 "https://blog.newkolkata.in/get/35748mvrvitems.htm" "Mozilla/5.0 AppleWebKit/537.36 (KHTML, like Gecko; compatible; GPTBot/1.3; +https://openai.com/gptbot)"
74.7.227.180 - - [06/Feb/2026:09:48:13 -0500] "GET /ctg/search/similarImageSearchResultView/?ctgItemCd=3672032681 HTTP/1.1" 404 1251 "https://blog.newkolkata.in/item/32681sejmtidm77.html" "Mozilla/5.0 AppleWebKit/537.36 (KHTML, like Gecko; compatible; GPTBot/1.3; +https://openai.com/gptbot)"
85.208.96.203 - - [06/Feb/2026:09:48:14 -0500] "GET /get/122638ulgpitems HTTP/1.1" 404 1251 "-" "Mozilla/5.0 (compatible; SemrushBot/7~bl; +http://www.semrush.com/bot.html)"
74.7.227.180 - - [06/Feb/2026:09:48:16 -0500] "GET /ctg/search/similarImageSearchResultView/?ctgItemCd=5443350273 HTTP/1.1" 404 1251 "https://blog.newkolkata.in/items/50273tjvftidm48.html" "Mozilla/5.0 AppleWebKit/537.36 (KHTML, like Gecko; compatible; GPTBot/1.3; +https://openai.com/gptbot)"
185.191.171.14 - - [06/Feb/2026:09:48:18 -0500] "GET /get/159622mvrvitems HTTP/1.1" 404 1251 "-" "Mozilla/5.0 (compatible; SemrushBot/7~bl; +http://www.semrush.com/bot.html)"
74.7.227.180 - - [06/Feb/2026:09:48:19 -0500] "GET /ctg/search/similarImageSearchResultView/?ctgItemCd=7865875016 HTTP/1.1" 404 1251 "https://blog.newkolkata.in/getid/75016cejpitems" "Mozilla/5.0 AppleWebKit/537.36 (KHTML, like Gecko; compatible; GPTBot/1.3; +https://openai.com/gptbot)"
74.7.227.180 - - [06/Feb/2026:09:48:23 -0500] "GET /ctg/search/similarImageSearchResultView/?ctgItemCd=3492631486 HTTP/1.1" 404 1251 "https://blog.newkolkata.in/get/31486cejpitems" "Mozilla/5.0 AppleWebKit/537.36 (KHTML, like Gecko; compatible; GPTBot/1.3; +https://openai.com/gptbot)"
185.191.171.17 - - [06/Feb/2026:09:48:23 -0500] "GET /getid/48112kairitems HTTP/1.1" 404 1251 "-" "Mozilla/5.0 (compatible; SemrushBot/7~bl; +http://www.semrush.com/bot.html)"
74.7.227.180 - - [06/Feb/2026:09:48:26 -0500] "GET /ctg/search/similarImageSearchResultView/?ctgItemCd=9851694690 HTTP/1.1" 404 1251 "https://blog.newkolkata.in/getidm5/94690sejmitems" "Mozilla/5.0 AppleWebKit/537.36 (KHTML, like Gecko; compatible; GPTBot/1.3; +https://openai.com/gptbot)"
185.191.171.12 - - [06/Feb/2026:09:48:28 -0500] "GET /item/176846cejptid.html HTTP/1.1" 404 1251 "-" "Mozilla/5.0 (compatible; SemrushBot/7~bl; +http://www.semrush.com/bot.html)"
74.7.227.180 - - [06/Feb/2026:09:48:29 -0500] "GET /ctg/search/similarImageSearchResultView/?ctgItemCd=2093616644 HTTP/1.1" 404 1251 "https://blog.newkolkata.in/getidm366/16644jahtitems.htm" "Mozilla/5.0 AppleWebKit/537.36 (KHTML, like Gecko; compatible; GPTBot/1.3; +https://openai.com/gptbot)"
74.7.227.180 - - [06/Feb/2026:09:48:32 -0500] "GET /ctg/search/similarImageSearchResultView/?ctgItemCd=9293788620 HTTP/1.1" 404 1251 "https://blog.newkolkata.in/getidm117/88620pcywitems.htm" "Mozilla/5.0 AppleWebKit/537.36 (KHTML, like Gecko; compatible; GPTBot/1.3; +https://openai.com/gptbot)"
114.119.141.228 - - [06/Feb/2026:09:48:33 -0500] "GET /getidm8/274957sejmitems.htm HTTP/1.1" 404 1251 "https://blog.newkolkata.in/sitemap453.xml" "Mozilla/5.0 (Linux; Android 7.0;) AppleWebKit/537.36 (KHTML, like Gecko) Mobile Safari/537.36 (compatible; PetalBot;+https://webmaster.petalsearch.com/site/petalbot)"
85.208.96.209 - - [06/Feb/2026:09:48:33 -0500] "GET /geti/29887kairitems HTTP/1.1" 404 1251 "-" "Mozilla/5.0 (compatible; SemrushBot/7~bl; +http://www.semrush.com/bot.html)"
85.208.96.202 - - [06/Feb/2026:09:48:35 -0500] "GET /ite/77135tjvftidm.html HTTP/1.1" 404 1251 "-" "Mozilla/5.0 (compatible; SemrushBot/7~bl; +http://www.semrush.com/bot.html)"
74.7.227.180 - - [06/Feb/2026:09:48:35 -0500] "GET /ctg/search/similarImageSearchResultView/?ctgItemCd=3303428917 HTTP/1.1" 404 1251 "https://blog.newkolkata.in/items/28917ulgptidm9.html" "Mozilla/5.0 AppleWebKit/537.36 (KHTML, like Gecko; compatible; GPTBot/1.3; +https://openai.com/gptbot)"
74.7.227.180 - - [06/Feb/2026:09:48:38 -0500] "GET /ctg/search/similarImageSearchResultView/?ctgItemCd=6340759271 HTTP/1.1" 404 1251 "https://blog.newkolkata.in/getidm/59271kairitems.htm" "Mozilla/5.0 AppleWebKit/537.36 (KHTML, like Gecko; compatible; GPTBot/1.3; +https://openai.com/gptbot)"
74.7.227.180 - - [06/Feb/2026:09:48:42 -0500] "GET /ctg/search/similarImageSearchResultView/?ctgItemCd=3295328905 HTTP/1.1" 404 1251 "https://blog.newkolkata.in/items/28905sejmtidm.html" "Mozilla/5.0 AppleWebKit/537.36 (KHTML, like Gecko; compatible; GPTBot/1.3; +https://openai.com/gptbot)"
85.208.96.210 - - [06/Feb/2026:09:48:43 -0500] "GET /get/71280sejmitems.htm HTTP/1.1" 404 1251 "-" "Mozilla/5.0 (compatible; SemrushBot/7~bl; +http://www.semrush.com/bot.html)"
74.7.227.180 - - [06/Feb/2026:09:48:45 -0500] "GET /ctg/search/similarImageSearchResultView/?ctgItemCd=9761493751 HTTP/1.1" 404 1251 "https://blog.newkolkata.in/getidm50/93751kairitems" "Mozilla/5.0 AppleWebKit/537.36 (KHTML, like Gecko; compatible; GPTBot/1.3; +https://openai.com/gptbot)"
185.191.171.18 - - [06/Feb/2026:09:48:45 -0500] "GET /getidm8/176554jahtitems HTTP/1.1" 404 1251 "-" "Mozilla/5.0 (compatible; SemrushBot/7~bl; +http://www.semrush.com/bot.html)"
207.46.13.87 - - [06/Feb/2026:09:48:46 -0500] "GET /items/38257jahttidm62.html HTTP/1.1" 404 1251 "-" "Mozilla/5.0 AppleWebKit/537.36 (KHTML, like Gecko; compatible; bingbot/2.0; +http://www.bing.com/bingbot.htm) Chrome/116.0.1938.76 Safari/537.36"
185.191.171.4 - - [06/Feb/2026:09:48:47 -0500] "GET /getidm7/19282cejpitems HTTP/1.1" 404 1251 "-" "Mozilla/5.0 (compatible; SemrushBot/7~bl; +http://www.semrush.com/bot.html)"
74.7.227.180 - - [06/Feb/2026:09:48:48 -0500] "GET /ctg/search/similarImageSearchResultView/?ctgItemCd=5014646214 HTTP/1.1" 404 1251 "https://blog.newkolkata.in/items/46214sejmtid.html" "Mozilla/5.0 AppleWebKit/537.36 (KHTML, like Gecko; compatible; GPTBot/1.3; +https://openai.com/gptbot)"
74.7.227.180 - - [06/Feb/2026:09:48:51 -0500] "GET /ctg/search/similarImageSearchResultView/?ctgItemCd=2443120470 HTTP/1.1" 404 1251 "https://blog.newkolkata.in/getidm3711/20470ccoyitems" "Mozilla/5.0 AppleWebKit/537.36 (KHTML, like Gecko; compatible; GPTBot/1.3; +https://openai.com/gptbot)"
74.7.227.180 - - [06/Feb/2026:09:48:54 -0500] "GET /ctg/search/similarImageSearchResultView/?ctgItemCd=4055336594 HTTP/1.1" 404 1251 "https://blog.newkolkata.in/getidm968/36594pcywitems" "Mozilla/5.0 AppleWebKit/537.36 (KHTML, like Gecko; compatible; GPTBot/1.3; +https://openai.com/gptbot)"
74.7.227.180 - - [06/Feb/2026:09:48:57 -0500] "GET /ctg/search/similarImageSearchResultView/?ctgItemCd=8378679538 HTTP/1.1" 404 1251 "https://blog.newkolkata.in/items/79538mvrvtidm983.html" "Mozilla/5.0 AppleWebKit/537.36 (KHTML, like Gecko; compatible; GPTBot/1.3; +https://openai.com/gptbot)"
74.7.227.180 - - [06/Feb/2026:09:49:00 -0500] "GET /ctg/search/similarImageSearchResultView/?ctgItemCd=5374350191 HTTP/1.1" 404 1251 "https://blog.newkolkata.in/geti/50191sejmitems" "Mozilla/5.0 AppleWebKit/537.36 (KHTML, like Gecko; compatible; GPTBot/1.3; +https://openai.com/gptbot)"
74.7.227.180 - - [06/Feb/2026:09:49:04 -0500] "GET /ctg/search/similarImageSearchResultView/?ctgItemCd=4655742741 HTTP/1.1" 404 1251 "https://blog.newkolkata.in/get/42741kairitems.htm" "Mozilla/5.0 AppleWebKit/537.36 (KHTML, like Gecko; compatible; GPTBot/1.3; +https://openai.com/gptbot)"
185.191.171.4 - - [06/Feb/2026:09:49:04 -0500] "GET /getidm/56665mvrvitems HTTP/1.1" 404 1251 "-" "Mozilla/5.0 (compatible; SemrushBot/7~bl; +http://www.semrush.com/bot.html)"
74.7.227.180 - - [06/Feb/2026:09:49:07 -0500] "GET /ctg/search/similarImageSearchResultView/?ctgItemCd=2773123457 HTTP/1.1" 404 1251 "https://blog.newkolkata.in/getidm36/23457mvrvitems.htm" "Mozilla/5.0 AppleWebKit/537.36 (KHTML, like Gecko; compatible; GPTBot/1.3; +https://openai.com/gptbot)"
185.191.171.18 - - [06/Feb/2026:09:49:08 -0500] "GET /item/126206cejptid.html HTTP/1.1" 404 1251 "-" "Mozilla/5.0 (compatible; SemrushBot/7~bl; +http://www.semrush.com/bot.html)"
74.7.227.180 - - [06/Feb/2026:09:49:10 -0500] "GET /ctg/search/similarImageSearchResultView/?ctgItemCd=1395910201 HTTP/1.1" 404 1251 "https://blog.newkolkata.in/getidm/10201ulgpitems" "Mozilla/5.0 AppleWebKit/537.36 (KHTML, like Gecko; compatible; GPTBot/1.3; +https://openai.com/gptbot)"
74.7.227.180 - - [06/Feb/2026:09:49:13 -0500] "GET /ctg/search/similarImageSearchResultView/?ctgItemCd=7969475641 HTTP/1.1" 404 1251 "https://blog.newkolkata.in/item/75641ulgptidm88.html" "Mozilla/5.0 AppleWebKit/537.36 (KHTML, like Gecko; compatible; GPTBot/1.3; +https://openai.com/gptbot)"
74.7.227.180 - - [06/Feb/2026:09:49:16 -0500] "GET /ctg/search/similarImageSearchResultView/?ctgItemCd=8297678684 HTTP/1.1" 404 1251 "https://blog.newkolkata.in/getidm71/78684zslyitems.htm" "Mozilla/5.0 AppleWebKit/537.36 (KHTML, like Gecko; compatible; GPTBot/1.3; +https://openai.com/gptbot)"
74.7.227.180 - - [06/Feb/2026:09:49:19 -0500] "GET /ctg/search/similarImageSearchResultView/?ctgItemCd=4308439622 HTTP/1.1" 404 1251 "https://blog.newkolkata.in/get/39622ulgpitems" "Mozilla/5.0 AppleWebKit/537.36 (KHTML, like Gecko; compatible; GPTBot/1.3; +https://openai.com/gptbot)"
74.7.227.180 - - [06/Feb/2026:09:49:22 -0500] "GET /ctg/search/similarImageSearchResultView/?ctgItemCd=9704593119 HTTP/1.1" 404 1251 "https://blog.newkolkata.in/geti/93119kairitems.htm" "Mozilla/5.0 AppleWebKit/537.36 (KHTML, like Gecko; compatible; GPTBot/1.3; +https://openai.com/gptbot)"
74.7.227.180 - - [06/Feb/2026:09:49:25 -0500] "GET /ctg/search/similarImageSearchResultView/?ctgItemCd=5626052034 HTTP/1.1" 404 1251 "https://blog.newkolkata.in/items/52034zslytidm234.html" "Mozilla/5.0 AppleWebKit/537.36 (KHTML, like Gecko; compatible; GPTBot/1.3; +https://openai.com/gptbot)"
185.191.171.16 - - [06/Feb/2026:09:49:28 -0500] "GET /getid/157312sejmitems HTTP/1.1" 404 1251 "-" "Mozilla/5.0 (compatible; SemrushBot/7~bl; +http://www.semrush.com/bot.html)"
74.7.227.180 - - [06/Feb/2026:09:49:28 -0500] "GET /ctg/search/similarImageSearchResultView/?ctgItemCd=2097116817 HTTP/1.1" 404 1251 "https://blog.newkolkata.in/items/16817sejmtidm47.html" "Mozilla/5.0 AppleWebKit/537.36 (KHTML, like Gecko; compatible; GPTBot/1.3; +https://openai.com/gptbot)"
74.7.227.180 - - [06/Feb/2026:09:49:32 -0500] "GET /ctg/search/similarImageSearchResultView/?ctgItemCd=3345829963 HTTP/1.1" 404 1251 "https://blog.newkolkata.in/get/29963zslyitems" "Mozilla/5.0 AppleWebKit/537.36 (KHTML, like Gecko; compatible; GPTBot/1.3; +https://openai.com/gptbot)"
74.7.227.180 - - [06/Feb/2026:09:49:35 -0500] "GET /ctg/search/similarImageSearchResultView/?ctgItemCd=5839854209 HTTP/1.1" 404 1251 "https://blog.newkolkata.in/items/54209zslytidm77.html" "Mozilla/5.0 AppleWebKit/537.36 (KHTML, like Gecko; compatible; GPTBot/1.3; +https://openai.com/gptbot)"
185.191.171.18 - - [06/Feb/2026:09:49:36 -0500] "GET /get/178128pcywitems.htm HTTP/1.1" 404 1251 "-" "Mozilla/5.0 (compatible; SemrushBot/7~bl; +http://www.semrush.com/bot.html)"
74.7.227.180 - - [06/Feb/2026:09:49:38 -0500] "GET /ctg/search/similarImageSearchResultView/?ctgItemCd=5726553304 HTTP/1.1" 404 1251 "https://blog.newkolkata.in/geti/53304zslyitems.htm" "Mozilla/5.0 AppleWebKit/537.36 (KHTML, like Gecko; compatible; GPTBot/1.3; +https://openai.com/gptbot)"
74.7.227.180 - - [06/Feb/2026:09:49:41 -0500] "GET /ctg/search/similarImageSearchResultView/?ctgItemCd=5363549418 HTTP/1.1" 404 1251 "https://blog.newkolkata.in/items/49418ulgptidm275.html" "Mozilla/5.0 AppleWebKit/537.36 (KHTML, like Gecko; compatible; GPTBot/1.3; +https://openai.com/gptbot)"
85.208.96.204 - - [06/Feb/2026:09:49:43 -0500] "GET /getidm/681sejmitems.htm HTTP/1.1" 404 1251 "-" "Mozilla/5.0 (compatible; SemrushBot/7~bl; +http://www.semrush.com/bot.html)"
74.7.227.180 - - [06/Feb/2026:09:49:44 -0500] "GET /ctg/search/similarImageSearchResultView/?ctgItemCd=9701093526 HTTP/1.1" 404 1251 "https://blog.newkolkata.in/get/93526mvrvitems" "Mozilla/5.0 AppleWebKit/537.36 (KHTML, like Gecko; compatible; GPTBot/1.3; +https://openai.com/gptbot)"
85.208.96.193 - - [06/Feb/2026:09:49:45 -0500] "GET /getid/160792pcywitems HTTP/1.1" 404 1251 "-" "Mozilla/5.0 (compatible; SemrushBot/7~bl; +http://www.semrush.com/bot.html)"
74.7.227.180 - - [06/Feb/2026:09:49:47 -0500] "GET /ctg/search/similarImageSearchResultView/?ctgItemCd=9754293375 HTTP/1.1" 404 1251 "https://blog.newkolkata.in/getidm/93375pcywitems.htm" "Mozilla/5.0 AppleWebKit/537.36 (KHTML, like Gecko; compatible; GPTBot/1.3; +https://openai.com/gptbot)"
74.7.227.180 - - [06/Feb/2026:09:49:51 -0500] "GET /ctg/search/similarImageSearchResultView/?ctgItemCd=6730963281 HTTP/1.1" 404 1251 "https://blog.newkolkata.in/item/63281cejptidm97.html" "Mozilla/5.0 AppleWebKit/537.36 (KHTML, like Gecko; compatible; GPTBot/1.3; +https://openai.com/gptbot)"
114.119.130.67 - - [06/Feb/2026:09:49:53 -0500] "GET /getidm627/150131mvrvitems HTTP/1.1" 404 1251 "https://blog.newkolkata.in/sitemap41.xml" "Mozilla/5.0 (Linux; Android 7.0;) AppleWebKit/537.36 (KHTML, like Gecko) Mobile Safari/537.36 (compatible; PetalBot;+https://webmaster.petalsearch.com/site/petalbot)"
74.7.227.180 - - [06/Feb/2026:09:49:54 -0500] "GET /ctg/search/similarImageSearchResultView/?ctgItemCd=8105377503 HTTP/1.1" 404 1251 "https://blog.newkolkata.in/geti/77503kairitems" "Mozilla/5.0 AppleWebKit/537.36 (KHTML, like Gecko; compatible; GPTBot/1.3; +https://openai.com/gptbot)"
74.7.227.180 - - [06/Feb/2026:09:49:57 -0500] "GET /ctg/search/similarImageSearchResultView/?ctgItemCd=4112836923 HTTP/1.1" 404 1251 "https://blog.newkolkata.in/getidm5/36923ulgpitems.htm" "Mozilla/5.0 AppleWebKit/537.36 (KHTML, like Gecko; compatible; GPTBot/1.3; +https://openai.com/gptbot)"
74.7.227.180 - - [06/Feb/2026:09:50:00 -0500] "GET /ctg/search/similarImageSearchResultView/?ctgItemCd=9805093852 HTTP/1.1" 404 1251 "https://blog.newkolkata.in/getidm3/93852sejmitems.htm" "Mozilla/5.0 AppleWebKit/537.36 (KHTML, like Gecko; compatible; GPTBot/1.3; +https://openai.com/gptbot)"
74.7.227.180 - - [06/Feb/2026:09:50:03 -0500] "GET /ctg/search/similarImageSearchResultView/?ctgItemCd=4626742099 HTTP/1.1" 404 1251 "https://blog.newkolkata.in/items/42099tjvftidm76.html" "Mozilla/5.0 AppleWebKit/537.36 (KHTML, like Gecko; compatible; GPTBot/1.3; +https://openai.com/gptbot)"
66.249.66.201 - - [06/Feb/2026:09:50:06 -0500] "GET /products.php?shop/gratulant/cypraeid35515141544.html HTTP/1.1" 404 1251 "-" "Mozilla/5.0 (Linux; Android 6.0.1; Nexus 5X Build/MMB29P) AppleWebKit/537.36 (KHTML, like Gecko) Chrome/144.0.7559.132 Mobile Safari/537.36 (compatible; Googlebot/2.1; +http://www.google.com/bot.html)"
74.7.227.180 - - [06/Feb/2026:09:50:06 -0500] "GET /ctg/search/similarImageSearchResultView/?ctgItemCd=8517681607 HTTP/1.1" 404 1251 "https://blog.newkolkata.in/geti/81607tjvfitems" "Mozilla/5.0 AppleWebKit/537.36 (KHTML, like Gecko; compatible; GPTBot/1.3; +https://openai.com/gptbot)"
74.7.227.180 - - [06/Feb/2026:09:50:09 -0500] "GET /ctg/search/similarImageSearchResultView/?ctgItemCd=6822564101 HTTP/1.1" 404 1251 "https://blog.newkolkata.in/getidm/64101kairitems.htm" "Mozilla/5.0 AppleWebKit/537.36 (KHTML, like Gecko; compatible; GPTBot/1.3; +https://openai.com/gptbot)"
74.7.227.180 - - [06/Feb/2026:09:50:13 -0500] "GET /ctg/search/similarImageSearchResultView/?ctgItemCd=1684413292 HTTP/1.1" 404 1251 "https://blog.newkolkata.in/geti/13292ccoyitems" "Mozilla/5.0 AppleWebKit/537.36 (KHTML, like Gecko; compatible; GPTBot/1.3; +https://openai.com/gptbot)"
74.7.227.180 - - [06/Feb/2026:09:50:16 -0500] "GET /ctg/search/similarImageSearchResultView/?ctgItemCd=6386459932 HTTP/1.1" 404 1251 "https://blog.newkolkata.in/getidm564/59932sejmitems" "Mozilla/5.0 AppleWebKit/537.36 (KHTML, like Gecko; compatible; GPTBot/1.3; +https://openai.com/gptbot)"
74.7.227.180 - - [06/Feb/2026:09:50:19 -0500] "GET /ctg/search/similarImageSearchResultView/?ctgItemCd=5351849581 HTTP/1.1" 404 1251 "https://blog.newkolkata.in/geti/49581ccoyitems.htm" "Mozilla/5.0 AppleWebKit/537.36 (KHTML, like Gecko; compatible; GPTBot/1.3; +https://openai.com/gptbot)"
74.7.227.180 - - [06/Feb/2026:09:50:22 -0500] "GET /ctg/search/similarImageSearchResultView/?ctgItemCd=6799863853 HTTP/1.1" 404 1251 "https://blog.newkolkata.in/getidm/63853sejmitems.htm" "Mozilla/5.0 AppleWebKit/537.36 (KHTML, like Gecko; compatible; GPTBot/1.3; +https://openai.com/gptbot)"
85.208.96.206 - - [06/Feb/2026:09:50:23 -0500] "GET /getidm550/4396tjvfitems HTTP/1.1" 404 1251 "-" "Mozilla/5.0 (compatible; SemrushBot/7~bl; +http://www.semrush.com/bot.html)"
74.7.227.180 - - [06/Feb/2026:09:50:25 -0500] "GET /ctg/search/similarImageSearchResultView/?ctgItemCd=3411429827 HTTP/1.1" 404 1251 "https://blog.newkolkata.in/item/29827zslytidm297360.html" "Mozilla/5.0 AppleWebKit/537.36 (KHTML, like Gecko; compatible; GPTBot/1.3; +https://openai.com/gptbot)"
74.7.227.180 - - [06/Feb/2026:09:50:28 -0500] "GET /ctg/search/similarImageSearchResultView/?ctgItemCd=8112677024 HTTP/1.1" 404 1251 "https://blog.newkolkata.in/items/77024ulgptidm1.html" "Mozilla/5.0 AppleWebKit/537.36 (KHTML, like Gecko; compatible; GPTBot/1.3; +https://openai.com/gptbot)"
74.7.227.180 - - [06/Feb/2026:09:50:31 -0500] "GET /ctg/search/similarImageSearchResultView/?ctgItemCd=8363879762 HTTP/1.1" 404 1251 "https://blog.newkolkata.in/getidm39/79762kairitems" "Mozilla/5.0 AppleWebKit/537.36 (KHTML, like Gecko; compatible; GPTBot/1.3; +https://openai.com/gptbot)"
74.7.227.180 - - [06/Feb/2026:09:50:35 -0500] "GET /ctg/search/similarImageSearchResultView/?ctgItemCd=8167077546 HTTP/1.1" 404 1251 "https://blog.newkolkata.in/item/77546mvrvtidm644.html" "Mozilla/5.0 AppleWebKit/537.36 (KHTML, like Gecko; compatible; GPTBot/1.3; +https://openai.com/gptbot)"
74.7.227.180 - - [06/Feb/2026:09:50:38 -0500] "GET /ctg/search/similarImageSearchResultView/?ctgItemCd=8713483279 HTTP/1.1" 404 1251 "https://blog.newkolkata.in/get/83279pcywitems.htm" "Mozilla/5.0 AppleWebKit/537.36 (KHTML, like Gecko; compatible; GPTBot/1.3; +https://openai.com/gptbot)"
74.7.227.180 - - [06/Feb/2026:09:50:41 -0500] "GET /ctg/search/similarImageSearchResultView/?ctgItemCd=8620182615 HTTP/1.1" 404 1251 "https://blog.newkolkata.in/geti/82615mvrvitems" "Mozilla/5.0 AppleWebKit/537.36 (KHTML, like Gecko; compatible; GPTBot/1.3; +https://openai.com/gptbot)"
74.7.227.180 - - [06/Feb/2026:09:50:44 -0500] "GET /ctg/search/similarImageSearchResultView/?ctgItemCd=7902074873 HTTP/1.1" 404 1251 "https://blog.newkolkata.in/items/74873jahttidm60.html" "Mozilla/5.0 AppleWebKit/537.36 (KHTML, like Gecko; compatible; GPTBot/1.3; +https://openai.com/gptbot)"
74.7.227.180 - - [06/Feb/2026:09:50:47 -0500] "GET /ctg/search/similarImageSearchResultView/?ctgItemCd=9413490174 HTTP/1.1" 404 1251 "https://blog.newkolkata.in/geti/90174mvrvitems.htm" "Mozilla/5.0 AppleWebKit/537.36 (KHTML, like Gecko; compatible; GPTBot/1.3; +https://openai.com/gptbot)"
74.7.227.180 - - [06/Feb/2026:09:50:50 -0500] "GET /ctg/search/similarImageSearchResultView/?ctgItemCd=7914775201 HTTP/1.1" 404 1251 "https://blog.newkolkata.in/geti/75201pcywitems.htm" "Mozilla/5.0 AppleWebKit/537.36 (KHTML, like Gecko; compatible; GPTBot/1.3; +https://openai.com/gptbot)"
74.7.227.180 - - [06/Feb/2026:09:50:53 -0500] "GET /ctg/search/similarImageSearchResultView/?ctgItemCd=9080286607 HTTP/1.1" 404 1251 "https://blog.newkolkata.in/getidm8/86607jahtitems.htm" "Mozilla/5.0 AppleWebKit/537.36 (KHTML, like Gecko; compatible; GPTBot/1.3; +https://openai.com/gptbot)"
74.7.227.180 - - [06/Feb/2026:09:50:56 -0500] "GET /ctg/search/similarImageSearchResultView/?ctgItemCd=6169857729 HTTP/1.1" 404 1251 "https://blog.newkolkata.in/geti/57729mvrvitems.htm" "Mozilla/5.0 AppleWebKit/537.36 (KHTML, like Gecko; compatible; GPTBot/1.3; +https://openai.com/gptbot)"
74.7.227.180 - - [06/Feb/2026:09:50:59 -0500] "GET /ctg/search/similarImageSearchResultView/?ctgItemCd=6317159623 HTTP/1.1" 404 1251 "https://blog.newkolkata.in/geti/59623cejpitems" "Mozilla/5.0 AppleWebKit/537.36 (KHTML, like Gecko; compatible; GPTBot/1.3; +https://openai.com/gptbot)"
74.7.227.180 - - [06/Feb/2026:09:51:03 -0500] "GET /ctg/search/similarImageSearchResultView/?ctgItemCd=9722693316 HTTP/1.1" 404 1251 "https://blog.newkolkata.in/getidm511/93316jahtitems" "Mozilla/5.0 AppleWebKit/537.36 (KHTML, like Gecko; compatible; GPTBot/1.3; +https://openai.com/gptbot)"
74.7.227.180 - - [06/Feb/2026:09:51:06 -0500] "GET /ctg/search/similarImageSearchResultView/?ctgItemCd=7625972379 HTTP/1.1" 404 1251 "https://blog.newkolkata.in/getidm29/72379sejmitems" "Mozilla/5.0 AppleWebKit/537.36 (KHTML, like Gecko; compatible; GPTBot/1.3; +https://openai.com/gptbot)"
74.7.227.180 - - [06/Feb/2026:09:51:09 -0500] "GET /ctg/search/similarImageSearchResultView/?ctgItemCd=4199037589 HTTP/1.1" 404 1251 "https://blog.newkolkata.in/items/37589mvrvtidm367571.html" "Mozilla/5.0 AppleWebKit/537.36 (KHTML, like Gecko; compatible; GPTBot/1.3; +https://openai.com/gptbot)"
74.7.227.180 - - [06/Feb/2026:09:51:12 -0500] "GET /ctg/search/similarImageSearchResultView/?ctgItemCd=8203178163 HTTP/1.1" 404 1251 "https://blog.newkolkata.in/getidm55/78163jahtitems" "Mozilla/5.0 AppleWebKit/537.36 (KHTML, like Gecko; compatible; GPTBot/1.3; +https://openai.com/gptbot)"
74.7.227.180 - - [06/Feb/2026:09:51:15 -0500] "GET /ctg/search/similarImageSearchResultView/?ctgItemCd=8235078027 HTTP/1.1" 404 1251 "https://blog.newkolkata.in/getidm708/78027pcywitems.htm" "Mozilla/5.0 AppleWebKit/537.36 (KHTML, like Gecko; compatible; GPTBot/1.3; +https://openai.com/gptbot)"
114.119.137.98 - - [06/Feb/2026:09:51:17 -0500] "GET /getidm32/15728cejpitems HTTP/1.1" 404 1251 "https://blog.newkolkata.in/sitemap654.xml" "Mozilla/5.0 (Linux; Android 7.0;) AppleWebKit/537.36 (KHTML, like Gecko) Mobile Safari/537.36 (compatible; PetalBot;+https://webmaster.petalsearch.com/site/petalbot)"
74.7.227.180 - - [06/Feb/2026:09:51:18 -0500] "GET /ctg/search/similarImageSearchResultView/?ctgItemCd=6593961770 HTTP/1.1" 404 1251 "https://blog.newkolkata.in/getidm/61770mvrvitems.htm" "Mozilla/5.0 AppleWebKit/537.36 (KHTML, like Gecko; compatible; GPTBot/1.3; +https://openai.com/gptbot)"
74.7.227.180 - - [06/Feb/2026:09:51:22 -0500] "GET /ctg/search/similarImageSearchResultView/?ctgItemCd=4671243165 HTTP/1.1" 404 1251 "https://blog.newkolkata.in/geti/43165jahtitems" "Mozilla/5.0 AppleWebKit/537.36 (KHTML, like Gecko; compatible; GPTBot/1.3; +https://openai.com/gptbot)"
85.208.96.197 - - [06/Feb/2026:09:51:23 -0500] "GET /ite/7655mvrvtidm.html HTTP/1.1" 404 1251 "-" "Mozilla/5.0 (compatible; SemrushBot/7~bl; +http://www.semrush.com/bot.html)"
74.7.227.180 - - [06/Feb/2026:09:51:25 -0500] "GET /ctg/search/similarImageSearchResultView/?ctgItemCd=2567421913 HTTP/1.1" 404 1251 "https://blog.newkolkata.in/getidm/21913sejmitems" "Mozilla/5.0 AppleWebKit/537.36 (KHTML, like Gecko; compatible; GPTBot/1.3; +https://openai.com/gptbot)"
74.7.227.180 - - [06/Feb/2026:09:51:28 -0500] "GET /ctg/search/similarImageSearchResultView/?ctgItemCd=3465830723 HTTP/1.1" 404 1251 "https://blog.newkolkata.in/geti/30723ulgpitems.htm" "Mozilla/5.0 AppleWebKit/537.36 (KHTML, like Gecko; compatible; GPTBot/1.3; +https://openai.com/gptbot)"
5.255.231.11 - - [06/Feb/2026:09:51:30 -0500] "GET /robots.txt HTTP/1.1" 200 281 "-" "Mozilla/5.0 (compatible; YandexBot/3.0; +http://yandex.com/bots)"
87.250.224.42 - - [06/Feb/2026:09:51:31 -0500] "GET /robots.txt HTTP/1.1" 200 281 "-" "Mozilla/5.0 (compatible; YandexBot/3.0; +http://yandex.com/bots)"
74.7.227.180 - - [06/Feb/2026:09:51:31 -0500] "GET /ctg/search/similarImageSearchResultView/?ctgItemCd=8069276522 HTTP/1.1" 404 1251 "https://blog.newkolkata.in/item/76522cejptidm25311.html" "Mozilla/5.0 AppleWebKit/537.36 (KHTML, like Gecko; compatible; GPTBot/1.3; +https://openai.com/gptbot)"
74.7.227.180 - - [06/Feb/2026:09:51:34 -0500] "GET /ctg/search/similarImageSearchResultView/?ctgItemCd=7299368875 HTTP/1.1" 404 1251 "https://blog.newkolkata.in/items/68875ulgptidm3.html" "Mozilla/5.0 AppleWebKit/537.36 (KHTML, like Gecko; compatible; GPTBot/1.3; +https://openai.com/gptbot)"
74.7.227.180 - - [06/Feb/2026:09:51:37 -0500] "GET /ctg/search/similarImageSearchResultView/?ctgItemCd=2270218408 HTTP/1.1" 404 1251 "https://blog.newkolkata.in/getidm395/18408jahtitems.htm" "Mozilla/5.0 AppleWebKit/537.36 (KHTML, like Gecko; compatible; GPTBot/1.3; +https://openai.com/gptbot)"
74.7.227.180 - - [06/Feb/2026:09:51:40 -0500] "GET /ctg/search/similarImageSearchResultView/?ctgItemCd=2573521569 HTTP/1.1" 404 1251 "https://blog.newkolkata.in/items/21569tjvftidm48.html" "Mozilla/5.0 AppleWebKit/537.36 (KHTML, like Gecko; compatible; GPTBot/1.3; +https://openai.com/gptbot)"
85.208.96.197 - - [06/Feb/2026:09:51:42 -0500] "GET /getid/67572jahtitems.htm HTTP/1.1" 404 1251 "-" "Mozilla/5.0 (compatible; SemrushBot/7~bl; +http://www.semrush.com/bot.html)"
74.7.227.180 - - [06/Feb/2026:09:51:43 -0500] "GET /ctg/search/similarImageSearchResultView/?ctgItemCd=4049336561 HTTP/1.1" 404 1251 "https://blog.newkolkata.in/geti/36561sejmitems.htm" "Mozilla/5.0 AppleWebKit/537.36 (KHTML, like Gecko; compatible; GPTBot/1.3; +https://openai.com/gptbot)"
185.191.171.6 - - [06/Feb/2026:09:51:44 -0500] "GET /geti/193087tjvfitems HTTP/1.1" 404 1251 "-" "Mozilla/5.0 (compatible; SemrushBot/7~bl; +http://www.semrush.com/bot.html)"
74.7.227.180 - - [06/Feb/2026:09:51:46 -0500] "GET /ctg/search/similarImageSearchResultView/?ctgItemCd=3843034502 HTTP/1.1" 404 1251 "https://blog.newkolkata.in/items/34502ccoytid.html" "Mozilla/5.0 AppleWebKit/537.36 (KHTML, like Gecko; compatible; GPTBot/1.3; +https://openai.com/gptbot)"
74.7.227.180 - - [06/Feb/2026:09:51:50 -0500] "GET /ctg/search/similarImageSearchResultView/?ctgItemCd=7876875001 HTTP/1.1" 404 1251 "https://blog.newkolkata.in/getidm/75001ulgpitems" "Mozilla/5.0 AppleWebKit/537.36 (KHTML, like Gecko; compatible; GPTBot/1.3; +https://openai.com/gptbot)"
74.7.227.180 - - [06/Feb/2026:09:51:53 -0500] "GET /ctg/search/similarImageSearchResultView/?ctgItemCd=7990375925 HTTP/1.1" 404 1251 "https://blog.newkolkata.in/getidm5808/75925kairitems" "Mozilla/5.0 AppleWebKit/537.36 (KHTML, like Gecko; compatible; GPTBot/1.3; +https://openai.com/gptbot)"
74.7.227.180 - - [06/Feb/2026:09:51:56 -0500] "GET /ctg/search/similarImageSearchResultView/?ctgItemCd=9254688424 HTTP/1.1" 404 1251 "https://blog.newkolkata.in/items/88424pcywtidm4.html" "Mozilla/5.0 AppleWebKit/537.36 (KHTML, like Gecko; compatible; GPTBot/1.3; +https://openai.com/gptbot)"
74.7.227.180 - - [06/Feb/2026:09:51:59 -0500] "GET /ctg/search/similarImageSearchResultView/?ctgItemCd=4391540340 HTTP/1.1" 404 1251 "https://blog.newkolkata.in/geti/40340mvrvitems" "Mozilla/5.0 AppleWebKit/537.36 (KHTML, like Gecko; compatible; GPTBot/1.3; +https://openai.com/gptbot)"
74.7.227.180 - - [06/Feb/2026:09:52:02 -0500] "GET /ctg/search/similarImageSearchResultView/?ctgItemCd=2535821475 HTTP/1.1" 404 1251 "https://blog.newkolkata.in/getidm84/21475tjvfitems" "Mozilla/5.0 AppleWebKit/537.36 (KHTML, like Gecko; compatible; GPTBot/1.3; +https://openai.com/gptbot)"
74.7.227.180 - - [06/Feb/2026:09:52:05 -0500] "GET /ctg/search/similarImageSearchResultView/?ctgItemCd=6756964078 HTTP/1.1" 404 1251 "https://blog.newkolkata.in/get/64078zslyitems" "Mozilla/5.0 AppleWebKit/537.36 (KHTML, like Gecko; compatible; GPTBot/1.3; +https://openai.com/gptbot)"
74.7.227.180 - - [06/Feb/2026:09:52:09 -0500] "GET /ctg/search/similarImageSearchResultView/?ctgItemCd=6342659292 HTTP/1.1" 404 1251 "https://blog.newkolkata.in/getidm/59292cejpitems.htm" "Mozilla/5.0 AppleWebKit/537.36 (KHTML, like Gecko; compatible; GPTBot/1.3; +https://openai.com/gptbot)"
74.7.227.180 - - [06/Feb/2026:09:52:12 -0500] "GET /ctg/search/similarImageSearchResultView/?ctgItemCd=4714543082 HTTP/1.1" 404 1251 "https://blog.newkolkata.in/item/43082mvrvtidm58.html" "Mozilla/5.0 AppleWebKit/537.36 (KHTML, like Gecko; compatible; GPTBot/1.3; +https://openai.com/gptbot)"
85.208.96.198 - - [06/Feb/2026:09:52:13 -0500] "GET /geti/231079kairitems HTTP/1.1" 404 1251 "-" "Mozilla/5.0 (compatible; SemrushBot/7~bl; +http://www.semrush.com/bot.html)"
85.208.96.198 - - [06/Feb/2026:09:52:14 -0500] "GET /getidm/162402mvrvitems.htm HTTP/1.1" 404 1251 "-" "Mozilla/5.0 (compatible; SemrushBot/7~bl; +http://www.semrush.com/bot.html)"
74.7.227.180 - - [06/Feb/2026:09:52:15 -0500] "GET /ctg/search/similarImageSearchResultView/?ctgItemCd=4018736191 HTTP/1.1" 404 1251 "https://blog.newkolkata.in/getidm6850/36191pcywitems" "Mozilla/5.0 AppleWebKit/537.36 (KHTML, like Gecko; compatible; GPTBot/1.3; +https://openai.com/gptbot)"
74.7.227.180 - - [06/Feb/2026:09:52:18 -0500] "GET /ctg/search/similarImageSearchResultView/?ctgItemCd=9317589033 HTTP/1.1" 404 1251 "https://blog.newkolkata.in/items/89033jahttidm34.html" "Mozilla/5.0 AppleWebKit/537.36 (KHTML, like Gecko; compatible; GPTBot/1.3; +https://openai.com/gptbot)"
74.7.227.180 - - [06/Feb/2026:09:52:21 -0500] "GET /ctg/search/similarImageSearchResultView/?ctgItemCd=2395219832 HTTP/1.1" 404 1251 "https://blog.newkolkata.in/items/19832pcywtidm5.html" "Mozilla/5.0 AppleWebKit/537.36 (KHTML, like Gecko; compatible; GPTBot/1.3; +https://openai.com/gptbot)"
74.7.227.180 - - [06/Feb/2026:09:52:24 -0500] "GET /ctg/search/similarImageSearchResultView/?ctgItemCd=9854894626 HTTP/1.1" 404 1251 "https://blog.newkolkata.in/getidm114/94626sejmitems" "Mozilla/5.0 AppleWebKit/537.36 (KHTML, like Gecko; compatible; GPTBot/1.3; +https://openai.com/gptbot)"
74.7.227.180 - - [06/Feb/2026:09:52:28 -0500] "GET /ctg/search/similarImageSearchResultView/?ctgItemCd=7704572995 HTTP/1.1" 404 1251 "https://blog.newkolkata.in/ite/72995ulgptidm9170.html" "Mozilla/5.0 AppleWebKit/537.36 (KHTML, like Gecko; compatible; GPTBot/1.3; +https://openai.com/gptbot)"
185.191.171.14 - - [06/Feb/2026:09:52:28 -0500] "GET /get/69478cejpitems HTTP/1.1" 404 1251 "-" "Mozilla/5.0 (compatible; SemrushBot/7~bl; +http://www.semrush.com/bot.html)"
185.191.171.2 - - [06/Feb/2026:09:52:30 -0500] "GET /geti/43659kairitems.htm HTTP/1.1" 404 1251 "-" "Mozilla/5.0 (compatible; SemrushBot/7~bl; +http://www.semrush.com/bot.html)"
74.7.227.180 - - [06/Feb/2026:09:52:31 -0500] "GET /ctg/search/similarImageSearchResultView/?ctgItemCd=6515360914 HTTP/1.1" 404 1251 "https://blog.newkolkata.in/items/60914zslytidm709.html" "Mozilla/5.0 AppleWebKit/537.36 (KHTML, like Gecko; compatible; GPTBot/1.3; +https://openai.com/gptbot)"
85.208.96.210 - - [06/Feb/2026:09:52:32 -0500] "GET /getidm3/184138ulgpitems HTTP/1.1" 404 1251 "-" "Mozilla/5.0 (compatible; SemrushBot/7~bl; +http://www.semrush.com/bot.html)"
74.7.227.180 - - [06/Feb/2026:09:52:34 -0500] "GET /ctg/search/similarImageSearchResultView/?ctgItemCd=3776833554 HTTP/1.1" 404 1251 "https://blog.newkolkata.in/items/33554tjvftidm627.html" "Mozilla/5.0 AppleWebKit/537.36 (KHTML, like Gecko; compatible; GPTBot/1.3; +https://openai.com/gptbot)"
74.7.227.180 - - [06/Feb/2026:09:52:37 -0500] "GET /ctg/search/similarImageSearchResultView/?ctgItemCd=1960315286 HTTP/1.1" 404 1251 "https://blog.newkolkata.in/getidm398/15286tjvfitems.htm" "Mozilla/5.0 AppleWebKit/537.36 (KHTML, like Gecko; compatible; GPTBot/1.3; +https://openai.com/gptbot)"
185.191.171.8 - - [06/Feb/2026:09:52:38 -0500] "GET /geti/273007zslyitems HTTP/1.1" 404 1251 "-" "Mozilla/5.0 (compatible; SemrushBot/7~bl; +http://www.semrush.com/bot.html)"
74.7.227.180 - - [06/Feb/2026:09:52:40 -0500] "GET /ctg/search/similarImageSearchResultView/?ctgItemCd=9001986455 HTTP/1.1" 404 1251 "https://blog.newkolkata.in/geti/86455sejmitems" "Mozilla/5.0 AppleWebKit/537.36 (KHTML, like Gecko; compatible; GPTBot/1.3; +https://openai.com/gptbot)"
