85.208.96.206 - - [06/Feb/2026:07:49:54 -0500] "GET /getidm7/95890tjvfitems HTTP/1.1" 404 1251 "-" "Mozilla/5.0 (compatible; SemrushBot/7~bl; +http://www.semrush.com/bot.html)"
185.191.171.6 - - [06/Feb/2026:07:49:57 -0500] "GET /getidm/147261jahtitems.htm HTTP/1.1" 404 1251 "-" "Mozilla/5.0 (compatible; SemrushBot/7~bl; +http://www.semrush.com/bot.html)"
74.7.227.180 - - [06/Feb/2026:07:49:57 -0500] "GET /ctg/search/similarImageSearchResultView/?ctgItemCd=3974636310 HTTP/1.1" 404 1251 "https://blog.newkolkata.in/get/36310jahtitems" "Mozilla/5.0 AppleWebKit/537.36 (KHTML, like Gecko; compatible; GPTBot/1.3; +https://openai.com/gptbot)"
85.208.96.202 - - [06/Feb/2026:07:49:58 -0500] "GET /ite/200030cejptid.html HTTP/1.1" 404 1251 "-" "Mozilla/5.0 (compatible; SemrushBot/7~bl; +http://www.semrush.com/bot.html)"
74.7.227.180 - - [06/Feb/2026:07:50:00 -0500] "GET /ctg/search/similarImageSearchResultView/?ctgItemCd=9307989214 HTTP/1.1" 404 1251 "https://blog.newkolkata.in/get/89214zslyitems.htm" "Mozilla/5.0 AppleWebKit/537.36 (KHTML, like Gecko; compatible; GPTBot/1.3; +https://openai.com/gptbot)"
185.191.171.17 - - [06/Feb/2026:07:50:02 -0500] "GET /getidm58/59107tjvfitems HTTP/1.1" 404 1251 "-" "Mozilla/5.0 (compatible; SemrushBot/7~bl; +http://www.semrush.com/bot.html)"
74.7.227.180 - - [06/Feb/2026:07:50:03 -0500] "GET /ctg/search/similarImageSearchResultView/?ctgItemCd=8077576452 HTTP/1.1" 404 1251 "https://blog.newkolkata.in/getidm483/76452pcywitems.htm" "Mozilla/5.0 AppleWebKit/537.36 (KHTML, like Gecko; compatible; GPTBot/1.3; +https://openai.com/gptbot)"
74.7.227.180 - - [06/Feb/2026:07:50:06 -0500] "GET /ctg/search/similarImageSearchResultView/?ctgItemCd=4637642625 HTTP/1.1" 404 1251 "https://blog.newkolkata.in/getidm/42625cejpitems" "Mozilla/5.0 AppleWebKit/537.36 (KHTML, like Gecko; compatible; GPTBot/1.3; +https://openai.com/gptbot)"
74.7.227.180 - - [06/Feb/2026:07:50:09 -0500] "GET /ctg/search/similarImageSearchResultView/?ctgItemCd=7330069210 HTTP/1.1" 404 1251 "https://blog.newkolkata.in/items/69210ccoytidm1.html" "Mozilla/5.0 AppleWebKit/537.36 (KHTML, like Gecko; compatible; GPTBot/1.3; +https://openai.com/gptbot)"
74.7.227.180 - - [06/Feb/2026:07:50:12 -0500] "GET /ctg/search/similarImageSearchResultView/?ctgItemCd=9329889027 HTTP/1.1" 404 1251 "https://blog.newkolkata.in/items/89027ulgptidm3647.html" "Mozilla/5.0 AppleWebKit/537.36 (KHTML, like Gecko; compatible; GPTBot/1.3; +https://openai.com/gptbot)"
74.7.227.180 - - [06/Feb/2026:07:50:15 -0500] "GET /ctg/search/similarImageSearchResultView/?ctgItemCd=7513271198 HTTP/1.1" 404 1251 "https://blog.newkolkata.in/item/71198ccoytidm.html" "Mozilla/5.0 AppleWebKit/537.36 (KHTML, like Gecko; compatible; GPTBot/1.3; +https://openai.com/gptbot)"
74.7.227.180 - - [06/Feb/2026:07:50:19 -0500] "GET /ctg/search/similarImageSearchResultView/?ctgItemCd=9402290182 HTTP/1.1" 404 1251 "https://blog.newkolkata.in/ite/90182pcywtidm.html" "Mozilla/5.0 AppleWebKit/537.36 (KHTML, like Gecko; compatible; GPTBot/1.3; +https://openai.com/gptbot)"
185.191.171.8 - - [06/Feb/2026:07:50:20 -0500] "GET /geti/158671zslyitems HTTP/1.1" 404 1251 "-" "Mozilla/5.0 (compatible; SemrushBot/7~bl; +http://www.semrush.com/bot.html)"
74.7.227.180 - - [06/Feb/2026:07:50:22 -0500] "GET /ctg/search/similarImageSearchResultView/?ctgItemCd=2513620867 HTTP/1.1" 404 1251 "https://blog.newkolkata.in/items/20867tjvftidm4393.html" "Mozilla/5.0 AppleWebKit/537.36 (KHTML, like Gecko; compatible; GPTBot/1.3; +https://openai.com/gptbot)"
85.208.96.195 - - [06/Feb/2026:07:50:22 -0500] "GET /ite/39830ccoytid.html HTTP/1.1" 404 1251 "-" "Mozilla/5.0 (compatible; SemrushBot/7~bl; +http://www.semrush.com/bot.html)"
74.7.227.180 - - [06/Feb/2026:07:50:25 -0500] "GET /ctg/search/similarImageSearchResultView/?ctgItemCd=8918685225 HTTP/1.1" 404 1251 "https://blog.newkolkata.in/ite/85225zslytidm26.html" "Mozilla/5.0 AppleWebKit/537.36 (KHTML, like Gecko; compatible; GPTBot/1.3; +https://openai.com/gptbot)"
74.7.227.180 - - [06/Feb/2026:07:50:28 -0500] "GET /ctg/search/similarImageSearchResultView/?ctgItemCd=8922085452 HTTP/1.1" 404 1251 "https://blog.newkolkata.in/getidm/85452ccoyitems" "Mozilla/5.0 AppleWebKit/537.36 (KHTML, like Gecko; compatible; GPTBot/1.3; +https://openai.com/gptbot)"
74.7.227.180 - - [06/Feb/2026:07:50:31 -0500] "GET /ctg/search/similarImageSearchResultView/?ctgItemCd=9216988406 HTTP/1.1" 404 1251 "https://blog.newkolkata.in/getidm/88406jahtitems" "Mozilla/5.0 AppleWebKit/537.36 (KHTML, like Gecko; compatible; GPTBot/1.3; +https://openai.com/gptbot)"
74.7.227.180 - - [06/Feb/2026:07:50:34 -0500] "GET /ctg/search/similarImageSearchResultView/?ctgItemCd=7671273159 HTTP/1.1" 404 1251 "https://blog.newkolkata.in/geti/73159jahtitems" "Mozilla/5.0 AppleWebKit/537.36 (KHTML, like Gecko; compatible; GPTBot/1.3; +https://openai.com/gptbot)"
85.208.96.197 - - [06/Feb/2026:07:50:36 -0500] "GET /getid/48952sejmitems HTTP/1.1" 404 1251 "-" "Mozilla/5.0 (compatible; SemrushBot/7~bl; +http://www.semrush.com/bot.html)"
74.7.227.180 - - [06/Feb/2026:07:50:37 -0500] "GET /ctg/search/similarImageSearchResultView/?ctgItemCd=9972295781 HTTP/1.1" 404 1251 "https://blog.newkolkata.in/geti/95781sejmitems.htm" "Mozilla/5.0 AppleWebKit/537.36 (KHTML, like Gecko; compatible; GPTBot/1.3; +https://openai.com/gptbot)"
74.7.227.180 - - [06/Feb/2026:07:50:40 -0500] "GET /ctg/search/similarImageSearchResultView/?ctgItemCd=5136247400 HTTP/1.1" 404 1251 "https://blog.newkolkata.in/getidm3035/47400ccoyitems" "Mozilla/5.0 AppleWebKit/537.36 (KHTML, like Gecko; compatible; GPTBot/1.3; +https://openai.com/gptbot)"
74.7.227.180 - - [06/Feb/2026:07:50:44 -0500] "GET /ctg/search/similarImageSearchResultView/?ctgItemCd=8639182454 HTTP/1.1" 404 1251 "https://blog.newkolkata.in/items/82454ccoytid.html" "Mozilla/5.0 AppleWebKit/537.36 (KHTML, like Gecko; compatible; GPTBot/1.3; +https://openai.com/gptbot)"
74.7.227.180 - - [06/Feb/2026:07:50:47 -0500] "GET /ctg/search/similarImageSearchResultView/?ctgItemCd=4395140510 HTTP/1.1" 404 1251 "https://blog.newkolkata.in/get/40510sejmitems" "Mozilla/5.0 AppleWebKit/537.36 (KHTML, like Gecko; compatible; GPTBot/1.3; +https://openai.com/gptbot)"
74.7.227.180 - - [06/Feb/2026:07:50:50 -0500] "GET /ctg/search/similarImageSearchResultView/?ctgItemCd=1778414215 HTTP/1.1" 404 1251 "https://blog.newkolkata.in/geti/14215pcywitems" "Mozilla/5.0 AppleWebKit/537.36 (KHTML, like Gecko; compatible; GPTBot/1.3; +https://openai.com/gptbot)"
74.7.227.180 - - [06/Feb/2026:07:50:53 -0500] "GET /ctg/search/similarImageSearchResultView/?ctgItemCd=3058626490 HTTP/1.1" 404 1251 "https://blog.newkolkata.in/items/26490sejmtidm3.html" "Mozilla/5.0 AppleWebKit/537.36 (KHTML, like Gecko; compatible; GPTBot/1.3; +https://openai.com/gptbot)"
85.208.96.196 - - [06/Feb/2026:07:50:55 -0500] "GET /geti/273031kairitems HTTP/1.1" 404 1251 "-" "Mozilla/5.0 (compatible; SemrushBot/7~bl; +http://www.semrush.com/bot.html)"
74.7.227.180 - - [06/Feb/2026:07:50:56 -0500] "GET /ctg/search/similarImageSearchResultView/?ctgItemCd=1992616040 HTTP/1.1" 404 1251 "https://blog.newkolkata.in/ite/16040pcywtidm7.html" "Mozilla/5.0 AppleWebKit/537.36 (KHTML, like Gecko; compatible; GPTBot/1.3; +https://openai.com/gptbot)"
74.7.227.180 - - [06/Feb/2026:07:50:59 -0500] "GET /ctg/search/similarImageSearchResultView/?ctgItemCd=9471090856 HTTP/1.1" 404 1251 "https://blog.newkolkata.in/get/90856pcywitems.htm" "Mozilla/5.0 AppleWebKit/537.36 (KHTML, like Gecko; compatible; GPTBot/1.3; +https://openai.com/gptbot)"
74.7.227.180 - - [06/Feb/2026:07:51:03 -0500] "GET /ctg/search/similarImageSearchResultView/?ctgItemCd=2986026167 HTTP/1.1" 404 1251 "https://blog.newkolkata.in/getid/26167zslyitems" "Mozilla/5.0 AppleWebKit/537.36 (KHTML, like Gecko; compatible; GPTBot/1.3; +https://openai.com/gptbot)"
74.7.227.180 - - [06/Feb/2026:07:51:06 -0500] "GET /ctg/search/similarImageSearchResultView/?ctgItemCd=3196927845 HTTP/1.1" 404 1251 "https://blog.newkolkata.in/ite/27845cejptidm126437.html" "Mozilla/5.0 AppleWebKit/537.36 (KHTML, like Gecko; compatible; GPTBot/1.3; +https://openai.com/gptbot)"
74.7.227.180 - - [06/Feb/2026:07:51:09 -0500] "GET /ctg/search/similarImageSearchResultView/?ctgItemCd=9643292563 HTTP/1.1" 404 1251 "https://blog.newkolkata.in/getidm47/92563jahtitems" "Mozilla/5.0 AppleWebKit/537.36 (KHTML, like Gecko; compatible; GPTBot/1.3; +https://openai.com/gptbot)"
74.7.227.180 - - [06/Feb/2026:07:51:12 -0500] "GET /ctg/search/similarImageSearchResultView/?ctgItemCd=2450120679 HTTP/1.1" 404 1251 "https://blog.newkolkata.in/get/20679kairitems.htm" "Mozilla/5.0 AppleWebKit/537.36 (KHTML, like Gecko; compatible; GPTBot/1.3; +https://openai.com/gptbot)"
185.191.171.14 - - [06/Feb/2026:07:51:13 -0500] "GET /getidm59/22147jahtitems HTTP/1.1" 404 1251 "-" "Mozilla/5.0 (compatible; SemrushBot/7~bl; +http://www.semrush.com/bot.html)"
85.208.96.208 - - [06/Feb/2026:07:51:14 -0500] "GET /getidm/195813zslyitems.htm HTTP/1.1" 404 1251 "-" "Mozilla/5.0 (compatible; SemrushBot/7~bl; +http://www.semrush.com/bot.html)"
74.7.227.180 - - [06/Feb/2026:07:51:15 -0500] "GET /ctg/search/similarImageSearchResultView/?ctgItemCd=7499071037 HTTP/1.1" 404 1251 "https://blog.newkolkata.in/items/71037pcywtid.html" "Mozilla/5.0 AppleWebKit/537.36 (KHTML, like Gecko; compatible; GPTBot/1.3; +https://openai.com/gptbot)"
185.191.171.11 - - [06/Feb/2026:07:51:16 -0500] "GET /item/29126tjvftid.html HTTP/1.1" 404 1251 "-" "Mozilla/5.0 (compatible; SemrushBot/7~bl; +http://www.semrush.com/bot.html)"
74.7.227.180 - - [06/Feb/2026:07:51:19 -0500] "GET /ctg/search/similarImageSearchResultView/?ctgItemCd=4695142866 HTTP/1.1" 404 1251 "https://blog.newkolkata.in/item/42866kairtidm275.html" "Mozilla/5.0 AppleWebKit/537.36 (KHTML, like Gecko; compatible; GPTBot/1.3; +https://openai.com/gptbot)"
74.7.227.180 - - [06/Feb/2026:07:51:22 -0500] "GET /ctg/search/similarImageSearchResultView/?ctgItemCd=8062876973 HTTP/1.1" 404 1251 "https://blog.newkolkata.in/getid/76973cejpitems" "Mozilla/5.0 AppleWebKit/537.36 (KHTML, like Gecko; compatible; GPTBot/1.3; +https://openai.com/gptbot)"
74.7.227.180 - - [06/Feb/2026:07:51:25 -0500] "GET /ctg/search/similarImageSearchResultView/?ctgItemCd=5106347090 HTTP/1.1" 404 1251 "https://blog.newkolkata.in/ite/47090cejptidm868.html" "Mozilla/5.0 AppleWebKit/537.36 (KHTML, like Gecko; compatible; GPTBot/1.3; +https://openai.com/gptbot)"
85.208.96.195 - - [06/Feb/2026:07:51:25 -0500] "GET /getid/276616mvrvitems HTTP/1.1" 404 1251 "-" "Mozilla/5.0 (compatible; SemrushBot/7~bl; +http://www.semrush.com/bot.html)"
74.7.227.180 - - [06/Feb/2026:07:51:28 -0500] "GET /ctg/search/similarImageSearchResultView/?ctgItemCd=7343969194 HTTP/1.1" 404 1251 "https://blog.newkolkata.in/items/69194mvrvtidm857.html" "Mozilla/5.0 AppleWebKit/537.36 (KHTML, like Gecko; compatible; GPTBot/1.3; +https://openai.com/gptbot)"
74.7.227.180 - - [06/Feb/2026:07:51:31 -0500] "GET /ctg/search/similarImageSearchResultView/?ctgItemCd=1725712932 HTTP/1.1" 404 1251 "https://blog.newkolkata.in/items/12932pcywtidm38472.html" "Mozilla/5.0 AppleWebKit/537.36 (KHTML, like Gecko; compatible; GPTBot/1.3; +https://openai.com/gptbot)"
74.7.227.180 - - [06/Feb/2026:07:51:34 -0500] "GET /ctg/search/similarImageSearchResultView/?ctgItemCd=8192877952 HTTP/1.1" 404 1251 "https://blog.newkolkata.in/geti/77952zslyitems.htm" "Mozilla/5.0 AppleWebKit/537.36 (KHTML, like Gecko; compatible; GPTBot/1.3; +https://openai.com/gptbot)"
74.7.227.180 - - [06/Feb/2026:07:51:37 -0500] "GET /ctg/search/similarImageSearchResultView/?ctgItemCd=8384579861 HTTP/1.1" 404 1251 "https://blog.newkolkata.in/getidm3759/79861kairitems" "Mozilla/5.0 AppleWebKit/537.36 (KHTML, like Gecko; compatible; GPTBot/1.3; +https://openai.com/gptbot)"
74.7.227.180 - - [06/Feb/2026:07:51:40 -0500] "GET /ctg/search/similarImageSearchResultView/?ctgItemCd=5475250619 HTTP/1.1" 404 1251 "https://blog.newkolkata.in/getidm/50619kairitems.htm" "Mozilla/5.0 AppleWebKit/537.36 (KHTML, like Gecko; compatible; GPTBot/1.3; +https://openai.com/gptbot)"
74.7.227.180 - - [06/Feb/2026:07:51:43 -0500] "GET /ctg/search/similarImageSearchResultView/?ctgItemCd=4064136342 HTTP/1.1" 404 1251 "https://blog.newkolkata.in/getidm576/36342ccoyitems.htm" "Mozilla/5.0 AppleWebKit/537.36 (KHTML, like Gecko; compatible; GPTBot/1.3; +https://openai.com/gptbot)"
74.7.227.180 - - [06/Feb/2026:07:51:47 -0500] "GET /ctg/search/similarImageSearchResultView/?ctgItemCd=1832913973 HTTP/1.1" 404 1251 "https://blog.newkolkata.in/items/13973ccoytidm115654.html" "Mozilla/5.0 AppleWebKit/537.36 (KHTML, like Gecko; compatible; GPTBot/1.3; +https://openai.com/gptbot)"
74.7.227.180 - - [06/Feb/2026:07:51:50 -0500] "GET /ctg/search/similarImageSearchResultView/?ctgItemCd=5116847028 HTTP/1.1" 404 1251 "https://blog.newkolkata.in/getidm/47028ccoyitems.htm" "Mozilla/5.0 AppleWebKit/537.36 (KHTML, like Gecko; compatible; GPTBot/1.3; +https://openai.com/gptbot)"
185.191.171.16 - - [06/Feb/2026:07:51:53 -0500] "GET /get/59058zslyitems.htm HTTP/1.1" 404 1251 "-" "Mozilla/5.0 (compatible; SemrushBot/7~bl; +http://www.semrush.com/bot.html)"
74.7.227.180 - - [06/Feb/2026:07:51:53 -0500] "GET /ctg/search/similarImageSearchResultView/?ctgItemCd=5076046944 HTTP/1.1" 404 1251 "https://blog.newkolkata.in/getidm4/46944jahtitems" "Mozilla/5.0 AppleWebKit/537.36 (KHTML, like Gecko; compatible; GPTBot/1.3; +https://openai.com/gptbot)"
74.7.227.180 - - [06/Feb/2026:07:51:56 -0500] "GET /ctg/search/similarImageSearchResultView/?ctgItemCd=8757883643 HTTP/1.1" 404 1251 "https://blog.newkolkata.in/geti/83643sejmitems.htm" "Mozilla/5.0 AppleWebKit/537.36 (KHTML, like Gecko; compatible; GPTBot/1.3; +https://openai.com/gptbot)"
74.7.227.180 - - [06/Feb/2026:07:51:59 -0500] "GET /ctg/search/similarImageSearchResultView/?ctgItemCd=5299248833 HTTP/1.1" 404 1251 "https://blog.newkolkata.in/items/48833sejmtidm76.html" "Mozilla/5.0 AppleWebKit/537.36 (KHTML, like Gecko; compatible; GPTBot/1.3; +https://openai.com/gptbot)"
74.7.227.180 - - [06/Feb/2026:07:52:02 -0500] "GET /ctg/search/similarImageSearchResultView/?ctgItemCd=4376540318 HTTP/1.1" 404 1251 "https://blog.newkolkata.in/get/40318sejmitems" "Mozilla/5.0 AppleWebKit/537.36 (KHTML, like Gecko; compatible; GPTBot/1.3; +https://openai.com/gptbot)"
74.7.227.180 - - [06/Feb/2026:07:52:05 -0500] "GET /ctg/search/similarImageSearchResultView/?ctgItemCd=7487670961 HTTP/1.1" 404 1251 "https://blog.newkolkata.in/getidm155/70961kairitems" "Mozilla/5.0 AppleWebKit/537.36 (KHTML, like Gecko; compatible; GPTBot/1.3; +https://openai.com/gptbot)"
74.7.227.180 - - [06/Feb/2026:07:52:08 -0500] "GET /ctg/search/similarImageSearchResultView/?ctgItemCd=2688523074 HTTP/1.1" 404 1251 "https://blog.newkolkata.in/getidm2/23074sejmitems" "Mozilla/5.0 AppleWebKit/537.36 (KHTML, like Gecko; compatible; GPTBot/1.3; +https://openai.com/gptbot)"
74.7.227.180 - - [06/Feb/2026:07:52:11 -0500] "GET /ctg/search/similarImageSearchResultView/?ctgItemCd=3084826795 HTTP/1.1" 404 1251 "https://blog.newkolkata.in/ite/26795ulgptidm5396.html" "Mozilla/5.0 AppleWebKit/537.36 (KHTML, like Gecko; compatible; GPTBot/1.3; +https://openai.com/gptbot)"
74.7.227.180 - - [06/Feb/2026:07:52:14 -0500] "GET /ctg/search/similarImageSearchResultView/?ctgItemCd=6459260426 HTTP/1.1" 404 1251 "https://blog.newkolkata.in/getidm/60426mvrvitems.htm" "Mozilla/5.0 AppleWebKit/537.36 (KHTML, like Gecko; compatible; GPTBot/1.3; +https://openai.com/gptbot)"
74.7.227.180 - - [06/Feb/2026:07:52:17 -0500] "GET /ctg/search/similarImageSearchResultView/?ctgItemCd=6578861500 HTTP/1.1" 404 1251 "https://blog.newkolkata.in/getidm543/61500sejmitems.htm" "Mozilla/5.0 AppleWebKit/537.36 (KHTML, like Gecko; compatible; GPTBot/1.3; +https://openai.com/gptbot)"
74.7.227.180 - - [06/Feb/2026:07:52:21 -0500] "GET /ctg/search/similarImageSearchResultView/?ctgItemCd=8175277439 HTTP/1.1" 404 1251 "https://blog.newkolkata.in/getidm865/77439sejmitems.htm" "Mozilla/5.0 AppleWebKit/537.36 (KHTML, like Gecko; compatible; GPTBot/1.3; +https://openai.com/gptbot)"
74.7.227.180 - - [06/Feb/2026:07:52:24 -0500] "GET /ctg/search/similarImageSearchResultView/?ctgItemCd=3077626810 HTTP/1.1" 404 1251 "https://blog.newkolkata.in/ite/26810jahttidm913.html" "Mozilla/5.0 AppleWebKit/537.36 (KHTML, like Gecko; compatible; GPTBot/1.3; +https://openai.com/gptbot)"
85.208.96.204 - - [06/Feb/2026:07:52:27 -0500] "GET /getidm4/208210sejmitems HTTP/1.1" 404 1251 "-" "Mozilla/5.0 (compatible; SemrushBot/7~bl; +http://www.semrush.com/bot.html)"
74.7.227.180 - - [06/Feb/2026:07:52:27 -0500] "GET /ctg/search/similarImageSearchResultView/?ctgItemCd=8452180466 HTTP/1.1" 404 1251 "https://blog.newkolkata.in/getid/80466pcywitems.htm" "Mozilla/5.0 AppleWebKit/537.36 (KHTML, like Gecko; compatible; GPTBot/1.3; +https://openai.com/gptbot)"
74.7.227.180 - - [06/Feb/2026:07:52:30 -0500] "GET /ctg/search/similarImageSearchResultView/?ctgItemCd=4216838066 HTTP/1.1" 404 1251 "https://blog.newkolkata.in/item/38066tjvftidm537.html" "Mozilla/5.0 AppleWebKit/537.36 (KHTML, like Gecko; compatible; GPTBot/1.3; +https://openai.com/gptbot)"
85.208.96.198 - - [06/Feb/2026:07:52:32 -0500] "GET /getidm/177228zslyitems.htm HTTP/1.1" 404 1251 "-" "Mozilla/5.0 (compatible; SemrushBot/7~bl; +http://www.semrush.com/bot.html)"
74.7.227.180 - - [06/Feb/2026:07:52:33 -0500] "GET /ctg/search/similarImageSearchResultView/?ctgItemCd=6398560052 HTTP/1.1" 404 1251 "https://blog.newkolkata.in/getidm128/60052pcywitems" "Mozilla/5.0 AppleWebKit/537.36 (KHTML, like Gecko; compatible; GPTBot/1.3; +https://openai.com/gptbot)"
74.7.227.180 - - [06/Feb/2026:07:52:36 -0500] "GET /ctg/search/similarImageSearchResultView/?ctgItemCd=2460420237 HTTP/1.1" 404 1251 "https://blog.newkolkata.in/items/20237ulgptidm434966.html" "Mozilla/5.0 AppleWebKit/537.36 (KHTML, like Gecko; compatible; GPTBot/1.3; +https://openai.com/gptbot)"
74.7.227.180 - - [06/Feb/2026:07:52:39 -0500] "GET /ctg/search/similarImageSearchResultView/?ctgItemCd=3820034639 HTTP/1.1" 404 1251 "https://blog.newkolkata.in/geti/34639sejmitems" "Mozilla/5.0 AppleWebKit/537.36 (KHTML, like Gecko; compatible; GPTBot/1.3; +https://openai.com/gptbot)"
74.7.227.180 - - [06/Feb/2026:07:52:42 -0500] "GET /ctg/search/similarImageSearchResultView/?ctgItemCd=5748053800 HTTP/1.1" 404 1251 "https://blog.newkolkata.in/getid/53800mvrvitems" "Mozilla/5.0 AppleWebKit/537.36 (KHTML, like Gecko; compatible; GPTBot/1.3; +https://openai.com/gptbot)"
74.7.227.180 - - [06/Feb/2026:07:52:46 -0500] "GET /ctg/search/similarImageSearchResultView/?ctgItemCd=7551071204 HTTP/1.1" 404 1251 "https://blog.newkolkata.in/items/71204tjvftidm34460.html" "Mozilla/5.0 AppleWebKit/537.36 (KHTML, like Gecko; compatible; GPTBot/1.3; +https://openai.com/gptbot)"
74.7.227.180 - - [06/Feb/2026:07:52:49 -0500] "GET /ctg/search/similarImageSearchResultView/?ctgItemCd=5097146754 HTTP/1.1" 404 1251 "https://blog.newkolkata.in/items/46754ulgptidm932.html" "Mozilla/5.0 AppleWebKit/537.36 (KHTML, like Gecko; compatible; GPTBot/1.3; +https://openai.com/gptbot)"
74.7.227.180 - - [06/Feb/2026:07:52:52 -0500] "GET /ctg/search/similarImageSearchResultView/?ctgItemCd=8294779351 HTTP/1.1" 404 1251 "https://blog.newkolkata.in/geti/79351zslyitems" "Mozilla/5.0 AppleWebKit/537.36 (KHTML, like Gecko; compatible; GPTBot/1.3; +https://openai.com/gptbot)"
185.191.171.1 - - [06/Feb/2026:07:52:55 -0500] "GET /get/4101mvrvitems.htm HTTP/1.1" 404 1251 "-" "Mozilla/5.0 (compatible; SemrushBot/7~bl; +http://www.semrush.com/bot.html)"
74.7.227.180 - - [06/Feb/2026:07:52:55 -0500] "GET /ctg/search/similarImageSearchResultView/?ctgItemCd=1928415604 HTTP/1.1" 404 1251 "https://blog.newkolkata.in/getid/15604mvrvitems" "Mozilla/5.0 AppleWebKit/537.36 (KHTML, like Gecko; compatible; GPTBot/1.3; +https://openai.com/gptbot)"
74.7.227.180 - - [06/Feb/2026:07:52:58 -0500] "GET /ctg/search/similarImageSearchResultView/?ctgItemCd=8810784279 HTTP/1.1" 404 1251 "https://blog.newkolkata.in/get/84279kairitems.htm" "Mozilla/5.0 AppleWebKit/537.36 (KHTML, like Gecko; compatible; GPTBot/1.3; +https://openai.com/gptbot)"
74.7.227.180 - - [06/Feb/2026:07:53:01 -0500] "GET /ctg/search/similarImageSearchResultView/?ctgItemCd=9056786591 HTTP/1.1" 404 1251 "https://blog.newkolkata.in/getidm3636/86591jahtitems" "Mozilla/5.0 AppleWebKit/537.36 (KHTML, like Gecko; compatible; GPTBot/1.3; +https://openai.com/gptbot)"
85.208.96.194 - - [06/Feb/2026:07:53:04 -0500] "GET /get/286894pcywitems HTTP/1.1" 404 1251 "-" "Mozilla/5.0 (compatible; SemrushBot/7~bl; +http://www.semrush.com/bot.html)"
74.7.227.180 - - [06/Feb/2026:07:53:04 -0500] "GET /ctg/search/similarImageSearchResultView/?ctgItemCd=5141847500 HTTP/1.1" 404 1251 "https://blog.newkolkata.in/getidm805/47500sejmitems" "Mozilla/5.0 AppleWebKit/537.36 (KHTML, like Gecko; compatible; GPTBot/1.3; +https://openai.com/gptbot)"
74.7.227.180 - - [06/Feb/2026:07:53:08 -0500] "GET /ctg/search/similarImageSearchResultView/?ctgItemCd=3161227689 HTTP/1.1" 404 1251 "https://blog.newkolkata.in/getidm505/27689kairitems" "Mozilla/5.0 AppleWebKit/537.36 (KHTML, like Gecko; compatible; GPTBot/1.3; +https://openai.com/gptbot)"
74.7.227.180 - - [06/Feb/2026:07:53:11 -0500] "GET /ctg/search/similarImageSearchResultView/?ctgItemCd=6494960708 HTTP/1.1" 404 1251 "https://blog.newkolkata.in/getidm14/60708ccoyitems.htm" "Mozilla/5.0 AppleWebKit/537.36 (KHTML, like Gecko; compatible; GPTBot/1.3; +https://openai.com/gptbot)"
185.191.171.2 - - [06/Feb/2026:07:53:13 -0500] "GET /geti/185431ulgpitems HTTP/1.1" 404 1251 "-" "Mozilla/5.0 (compatible; SemrushBot/7~bl; +http://www.semrush.com/bot.html)"
74.7.227.180 - - [06/Feb/2026:07:53:14 -0500] "GET /ctg/search/similarImageSearchResultView/?ctgItemCd=3623432790 HTTP/1.1" 404 1251 "https://blog.newkolkata.in/get/32790jahtitems" "Mozilla/5.0 AppleWebKit/537.36 (KHTML, like Gecko; compatible; GPTBot/1.3; +https://openai.com/gptbot)"
74.7.227.180 - - [06/Feb/2026:07:53:17 -0500] "GET /ctg/search/similarImageSearchResultView/?ctgItemCd=7326269321 HTTP/1.1" 404 1251 "https://blog.newkolkata.in/geti/69321ulgpitems.htm" "Mozilla/5.0 AppleWebKit/537.36 (KHTML, like Gecko; compatible; GPTBot/1.3; +https://openai.com/gptbot)"
74.7.227.180 - - [06/Feb/2026:07:53:20 -0500] "GET /ctg/search/similarImageSearchResultView/?ctgItemCd=3629432280 HTTP/1.1" 404 1251 "https://blog.newkolkata.in/ite/32280jahttidm8511.html" "Mozilla/5.0 AppleWebKit/537.36 (KHTML, like Gecko; compatible; GPTBot/1.3; +https://openai.com/gptbot)"
74.7.227.180 - - [06/Feb/2026:07:53:23 -0500] "GET /ctg/search/similarImageSearchResultView/?ctgItemCd=2472520798 HTTP/1.1" 404 1251 "https://blog.newkolkata.in/item/20798jahttidm.html" "Mozilla/5.0 AppleWebKit/537.36 (KHTML, like Gecko; compatible; GPTBot/1.3; +https://openai.com/gptbot)"
74.7.227.180 - - [06/Feb/2026:07:53:26 -0500] "GET /ctg/search/similarImageSearchResultView/?ctgItemCd=9746293508 HTTP/1.1" 404 1251 "https://blog.newkolkata.in/getidm578/93508pcywitems" "Mozilla/5.0 AppleWebKit/537.36 (KHTML, like Gecko; compatible; GPTBot/1.3; +https://openai.com/gptbot)"
74.7.227.180 - - [06/Feb/2026:07:53:29 -0500] "GET /ctg/search/similarImageSearchResultView/?ctgItemCd=4682542510 HTTP/1.1" 404 1251 "https://blog.newkolkata.in/items/42510pcywtidm61507.html" "Mozilla/5.0 AppleWebKit/537.36 (KHTML, like Gecko; compatible; GPTBot/1.3; +https://openai.com/gptbot)"
74.7.227.180 - - [06/Feb/2026:07:53:32 -0500] "GET /ctg/search/similarImageSearchResultView/?ctgItemCd=4592241682 HTTP/1.1" 404 1251 "https://blog.newkolkata.in/getidm47/41682jahtitems.htm" "Mozilla/5.0 AppleWebKit/537.36 (KHTML, like Gecko; compatible; GPTBot/1.3; +https://openai.com/gptbot)"
185.191.171.4 - - [06/Feb/2026:07:53:35 -0500] "GET /item/138326ccoytid.html HTTP/1.1" 404 1251 "-" "Mozilla/5.0 (compatible; SemrushBot/7~bl; +http://www.semrush.com/bot.html)"
74.7.227.180 - - [06/Feb/2026:07:53:36 -0500] "GET /ctg/search/similarImageSearchResultView/?ctgItemCd=5187247925 HTTP/1.1" 404 1251 "https://blog.newkolkata.in/geti/47925ulgpitems.htm" "Mozilla/5.0 AppleWebKit/537.36 (KHTML, like Gecko; compatible; GPTBot/1.3; +https://openai.com/gptbot)"
74.7.227.180 - - [06/Feb/2026:07:53:39 -0500] "GET /ctg/search/similarImageSearchResultView/?ctgItemCd=6787863890 HTTP/1.1" 404 1251 "https://blog.newkolkata.in/ite/63890ccoytidm676.html" "Mozilla/5.0 AppleWebKit/537.36 (KHTML, like Gecko; compatible; GPTBot/1.3; +https://openai.com/gptbot)"
74.7.227.180 - - [06/Feb/2026:07:53:42 -0500] "GET /ctg/search/similarImageSearchResultView/?ctgItemCd=8930385632 HTTP/1.1" 404 1251 "https://blog.newkolkata.in/getid/85632tjvfitems" "Mozilla/5.0 AppleWebKit/537.36 (KHTML, like Gecko; compatible; GPTBot/1.3; +https://openai.com/gptbot)"
74.7.227.180 - - [06/Feb/2026:07:53:45 -0500] "GET /ctg/search/similarImageSearchResultView/?ctgItemCd=1462410607 HTTP/1.1" 404 1251 "https://blog.newkolkata.in/getid/10607jahtitems.htm" "Mozilla/5.0 AppleWebKit/537.36 (KHTML, like Gecko; compatible; GPTBot/1.3; +https://openai.com/gptbot)"
74.7.227.180 - - [06/Feb/2026:07:53:48 -0500] "GET /ctg/search/similarImageSearchResultView/?ctgItemCd=3996736154 HTTP/1.1" 404 1251 "https://blog.newkolkata.in/getidm9/36154kairitems" "Mozilla/5.0 AppleWebKit/537.36 (KHTML, like Gecko; compatible; GPTBot/1.3; +https://openai.com/gptbot)"
185.191.171.3 - - [06/Feb/2026:07:53:48 -0500] "GET /ite/98495zslytidm.html HTTP/1.1" 404 1251 "-" "Mozilla/5.0 (compatible; SemrushBot/7~bl; +http://www.semrush.com/bot.html)"
74.7.227.180 - - [06/Feb/2026:07:53:51 -0500] "GET /ctg/search/similarImageSearchResultView/?ctgItemCd=6278259215 HTTP/1.1" 404 1251 "https://blog.newkolkata.in/geti/59215ulgpitems" "Mozilla/5.0 AppleWebKit/537.36 (KHTML, like Gecko; compatible; GPTBot/1.3; +https://openai.com/gptbot)"
85.208.96.212 - - [06/Feb/2026:07:53:51 -0500] "GET /get/63310tjvfitems HTTP/1.1" 404 1251 "-" "Mozilla/5.0 (compatible; SemrushBot/7~bl; +http://www.semrush.com/bot.html)"
74.7.227.180 - - [06/Feb/2026:07:53:54 -0500] "GET /ctg/search/similarImageSearchResultView/?ctgItemCd=2191818343 HTTP/1.1" 404 1251 "https://blog.newkolkata.in/geti/18343pcywitems" "Mozilla/5.0 AppleWebKit/537.36 (KHTML, like Gecko; compatible; GPTBot/1.3; +https://openai.com/gptbot)"
74.7.227.180 - - [06/Feb/2026:07:53:57 -0500] "GET /ctg/search/similarImageSearchResultView/?ctgItemCd=7827174569 HTTP/1.1" 404 1251 "https://blog.newkolkata.in/getid/74569zslyitems" "Mozilla/5.0 AppleWebKit/537.36 (KHTML, like Gecko; compatible; GPTBot/1.3; +https://openai.com/gptbot)"
85.208.96.195 - - [06/Feb/2026:07:53:58 -0500] "GET /getid/83416kairitems HTTP/1.1" 404 1251 "-" "Mozilla/5.0 (compatible; SemrushBot/7~bl; +http://www.semrush.com/bot.html)"
74.7.227.180 - - [06/Feb/2026:07:54:00 -0500] "GET /ctg/search/similarImageSearchResultView/?ctgItemCd=4382540366 HTTP/1.1" 404 1251 "https://blog.newkolkata.in/get/40366ulgpitems" "Mozilla/5.0 AppleWebKit/537.36 (KHTML, like Gecko; compatible; GPTBot/1.3; +https://openai.com/gptbot)"
74.7.227.180 - - [06/Feb/2026:07:54:03 -0500] "GET /ctg/search/similarImageSearchResultView/?ctgItemCd=1457510983 HTTP/1.1" 404 1251 "https://blog.newkolkata.in/geti/10983zslyitems" "Mozilla/5.0 AppleWebKit/537.36 (KHTML, like Gecko; compatible; GPTBot/1.3; +https://openai.com/gptbot)"
74.7.227.180 - - [06/Feb/2026:07:54:06 -0500] "GET /ctg/search/similarImageSearchResultView/?ctgItemCd=2986025713 HTTP/1.1" 404 1251 "https://blog.newkolkata.in/getidm/25713ulgpitems.htm" "Mozilla/5.0 AppleWebKit/537.36 (KHTML, like Gecko; compatible; GPTBot/1.3; +https://openai.com/gptbot)"
85.208.96.198 - - [06/Feb/2026:07:54:09 -0500] "GET /getidm/204066mvrvitems.htm HTTP/1.1" 404 1251 "-" "Mozilla/5.0 (compatible; SemrushBot/7~bl; +http://www.semrush.com/bot.html)"
74.7.227.180 - - [06/Feb/2026:07:54:10 -0500] "GET /ctg/search/similarImageSearchResultView/?ctgItemCd=8803684469 HTTP/1.1" 404 1251 "https://blog.newkolkata.in/geti/84469sejmitems" "Mozilla/5.0 AppleWebKit/537.36 (KHTML, like Gecko; compatible; GPTBot/1.3; +https://openai.com/gptbot)"
74.7.227.180 - - [06/Feb/2026:07:54:13 -0500] "GET /ctg/search/similarImageSearchResultView/?ctgItemCd=5613752079 HTTP/1.1" 404 1251 "https://blog.newkolkata.in/items/52079tjvftidm.html" "Mozilla/5.0 AppleWebKit/537.36 (KHTML, like Gecko; compatible; GPTBot/1.3; +https://openai.com/gptbot)"
85.208.96.200 - - [06/Feb/2026:07:54:13 -0500] "GET /geti/33391zslyitems HTTP/1.1" 404 1251 "-" "Mozilla/5.0 (compatible; SemrushBot/7~bl; +http://www.semrush.com/bot.html)"
74.7.227.180 - - [06/Feb/2026:07:54:16 -0500] "GET /ctg/search/similarImageSearchResultView/?ctgItemCd=6418060176 HTTP/1.1" 404 1251 "https://blog.newkolkata.in/item/60176pcywtidm7.html" "Mozilla/5.0 AppleWebKit/537.36 (KHTML, like Gecko; compatible; GPTBot/1.3; +https://openai.com/gptbot)"
74.7.227.180 - - [06/Feb/2026:07:54:19 -0500] "GET /ctg/search/similarImageSearchResultView/?ctgItemCd=9872395167 HTTP/1.1" 404 1251 "https://blog.newkolkata.in/geti/95167kairitems" "Mozilla/5.0 AppleWebKit/537.36 (KHTML, like Gecko; compatible; GPTBot/1.3; +https://openai.com/gptbot)"
74.7.227.180 - - [06/Feb/2026:07:54:22 -0500] "GET /ctg/search/similarImageSearchResultView/?ctgItemCd=4826744129 HTTP/1.1" 404 1251 "https://blog.newkolkata.in/items/44129jahttidm33.html" "Mozilla/5.0 AppleWebKit/537.36 (KHTML, like Gecko; compatible; GPTBot/1.3; +https://openai.com/gptbot)"
74.7.227.180 - - [06/Feb/2026:07:54:25 -0500] "GET /ctg/search/similarImageSearchResultView/?ctgItemCd=5189747918 HTTP/1.1" 404 1251 "https://blog.newkolkata.in/items/47918zslytid.html" "Mozilla/5.0 AppleWebKit/537.36 (KHTML, like Gecko; compatible; GPTBot/1.3; +https://openai.com/gptbot)"
185.191.171.7 - - [06/Feb/2026:07:54:26 -0500] "GET /get/179283ulgpitems.htm HTTP/1.1" 404 1251 "-" "Mozilla/5.0 (compatible; SemrushBot/7~bl; +http://www.semrush.com/bot.html)"
74.7.227.180 - - [06/Feb/2026:07:54:29 -0500] "GET /ctg/search/similarImageSearchResultView/?ctgItemCd=1673413159 HTTP/1.1" 404 1251 "https://blog.newkolkata.in/geti/13159pcywitems" "Mozilla/5.0 AppleWebKit/537.36 (KHTML, like Gecko; compatible; GPTBot/1.3; +https://openai.com/gptbot)"
74.7.227.180 - - [06/Feb/2026:07:54:32 -0500] "GET /ctg/search/similarImageSearchResultView/?ctgItemCd=8937285526 HTTP/1.1" 404 1251 "https://blog.newkolkata.in/item/85526pcywtid.html" "Mozilla/5.0 AppleWebKit/537.36 (KHTML, like Gecko; compatible; GPTBot/1.3; +https://openai.com/gptbot)"
74.7.227.180 - - [06/Feb/2026:07:54:35 -0500] "GET /ctg/search/similarImageSearchResultView/?ctgItemCd=9441790102 HTTP/1.1" 404 1251 "https://blog.newkolkata.in/getidm632/90102mvrvitems.htm" "Mozilla/5.0 AppleWebKit/537.36 (KHTML, like Gecko; compatible; GPTBot/1.3; +https://openai.com/gptbot)"
185.191.171.7 - - [06/Feb/2026:07:54:37 -0500] "GET /geti/37758cejpitems.htm HTTP/1.1" 404 1251 "-" "Mozilla/5.0 (compatible; SemrushBot/7~bl; +http://www.semrush.com/bot.html)"
74.7.227.180 - - [06/Feb/2026:07:54:38 -0500] "GET /ctg/search/similarImageSearchResultView/?ctgItemCd=3488630689 HTTP/1.1" 404 1251 "https://blog.newkolkata.in/items/30689zslytidm97.html" "Mozilla/5.0 AppleWebKit/537.36 (KHTML, like Gecko; compatible; GPTBot/1.3; +https://openai.com/gptbot)"
74.7.227.180 - - [06/Feb/2026:07:54:41 -0500] "GET /ctg/search/similarImageSearchResultView/?ctgItemCd=4271538483 HTTP/1.1" 404 1251 "https://blog.newkolkata.in/item/38483mvrvtidm99470.html" "Mozilla/5.0 AppleWebKit/537.36 (KHTML, like Gecko; compatible; GPTBot/1.3; +https://openai.com/gptbot)"
74.7.227.180 - - [06/Feb/2026:07:54:44 -0500] "GET /ctg/search/similarImageSearchResultView/?ctgItemCd=2430120336 HTTP/1.1" 404 1251 "https://blog.newkolkata.in/item/20336jahttidm2.html" "Mozilla/5.0 AppleWebKit/537.36 (KHTML, like Gecko; compatible; GPTBot/1.3; +https://openai.com/gptbot)"
74.7.227.180 - - [06/Feb/2026:07:54:47 -0500] "GET /ctg/search/similarImageSearchResultView/?ctgItemCd=5795853901 HTTP/1.1" 404 1251 "https://blog.newkolkata.in/getid/53901mvrvitems.htm" "Mozilla/5.0 AppleWebKit/537.36 (KHTML, like Gecko; compatible; GPTBot/1.3; +https://openai.com/gptbot)"
66.249.66.167 - - [06/Feb/2026:07:54:48 -0500] "GET /products.php?shop/ceratopsian/hepatic66786326323.html HTTP/1.1" 404 1251 "-" "Mozilla/5.0 (Linux; Android 6.0.1; Nexus 5X Build/MMB29P) AppleWebKit/537.36 (KHTML, like Gecko) Chrome/144.0.7559.132 Mobile Safari/537.36 (compatible; Googlebot/2.1; +http://www.google.com/bot.html)"
74.7.227.180 - - [06/Feb/2026:07:54:50 -0500] "GET /ctg/search/similarImageSearchResultView/?ctgItemCd=7861074809 HTTP/1.1" 404 1251 "https://blog.newkolkata.in/getidm/74809mvrvitems" "Mozilla/5.0 AppleWebKit/537.36 (KHTML, like Gecko; compatible; GPTBot/1.3; +https://openai.com/gptbot)"
74.7.227.180 - - [06/Feb/2026:07:54:53 -0500] "GET /ctg/search/similarImageSearchResultView/?ctgItemCd=2565021800 HTTP/1.1" 404 1251 "https://blog.newkolkata.in/ite/21800cejptidm4.html" "Mozilla/5.0 AppleWebKit/537.36 (KHTML, like Gecko; compatible; GPTBot/1.3; +https://openai.com/gptbot)"
185.191.171.12 - - [06/Feb/2026:07:54:54 -0500] "GET /get/54118mvrvitems HTTP/1.1" 404 1251 "-" "Mozilla/5.0 (compatible; SemrushBot/7~bl; +http://www.semrush.com/bot.html)"
74.7.227.180 - - [06/Feb/2026:07:54:57 -0500] "GET /ctg/search/similarImageSearchResultView/?ctgItemCd=8359779419 HTTP/1.1" 404 1251 "https://blog.newkolkata.in/getidm/79419mvrvitems.htm" "Mozilla/5.0 AppleWebKit/537.36 (KHTML, like Gecko; compatible; GPTBot/1.3; +https://openai.com/gptbot)"
185.191.171.3 - - [06/Feb/2026:07:54:59 -0500] "GET /ite/294575mvrvtidm.html HTTP/1.1" 404 1251 "-" "Mozilla/5.0 (compatible; SemrushBot/7~bl; +http://www.semrush.com/bot.html)"
74.7.227.180 - - [06/Feb/2026:07:55:00 -0500] "GET /ctg/search/similarImageSearchResultView/?ctgItemCd=4217538033 HTTP/1.1" 404 1251 "https://blog.newkolkata.in/items/38033ccoytidm33.html" "Mozilla/5.0 AppleWebKit/537.36 (KHTML, like Gecko; compatible; GPTBot/1.3; +https://openai.com/gptbot)"
74.7.227.180 - - [06/Feb/2026:07:55:03 -0500] "GET /ctg/search/similarImageSearchResultView/?ctgItemCd=9605492002 HTTP/1.1" 404 1251 "https://blog.newkolkata.in/getid/92002mvrvitems.htm" "Mozilla/5.0 AppleWebKit/537.36 (KHTML, like Gecko; compatible; GPTBot/1.3; +https://openai.com/gptbot)"
74.7.227.180 - - [06/Feb/2026:07:55:06 -0500] "GET /ctg/search/similarImageSearchResultView/?ctgItemCd=8806984134 HTTP/1.1" 404 1251 "https://blog.newkolkata.in/items/84134sejmtid.html" "Mozilla/5.0 AppleWebKit/537.36 (KHTML, like Gecko; compatible; GPTBot/1.3; +https://openai.com/gptbot)"
74.7.227.180 - - [06/Feb/2026:07:55:09 -0500] "GET /ctg/search/similarImageSearchResultView/?ctgItemCd=2570421782 HTTP/1.1" 404 1251 "https://blog.newkolkata.in/items/21782cejptid.html" "Mozilla/5.0 AppleWebKit/537.36 (KHTML, like Gecko; compatible; GPTBot/1.3; +https://openai.com/gptbot)"
74.7.227.180 - - [06/Feb/2026:07:55:13 -0500] "GET /ctg/search/similarImageSearchResultView/?ctgItemCd=5947055903 HTTP/1.1" 404 1251 "https://blog.newkolkata.in/geti/55903ulgpitems" "Mozilla/5.0 AppleWebKit/537.36 (KHTML, like Gecko; compatible; GPTBot/1.3; +https://openai.com/gptbot)"
74.7.227.180 - - [06/Feb/2026:07:55:16 -0500] "GET /ctg/search/similarImageSearchResultView/?ctgItemCd=3355429746 HTTP/1.1" 404 1251 "https://blog.newkolkata.in/getidm/29746zslyitems" "Mozilla/5.0 AppleWebKit/537.36 (KHTML, like Gecko; compatible; GPTBot/1.3; +https://openai.com/gptbot)"
185.191.171.3 - - [06/Feb/2026:07:55:16 -0500] "GET /geti/116695ulgpitems HTTP/1.1" 404 1251 "-" "Mozilla/5.0 (compatible; SemrushBot/7~bl; +http://www.semrush.com/bot.html)"
74.7.227.180 - - [06/Feb/2026:07:55:19 -0500] "GET /ctg/search/similarImageSearchResultView/?ctgItemCd=9658392356 HTTP/1.1" 404 1251 "https://blog.newkolkata.in/item/92356mvrvtidm84814.html" "Mozilla/5.0 AppleWebKit/537.36 (KHTML, like Gecko; compatible; GPTBot/1.3; +https://openai.com/gptbot)"
74.7.227.180 - - [06/Feb/2026:07:55:22 -0500] "GET /ctg/search/similarImageSearchResultView/?ctgItemCd=9421790305 HTTP/1.1" 404 1251 "https://blog.newkolkata.in/ite/90305kairtidm34.html" "Mozilla/5.0 AppleWebKit/537.36 (KHTML, like Gecko; compatible; GPTBot/1.3; +https://openai.com/gptbot)"
74.7.227.180 - - [06/Feb/2026:07:55:25 -0500] "GET /ctg/search/similarImageSearchResultView/?ctgItemCd=8776583938 HTTP/1.1" 404 1251 "https://blog.newkolkata.in/getidm4/83938ccoyitems" "Mozilla/5.0 AppleWebKit/537.36 (KHTML, like Gecko; compatible; GPTBot/1.3; +https://openai.com/gptbot)"
85.208.96.193 - - [06/Feb/2026:07:55:26 -0500] "GET /getidm/38281mvrvitems HTTP/1.1" 404 1251 "-" "Mozilla/5.0 (compatible; SemrushBot/7~bl; +http://www.semrush.com/bot.html)"
74.7.227.180 - - [06/Feb/2026:07:55:28 -0500] "GET /ctg/search/similarImageSearchResultView/?ctgItemCd=3021326386 HTTP/1.1" 404 1251 "https://blog.newkolkata.in/getidm9/26386sejmitems" "Mozilla/5.0 AppleWebKit/537.36 (KHTML, like Gecko; compatible; GPTBot/1.3; +https://openai.com/gptbot)"
74.7.227.180 - - [06/Feb/2026:07:55:31 -0500] "GET /ctg/search/similarImageSearchResultView/?ctgItemCd=6741063484 HTTP/1.1" 404 1251 "https://blog.newkolkata.in/getidm569/63484jahtitems" "Mozilla/5.0 AppleWebKit/537.36 (KHTML, like Gecko; compatible; GPTBot/1.3; +https://openai.com/gptbot)"
74.7.227.180 - - [06/Feb/2026:07:55:35 -0500] "GET /ctg/search/similarImageSearchResultView/?ctgItemCd=8287178902 HTTP/1.1" 404 1251 "https://blog.newkolkata.in/items/78902mvrvtid.html" "Mozilla/5.0 AppleWebKit/537.36 (KHTML, like Gecko; compatible; GPTBot/1.3; +https://openai.com/gptbot)"
185.191.171.3 - - [06/Feb/2026:07:55:36 -0500] "GET /getid/112480ccoyitems HTTP/1.1" 404 1251 "-" "Mozilla/5.0 (compatible; SemrushBot/7~bl; +http://www.semrush.com/bot.html)"
74.7.227.180 - - [06/Feb/2026:07:55:38 -0500] "GET /ctg/search/similarImageSearchResultView/?ctgItemCd=4273239286 HTTP/1.1" 404 1251 "https://blog.newkolkata.in/get/39286cejpitems" "Mozilla/5.0 AppleWebKit/537.36 (KHTML, like Gecko; compatible; GPTBot/1.3; +https://openai.com/gptbot)"
74.7.227.180 - - [06/Feb/2026:07:55:41 -0500] "GET /ctg/search/similarImageSearchResultView/?ctgItemCd=5773153470 HTTP/1.1" 404 1251 "https://blog.newkolkata.in/getidm60/53470pcywitems.htm" "Mozilla/5.0 AppleWebKit/537.36 (KHTML, like Gecko; compatible; GPTBot/1.3; +https://openai.com/gptbot)"
74.7.227.180 - - [06/Feb/2026:07:55:44 -0500] "GET /ctg/search/similarImageSearchResultView/?ctgItemCd=8416980260 HTTP/1.1" 404 1251 "https://blog.newkolkata.in/getidm575/80260cejpitems" "Mozilla/5.0 AppleWebKit/537.36 (KHTML, like Gecko; compatible; GPTBot/1.3; +https://openai.com/gptbot)"
85.208.96.207 - - [06/Feb/2026:07:55:46 -0500] "GET /items/93734jahttid.html HTTP/1.1" 404 1251 "-" "Mozilla/5.0 (compatible; SemrushBot/7~bl; +http://www.semrush.com/bot.html)"
74.7.227.180 - - [06/Feb/2026:07:55:48 -0500] "GET /ctg/search/similarImageSearchResultView/?ctgItemCd=1969415567 HTTP/1.1" 404 1251 "https://blog.newkolkata.in/ite/15567kairtidm682700.html" "Mozilla/5.0 AppleWebKit/537.36 (KHTML, like Gecko; compatible; GPTBot/1.3; +https://openai.com/gptbot)"
74.7.227.180 - - [06/Feb/2026:07:55:51 -0500] "GET /ctg/search/similarImageSearchResultView/?ctgItemCd=6090956792 HTTP/1.1" 404 1251 "https://blog.newkolkata.in/items/56792tjvftidm5.html" "Mozilla/5.0 AppleWebKit/537.36 (KHTML, like Gecko; compatible; GPTBot/1.3; +https://openai.com/gptbot)"
74.7.227.180 - - [06/Feb/2026:07:55:54 -0500] "GET /ctg/search/similarImageSearchResultView/?ctgItemCd=2977025830 HTTP/1.1" 404 1251 "https://blog.newkolkata.in/geti/25830tjvfitems.htm" "Mozilla/5.0 AppleWebKit/537.36 (KHTML, like Gecko; compatible; GPTBot/1.3; +https://openai.com/gptbot)"
74.7.227.180 - - [06/Feb/2026:07:55:57 -0500] "GET /ctg/search/similarImageSearchResultView/?ctgItemCd=5991255808 HTTP/1.1" 404 1251 "https://blog.newkolkata.in/items/55808ccoytidm7.html" "Mozilla/5.0 AppleWebKit/537.36 (KHTML, like Gecko; compatible; GPTBot/1.3; +https://openai.com/gptbot)"
74.7.227.180 - - [06/Feb/2026:07:56:00 -0500] "GET /ctg/search/similarImageSearchResultView/?ctgItemCd=6378659821 HTTP/1.1" 404 1251 "https://blog.newkolkata.in/getidm5524/59821cejpitems" "Mozilla/5.0 AppleWebKit/537.36 (KHTML, like Gecko; compatible; GPTBot/1.3; +https://openai.com/gptbot)"
74.7.227.180 - - [06/Feb/2026:07:56:04 -0500] "GET /ctg/search/similarImageSearchResultView/?ctgItemCd=4347239162 HTTP/1.1" 404 1251 "https://blog.newkolkata.in/getidm664/39162ulgpitems.htm" "Mozilla/5.0 AppleWebKit/537.36 (KHTML, like Gecko; compatible; GPTBot/1.3; +https://openai.com/gptbot)"
74.7.227.180 - - [06/Feb/2026:07:56:07 -0500] "GET /ctg/search/similarImageSearchResultView/?ctgItemCd=4255338709 HTTP/1.1" 404 1251 "https://blog.newkolkata.in/get/38709tjvfitems.htm" "Mozilla/5.0 AppleWebKit/537.36 (KHTML, like Gecko; compatible; GPTBot/1.3; +https://openai.com/gptbot)"
74.7.227.180 - - [06/Feb/2026:07:56:10 -0500] "GET /ctg/search/similarImageSearchResultView/?ctgItemCd=5138747349 HTTP/1.1" 404 1251 "https://blog.newkolkata.in/getid/47349sejmitems.htm" "Mozilla/5.0 AppleWebKit/537.36 (KHTML, like Gecko; compatible; GPTBot/1.3; +https://openai.com/gptbot)"
85.208.96.193 - - [06/Feb/2026:07:56:10 -0500] "GET /getidm5/18778kairitems HTTP/1.1" 404 1251 "-" "Mozilla/5.0 (compatible; SemrushBot/7~bl; +http://www.semrush.com/bot.html)"
85.208.96.193 - - [06/Feb/2026:07:56:12 -0500] "GET /get/242010mvrvitems.htm HTTP/1.1" 404 1251 "-" "Mozilla/5.0 (compatible; SemrushBot/7~bl; +http://www.semrush.com/bot.html)"
74.7.227.180 - - [06/Feb/2026:07:56:13 -0500] "GET /ctg/search/similarImageSearchResultView/?ctgItemCd=3624132584 HTTP/1.1" 404 1251 "https://blog.newkolkata.in/getid/32584ccoyitems" "Mozilla/5.0 AppleWebKit/537.36 (KHTML, like Gecko; compatible; GPTBot/1.3; +https://openai.com/gptbot)"
74.7.227.180 - - [06/Feb/2026:07:56:16 -0500] "GET /ctg/search/similarImageSearchResultView/?ctgItemCd=7235268264 HTTP/1.1" 404 1251 "https://blog.newkolkata.in/items/68264cejptidm3.html" "Mozilla/5.0 AppleWebKit/537.36 (KHTML, like Gecko; compatible; GPTBot/1.3; +https://openai.com/gptbot)"
74.7.227.180 - - [06/Feb/2026:07:56:19 -0500] "GET /ctg/search/similarImageSearchResultView/?ctgItemCd=2517321244 HTTP/1.1" 404 1251 "https://blog.newkolkata.in/getidm837/21244ulgpitems" "Mozilla/5.0 AppleWebKit/537.36 (KHTML, like Gecko; compatible; GPTBot/1.3; +https://openai.com/gptbot)"
74.7.227.180 - - [06/Feb/2026:07:56:22 -0500] "GET /ctg/search/similarImageSearchResultView/?ctgItemCd=4162937605 HTTP/1.1" 404 1251 "https://blog.newkolkata.in/getid/37605kairitems.htm" "Mozilla/5.0 AppleWebKit/537.36 (KHTML, like Gecko; compatible; GPTBot/1.3; +https://openai.com/gptbot)"
74.7.227.180 - - [06/Feb/2026:07:56:25 -0500] "GET /ctg/search/similarImageSearchResultView/?ctgItemCd=8691282773 HTTP/1.1" 404 1251 "https://blog.newkolkata.in/items/82773zslytidm5.html" "Mozilla/5.0 AppleWebKit/537.36 (KHTML, like Gecko; compatible; GPTBot/1.3; +https://openai.com/gptbot)"
74.7.227.180 - - [06/Feb/2026:07:56:28 -0500] "GET /ctg/search/similarImageSearchResultView/?ctgItemCd=7606571913 HTTP/1.1" 404 1251 "https://blog.newkolkata.in/getidm/71913tjvfitems.htm" "Mozilla/5.0 AppleWebKit/537.36 (KHTML, like Gecko; compatible; GPTBot/1.3; +https://openai.com/gptbot)"
74.7.227.180 - - [06/Feb/2026:07:56:32 -0500] "GET /ctg/search/similarImageSearchResultView/?ctgItemCd=3975135769 HTTP/1.1" 404 1251 "https://blog.newkolkata.in/ite/35769jahttidm376.html" "Mozilla/5.0 AppleWebKit/537.36 (KHTML, like Gecko; compatible; GPTBot/1.3; +https://openai.com/gptbot)"
74.7.227.180 - - [06/Feb/2026:07:56:35 -0500] "GET /ctg/search/similarImageSearchResultView/?ctgItemCd=6526961184 HTTP/1.1" 404 1251 "https://blog.newkolkata.in/items/61184cejptidm6.html" "Mozilla/5.0 AppleWebKit/537.36 (KHTML, like Gecko; compatible; GPTBot/1.3; +https://openai.com/gptbot)"
74.7.227.180 - - [06/Feb/2026:07:56:38 -0500] "GET /ctg/search/similarImageSearchResultView/?ctgItemCd=5133247127 HTTP/1.1" 404 1251 "https://blog.newkolkata.in/getidm7/47127ulgpitems.htm" "Mozilla/5.0 AppleWebKit/537.36 (KHTML, like Gecko; compatible; GPTBot/1.3; +https://openai.com/gptbot)"
74.7.227.180 - - [06/Feb/2026:07:56:41 -0500] "GET /ctg/search/similarImageSearchResultView/?ctgItemCd=5349749729 HTTP/1.1" 404 1251 "https://blog.newkolkata.in/getidm/49729jahtitems" "Mozilla/5.0 AppleWebKit/537.36 (KHTML, like Gecko; compatible; GPTBot/1.3; +https://openai.com/gptbot)"
74.7.227.180 - - [06/Feb/2026:07:56:44 -0500] "GET /ctg/search/similarImageSearchResultView/?ctgItemCd=5176447609 HTTP/1.1" 404 1251 "https://blog.newkolkata.in/items/47609ccoytidm82.html" "Mozilla/5.0 AppleWebKit/537.36 (KHTML, like Gecko; compatible; GPTBot/1.3; +https://openai.com/gptbot)"
74.7.227.180 - - [06/Feb/2026:07:56:48 -0500] "GET /ctg/search/similarImageSearchResultView/?ctgItemCd=9305089204 HTTP/1.1" 404 1251 "https://blog.newkolkata.in/getidm2/89204mvrvitems" "Mozilla/5.0 AppleWebKit/537.36 (KHTML, like Gecko; compatible; GPTBot/1.3; +https://openai.com/gptbot)"
74.7.227.180 - - [06/Feb/2026:07:56:51 -0500] "GET /ctg/search/similarImageSearchResultView/?ctgItemCd=8529781161 HTTP/1.1" 404 1251 "https://blog.newkolkata.in/getidm/81161ccoyitems.htm" "Mozilla/5.0 AppleWebKit/537.36 (KHTML, like Gecko; compatible; GPTBot/1.3; +https://openai.com/gptbot)"
85.208.96.200 - - [06/Feb/2026:07:56:52 -0500] "GET /getid/207616ccoyitems HTTP/1.1" 404 1251 "-" "Mozilla/5.0 (compatible; SemrushBot/7~bl; +http://www.semrush.com/bot.html)"
85.208.96.201 - - [06/Feb/2026:07:56:53 -0500] "GET /getidm9/217282tjvfitems HTTP/1.1" 404 1251 "-" "Mozilla/5.0 (compatible; SemrushBot/7~bl; +http://www.semrush.com/bot.html)"
74.7.227.180 - - [06/Feb/2026:07:56:54 -0500] "GET /ctg/search/similarImageSearchResultView/?ctgItemCd=5202548077 HTTP/1.1" 404 1251 "https://blog.newkolkata.in/geti/48077tjvfitems.htm" "Mozilla/5.0 AppleWebKit/537.36 (KHTML, like Gecko; compatible; GPTBot/1.3; +https://openai.com/gptbot)"
74.7.227.180 - - [06/Feb/2026:07:56:57 -0500] "GET /ctg/search/similarImageSearchResultView/?ctgItemCd=2371219560 HTTP/1.1" 404 1251 "https://blog.newkolkata.in/getidm/19560tjvfitems.htm" "Mozilla/5.0 AppleWebKit/537.36 (KHTML, like Gecko; compatible; GPTBot/1.3; +https://openai.com/gptbot)"
74.7.227.180 - - [06/Feb/2026:07:57:00 -0500] "GET /ctg/search/similarImageSearchResultView/?ctgItemCd=2199617794 HTTP/1.1" 404 1251 "https://blog.newkolkata.in/getidm6/17794sejmitems.htm" "Mozilla/5.0 AppleWebKit/537.36 (KHTML, like Gecko; compatible; GPTBot/1.3; +https://openai.com/gptbot)"
74.7.227.180 - - [06/Feb/2026:07:57:04 -0500] "GET /ctg/search/similarImageSearchResultView/?ctgItemCd=2971525687 HTTP/1.1" 404 1251 "https://blog.newkolkata.in/item/25687cejptidm71.html" "Mozilla/5.0 AppleWebKit/537.36 (KHTML, like Gecko; compatible; GPTBot/1.3; +https://openai.com/gptbot)"
74.7.227.180 - - [06/Feb/2026:07:57:07 -0500] "GET /ctg/search/similarImageSearchResultView/?ctgItemCd=2764323968 HTTP/1.1" 404 1251 "https://blog.newkolkata.in/getid/23968tjvfitems" "Mozilla/5.0 AppleWebKit/537.36 (KHTML, like Gecko; compatible; GPTBot/1.3; +https://openai.com/gptbot)"
74.7.227.180 - - [06/Feb/2026:07:57:10 -0500] "GET /ctg/search/similarImageSearchResultView/?ctgItemCd=1683612714 HTTP/1.1" 404 1251 "https://blog.newkolkata.in/getidm/12714cejpitems.htm" "Mozilla/5.0 AppleWebKit/537.36 (KHTML, like Gecko; compatible; GPTBot/1.3; +https://openai.com/gptbot)"
74.7.227.180 - - [06/Feb/2026:07:57:13 -0500] "GET /ctg/search/similarImageSearchResultView/?ctgItemCd=6174557820 HTTP/1.1" 404 1251 "https://blog.newkolkata.in/getidm886/57820jahtitems" "Mozilla/5.0 AppleWebKit/537.36 (KHTML, like Gecko; compatible; GPTBot/1.3; +https://openai.com/gptbot)"
74.7.227.180 - - [06/Feb/2026:07:57:16 -0500] "GET /ctg/search/similarImageSearchResultView/?ctgItemCd=2043016504 HTTP/1.1" 404 1251 "https://blog.newkolkata.in/getidm589/16504ccoyitems" "Mozilla/5.0 AppleWebKit/537.36 (KHTML, like Gecko; compatible; GPTBot/1.3; +https://openai.com/gptbot)"
74.7.227.180 - - [06/Feb/2026:07:57:19 -0500] "GET /ctg/search/similarImageSearchResultView/?ctgItemCd=9719493372 HTTP/1.1" 404 1251 "https://blog.newkolkata.in/get/93372jahtitems.htm" "Mozilla/5.0 AppleWebKit/537.36 (KHTML, like Gecko; compatible; GPTBot/1.3; +https://openai.com/gptbot)"
185.191.171.14 - - [06/Feb/2026:07:57:20 -0500] "GET /getidm/258361kairitems HTTP/1.1" 404 1251 "-" "Mozilla/5.0 (compatible; SemrushBot/7~bl; +http://www.semrush.com/bot.html)"
85.208.96.204 - - [06/Feb/2026:07:57:21 -0500] "GET /get/92868jahtitems.htm HTTP/1.1" 404 1251 "-" "Mozilla/5.0 (compatible; SemrushBot/7~bl; +http://www.semrush.com/bot.html)"
74.7.227.180 - - [06/Feb/2026:07:57:22 -0500] "GET /ctg/search/similarImageSearchResultView/?ctgItemCd=9283589176 HTTP/1.1" 404 1251 "https://blog.newkolkata.in/getid/89176jahtitems" "Mozilla/5.0 AppleWebKit/537.36 (KHTML, like Gecko; compatible; GPTBot/1.3; +https://openai.com/gptbot)"
74.7.227.180 - - [06/Feb/2026:07:57:26 -0500] "GET /ctg/search/similarImageSearchResultView/?ctgItemCd=2297519026 HTTP/1.1" 404 1251 "https://blog.newkolkata.in/geti/19026pcywitems.htm" "Mozilla/5.0 AppleWebKit/537.36 (KHTML, like Gecko; compatible; GPTBot/1.3; +https://openai.com/gptbot)"
74.7.227.180 - - [06/Feb/2026:07:57:29 -0500] "GET /ctg/search/similarImageSearchResultView/?ctgItemCd=9126787446 HTTP/1.1" 404 1251 "https://blog.newkolkata.in/item/87446kairtid.html" "Mozilla/5.0 AppleWebKit/537.36 (KHTML, like Gecko; compatible; GPTBot/1.3; +https://openai.com/gptbot)"
74.7.227.180 - - [06/Feb/2026:07:57:32 -0500] "GET /ctg/search/similarImageSearchResultView/?ctgItemCd=7463970424 HTTP/1.1" 404 1251 "https://blog.newkolkata.in/getidm2/70424mvrvitems.htm" "Mozilla/5.0 AppleWebKit/537.36 (KHTML, like Gecko; compatible; GPTBot/1.3; +https://openai.com/gptbot)"
74.7.227.180 - - [06/Feb/2026:07:57:35 -0500] "GET /ctg/search/similarImageSearchResultView/?ctgItemCd=2484921295 HTTP/1.1" 404 1251 "https://blog.newkolkata.in/geti/21295ccoyitems" "Mozilla/5.0 AppleWebKit/537.36 (KHTML, like Gecko; compatible; GPTBot/1.3; +https://openai.com/gptbot)"
