74.7.227.180 - - [06/Feb/2026:09:37:32 -0500] "GET /ctg/search/similarImageSearchResultView/?ctgItemCd=9913195075 HTTP/1.1" 404 1251 "https://blog.newkolkata.in/ite/95075pcywtidm7164.html" "Mozilla/5.0 AppleWebKit/537.36 (KHTML, like Gecko; compatible; GPTBot/1.3; +https://openai.com/gptbot)"
74.7.227.180 - - [06/Feb/2026:09:37:35 -0500] "GET /ctg/search/similarImageSearchResultView/?ctgItemCd=4093637190 HTTP/1.1" 404 1251 "https://blog.newkolkata.in/ite/37190zslytid.html" "Mozilla/5.0 AppleWebKit/537.36 (KHTML, like Gecko; compatible; GPTBot/1.3; +https://openai.com/gptbot)"
185.191.171.8 - - [06/Feb/2026:09:37:37 -0500] "GET /getidm/153099zslyitems.htm HTTP/1.1" 404 1251 "-" "Mozilla/5.0 (compatible; SemrushBot/7~bl; +http://www.semrush.com/bot.html)"
74.7.227.180 - - [06/Feb/2026:09:37:38 -0500] "GET /ctg/search/similarImageSearchResultView/?ctgItemCd=4372140072 HTTP/1.1" 404 1251 "https://blog.newkolkata.in/getid/40072sejmitems" "Mozilla/5.0 AppleWebKit/537.36 (KHTML, like Gecko; compatible; GPTBot/1.3; +https://openai.com/gptbot)"
185.191.171.12 - - [06/Feb/2026:09:37:39 -0500] "GET /get/36546pcywitems.htm HTTP/1.1" 404 1251 "-" "Mozilla/5.0 (compatible; SemrushBot/7~bl; +http://www.semrush.com/bot.html)"
74.7.227.180 - - [06/Feb/2026:09:37:41 -0500] "GET /ctg/search/similarImageSearchResultView/?ctgItemCd=7973275768 HTTP/1.1" 404 1251 "https://blog.newkolkata.in/geti/75768pcywitems.htm" "Mozilla/5.0 AppleWebKit/537.36 (KHTML, like Gecko; compatible; GPTBot/1.3; +https://openai.com/gptbot)"
74.7.227.180 - - [06/Feb/2026:09:37:44 -0500] "GET /ctg/search/similarImageSearchResultView/?ctgItemCd=7715273456 HTTP/1.1" 404 1251 "https://blog.newkolkata.in/getid/73456zslyitems" "Mozilla/5.0 AppleWebKit/537.36 (KHTML, like Gecko; compatible; GPTBot/1.3; +https://openai.com/gptbot)"
74.7.227.180 - - [06/Feb/2026:09:37:47 -0500] "GET /ctg/search/similarImageSearchResultView/?ctgItemCd=7170068119 HTTP/1.1" 404 1251 "https://blog.newkolkata.in/geti/68119pcywitems" "Mozilla/5.0 AppleWebKit/537.36 (KHTML, like Gecko; compatible; GPTBot/1.3; +https://openai.com/gptbot)"
74.7.227.180 - - [06/Feb/2026:09:37:51 -0500] "GET /ctg/search/similarImageSearchResultView/?ctgItemCd=4349439201 HTTP/1.1" 404 1251 "https://blog.newkolkata.in/getidm688/39201kairitems.htm" "Mozilla/5.0 AppleWebKit/537.36 (KHTML, like Gecko; compatible; GPTBot/1.3; +https://openai.com/gptbot)"
74.7.227.180 - - [06/Feb/2026:09:37:54 -0500] "GET /ctg/search/similarImageSearchResultView/?ctgItemCd=5518851372 HTTP/1.1" 404 1251 "https://blog.newkolkata.in/get/51372jahtitems.htm" "Mozilla/5.0 AppleWebKit/537.36 (KHTML, like Gecko; compatible; GPTBot/1.3; +https://openai.com/gptbot)"
74.7.227.180 - - [06/Feb/2026:09:37:57 -0500] "GET /ctg/search/similarImageSearchResultView/?ctgItemCd=7516371231 HTTP/1.1" 404 1251 "https://blog.newkolkata.in/item/71231ulgptidm.html" "Mozilla/5.0 AppleWebKit/537.36 (KHTML, like Gecko; compatible; GPTBot/1.3; +https://openai.com/gptbot)"
74.7.227.180 - - [06/Feb/2026:09:38:00 -0500] "GET /ctg/search/similarImageSearchResultView/?ctgItemCd=5054846675 HTTP/1.1" 404 1251 "https://blog.newkolkata.in/getidm50/46675ccoyitems" "Mozilla/5.0 AppleWebKit/537.36 (KHTML, like Gecko; compatible; GPTBot/1.3; +https://openai.com/gptbot)"
74.7.227.180 - - [06/Feb/2026:09:38:03 -0500] "GET /ctg/search/similarImageSearchResultView/?ctgItemCd=3879834928 HTTP/1.1" 404 1251 "https://blog.newkolkata.in/getidm65/34928jahtitems" "Mozilla/5.0 AppleWebKit/537.36 (KHTML, like Gecko; compatible; GPTBot/1.3; +https://openai.com/gptbot)"
74.7.227.180 - - [06/Feb/2026:09:38:07 -0500] "GET /ctg/search/similarImageSearchResultView/?ctgItemCd=9513890812 HTTP/1.1" 404 1251 "https://blog.newkolkata.in/items/90812pcywtidm82453.html" "Mozilla/5.0 AppleWebKit/537.36 (KHTML, like Gecko; compatible; GPTBot/1.3; +https://openai.com/gptbot)"
74.7.227.180 - - [06/Feb/2026:09:38:10 -0500] "GET /ctg/search/similarImageSearchResultView/?ctgItemCd=2615921873 HTTP/1.1" 404 1251 "https://blog.newkolkata.in/getidm185/21873cejpitems.htm" "Mozilla/5.0 AppleWebKit/537.36 (KHTML, like Gecko; compatible; GPTBot/1.3; +https://openai.com/gptbot)"
74.7.227.180 - - [06/Feb/2026:09:38:13 -0500] "GET /ctg/search/similarImageSearchResultView/?ctgItemCd=6336859229 HTTP/1.1" 404 1251 "https://blog.newkolkata.in/getidm/59229kairitems.htm" "Mozilla/5.0 AppleWebKit/537.36 (KHTML, like Gecko; compatible; GPTBot/1.3; +https://openai.com/gptbot)"
74.7.227.180 - - [06/Feb/2026:09:38:16 -0500] "GET /ctg/search/similarImageSearchResultView/?ctgItemCd=6382359657 HTTP/1.1" 404 1251 "https://blog.newkolkata.in/items/59657sejmtidm68.html" "Mozilla/5.0 AppleWebKit/537.36 (KHTML, like Gecko; compatible; GPTBot/1.3; +https://openai.com/gptbot)"
74.7.227.180 - - [06/Feb/2026:09:38:19 -0500] "GET /ctg/search/similarImageSearchResultView/?ctgItemCd=4078436578 HTTP/1.1" 404 1251 "https://blog.newkolkata.in/items/36578cejptidm796.html" "Mozilla/5.0 AppleWebKit/537.36 (KHTML, like Gecko; compatible; GPTBot/1.3; +https://openai.com/gptbot)"
74.7.227.180 - - [06/Feb/2026:09:38:22 -0500] "GET /ctg/search/similarImageSearchResultView/?ctgItemCd=8327179038 HTTP/1.1" 404 1251 "https://blog.newkolkata.in/item/79038mvrvtidm98084.html" "Mozilla/5.0 AppleWebKit/537.36 (KHTML, like Gecko; compatible; GPTBot/1.3; +https://openai.com/gptbot)"
74.7.227.180 - - [06/Feb/2026:09:38:25 -0500] "GET /ctg/search/similarImageSearchResultView/?ctgItemCd=9681793261 HTTP/1.1" 404 1251 "https://blog.newkolkata.in/geti/93261ccoyitems" "Mozilla/5.0 AppleWebKit/537.36 (KHTML, like Gecko; compatible; GPTBot/1.3; +https://openai.com/gptbot)"
74.7.227.180 - - [06/Feb/2026:09:38:28 -0500] "GET /ctg/search/similarImageSearchResultView/?ctgItemCd=7035266538 HTTP/1.1" 404 1251 "https://blog.newkolkata.in/getidm6/66538cejpitems" "Mozilla/5.0 AppleWebKit/537.36 (KHTML, like Gecko; compatible; GPTBot/1.3; +https://openai.com/gptbot)"
74.7.227.180 - - [06/Feb/2026:09:38:31 -0500] "GET /ctg/search/similarImageSearchResultView/?ctgItemCd=6730863156 HTTP/1.1" 404 1251 "https://blog.newkolkata.in/getidm/63156tjvfitems.htm" "Mozilla/5.0 AppleWebKit/537.36 (KHTML, like Gecko; compatible; GPTBot/1.3; +https://openai.com/gptbot)"
74.7.227.180 - - [06/Feb/2026:09:38:34 -0500] "GET /ctg/search/similarImageSearchResultView/?ctgItemCd=6186357746 HTTP/1.1" 404 1251 "https://blog.newkolkata.in/item/57746pcywtidm870.html" "Mozilla/5.0 AppleWebKit/537.36 (KHTML, like Gecko; compatible; GPTBot/1.3; +https://openai.com/gptbot)"
74.7.227.180 - - [06/Feb/2026:09:38:38 -0500] "GET /ctg/search/similarImageSearchResultView/?ctgItemCd=4773143789 HTTP/1.1" 404 1251 "https://blog.newkolkata.in/geti/43789sejmitems.htm" "Mozilla/5.0 AppleWebKit/537.36 (KHTML, like Gecko; compatible; GPTBot/1.3; +https://openai.com/gptbot)"
74.7.227.180 - - [06/Feb/2026:09:38:41 -0500] "GET /ctg/search/similarImageSearchResultView/?ctgItemCd=6100557147 HTTP/1.1" 404 1251 "https://blog.newkolkata.in/get/57147mvrvitems.htm" "Mozilla/5.0 AppleWebKit/537.36 (KHTML, like Gecko; compatible; GPTBot/1.3; +https://openai.com/gptbot)"
74.7.227.180 - - [06/Feb/2026:09:38:44 -0500] "GET /ctg/search/similarImageSearchResultView/?ctgItemCd=9263188601 HTTP/1.1" 404 1251 "https://blog.newkolkata.in/item/88601kairtidm46.html" "Mozilla/5.0 AppleWebKit/537.36 (KHTML, like Gecko; compatible; GPTBot/1.3; +https://openai.com/gptbot)"
74.7.227.180 - - [06/Feb/2026:09:38:47 -0500] "GET /ctg/search/similarImageSearchResultView/?ctgItemCd=8199278062 HTTP/1.1" 404 1251 "https://blog.newkolkata.in/items/78062kairtid.html" "Mozilla/5.0 AppleWebKit/537.36 (KHTML, like Gecko; compatible; GPTBot/1.3; +https://openai.com/gptbot)"
74.7.227.180 - - [06/Feb/2026:09:38:50 -0500] "GET /ctg/search/similarImageSearchResultView/?ctgItemCd=8060076472 HTTP/1.1" 404 1251 "https://blog.newkolkata.in/items/76472mvrvtidm2.html" "Mozilla/5.0 AppleWebKit/537.36 (KHTML, like Gecko; compatible; GPTBot/1.3; +https://openai.com/gptbot)"
74.7.227.180 - - [06/Feb/2026:09:38:53 -0500] "GET /ctg/search/similarImageSearchResultView/?ctgItemCd=6122657302 HTTP/1.1" 404 1251 "https://blog.newkolkata.in/items/57302kairtid.html" "Mozilla/5.0 AppleWebKit/537.36 (KHTML, like Gecko; compatible; GPTBot/1.3; +https://openai.com/gptbot)"
74.7.227.180 - - [06/Feb/2026:09:38:56 -0500] "GET /ctg/search/similarImageSearchResultView/?ctgItemCd=1935515460 HTTP/1.1" 404 1251 "https://blog.newkolkata.in/getidm111/15460cejpitems" "Mozilla/5.0 AppleWebKit/537.36 (KHTML, like Gecko; compatible; GPTBot/1.3; +https://openai.com/gptbot)"
74.7.227.180 - - [06/Feb/2026:09:38:59 -0500] "GET /ctg/search/similarImageSearchResultView/?ctgItemCd=4731043184 HTTP/1.1" 404 1251 "https://blog.newkolkata.in/items/43184mvrvtidm6.html" "Mozilla/5.0 AppleWebKit/537.36 (KHTML, like Gecko; compatible; GPTBot/1.3; +https://openai.com/gptbot)"
185.191.171.9 - - [06/Feb/2026:09:39:01 -0500] "GET /getidm/113305cejpitems HTTP/1.1" 404 1251 "-" "Mozilla/5.0 (compatible; SemrushBot/7~bl; +http://www.semrush.com/bot.html)"
74.7.227.180 - - [06/Feb/2026:09:39:03 -0500] "GET /ctg/search/similarImageSearchResultView/?ctgItemCd=4006535919 HTTP/1.1" 404 1251 "https://blog.newkolkata.in/getidm/35919ccoyitems.htm" "Mozilla/5.0 AppleWebKit/537.36 (KHTML, like Gecko; compatible; GPTBot/1.3; +https://openai.com/gptbot)"
74.7.227.180 - - [06/Feb/2026:09:39:06 -0500] "GET /ctg/search/similarImageSearchResultView/?ctgItemCd=4188937681 HTTP/1.1" 404 1251 "https://blog.newkolkata.in/getidm4/37681tjvfitems.htm" "Mozilla/5.0 AppleWebKit/537.36 (KHTML, like Gecko; compatible; GPTBot/1.3; +https://openai.com/gptbot)"
74.7.227.180 - - [06/Feb/2026:09:39:09 -0500] "GET /ctg/search/similarImageSearchResultView/?ctgItemCd=9159887662 HTTP/1.1" 404 1251 "https://blog.newkolkata.in/items/87662kairtid.html" "Mozilla/5.0 AppleWebKit/537.36 (KHTML, like Gecko; compatible; GPTBot/1.3; +https://openai.com/gptbot)"
74.7.227.180 - - [06/Feb/2026:09:39:12 -0500] "GET /ctg/search/similarImageSearchResultView/?ctgItemCd=7810274116 HTTP/1.1" 404 1251 "https://blog.newkolkata.in/getidm7282/74116tjvfitems" "Mozilla/5.0 AppleWebKit/537.36 (KHTML, like Gecko; compatible; GPTBot/1.3; +https://openai.com/gptbot)"
85.208.96.200 - - [06/Feb/2026:09:39:15 -0500] "GET /getid/148264sejmitems HTTP/1.1" 404 1251 "-" "Mozilla/5.0 (compatible; SemrushBot/7~bl; +http://www.semrush.com/bot.html)"
74.7.227.180 - - [06/Feb/2026:09:39:15 -0500] "GET /ctg/search/similarImageSearchResultView/?ctgItemCd=3721933036 HTTP/1.1" 404 1251 "https://blog.newkolkata.in/getidm8/33036kairitems.htm" "Mozilla/5.0 AppleWebKit/537.36 (KHTML, like Gecko; compatible; GPTBot/1.3; +https://openai.com/gptbot)"
74.7.227.180 - - [06/Feb/2026:09:39:18 -0500] "GET /ctg/search/similarImageSearchResultView/?ctgItemCd=5209748008 HTTP/1.1" 404 1251 "https://blog.newkolkata.in/items/48008kairtidm5.html" "Mozilla/5.0 AppleWebKit/537.36 (KHTML, like Gecko; compatible; GPTBot/1.3; +https://openai.com/gptbot)"
74.7.227.180 - - [06/Feb/2026:09:39:21 -0500] "GET /ctg/search/similarImageSearchResultView/?ctgItemCd=4718443280 HTTP/1.1" 404 1251 "https://blog.newkolkata.in/ite/43280zslytidm4.html" "Mozilla/5.0 AppleWebKit/537.36 (KHTML, like Gecko; compatible; GPTBot/1.3; +https://openai.com/gptbot)"
74.7.227.180 - - [06/Feb/2026:09:39:25 -0500] "GET /ctg/search/similarImageSearchResultView/?ctgItemCd=4262438481 HTTP/1.1" 404 1251 "https://blog.newkolkata.in/getidm/38481ccoyitems.htm" "Mozilla/5.0 AppleWebKit/537.36 (KHTML, like Gecko; compatible; GPTBot/1.3; +https://openai.com/gptbot)"
74.7.227.180 - - [06/Feb/2026:09:39:28 -0500] "GET /ctg/search/similarImageSearchResultView/?ctgItemCd=6307259140 HTTP/1.1" 404 1251 "https://blog.newkolkata.in/getidm715/59140tjvfitems" "Mozilla/5.0 AppleWebKit/537.36 (KHTML, like Gecko; compatible; GPTBot/1.3; +https://openai.com/gptbot)"
74.7.227.180 - - [06/Feb/2026:09:39:31 -0500] "GET /ctg/search/similarImageSearchResultView/?ctgItemCd=1924315790 HTTP/1.1" 404 1251 "https://blog.newkolkata.in/get/15790sejmitems" "Mozilla/5.0 AppleWebKit/537.36 (KHTML, like Gecko; compatible; GPTBot/1.3; +https://openai.com/gptbot)"
185.191.171.5 - - [06/Feb/2026:09:39:31 -0500] "GET /get/79846jahtitems HTTP/1.1" 404 1251 "-" "Mozilla/5.0 (compatible; SemrushBot/7~bl; +http://www.semrush.com/bot.html)"
74.7.227.180 - - [06/Feb/2026:09:39:34 -0500] "GET /ctg/search/similarImageSearchResultView/?ctgItemCd=4188638150 HTTP/1.1" 404 1251 "https://blog.newkolkata.in/ite/38150mvrvtid.html" "Mozilla/5.0 AppleWebKit/537.36 (KHTML, like Gecko; compatible; GPTBot/1.3; +https://openai.com/gptbot)"
74.7.227.180 - - [06/Feb/2026:09:39:37 -0500] "GET /ctg/search/similarImageSearchResultView/?ctgItemCd=2973426278 HTTP/1.1" 404 1251 "https://blog.newkolkata.in/get/26278sejmitems" "Mozilla/5.0 AppleWebKit/537.36 (KHTML, like Gecko; compatible; GPTBot/1.3; +https://openai.com/gptbot)"
74.7.227.180 - - [06/Feb/2026:09:39:40 -0500] "GET /ctg/search/similarImageSearchResultView/?ctgItemCd=2867325087 HTTP/1.1" 404 1251 "https://blog.newkolkata.in/geti/25087mvrvitems" "Mozilla/5.0 AppleWebKit/537.36 (KHTML, like Gecko; compatible; GPTBot/1.3; +https://openai.com/gptbot)"
74.7.227.180 - - [06/Feb/2026:09:39:43 -0500] "GET /ctg/search/similarImageSearchResultView/?ctgItemCd=9396790304 HTTP/1.1" 404 1251 "https://blog.newkolkata.in/getid/90304tjvfitems" "Mozilla/5.0 AppleWebKit/537.36 (KHTML, like Gecko; compatible; GPTBot/1.3; +https://openai.com/gptbot)"
85.208.96.198 - - [06/Feb/2026:09:39:45 -0500] "GET /get/12406jahtitems HTTP/1.1" 404 1251 "-" "Mozilla/5.0 (compatible; SemrushBot/7~bl; +http://www.semrush.com/bot.html)"
74.7.227.180 - - [06/Feb/2026:09:39:47 -0500] "GET /ctg/search/similarImageSearchResultView/?ctgItemCd=8978786095 HTTP/1.1" 404 1251 "https://blog.newkolkata.in/getid/86095mvrvitems" "Mozilla/5.0 AppleWebKit/537.36 (KHTML, like Gecko; compatible; GPTBot/1.3; +https://openai.com/gptbot)"
74.7.227.180 - - [06/Feb/2026:09:39:50 -0500] "GET /ctg/search/similarImageSearchResultView/?ctgItemCd=3279628688 HTTP/1.1" 404 1251 "https://blog.newkolkata.in/items/28688sejmtidm4.html" "Mozilla/5.0 AppleWebKit/537.36 (KHTML, like Gecko; compatible; GPTBot/1.3; +https://openai.com/gptbot)"
185.191.171.17 - - [06/Feb/2026:09:39:53 -0500] "GET /geti/65562jahtitems.htm HTTP/1.1" 404 1251 "-" "Mozilla/5.0 (compatible; SemrushBot/7~bl; +http://www.semrush.com/bot.html)"
74.7.227.180 - - [06/Feb/2026:09:39:53 -0500] "GET /ctg/search/similarImageSearchResultView/?ctgItemCd=6275158823 HTTP/1.1" 404 1251 "https://blog.newkolkata.in/items/58823cejptid.html" "Mozilla/5.0 AppleWebKit/537.36 (KHTML, like Gecko; compatible; GPTBot/1.3; +https://openai.com/gptbot)"
74.7.227.180 - - [06/Feb/2026:09:39:56 -0500] "GET /ctg/search/similarImageSearchResultView/?ctgItemCd=5218447945 HTTP/1.1" 404 1251 "https://blog.newkolkata.in/items/47945pcywtidm877.html" "Mozilla/5.0 AppleWebKit/537.36 (KHTML, like Gecko; compatible; GPTBot/1.3; +https://openai.com/gptbot)"
74.7.227.180 - - [06/Feb/2026:09:39:59 -0500] "GET /ctg/search/similarImageSearchResultView/?ctgItemCd=8712583149 HTTP/1.1" 404 1251 "https://blog.newkolkata.in/getidm4100/83149ulgpitems" "Mozilla/5.0 AppleWebKit/537.36 (KHTML, like Gecko; compatible; GPTBot/1.3; +https://openai.com/gptbot)"
74.7.227.180 - - [06/Feb/2026:09:40:02 -0500] "GET /ctg/search/similarImageSearchResultView/?ctgItemCd=8570981641 HTTP/1.1" 404 1251 "https://blog.newkolkata.in/item/81641zslytidm71.html" "Mozilla/5.0 AppleWebKit/537.36 (KHTML, like Gecko; compatible; GPTBot/1.3; +https://openai.com/gptbot)"
74.7.227.180 - - [06/Feb/2026:09:40:06 -0500] "GET /ctg/search/similarImageSearchResultView/?ctgItemCd=9802494001 HTTP/1.1" 404 1251 "https://blog.newkolkata.in/item/94001ccoytidm50.html" "Mozilla/5.0 AppleWebKit/537.36 (KHTML, like Gecko; compatible; GPTBot/1.3; +https://openai.com/gptbot)"
185.191.171.6 - - [06/Feb/2026:09:40:08 -0500] "GET /ite/16535jahttidm.html HTTP/1.1" 404 1251 "-" "Mozilla/5.0 (compatible; SemrushBot/7~bl; +http://www.semrush.com/bot.html)"
74.7.227.180 - - [06/Feb/2026:09:40:09 -0500] "GET /ctg/search/similarImageSearchResultView/?ctgItemCd=7608772035 HTTP/1.1" 404 1251 "https://blog.newkolkata.in/ite/72035zslytidm1412.html" "Mozilla/5.0 AppleWebKit/537.36 (KHTML, like Gecko; compatible; GPTBot/1.3; +https://openai.com/gptbot)"
185.191.171.5 - - [06/Feb/2026:09:40:12 -0500] "GET /getid/241624pcywitems HTTP/1.1" 404 1251 "-" "Mozilla/5.0 (compatible; SemrushBot/7~bl; +http://www.semrush.com/bot.html)"
74.7.227.180 - - [06/Feb/2026:09:40:12 -0500] "GET /ctg/search/similarImageSearchResultView/?ctgItemCd=3170827741 HTTP/1.1" 404 1251 "https://blog.newkolkata.in/geti/27741zslyitems.htm" "Mozilla/5.0 AppleWebKit/537.36 (KHTML, like Gecko; compatible; GPTBot/1.3; +https://openai.com/gptbot)"
74.7.227.180 - - [06/Feb/2026:09:40:15 -0500] "GET /ctg/search/similarImageSearchResultView/?ctgItemCd=4766043500 HTTP/1.1" 404 1251 "https://blog.newkolkata.in/getidm/43500mvrvitems.htm" "Mozilla/5.0 AppleWebKit/537.36 (KHTML, like Gecko; compatible; GPTBot/1.3; +https://openai.com/gptbot)"
74.7.227.180 - - [06/Feb/2026:09:40:18 -0500] "GET /ctg/search/similarImageSearchResultView/?ctgItemCd=2151417384 HTTP/1.1" 404 1251 "https://blog.newkolkata.in/items/17384mvrvtidm7.html" "Mozilla/5.0 AppleWebKit/537.36 (KHTML, like Gecko; compatible; GPTBot/1.3; +https://openai.com/gptbot)"
74.7.227.180 - - [06/Feb/2026:09:40:21 -0500] "GET /ctg/search/similarImageSearchResultView/?ctgItemCd=6192658040 HTTP/1.1" 404 1251 "https://blog.newkolkata.in/ite/58040pcywtidm1.html" "Mozilla/5.0 AppleWebKit/537.36 (KHTML, like Gecko; compatible; GPTBot/1.3; +https://openai.com/gptbot)"
85.208.96.212 - - [06/Feb/2026:09:40:22 -0500] "GET /get/123717tjvfitems.htm HTTP/1.1" 404 1251 "-" "Mozilla/5.0 (compatible; SemrushBot/7~bl; +http://www.semrush.com/bot.html)"
74.7.227.180 - - [06/Feb/2026:09:40:25 -0500] "GET /ctg/search/similarImageSearchResultView/?ctgItemCd=3859034671 HTTP/1.1" 404 1251 "https://blog.newkolkata.in/geti/34671cejpitems.htm" "Mozilla/5.0 AppleWebKit/537.36 (KHTML, like Gecko; compatible; GPTBot/1.3; +https://openai.com/gptbot)"
74.7.227.180 - - [06/Feb/2026:09:40:28 -0500] "GET /ctg/search/similarImageSearchResultView/?ctgItemCd=4741243328 HTTP/1.1" 404 1251 "https://blog.newkolkata.in/items/43328cejptidm5.html" "Mozilla/5.0 AppleWebKit/537.36 (KHTML, like Gecko; compatible; GPTBot/1.3; +https://openai.com/gptbot)"
74.7.227.180 - - [06/Feb/2026:09:40:31 -0500] "GET /ctg/search/similarImageSearchResultView/?ctgItemCd=3819034417 HTTP/1.1" 404 1251 "https://blog.newkolkata.in/getidm/34417ulgpitems" "Mozilla/5.0 AppleWebKit/537.36 (KHTML, like Gecko; compatible; GPTBot/1.3; +https://openai.com/gptbot)"
85.208.96.207 - - [06/Feb/2026:09:40:31 -0500] "GET /getidm/19345ulgpitems HTTP/1.1" 404 1251 "-" "Mozilla/5.0 (compatible; SemrushBot/7~bl; +http://www.semrush.com/bot.html)"
74.7.227.180 - - [06/Feb/2026:09:40:34 -0500] "GET /ctg/search/similarImageSearchResultView/?ctgItemCd=1450810337 HTTP/1.1" 404 1251 "https://blog.newkolkata.in/items/10337mvrvtidm18.html" "Mozilla/5.0 AppleWebKit/537.36 (KHTML, like Gecko; compatible; GPTBot/1.3; +https://openai.com/gptbot)"
74.7.227.180 - - [06/Feb/2026:09:40:37 -0500] "GET /ctg/search/similarImageSearchResultView/?ctgItemCd=8914885456 HTTP/1.1" 404 1251 "https://blog.newkolkata.in/getid/85456mvrvitems" "Mozilla/5.0 AppleWebKit/537.36 (KHTML, like Gecko; compatible; GPTBot/1.3; +https://openai.com/gptbot)"
74.7.227.180 - - [06/Feb/2026:09:40:40 -0500] "GET /ctg/search/similarImageSearchResultView/?ctgItemCd=4247838258 HTTP/1.1" 404 1251 "https://blog.newkolkata.in/items/38258tjvftidm429.html" "Mozilla/5.0 AppleWebKit/537.36 (KHTML, like Gecko; compatible; GPTBot/1.3; +https://openai.com/gptbot)"
85.208.96.211 - - [06/Feb/2026:09:40:41 -0500] "GET /geti/90699pcywitems.htm HTTP/1.1" 404 1251 "-" "Mozilla/5.0 (compatible; SemrushBot/7~bl; +http://www.semrush.com/bot.html)"
185.191.171.17 - - [06/Feb/2026:09:40:43 -0500] "GET /geti/58842sejmitems.htm HTTP/1.1" 404 1251 "-" "Mozilla/5.0 (compatible; SemrushBot/7~bl; +http://www.semrush.com/bot.html)"
74.7.227.180 - - [06/Feb/2026:09:40:43 -0500] "GET /ctg/search/similarImageSearchResultView/?ctgItemCd=8914985308 HTTP/1.1" 404 1251 "https://blog.newkolkata.in/get/85308tjvfitems.htm" "Mozilla/5.0 AppleWebKit/537.36 (KHTML, like Gecko; compatible; GPTBot/1.3; +https://openai.com/gptbot)"
85.208.96.206 - - [06/Feb/2026:09:40:44 -0500] "GET /getid/241168zslyitems HTTP/1.1" 404 1251 "-" "Mozilla/5.0 (compatible; SemrushBot/7~bl; +http://www.semrush.com/bot.html)"
85.208.96.193 - - [06/Feb/2026:09:40:46 -0500] "GET /getidm6/252562kairitems HTTP/1.1" 404 1251 "-" "Mozilla/5.0 (compatible; SemrushBot/7~bl; +http://www.semrush.com/bot.html)"
74.7.227.180 - - [06/Feb/2026:09:40:47 -0500] "GET /ctg/search/similarImageSearchResultView/?ctgItemCd=6311359329 HTTP/1.1" 404 1251 "https://blog.newkolkata.in/getidm/59329tjvfitems" "Mozilla/5.0 AppleWebKit/537.36 (KHTML, like Gecko; compatible; GPTBot/1.3; +https://openai.com/gptbot)"
85.208.96.211 - - [06/Feb/2026:09:40:48 -0500] "GET /getid/172384zslyitems HTTP/1.1" 404 1251 "-" "Mozilla/5.0 (compatible; SemrushBot/7~bl; +http://www.semrush.com/bot.html)"
74.7.227.180 - - [06/Feb/2026:09:40:50 -0500] "GET /ctg/search/similarImageSearchResultView/?ctgItemCd=8794984095 HTTP/1.1" 404 1251 "https://blog.newkolkata.in/ite/84095mvrvtidm.html" "Mozilla/5.0 AppleWebKit/537.36 (KHTML, like Gecko; compatible; GPTBot/1.3; +https://openai.com/gptbot)"
74.7.227.180 - - [06/Feb/2026:09:40:53 -0500] "GET /ctg/search/similarImageSearchResultView/?ctgItemCd=3907435096 HTTP/1.1" 404 1251 "https://blog.newkolkata.in/item/35096kairtidm6.html" "Mozilla/5.0 AppleWebKit/537.36 (KHTML, like Gecko; compatible; GPTBot/1.3; +https://openai.com/gptbot)"
85.208.96.209 - - [06/Feb/2026:09:40:54 -0500] "GET /getidm/13177pcywitems HTTP/1.1" 404 1251 "-" "Mozilla/5.0 (compatible; SemrushBot/7~bl; +http://www.semrush.com/bot.html)"
74.7.227.180 - - [06/Feb/2026:09:40:56 -0500] "GET /ctg/search/similarImageSearchResultView/?ctgItemCd=5107047255 HTTP/1.1" 404 1251 "https://blog.newkolkata.in/ite/47255kairtidm.html" "Mozilla/5.0 AppleWebKit/537.36 (KHTML, like Gecko; compatible; GPTBot/1.3; +https://openai.com/gptbot)"
74.7.227.180 - - [06/Feb/2026:09:40:59 -0500] "GET /ctg/search/similarImageSearchResultView/?ctgItemCd=6109357631 HTTP/1.1" 404 1251 "https://blog.newkolkata.in/get/57631ulgpitems" "Mozilla/5.0 AppleWebKit/537.36 (KHTML, like Gecko; compatible; GPTBot/1.3; +https://openai.com/gptbot)"
185.191.171.2 - - [06/Feb/2026:09:41:00 -0500] "GET /geti/178927pcywitems HTTP/1.1" 404 1251 "-" "Mozilla/5.0 (compatible; SemrushBot/7~bl; +http://www.semrush.com/bot.html)"
74.7.227.180 - - [06/Feb/2026:09:41:02 -0500] "GET /ctg/search/similarImageSearchResultView/?ctgItemCd=5407550136 HTTP/1.1" 404 1251 "https://blog.newkolkata.in/items/50136ulgptid.html" "Mozilla/5.0 AppleWebKit/537.36 (KHTML, like Gecko; compatible; GPTBot/1.3; +https://openai.com/gptbot)"
74.7.227.180 - - [06/Feb/2026:09:41:05 -0500] "GET /ctg/search/similarImageSearchResultView/?ctgItemCd=2950925283 HTTP/1.1" 404 1251 "https://blog.newkolkata.in/items/25283mvrvtidm523.html" "Mozilla/5.0 AppleWebKit/537.36 (KHTML, like Gecko; compatible; GPTBot/1.3; +https://openai.com/gptbot)"
74.7.227.180 - - [06/Feb/2026:09:41:08 -0500] "GET /ctg/search/similarImageSearchResultView/?ctgItemCd=1955815706 HTTP/1.1" 404 1251 "https://blog.newkolkata.in/getidm5/15706zslyitems" "Mozilla/5.0 AppleWebKit/537.36 (KHTML, like Gecko; compatible; GPTBot/1.3; +https://openai.com/gptbot)"
74.7.227.180 - - [06/Feb/2026:09:41:12 -0500] "GET /ctg/search/similarImageSearchResultView/?ctgItemCd=4725143406 HTTP/1.1" 404 1251 "https://blog.newkolkata.in/item/43406mvrvtid.html" "Mozilla/5.0 AppleWebKit/537.36 (KHTML, like Gecko; compatible; GPTBot/1.3; +https://openai.com/gptbot)"
74.7.227.180 - - [06/Feb/2026:09:41:15 -0500] "GET /ctg/search/similarImageSearchResultView/?ctgItemCd=3645132522 HTTP/1.1" 404 1251 "https://blog.newkolkata.in/items/32522sejmtid.html" "Mozilla/5.0 AppleWebKit/537.36 (KHTML, like Gecko; compatible; GPTBot/1.3; +https://openai.com/gptbot)"
40.77.167.159 - - [06/Feb/2026:09:41:17 -0500] "GET /get/60923jahtitems HTTP/1.1" 404 1251 "-" "Mozilla/5.0 AppleWebKit/537.36 (KHTML, like Gecko; compatible; bingbot/2.0; +http://www.bing.com/bingbot.htm) Chrome/116.0.1938.76 Safari/537.36"
74.7.227.180 - - [06/Feb/2026:09:41:18 -0500] "GET /ctg/search/similarImageSearchResultView/?ctgItemCd=3400629706 HTTP/1.1" 404 1251 "https://blog.newkolkata.in/getidm444/29706sejmitems.htm" "Mozilla/5.0 AppleWebKit/537.36 (KHTML, like Gecko; compatible; GPTBot/1.3; +https://openai.com/gptbot)"
85.208.96.206 - - [06/Feb/2026:09:41:21 -0500] "GET /getidm3/219346mvrvitems HTTP/1.1" 404 1251 "-" "Mozilla/5.0 (compatible; SemrushBot/7~bl; +http://www.semrush.com/bot.html)"
74.7.227.180 - - [06/Feb/2026:09:41:21 -0500] "GET /ctg/search/similarImageSearchResultView/?ctgItemCd=6489861046 HTTP/1.1" 404 1251 "https://blog.newkolkata.in/item/61046zslytid.html" "Mozilla/5.0 AppleWebKit/537.36 (KHTML, like Gecko; compatible; GPTBot/1.3; +https://openai.com/gptbot)"
85.208.96.206 - - [06/Feb/2026:09:41:23 -0500] "GET /geti/102823ulgpitems HTTP/1.1" 404 1251 "-" "Mozilla/5.0 (compatible; SemrushBot/7~bl; +http://www.semrush.com/bot.html)"
74.7.227.180 - - [06/Feb/2026:09:41:24 -0500] "GET /ctg/search/similarImageSearchResultView/?ctgItemCd=9295688921 HTTP/1.1" 404 1251 "https://blog.newkolkata.in/ite/88921sejmtidm5073.html" "Mozilla/5.0 AppleWebKit/537.36 (KHTML, like Gecko; compatible; GPTBot/1.3; +https://openai.com/gptbot)"
85.208.96.211 - - [06/Feb/2026:09:41:27 -0500] "GET /getidm/165951cejpitems.htm HTTP/1.1" 404 1251 "-" "Mozilla/5.0 (compatible; SemrushBot/7~bl; +http://www.semrush.com/bot.html)"
74.7.227.180 - - [06/Feb/2026:09:41:28 -0500] "GET /ctg/search/similarImageSearchResultView/?ctgItemCd=2368920143 HTTP/1.1" 404 1251 "https://blog.newkolkata.in/geti/20143sejmitems" "Mozilla/5.0 AppleWebKit/537.36 (KHTML, like Gecko; compatible; GPTBot/1.3; +https://openai.com/gptbot)"
74.7.227.180 - - [06/Feb/2026:09:41:31 -0500] "GET /ctg/search/similarImageSearchResultView/?ctgItemCd=5390249733 HTTP/1.1" 404 1251 "https://blog.newkolkata.in/items/49733ulgptidm95.html" "Mozilla/5.0 AppleWebKit/537.36 (KHTML, like Gecko; compatible; GPTBot/1.3; +https://openai.com/gptbot)"
74.7.227.180 - - [06/Feb/2026:09:41:34 -0500] "GET /ctg/search/similarImageSearchResultView/?ctgItemCd=7158467472 HTTP/1.1" 404 1251 "https://blog.newkolkata.in/items/67472ulgptidm5.html" "Mozilla/5.0 AppleWebKit/537.36 (KHTML, like Gecko; compatible; GPTBot/1.3; +https://openai.com/gptbot)"
74.7.227.180 - - [06/Feb/2026:09:41:37 -0500] "GET /ctg/search/similarImageSearchResultView/?ctgItemCd=9968195474 HTTP/1.1" 404 1251 "https://blog.newkolkata.in/items/95474kairtidm666.html" "Mozilla/5.0 AppleWebKit/537.36 (KHTML, like Gecko; compatible; GPTBot/1.3; +https://openai.com/gptbot)"
74.7.227.180 - - [06/Feb/2026:09:41:40 -0500] "GET /ctg/search/similarImageSearchResultView/?ctgItemCd=8204377906 HTTP/1.1" 404 1251 "https://blog.newkolkata.in/item/77906zslytidm866.html" "Mozilla/5.0 AppleWebKit/537.36 (KHTML, like Gecko; compatible; GPTBot/1.3; +https://openai.com/gptbot)"
74.7.227.180 - - [06/Feb/2026:09:41:43 -0500] "GET /ctg/search/similarImageSearchResultView/?ctgItemCd=6034756316 HTTP/1.1" 404 1251 "https://blog.newkolkata.in/getid/56316ccoyitems.htm" "Mozilla/5.0 AppleWebKit/537.36 (KHTML, like Gecko; compatible; GPTBot/1.3; +https://openai.com/gptbot)"
74.7.227.180 - - [06/Feb/2026:09:41:47 -0500] "GET /ctg/search/similarImageSearchResultView/?ctgItemCd=7298869536 HTTP/1.1" 404 1251 "https://blog.newkolkata.in/get/69536kairitems" "Mozilla/5.0 AppleWebKit/537.36 (KHTML, like Gecko; compatible; GPTBot/1.3; +https://openai.com/gptbot)"
74.7.227.180 - - [06/Feb/2026:09:41:50 -0500] "GET /ctg/search/similarImageSearchResultView/?ctgItemCd=9686793430 HTTP/1.1" 404 1251 "https://blog.newkolkata.in/get/93430cejpitems" "Mozilla/5.0 AppleWebKit/537.36 (KHTML, like Gecko; compatible; GPTBot/1.3; +https://openai.com/gptbot)"
85.208.96.193 - - [06/Feb/2026:09:41:50 -0500] "GET /getid/79815tjvfitems.htm HTTP/1.1" 404 1251 "-" "Mozilla/5.0 (compatible; SemrushBot/7~bl; +http://www.semrush.com/bot.html)"
74.7.227.180 - - [06/Feb/2026:09:41:53 -0500] "GET /ctg/search/similarImageSearchResultView/?ctgItemCd=4862644702 HTTP/1.1" 404 1251 "https://blog.newkolkata.in/items/44702kairtid.html" "Mozilla/5.0 AppleWebKit/537.36 (KHTML, like Gecko; compatible; GPTBot/1.3; +https://openai.com/gptbot)"
74.7.227.180 - - [06/Feb/2026:09:41:56 -0500] "GET /ctg/search/similarImageSearchResultView/?ctgItemCd=4256338508 HTTP/1.1" 404 1251 "https://blog.newkolkata.in/getid/38508pcywitems.htm" "Mozilla/5.0 AppleWebKit/537.36 (KHTML, like Gecko; compatible; GPTBot/1.3; +https://openai.com/gptbot)"
74.7.227.180 - - [06/Feb/2026:09:41:59 -0500] "GET /ctg/search/similarImageSearchResultView/?ctgItemCd=6345760010 HTTP/1.1" 404 1251 "https://blog.newkolkata.in/get/60010ulgpitems" "Mozilla/5.0 AppleWebKit/537.36 (KHTML, like Gecko; compatible; GPTBot/1.3; +https://openai.com/gptbot)"
74.7.227.180 - - [06/Feb/2026:09:42:03 -0500] "GET /ctg/search/similarImageSearchResultView/?ctgItemCd=9724393302 HTTP/1.1" 404 1251 "https://blog.newkolkata.in/items/93302ulgptid.html" "Mozilla/5.0 AppleWebKit/537.36 (KHTML, like Gecko; compatible; GPTBot/1.3; +https://openai.com/gptbot)"
74.7.227.180 - - [06/Feb/2026:09:42:06 -0500] "GET /ctg/search/similarImageSearchResultView/?ctgItemCd=9578191930 HTTP/1.1" 404 1251 "https://blog.newkolkata.in/getidm8/91930mvrvitems" "Mozilla/5.0 AppleWebKit/537.36 (KHTML, like Gecko; compatible; GPTBot/1.3; +https://openai.com/gptbot)"
74.7.227.180 - - [06/Feb/2026:09:42:09 -0500] "GET /ctg/search/similarImageSearchResultView/?ctgItemCd=6149957329 HTTP/1.1" 404 1251 "https://blog.newkolkata.in/items/57329ulgptidm69.html" "Mozilla/5.0 AppleWebKit/537.36 (KHTML, like Gecko; compatible; GPTBot/1.3; +https://openai.com/gptbot)"
74.7.227.180 - - [06/Feb/2026:09:42:12 -0500] "GET /ctg/search/similarImageSearchResultView/?ctgItemCd=3087026918 HTTP/1.1" 404 1251 "https://blog.newkolkata.in/items/26918tjvftid.html" "Mozilla/5.0 AppleWebKit/537.36 (KHTML, like Gecko; compatible; GPTBot/1.3; +https://openai.com/gptbot)"
74.7.227.180 - - [06/Feb/2026:09:42:15 -0500] "GET /ctg/search/similarImageSearchResultView/?ctgItemCd=2577622009 HTTP/1.1" 404 1251 "https://blog.newkolkata.in/getidm/22009ulgpitems" "Mozilla/5.0 AppleWebKit/537.36 (KHTML, like Gecko; compatible; GPTBot/1.3; +https://openai.com/gptbot)"
74.7.227.180 - - [06/Feb/2026:09:42:19 -0500] "GET /ctg/search/similarImageSearchResultView/?ctgItemCd=4477340699 HTTP/1.1" 404 1251 "https://blog.newkolkata.in/getid/40699zslyitems.htm" "Mozilla/5.0 AppleWebKit/537.36 (KHTML, like Gecko; compatible; GPTBot/1.3; +https://openai.com/gptbot)"
74.7.227.180 - - [06/Feb/2026:09:42:22 -0500] "GET /ctg/search/similarImageSearchResultView/?ctgItemCd=3175028110 HTTP/1.1" 404 1251 "https://blog.newkolkata.in/getid/28110kairitems" "Mozilla/5.0 AppleWebKit/537.36 (KHTML, like Gecko; compatible; GPTBot/1.3; +https://openai.com/gptbot)"
74.7.227.180 - - [06/Feb/2026:09:42:25 -0500] "GET /ctg/search/similarImageSearchResultView/?ctgItemCd=7462270405 HTTP/1.1" 404 1251 "https://blog.newkolkata.in/items/70405pcywtidm256.html" "Mozilla/5.0 AppleWebKit/537.36 (KHTML, like Gecko; compatible; GPTBot/1.3; +https://openai.com/gptbot)"
74.7.227.180 - - [06/Feb/2026:09:42:28 -0500] "GET /ctg/search/similarImageSearchResultView/?ctgItemCd=2342519467 HTTP/1.1" 404 1251 "https://blog.newkolkata.in/geti/19467pcywitems.htm" "Mozilla/5.0 AppleWebKit/537.36 (KHTML, like Gecko; compatible; GPTBot/1.3; +https://openai.com/gptbot)"
74.7.227.180 - - [06/Feb/2026:09:42:31 -0500] "GET /ctg/search/similarImageSearchResultView/?ctgItemCd=6510960786 HTTP/1.1" 404 1251 "https://blog.newkolkata.in/getidm103/60786mvrvitems.htm" "Mozilla/5.0 AppleWebKit/537.36 (KHTML, like Gecko; compatible; GPTBot/1.3; +https://openai.com/gptbot)"
74.7.227.180 - - [06/Feb/2026:09:42:35 -0500] "GET /ctg/search/similarImageSearchResultView/?ctgItemCd=8605781752 HTTP/1.1" 404 1251 "https://blog.newkolkata.in/items/81752sejmtidm73260.html" "Mozilla/5.0 AppleWebKit/537.36 (KHTML, like Gecko; compatible; GPTBot/1.3; +https://openai.com/gptbot)"
74.7.227.180 - - [06/Feb/2026:09:42:38 -0500] "GET /ctg/search/similarImageSearchResultView/?ctgItemCd=8731483729 HTTP/1.1" 404 1251 "https://blog.newkolkata.in/geti/83729pcywitems" "Mozilla/5.0 AppleWebKit/537.36 (KHTML, like Gecko; compatible; GPTBot/1.3; +https://openai.com/gptbot)"
74.7.227.180 - - [06/Feb/2026:09:42:41 -0500] "GET /ctg/search/similarImageSearchResultView/?ctgItemCd=9743493958 HTTP/1.1" 404 1251 "https://blog.newkolkata.in/get/93958tjvfitems" "Mozilla/5.0 AppleWebKit/537.36 (KHTML, like Gecko; compatible; GPTBot/1.3; +https://openai.com/gptbot)"
74.7.227.180 - - [06/Feb/2026:09:42:44 -0500] "GET /ctg/search/similarImageSearchResultView/?ctgItemCd=1954615530 HTTP/1.1" 404 1251 "https://blog.newkolkata.in/ite/15530zslytidm698.html" "Mozilla/5.0 AppleWebKit/537.36 (KHTML, like Gecko; compatible; GPTBot/1.3; +https://openai.com/gptbot)"
74.7.227.180 - - [06/Feb/2026:09:42:47 -0500] "GET /ctg/search/similarImageSearchResultView/?ctgItemCd=2069417230 HTTP/1.1" 404 1251 "https://blog.newkolkata.in/get/17230pcywitems" "Mozilla/5.0 AppleWebKit/537.36 (KHTML, like Gecko; compatible; GPTBot/1.3; +https://openai.com/gptbot)"
74.7.227.180 - - [06/Feb/2026:09:42:51 -0500] "GET /ctg/search/similarImageSearchResultView/?ctgItemCd=3894734826 HTTP/1.1" 404 1251 "https://blog.newkolkata.in/item/34826mvrvtidm773.html" "Mozilla/5.0 AppleWebKit/537.36 (KHTML, like Gecko; compatible; GPTBot/1.3; +https://openai.com/gptbot)"
74.7.227.180 - - [06/Feb/2026:09:42:54 -0500] "GET /ctg/search/similarImageSearchResultView/?ctgItemCd=5377849499 HTTP/1.1" 404 1251 "https://blog.newkolkata.in/items/49499tjvftidm5246.html" "Mozilla/5.0 AppleWebKit/537.36 (KHTML, like Gecko; compatible; GPTBot/1.3; +https://openai.com/gptbot)"
74.7.227.180 - - [06/Feb/2026:09:42:57 -0500] "GET /ctg/search/similarImageSearchResultView/?ctgItemCd=4389639720 HTTP/1.1" 404 1251 "https://blog.newkolkata.in/getidm/39720zslyitems.htm" "Mozilla/5.0 AppleWebKit/537.36 (KHTML, like Gecko; compatible; GPTBot/1.3; +https://openai.com/gptbot)"
74.7.227.180 - - [06/Feb/2026:09:43:00 -0500] "GET /ctg/search/similarImageSearchResultView/?ctgItemCd=7091766896 HTTP/1.1" 404 1251 "https://blog.newkolkata.in/item/66896mvrvtidm1.html" "Mozilla/5.0 AppleWebKit/537.36 (KHTML, like Gecko; compatible; GPTBot/1.3; +https://openai.com/gptbot)"
74.7.227.180 - - [06/Feb/2026:09:43:03 -0500] "GET /ctg/search/similarImageSearchResultView/?ctgItemCd=4651542392 HTTP/1.1" 404 1251 "https://blog.newkolkata.in/items/42392mvrvtidm3.html" "Mozilla/5.0 AppleWebKit/537.36 (KHTML, like Gecko; compatible; GPTBot/1.3; +https://openai.com/gptbot)"
85.208.96.212 - - [06/Feb/2026:09:43:05 -0500] "GET /getidm7/67762ccoyitems HTTP/1.1" 404 1251 "-" "Mozilla/5.0 (compatible; SemrushBot/7~bl; +http://www.semrush.com/bot.html)"
74.7.227.180 - - [06/Feb/2026:09:43:07 -0500] "GET /ctg/search/similarImageSearchResultView/?ctgItemCd=4728543184 HTTP/1.1" 404 1251 "https://blog.newkolkata.in/items/43184sejmtidm9.html" "Mozilla/5.0 AppleWebKit/537.36 (KHTML, like Gecko; compatible; GPTBot/1.3; +https://openai.com/gptbot)"
74.7.227.180 - - [06/Feb/2026:09:43:10 -0500] "GET /ctg/search/similarImageSearchResultView/?ctgItemCd=6140957257 HTTP/1.1" 404 1251 "https://blog.newkolkata.in/items/57257ccoytidm52.html" "Mozilla/5.0 AppleWebKit/537.36 (KHTML, like Gecko; compatible; GPTBot/1.3; +https://openai.com/gptbot)"
66.249.66.11 - - [06/Feb/2026:09:43:11 -0500] "GET /products.php?shop/carpologically/aboriginal82245244845.html HTTP/1.1" 404 1251 "-" "Mozilla/5.0 (Linux; Android 6.0.1; Nexus 5X Build/MMB29P) AppleWebKit/537.36 (KHTML, like Gecko) Chrome/144.0.7559.132 Mobile Safari/537.36 (compatible; Googlebot/2.1; +http://www.google.com/bot.html)"
74.7.227.180 - - [06/Feb/2026:09:43:13 -0500] "GET /ctg/search/similarImageSearchResultView/?ctgItemCd=4514241686 HTTP/1.1" 404 1251 "https://blog.newkolkata.in/get/41686sejmitems" "Mozilla/5.0 AppleWebKit/537.36 (KHTML, like Gecko; compatible; GPTBot/1.3; +https://openai.com/gptbot)"
74.7.227.180 - - [06/Feb/2026:09:43:16 -0500] "GET /ctg/search/similarImageSearchResultView/?ctgItemCd=8947485075 HTTP/1.1" 404 1251 "https://blog.newkolkata.in/items/85075mvrvtidm406987.html" "Mozilla/5.0 AppleWebKit/537.36 (KHTML, like Gecko; compatible; GPTBot/1.3; +https://openai.com/gptbot)"
74.7.227.180 - - [06/Feb/2026:09:43:19 -0500] "GET /ctg/search/similarImageSearchResultView/?ctgItemCd=4973245711 HTTP/1.1" 404 1251 "https://blog.newkolkata.in/getid/45711jahtitems.htm" "Mozilla/5.0 AppleWebKit/537.36 (KHTML, like Gecko; compatible; GPTBot/1.3; +https://openai.com/gptbot)"
74.7.227.180 - - [06/Feb/2026:09:43:22 -0500] "GET /ctg/search/similarImageSearchResultView/?ctgItemCd=7238368428 HTTP/1.1" 404 1251 "https://blog.newkolkata.in/ite/68428mvrvtidm21.html" "Mozilla/5.0 AppleWebKit/537.36 (KHTML, like Gecko; compatible; GPTBot/1.3; +https://openai.com/gptbot)"
74.7.227.180 - - [06/Feb/2026:09:43:26 -0500] "GET /ctg/search/similarImageSearchResultView/?ctgItemCd=6727863505 HTTP/1.1" 404 1251 "https://blog.newkolkata.in/getidm/63505ulgpitems" "Mozilla/5.0 AppleWebKit/537.36 (KHTML, like Gecko; compatible; GPTBot/1.3; +https://openai.com/gptbot)"
74.7.227.180 - - [06/Feb/2026:09:43:29 -0500] "GET /ctg/search/similarImageSearchResultView/?ctgItemCd=2396420074 HTTP/1.1" 404 1251 "https://blog.newkolkata.in/getidm53/20074mvrvitems" "Mozilla/5.0 AppleWebKit/537.36 (KHTML, like Gecko; compatible; GPTBot/1.3; +https://openai.com/gptbot)"
185.191.171.17 - - [06/Feb/2026:09:43:31 -0500] "GET /ite/111710jahttid.html HTTP/1.1" 404 1251 "-" "Mozilla/5.0 (compatible; SemrushBot/7~bl; +http://www.semrush.com/bot.html)"
74.7.227.180 - - [06/Feb/2026:09:43:32 -0500] "GET /ctg/search/similarImageSearchResultView/?ctgItemCd=8216178708 HTTP/1.1" 404 1251 "https://blog.newkolkata.in/get/78708jahtitems" "Mozilla/5.0 AppleWebKit/537.36 (KHTML, like Gecko; compatible; GPTBot/1.3; +https://openai.com/gptbot)"
74.7.227.180 - - [06/Feb/2026:09:43:35 -0500] "GET /ctg/search/similarImageSearchResultView/?ctgItemCd=9307189203 HTTP/1.1" 404 1251 "https://blog.newkolkata.in/getidm67/89203kairitems" "Mozilla/5.0 AppleWebKit/537.36 (KHTML, like Gecko; compatible; GPTBot/1.3; +https://openai.com/gptbot)"
74.7.227.180 - - [06/Feb/2026:09:43:38 -0500] "GET /ctg/search/similarImageSearchResultView/?ctgItemCd=7742673502 HTTP/1.1" 404 1251 "https://blog.newkolkata.in/items/73502kairtid.html" "Mozilla/5.0 AppleWebKit/537.36 (KHTML, like Gecko; compatible; GPTBot/1.3; +https://openai.com/gptbot)"
185.191.171.17 - - [06/Feb/2026:09:43:39 -0500] "GET /get/175966tjvfitems HTTP/1.1" 404 1251 "-" "Mozilla/5.0 (compatible; SemrushBot/7~bl; +http://www.semrush.com/bot.html)"
74.7.227.180 - - [06/Feb/2026:09:43:41 -0500] "GET /ctg/search/similarImageSearchResultView/?ctgItemCd=7541071926 HTTP/1.1" 404 1251 "https://blog.newkolkata.in/get/71926mvrvitems" "Mozilla/5.0 AppleWebKit/537.36 (KHTML, like Gecko; compatible; GPTBot/1.3; +https://openai.com/gptbot)"
74.7.227.180 - - [06/Feb/2026:09:43:45 -0500] "GET /ctg/search/similarImageSearchResultView/?ctgItemCd=6412060196 HTTP/1.1" 404 1251 "https://blog.newkolkata.in/getidm274/60196sejmitems" "Mozilla/5.0 AppleWebKit/537.36 (KHTML, like Gecko; compatible; GPTBot/1.3; +https://openai.com/gptbot)"
74.7.227.180 - - [06/Feb/2026:09:43:48 -0500] "GET /ctg/search/similarImageSearchResultView/?ctgItemCd=6192958113 HTTP/1.1" 404 1251 "https://blog.newkolkata.in/get/58113jahtitems.htm" "Mozilla/5.0 AppleWebKit/537.36 (KHTML, like Gecko; compatible; GPTBot/1.3; +https://openai.com/gptbot)"
74.7.227.180 - - [06/Feb/2026:09:43:51 -0500] "GET /ctg/search/similarImageSearchResultView/?ctgItemCd=9315389009 HTTP/1.1" 404 1251 "https://blog.newkolkata.in/items/89009kairtidm42.html" "Mozilla/5.0 AppleWebKit/537.36 (KHTML, like Gecko; compatible; GPTBot/1.3; +https://openai.com/gptbot)"
85.208.96.193 - - [06/Feb/2026:09:43:54 -0500] "GET /getid/226792tjvfitems HTTP/1.1" 404 1251 "-" "Mozilla/5.0 (compatible; SemrushBot/7~bl; +http://www.semrush.com/bot.html)"
74.7.227.180 - - [06/Feb/2026:09:43:54 -0500] "GET /ctg/search/similarImageSearchResultView/?ctgItemCd=8355379448 HTTP/1.1" 404 1251 "https://blog.newkolkata.in/items/79448ccoytidm2.html" "Mozilla/5.0 AppleWebKit/537.36 (KHTML, like Gecko; compatible; GPTBot/1.3; +https://openai.com/gptbot)"
74.7.227.180 - - [06/Feb/2026:09:43:57 -0500] "GET /ctg/search/similarImageSearchResultView/?ctgItemCd=9564891716 HTTP/1.1" 404 1251 "https://blog.newkolkata.in/item/91716ccoytidm.html" "Mozilla/5.0 AppleWebKit/537.36 (KHTML, like Gecko; compatible; GPTBot/1.3; +https://openai.com/gptbot)"
74.7.227.180 - - [06/Feb/2026:09:44:00 -0500] "GET /ctg/search/similarImageSearchResultView/?ctgItemCd=6903664787 HTTP/1.1" 404 1251 "https://blog.newkolkata.in/items/64787cejptidm8303.html" "Mozilla/5.0 AppleWebKit/537.36 (KHTML, like Gecko; compatible; GPTBot/1.3; +https://openai.com/gptbot)"
74.7.227.180 - - [06/Feb/2026:09:44:03 -0500] "GET /ctg/search/similarImageSearchResultView/?ctgItemCd=7009965805 HTTP/1.1" 404 1251 "https://blog.newkolkata.in/getidm275/65805kairitems.htm" "Mozilla/5.0 AppleWebKit/537.36 (KHTML, like Gecko; compatible; GPTBot/1.3; +https://openai.com/gptbot)"
74.7.227.180 - - [06/Feb/2026:09:44:06 -0500] "GET /ctg/search/similarImageSearchResultView/?ctgItemCd=5021146238 HTTP/1.1" 404 1251 "https://blog.newkolkata.in/items/46238zslytid.html" "Mozilla/5.0 AppleWebKit/537.36 (KHTML, like Gecko; compatible; GPTBot/1.3; +https://openai.com/gptbot)"
74.7.227.180 - - [06/Feb/2026:09:44:09 -0500] "GET /ctg/search/similarImageSearchResultView/?ctgItemCd=3608731904 HTTP/1.1" 404 1251 "https://blog.newkolkata.in/items/31904zslytidm56.html" "Mozilla/5.0 AppleWebKit/537.36 (KHTML, like Gecko; compatible; GPTBot/1.3; +https://openai.com/gptbot)"
74.7.227.180 - - [06/Feb/2026:09:44:13 -0500] "GET /ctg/search/similarImageSearchResultView/?ctgItemCd=3951735318 HTTP/1.1" 404 1251 "https://blog.newkolkata.in/items/35318sejmtidm920.html" "Mozilla/5.0 AppleWebKit/537.36 (KHTML, like Gecko; compatible; GPTBot/1.3; +https://openai.com/gptbot)"
85.208.96.212 - - [06/Feb/2026:09:44:13 -0500] "GET /getid/212872ccoyitems HTTP/1.1" 404 1251 "-" "Mozilla/5.0 (compatible; SemrushBot/7~bl; +http://www.semrush.com/bot.html)"
185.191.171.14 - - [06/Feb/2026:09:44:15 -0500] "GET /ite/20960zslytidm6.html HTTP/1.1" 404 1251 "-" "Mozilla/5.0 (compatible; SemrushBot/7~bl; +http://www.semrush.com/bot.html)"
74.7.227.180 - - [06/Feb/2026:09:44:16 -0500] "GET /ctg/search/similarImageSearchResultView/?ctgItemCd=5299748855 HTTP/1.1" 404 1251 "https://blog.newkolkata.in/getidm/48855jahtitems.htm" "Mozilla/5.0 AppleWebKit/537.36 (KHTML, like Gecko; compatible; GPTBot/1.3; +https://openai.com/gptbot)"
185.191.171.14 - - [06/Feb/2026:09:44:17 -0500] "GET /getidm4/132058zslyitems HTTP/1.1" 404 1251 "-" "Mozilla/5.0 (compatible; SemrushBot/7~bl; +http://www.semrush.com/bot.html)"
74.7.227.180 - - [06/Feb/2026:09:44:19 -0500] "GET /ctg/search/similarImageSearchResultView/?ctgItemCd=5191947729 HTTP/1.1" 404 1251 "https://blog.newkolkata.in/items/47729zslytidm33.html" "Mozilla/5.0 AppleWebKit/537.36 (KHTML, like Gecko; compatible; GPTBot/1.3; +https://openai.com/gptbot)"
185.191.171.13 - - [06/Feb/2026:09:44:21 -0500] "GET /get/314590pcywitems HTTP/1.1" 404 1251 "-" "Mozilla/5.0 (compatible; SemrushBot/7~bl; +http://www.semrush.com/bot.html)"
74.7.227.180 - - [06/Feb/2026:09:44:22 -0500] "GET /ctg/search/similarImageSearchResultView/?ctgItemCd=5410950214 HTTP/1.1" 404 1251 "https://blog.newkolkata.in/getidm16/50214zslyitems" "Mozilla/5.0 AppleWebKit/537.36 (KHTML, like Gecko; compatible; GPTBot/1.3; +https://openai.com/gptbot)"
74.7.227.180 - - [06/Feb/2026:09:44:25 -0500] "GET /ctg/search/similarImageSearchResultView/?ctgItemCd=8595481698 HTTP/1.1" 404 1251 "https://blog.newkolkata.in/items/81698zslytidm849.html" "Mozilla/5.0 AppleWebKit/537.36 (KHTML, like Gecko; compatible; GPTBot/1.3; +https://openai.com/gptbot)"
74.7.227.180 - - [06/Feb/2026:09:44:28 -0500] "GET /ctg/search/similarImageSearchResultView/?ctgItemCd=6821064080 HTTP/1.1" 404 1251 "https://blog.newkolkata.in/getidm/64080jahtitems.htm" "Mozilla/5.0 AppleWebKit/537.36 (KHTML, like Gecko; compatible; GPTBot/1.3; +https://openai.com/gptbot)"
74.7.227.180 - - [06/Feb/2026:09:44:32 -0500] "GET /ctg/search/similarImageSearchResultView/?ctgItemCd=8149177650 HTTP/1.1" 404 1251 "https://blog.newkolkata.in/getidm3/77650pcywitems" "Mozilla/5.0 AppleWebKit/537.36 (KHTML, like Gecko; compatible; GPTBot/1.3; +https://openai.com/gptbot)"
185.191.171.14 - - [06/Feb/2026:09:44:33 -0500] "GET /get/156771sejmitems.htm HTTP/1.1" 404 1251 "-" "Mozilla/5.0 (compatible; SemrushBot/7~bl; +http://www.semrush.com/bot.html)"
74.7.227.180 - - [06/Feb/2026:09:44:35 -0500] "GET /ctg/search/similarImageSearchResultView/?ctgItemCd=2473320938 HTTP/1.1" 404 1251 "https://blog.newkolkata.in/getidm/20938mvrvitems" "Mozilla/5.0 AppleWebKit/537.36 (KHTML, like Gecko; compatible; GPTBot/1.3; +https://openai.com/gptbot)"
74.7.227.180 - - [06/Feb/2026:09:44:38 -0500] "GET /ctg/search/similarImageSearchResultView/?ctgItemCd=3912835575 HTTP/1.1" 404 1251 "https://blog.newkolkata.in/geti/35575kairitems" "Mozilla/5.0 AppleWebKit/537.36 (KHTML, like Gecko; compatible; GPTBot/1.3; +https://openai.com/gptbot)"
185.191.171.4 - - [06/Feb/2026:09:44:38 -0500] "GET /get/3618tjvfitems.htm HTTP/1.1" 404 1251 "-" "Mozilla/5.0 (compatible; SemrushBot/7~bl; +http://www.semrush.com/bot.html)"
74.7.227.180 - - [06/Feb/2026:09:44:41 -0500] "GET /ctg/search/similarImageSearchResultView/?ctgItemCd=4558241605 HTTP/1.1" 404 1251 "https://blog.newkolkata.in/getidm7125/41605ulgpitems" "Mozilla/5.0 AppleWebKit/537.36 (KHTML, like Gecko; compatible; GPTBot/1.3; +https://openai.com/gptbot)"
85.208.96.212 - - [06/Feb/2026:09:44:43 -0500] "GET /get/224710mvrvitems HTTP/1.1" 404 1251 "-" "Mozilla/5.0 (compatible; SemrushBot/7~bl; +http://www.semrush.com/bot.html)"
74.7.227.180 - - [06/Feb/2026:09:44:44 -0500] "GET /ctg/search/similarImageSearchResultView/?ctgItemCd=7566071328 HTTP/1.1" 404 1251 "https://blog.newkolkata.in/getidm838/71328mvrvitems.htm" "Mozilla/5.0 AppleWebKit/537.36 (KHTML, like Gecko; compatible; GPTBot/1.3; +https://openai.com/gptbot)"
85.208.96.209 - - [06/Feb/2026:09:44:44 -0500] "GET /geti/102175tjvfitems HTTP/1.1" 404 1251 "-" "Mozilla/5.0 (compatible; SemrushBot/7~bl; +http://www.semrush.com/bot.html)"
185.191.171.14 - - [06/Feb/2026:09:44:47 -0500] "GET /get/141334zslyitems HTTP/1.1" 404 1251 "-" "Mozilla/5.0 (compatible; SemrushBot/7~bl; +http://www.semrush.com/bot.html)"
74.7.227.180 - - [06/Feb/2026:09:44:48 -0500] "GET /ctg/search/similarImageSearchResultView/?ctgItemCd=6786163931 HTTP/1.1" 404 1251 "https://blog.newkolkata.in/getidm332/63931tjvfitems" "Mozilla/5.0 AppleWebKit/537.36 (KHTML, like Gecko; compatible; GPTBot/1.3; +https://openai.com/gptbot)"
74.7.227.180 - - [06/Feb/2026:09:44:51 -0500] "GET /ctg/search/similarImageSearchResultView/?ctgItemCd=5438450389 HTTP/1.1" 404 1251 "https://blog.newkolkata.in/getidm9751/50389tjvfitems" "Mozilla/5.0 AppleWebKit/537.36 (KHTML, like Gecko; compatible; GPTBot/1.3; +https://openai.com/gptbot)"
185.191.171.10 - - [06/Feb/2026:09:44:51 -0500] "GET /getidm3/95050kairitems HTTP/1.1" 404 1251 "-" "Mozilla/5.0 (compatible; SemrushBot/7~bl; +http://www.semrush.com/bot.html)"
74.7.227.180 - - [06/Feb/2026:09:44:54 -0500] "GET /ctg/search/similarImageSearchResultView/?ctgItemCd=4179437664 HTTP/1.1" 404 1251 "https://blog.newkolkata.in/items/37664mvrvtidm4.html" "Mozilla/5.0 AppleWebKit/537.36 (KHTML, like Gecko; compatible; GPTBot/1.3; +https://openai.com/gptbot)"
74.7.227.180 - - [06/Feb/2026:09:44:57 -0500] "GET /ctg/search/similarImageSearchResultView/?ctgItemCd=6069056832 HTTP/1.1" 404 1251 "https://blog.newkolkata.in/get/56832mvrvitems.htm" "Mozilla/5.0 AppleWebKit/537.36 (KHTML, like Gecko; compatible; GPTBot/1.3; +https://openai.com/gptbot)"
74.7.227.180 - - [06/Feb/2026:09:45:00 -0500] "GET /ctg/search/similarImageSearchResultView/?ctgItemCd=7829573995 HTTP/1.1" 404 1251 "https://blog.newkolkata.in/getidm920/73995kairitems.htm" "Mozilla/5.0 AppleWebKit/537.36 (KHTML, like Gecko; compatible; GPTBot/1.3; +https://openai.com/gptbot)"
74.7.227.180 - - [06/Feb/2026:09:45:03 -0500] "GET /ctg/search/similarImageSearchResultView/?ctgItemCd=6752963314 HTTP/1.1" 404 1251 "https://blog.newkolkata.in/items/63314ulgptidm867.html" "Mozilla/5.0 AppleWebKit/537.36 (KHTML, like Gecko; compatible; GPTBot/1.3; +https://openai.com/gptbot)"
74.7.227.180 - - [06/Feb/2026:09:45:07 -0500] "GET /ctg/search/similarImageSearchResultView/?ctgItemCd=9664193089 HTTP/1.1" 404 1251 "https://blog.newkolkata.in/geti/93089cejpitems" "Mozilla/5.0 AppleWebKit/537.36 (KHTML, like Gecko; compatible; GPTBot/1.3; +https://openai.com/gptbot)"
74.7.227.180 - - [06/Feb/2026:09:45:10 -0500] "GET /ctg/search/similarImageSearchResultView/?ctgItemCd=3294828869 HTTP/1.1" 404 1251 "https://blog.newkolkata.in/getid/28869zslyitems.htm" "Mozilla/5.0 AppleWebKit/537.36 (KHTML, like Gecko; compatible; GPTBot/1.3; +https://openai.com/gptbot)"
85.208.96.201 - - [06/Feb/2026:09:45:12 -0500] "GET /get/247722ccoyitems.htm HTTP/1.1" 404 1251 "-" "Mozilla/5.0 (compatible; SemrushBot/7~bl; +http://www.semrush.com/bot.html)"
74.7.227.180 - - [06/Feb/2026:09:45:13 -0500] "GET /ctg/search/similarImageSearchResultView/?ctgItemCd=3418230694 HTTP/1.1" 404 1251 "https://blog.newkolkata.in/get/30694zslyitems" "Mozilla/5.0 AppleWebKit/537.36 (KHTML, like Gecko; compatible; GPTBot/1.3; +https://openai.com/gptbot)"
