74.7.227.180 - - [06/Feb/2026:07:57:38 -0500] "GET /ctg/search/similarImageSearchResultView/?ctgItemCd=5001745825 HTTP/1.1" 404 1251 "https://blog.newkolkata.in/getidm8/45825jahtitems.htm" "Mozilla/5.0 AppleWebKit/537.36 (KHTML, like Gecko; compatible; GPTBot/1.3; +https://openai.com/gptbot)"
74.7.227.180 - - [06/Feb/2026:07:57:42 -0500] "GET /ctg/search/similarImageSearchResultView/?ctgItemCd=8826384290 HTTP/1.1" 404 1251 "https://blog.newkolkata.in/ite/84290kairtidm527.html" "Mozilla/5.0 AppleWebKit/537.36 (KHTML, like Gecko; compatible; GPTBot/1.3; +https://openai.com/gptbot)"
74.7.227.180 - - [06/Feb/2026:07:57:45 -0500] "GET /ctg/search/similarImageSearchResultView/?ctgItemCd=3870134389 HTTP/1.1" 404 1251 "https://blog.newkolkata.in/getidm615/34389ulgpitems.htm" "Mozilla/5.0 AppleWebKit/537.36 (KHTML, like Gecko; compatible; GPTBot/1.3; +https://openai.com/gptbot)"
74.7.227.180 - - [06/Feb/2026:07:57:48 -0500] "GET /ctg/search/similarImageSearchResultView/?ctgItemCd=3226728495 HTTP/1.1" 404 1251 "https://blog.newkolkata.in/getidm/28495ccoyitems" "Mozilla/5.0 AppleWebKit/537.36 (KHTML, like Gecko; compatible; GPTBot/1.3; +https://openai.com/gptbot)"
74.7.227.180 - - [06/Feb/2026:07:57:51 -0500] "GET /ctg/search/similarImageSearchResultView/?ctgItemCd=3248928148 HTTP/1.1" 404 1251 "https://blog.newkolkata.in/items/28148zslytidm62173.html" "Mozilla/5.0 AppleWebKit/537.36 (KHTML, like Gecko; compatible; GPTBot/1.3; +https://openai.com/gptbot)"
74.7.227.180 - - [06/Feb/2026:07:57:54 -0500] "GET /ctg/search/similarImageSearchResultView/?ctgItemCd=6470961159 HTTP/1.1" 404 1251 "https://blog.newkolkata.in/geti/61159kairitems" "Mozilla/5.0 AppleWebKit/537.36 (KHTML, like Gecko; compatible; GPTBot/1.3; +https://openai.com/gptbot)"
74.7.227.180 - - [06/Feb/2026:07:57:57 -0500] "GET /ctg/search/similarImageSearchResultView/?ctgItemCd=6276358434 HTTP/1.1" 404 1251 "https://blog.newkolkata.in/getidm600/58434zslyitems.htm" "Mozilla/5.0 AppleWebKit/537.36 (KHTML, like Gecko; compatible; GPTBot/1.3; +https://openai.com/gptbot)"
74.7.227.180 - - [06/Feb/2026:07:58:00 -0500] "GET /ctg/search/similarImageSearchResultView/?ctgItemCd=7581371975 HTTP/1.1" 404 1251 "https://blog.newkolkata.in/ite/71975ulgptidm.html" "Mozilla/5.0 AppleWebKit/537.36 (KHTML, like Gecko; compatible; GPTBot/1.3; +https://openai.com/gptbot)"
185.191.171.8 - - [06/Feb/2026:07:58:00 -0500] "GET /geti/249631kairitems HTTP/1.1" 404 1251 "-" "Mozilla/5.0 (compatible; SemrushBot/7~bl; +http://www.semrush.com/bot.html)"
74.7.227.180 - - [06/Feb/2026:07:58:03 -0500] "GET /ctg/search/similarImageSearchResultView/?ctgItemCd=8986786422 HTTP/1.1" 404 1251 "https://blog.newkolkata.in/get/86422jahtitems" "Mozilla/5.0 AppleWebKit/537.36 (KHTML, like Gecko; compatible; GPTBot/1.3; +https://openai.com/gptbot)"
185.191.171.18 - - [06/Feb/2026:07:58:04 -0500] "GET /getid/129880cejpitems HTTP/1.1" 404 1251 "-" "Mozilla/5.0 (compatible; SemrushBot/7~bl; +http://www.semrush.com/bot.html)"
74.7.227.180 - - [06/Feb/2026:07:58:07 -0500] "GET /ctg/search/similarImageSearchResultView/?ctgItemCd=4679042771 HTTP/1.1" 404 1251 "https://blog.newkolkata.in/getid/42771cejpitems.htm" "Mozilla/5.0 AppleWebKit/537.36 (KHTML, like Gecko; compatible; GPTBot/1.3; +https://openai.com/gptbot)"
185.191.171.2 - - [06/Feb/2026:07:58:10 -0500] "GET /getidm/39721ccoyitems HTTP/1.1" 404 1251 "-" "Mozilla/5.0 (compatible; SemrushBot/7~bl; +http://www.semrush.com/bot.html)"
74.7.227.180 - - [06/Feb/2026:07:58:10 -0500] "GET /ctg/search/similarImageSearchResultView/?ctgItemCd=6329259351 HTTP/1.1" 404 1251 "https://blog.newkolkata.in/item/59351ulgptidm.html" "Mozilla/5.0 AppleWebKit/537.36 (KHTML, like Gecko; compatible; GPTBot/1.3; +https://openai.com/gptbot)"
185.191.171.19 - - [06/Feb/2026:07:58:12 -0500] "GET /getid/79059cejpitems.htm HTTP/1.1" 404 1251 "-" "Mozilla/5.0 (compatible; SemrushBot/7~bl; +http://www.semrush.com/bot.html)"
74.7.227.180 - - [06/Feb/2026:07:58:13 -0500] "GET /ctg/search/similarImageSearchResultView/?ctgItemCd=7578671923 HTTP/1.1" 404 1251 "https://blog.newkolkata.in/getidm80/71923jahtitems" "Mozilla/5.0 AppleWebKit/537.36 (KHTML, like Gecko; compatible; GPTBot/1.3; +https://openai.com/gptbot)"
185.191.171.15 - - [06/Feb/2026:07:58:15 -0500] "GET /getidm8/5962ccoyitems HTTP/1.1" 404 1251 "-" "Mozilla/5.0 (compatible; SemrushBot/7~bl; +http://www.semrush.com/bot.html)"
74.7.227.180 - - [06/Feb/2026:07:58:16 -0500] "GET /ctg/search/similarImageSearchResultView/?ctgItemCd=2447120337 HTTP/1.1" 404 1251 "https://blog.newkolkata.in/getidm/20337ccoyitems.htm" "Mozilla/5.0 AppleWebKit/537.36 (KHTML, like Gecko; compatible; GPTBot/1.3; +https://openai.com/gptbot)"
185.191.171.3 - - [06/Feb/2026:07:58:18 -0500] "GET /get/73486cejpitems HTTP/1.1" 404 1251 "-" "Mozilla/5.0 (compatible; SemrushBot/7~bl; +http://www.semrush.com/bot.html)"
74.7.227.180 - - [06/Feb/2026:07:58:19 -0500] "GET /ctg/search/similarImageSearchResultView/?ctgItemCd=8253078610 HTTP/1.1" 404 1251 "https://blog.newkolkata.in/geti/78610cejpitems.htm" "Mozilla/5.0 AppleWebKit/537.36 (KHTML, like Gecko; compatible; GPTBot/1.3; +https://openai.com/gptbot)"
74.7.227.180 - - [06/Feb/2026:07:58:22 -0500] "GET /ctg/search/similarImageSearchResultView/?ctgItemCd=3618932235 HTTP/1.1" 404 1251 "https://blog.newkolkata.in/geti/32235mvrvitems.htm" "Mozilla/5.0 AppleWebKit/537.36 (KHTML, like Gecko; compatible; GPTBot/1.3; +https://openai.com/gptbot)"
74.7.227.180 - - [06/Feb/2026:07:58:25 -0500] "GET /ctg/search/similarImageSearchResultView/?ctgItemCd=4989646337 HTTP/1.1" 404 1251 "https://blog.newkolkata.in/geti/46337sejmitems" "Mozilla/5.0 AppleWebKit/537.36 (KHTML, like Gecko; compatible; GPTBot/1.3; +https://openai.com/gptbot)"
74.7.227.180 - - [06/Feb/2026:07:58:29 -0500] "GET /ctg/search/similarImageSearchResultView/?ctgItemCd=8391479626 HTTP/1.1" 404 1251 "https://blog.newkolkata.in/item/79626pcywtidm398759.html" "Mozilla/5.0 AppleWebKit/537.36 (KHTML, like Gecko; compatible; GPTBot/1.3; +https://openai.com/gptbot)"
74.7.227.180 - - [06/Feb/2026:07:58:32 -0500] "GET /ctg/search/similarImageSearchResultView/?ctgItemCd=9251788951 HTTP/1.1" 404 1251 "https://blog.newkolkata.in/geti/88951ccoyitems" "Mozilla/5.0 AppleWebKit/537.36 (KHTML, like Gecko; compatible; GPTBot/1.3; +https://openai.com/gptbot)"
74.7.227.180 - - [06/Feb/2026:07:58:35 -0500] "GET /ctg/search/similarImageSearchResultView/?ctgItemCd=7086066571 HTTP/1.1" 404 1251 "https://blog.newkolkata.in/getidm94/66571zslyitems.htm" "Mozilla/5.0 AppleWebKit/537.36 (KHTML, like Gecko; compatible; GPTBot/1.3; +https://openai.com/gptbot)"
74.7.227.180 - - [06/Feb/2026:07:58:38 -0500] "GET /ctg/search/similarImageSearchResultView/?ctgItemCd=3856234580 HTTP/1.1" 404 1251 "https://blog.newkolkata.in/item/34580sejmtidm5.html" "Mozilla/5.0 AppleWebKit/537.36 (KHTML, like Gecko; compatible; GPTBot/1.3; +https://openai.com/gptbot)"
185.191.171.7 - - [06/Feb/2026:07:58:39 -0500] "GET /getidm/143425tjvfitems HTTP/1.1" 404 1251 "-" "Mozilla/5.0 (compatible; SemrushBot/7~bl; +http://www.semrush.com/bot.html)"
74.7.227.180 - - [06/Feb/2026:07:58:41 -0500] "GET /ctg/search/similarImageSearchResultView/?ctgItemCd=8817284308 HTTP/1.1" 404 1251 "https://blog.newkolkata.in/get/84308zslyitems.htm" "Mozilla/5.0 AppleWebKit/537.36 (KHTML, like Gecko; compatible; GPTBot/1.3; +https://openai.com/gptbot)"
74.7.227.180 - - [06/Feb/2026:07:58:45 -0500] "GET /ctg/search/similarImageSearchResultView/?ctgItemCd=2993725611 HTTP/1.1" 404 1251 "https://blog.newkolkata.in/getidm838/25611mvrvitems.htm" "Mozilla/5.0 AppleWebKit/537.36 (KHTML, like Gecko; compatible; GPTBot/1.3; +https://openai.com/gptbot)"
185.191.171.11 - - [06/Feb/2026:07:58:48 -0500] "GET /oybcategorykair/10 HTTP/1.1" 404 1251 "-" "Mozilla/5.0 (compatible; SemrushBot/7~bl; +http://www.semrush.com/bot.html)"
74.7.227.180 - - [06/Feb/2026:07:58:48 -0500] "GET /ctg/search/similarImageSearchResultView/?ctgItemCd=2303019582 HTTP/1.1" 404 1251 "https://blog.newkolkata.in/get/19582kairitems" "Mozilla/5.0 AppleWebKit/537.36 (KHTML, like Gecko; compatible; GPTBot/1.3; +https://openai.com/gptbot)"
74.7.227.180 - - [06/Feb/2026:07:58:51 -0500] "GET /ctg/search/similarImageSearchResultView/?ctgItemCd=6541261202 HTTP/1.1" 404 1251 "https://blog.newkolkata.in/items/61202ulgptidm796.html" "Mozilla/5.0 AppleWebKit/537.36 (KHTML, like Gecko; compatible; GPTBot/1.3; +https://openai.com/gptbot)"
185.191.171.12 - - [06/Feb/2026:07:58:52 -0500] "GET /geti/276127zslyitems HTTP/1.1" 404 1251 "-" "Mozilla/5.0 (compatible; SemrushBot/7~bl; +http://www.semrush.com/bot.html)"
74.7.227.180 - - [06/Feb/2026:07:58:54 -0500] "GET /ctg/search/similarImageSearchResultView/?ctgItemCd=5277148468 HTTP/1.1" 404 1251 "https://blog.newkolkata.in/getidm460/48468ccoyitems.htm" "Mozilla/5.0 AppleWebKit/537.36 (KHTML, like Gecko; compatible; GPTBot/1.3; +https://openai.com/gptbot)"
85.208.96.210 - - [06/Feb/2026:07:58:56 -0500] "GET /getidm/176641tjvfitems HTTP/1.1" 404 1251 "-" "Mozilla/5.0 (compatible; SemrushBot/7~bl; +http://www.semrush.com/bot.html)"
74.7.227.180 - - [06/Feb/2026:07:58:57 -0500] "GET /ctg/search/similarImageSearchResultView/?ctgItemCd=3194928012 HTTP/1.1" 404 1251 "https://blog.newkolkata.in/getidm492/28012pcywitems" "Mozilla/5.0 AppleWebKit/537.36 (KHTML, like Gecko; compatible; GPTBot/1.3; +https://openai.com/gptbot)"
74.7.227.180 - - [06/Feb/2026:07:59:00 -0500] "GET /ctg/search/similarImageSearchResultView/?ctgItemCd=9427490329 HTTP/1.1" 404 1251 "https://blog.newkolkata.in/geti/90329tjvfitems.htm" "Mozilla/5.0 AppleWebKit/537.36 (KHTML, like Gecko; compatible; GPTBot/1.3; +https://openai.com/gptbot)"
74.7.227.180 - - [06/Feb/2026:07:59:04 -0500] "GET /ctg/search/similarImageSearchResultView/?ctgItemCd=2440620617 HTTP/1.1" 404 1251 "https://blog.newkolkata.in/getidm/20617mvrvitems" "Mozilla/5.0 AppleWebKit/537.36 (KHTML, like Gecko; compatible; GPTBot/1.3; +https://openai.com/gptbot)"
74.7.227.180 - - [06/Feb/2026:07:59:07 -0500] "GET /ctg/search/similarImageSearchResultView/?ctgItemCd=9576191830 HTTP/1.1" 404 1251 "https://blog.newkolkata.in/ite/91830ulgptidm32.html" "Mozilla/5.0 AppleWebKit/537.36 (KHTML, like Gecko; compatible; GPTBot/1.3; +https://openai.com/gptbot)"
74.7.227.180 - - [06/Feb/2026:07:59:10 -0500] "GET /ctg/search/similarImageSearchResultView/?ctgItemCd=2386019856 HTTP/1.1" 404 1251 "https://blog.newkolkata.in/item/19856ulgptidm9.html" "Mozilla/5.0 AppleWebKit/537.36 (KHTML, like Gecko; compatible; GPTBot/1.3; +https://openai.com/gptbot)"
74.7.227.180 - - [06/Feb/2026:07:59:13 -0500] "GET /ctg/search/similarImageSearchResultView/?ctgItemCd=4658342338 HTTP/1.1" 404 1251 "https://blog.newkolkata.in/items/42338zslytidm949.html" "Mozilla/5.0 AppleWebKit/537.36 (KHTML, like Gecko; compatible; GPTBot/1.3; +https://openai.com/gptbot)"
74.7.227.180 - - [06/Feb/2026:07:59:16 -0500] "GET /ctg/search/similarImageSearchResultView/?ctgItemCd=8608081765 HTTP/1.1" 404 1251 "https://blog.newkolkata.in/getidm672/81765ulgpitems.htm" "Mozilla/5.0 AppleWebKit/537.36 (KHTML, like Gecko; compatible; GPTBot/1.3; +https://openai.com/gptbot)"
74.7.227.180 - - [06/Feb/2026:07:59:19 -0500] "GET /ctg/search/similarImageSearchResultView/?ctgItemCd=5910154986 HTTP/1.1" 404 1251 "https://blog.newkolkata.in/item/54986pcywtidm325.html" "Mozilla/5.0 AppleWebKit/537.36 (KHTML, like Gecko; compatible; GPTBot/1.3; +https://openai.com/gptbot)"
74.7.227.180 - - [06/Feb/2026:07:59:22 -0500] "GET /ctg/search/similarImageSearchResultView/?ctgItemCd=9483990704 HTTP/1.1" 404 1251 "https://blog.newkolkata.in/items/90704zslytidm8.html" "Mozilla/5.0 AppleWebKit/537.36 (KHTML, like Gecko; compatible; GPTBot/1.3; +https://openai.com/gptbot)"
74.7.227.180 - - [06/Feb/2026:07:59:25 -0500] "GET /ctg/search/similarImageSearchResultView/?ctgItemCd=5323949011 HTTP/1.1" 404 1251 "https://blog.newkolkata.in/getidm32/49011kairitems.htm" "Mozilla/5.0 AppleWebKit/537.36 (KHTML, like Gecko; compatible; GPTBot/1.3; +https://openai.com/gptbot)"
185.191.171.11 - - [06/Feb/2026:07:59:26 -0500] "GET /get/40956ulgpitems.htm HTTP/1.1" 404 1251 "-" "Mozilla/5.0 (compatible; SemrushBot/7~bl; +http://www.semrush.com/bot.html)"
74.7.227.180 - - [06/Feb/2026:07:59:28 -0500] "GET /ctg/search/similarImageSearchResultView/?ctgItemCd=3432630049 HTTP/1.1" 404 1251 "https://blog.newkolkata.in/items/30049pcywtidm8953.html" "Mozilla/5.0 AppleWebKit/537.36 (KHTML, like Gecko; compatible; GPTBot/1.3; +https://openai.com/gptbot)"
85.208.96.210 - - [06/Feb/2026:07:59:30 -0500] "GET /ite/79310tjvftid.html HTTP/1.1" 404 1251 "-" "Mozilla/5.0 (compatible; SemrushBot/7~bl; +http://www.semrush.com/bot.html)"
74.7.227.180 - - [06/Feb/2026:07:59:32 -0500] "GET /ctg/search/similarImageSearchResultView/?ctgItemCd=6671963064 HTTP/1.1" 404 1251 "https://blog.newkolkata.in/getid/63064sejmitems" "Mozilla/5.0 AppleWebKit/537.36 (KHTML, like Gecko; compatible; GPTBot/1.3; +https://openai.com/gptbot)"
85.208.96.204 - - [06/Feb/2026:07:59:32 -0500] "GET /getidm/171601sejmitems HTTP/1.1" 404 1251 "-" "Mozilla/5.0 (compatible; SemrushBot/7~bl; +http://www.semrush.com/bot.html)"
74.7.227.180 - - [06/Feb/2026:07:59:35 -0500] "GET /ctg/search/similarImageSearchResultView/?ctgItemCd=6533761414 HTTP/1.1" 404 1251 "https://blog.newkolkata.in/items/61414kairtid.html" "Mozilla/5.0 AppleWebKit/537.36 (KHTML, like Gecko; compatible; GPTBot/1.3; +https://openai.com/gptbot)"
74.7.227.180 - - [06/Feb/2026:07:59:38 -0500] "GET /ctg/search/similarImageSearchResultView/?ctgItemCd=9025486317 HTTP/1.1" 404 1251 "https://blog.newkolkata.in/getidm987/86317ccoyitems" "Mozilla/5.0 AppleWebKit/537.36 (KHTML, like Gecko; compatible; GPTBot/1.3; +https://openai.com/gptbot)"
74.7.227.180 - - [06/Feb/2026:07:59:41 -0500] "GET /ctg/search/similarImageSearchResultView/?ctgItemCd=6474760532 HTTP/1.1" 404 1251 "https://blog.newkolkata.in/getidm3/60532mvrvitems.htm" "Mozilla/5.0 AppleWebKit/537.36 (KHTML, like Gecko; compatible; GPTBot/1.3; +https://openai.com/gptbot)"
74.7.227.180 - - [06/Feb/2026:07:59:44 -0500] "GET /ctg/search/similarImageSearchResultView/?ctgItemCd=5627652135 HTTP/1.1" 404 1251 "https://blog.newkolkata.in/items/52135sejmtidm23.html" "Mozilla/5.0 AppleWebKit/537.36 (KHTML, like Gecko; compatible; GPTBot/1.3; +https://openai.com/gptbot)"
74.7.227.180 - - [06/Feb/2026:07:59:47 -0500] "GET /ctg/search/similarImageSearchResultView/?ctgItemCd=7893874604 HTTP/1.1" 404 1251 "https://blog.newkolkata.in/getidm563/74604zslyitems.htm" "Mozilla/5.0 AppleWebKit/537.36 (KHTML, like Gecko; compatible; GPTBot/1.3; +https://openai.com/gptbot)"
74.7.227.180 - - [06/Feb/2026:07:59:50 -0500] "GET /ctg/search/similarImageSearchResultView/?ctgItemCd=2950425790 HTTP/1.1" 404 1251 "https://blog.newkolkata.in/ite/25790sejmtid.html" "Mozilla/5.0 AppleWebKit/537.36 (KHTML, like Gecko; compatible; GPTBot/1.3; +https://openai.com/gptbot)"
74.7.227.180 - - [06/Feb/2026:07:59:54 -0500] "GET /ctg/search/similarImageSearchResultView/?ctgItemCd=6419460631 HTTP/1.1" 404 1251 "https://blog.newkolkata.in/geti/60631tjvfitems" "Mozilla/5.0 AppleWebKit/537.36 (KHTML, like Gecko; compatible; GPTBot/1.3; +https://openai.com/gptbot)"
74.7.227.180 - - [06/Feb/2026:07:59:57 -0500] "GET /ctg/search/similarImageSearchResultView/?ctgItemCd=6595262383 HTTP/1.1" 404 1251 "https://blog.newkolkata.in/geti/62383tjvfitems" "Mozilla/5.0 AppleWebKit/537.36 (KHTML, like Gecko; compatible; GPTBot/1.3; +https://openai.com/gptbot)"
74.7.227.180 - - [06/Feb/2026:08:00:00 -0500] "GET /ctg/search/similarImageSearchResultView/?ctgItemCd=9010086073 HTTP/1.1" 404 1251 "https://blog.newkolkata.in/getid/86073jahtitems.htm" "Mozilla/5.0 AppleWebKit/537.36 (KHTML, like Gecko; compatible; GPTBot/1.3; +https://openai.com/gptbot)"
74.7.227.180 - - [06/Feb/2026:08:00:03 -0500] "GET /ctg/search/similarImageSearchResultView/?ctgItemCd=7025766278 HTTP/1.1" 404 1251 "https://blog.newkolkata.in/items/66278zslytid.html" "Mozilla/5.0 AppleWebKit/537.36 (KHTML, like Gecko; compatible; GPTBot/1.3; +https://openai.com/gptbot)"
74.7.227.180 - - [06/Feb/2026:08:00:06 -0500] "GET /ctg/search/similarImageSearchResultView/?ctgItemCd=6831164385 HTTP/1.1" 404 1251 "https://blog.newkolkata.in/ite/64385kairtidm84.html" "Mozilla/5.0 AppleWebKit/537.36 (KHTML, like Gecko; compatible; GPTBot/1.3; +https://openai.com/gptbot)"
74.7.227.180 - - [06/Feb/2026:08:00:09 -0500] "GET /ctg/search/similarImageSearchResultView/?ctgItemCd=9971895537 HTTP/1.1" 404 1251 "https://blog.newkolkata.in/items/95537mvrvtidm40.html" "Mozilla/5.0 AppleWebKit/537.36 (KHTML, like Gecko; compatible; GPTBot/1.3; +https://openai.com/gptbot)"
74.7.227.180 - - [06/Feb/2026:08:00:12 -0500] "GET /ctg/search/similarImageSearchResultView/?ctgItemCd=6440960575 HTTP/1.1" 404 1251 "https://blog.newkolkata.in/ite/60575tjvftidm.html" "Mozilla/5.0 AppleWebKit/537.36 (KHTML, like Gecko; compatible; GPTBot/1.3; +https://openai.com/gptbot)"
74.7.227.180 - - [06/Feb/2026:08:00:15 -0500] "GET /ctg/search/similarImageSearchResultView/?ctgItemCd=9571091586 HTTP/1.1" 404 1251 "https://blog.newkolkata.in/item/91586mvrvtidm671.html" "Mozilla/5.0 AppleWebKit/537.36 (KHTML, like Gecko; compatible; GPTBot/1.3; +https://openai.com/gptbot)"
74.7.227.180 - - [06/Feb/2026:08:00:19 -0500] "GET /ctg/search/similarImageSearchResultView/?ctgItemCd=9532091396 HTTP/1.1" 404 1251 "https://blog.newkolkata.in/getidm440/91396ccoyitems" "Mozilla/5.0 AppleWebKit/537.36 (KHTML, like Gecko; compatible; GPTBot/1.3; +https://openai.com/gptbot)"
74.7.227.180 - - [06/Feb/2026:08:00:22 -0500] "GET /ctg/search/similarImageSearchResultView/?ctgItemCd=8571182170 HTTP/1.1" 404 1251 "https://blog.newkolkata.in/geti/82170cejpitems" "Mozilla/5.0 AppleWebKit/537.36 (KHTML, like Gecko; compatible; GPTBot/1.3; +https://openai.com/gptbot)"
74.7.227.180 - - [06/Feb/2026:08:00:25 -0500] "GET /ctg/search/similarImageSearchResultView/?ctgItemCd=2067016423 HTTP/1.1" 404 1251 "https://blog.newkolkata.in/getidm33/16423ulgpitems.htm" "Mozilla/5.0 AppleWebKit/537.36 (KHTML, like Gecko; compatible; GPTBot/1.3; +https://openai.com/gptbot)"
185.191.171.14 - - [06/Feb/2026:08:00:28 -0500] "GET /getidm37/30211tjvfitems HTTP/1.1" 404 1251 "-" "Mozilla/5.0 (compatible; SemrushBot/7~bl; +http://www.semrush.com/bot.html)"
74.7.227.180 - - [06/Feb/2026:08:00:28 -0500] "GET /ctg/search/similarImageSearchResultView/?ctgItemCd=9162187453 HTTP/1.1" 404 1251 "https://blog.newkolkata.in/item/87453ulgptidm8599.html" "Mozilla/5.0 AppleWebKit/537.36 (KHTML, like Gecko; compatible; GPTBot/1.3; +https://openai.com/gptbot)"
74.7.227.180 - - [06/Feb/2026:08:00:31 -0500] "GET /ctg/search/similarImageSearchResultView/?ctgItemCd=6073956654 HTTP/1.1" 404 1251 "https://blog.newkolkata.in/items/56654zslytidm.html" "Mozilla/5.0 AppleWebKit/537.36 (KHTML, like Gecko; compatible; GPTBot/1.3; +https://openai.com/gptbot)"
185.191.171.17 - - [06/Feb/2026:08:00:34 -0500] "GET /get/80902jahtitems HTTP/1.1" 404 1251 "-" "Mozilla/5.0 (compatible; SemrushBot/7~bl; +http://www.semrush.com/bot.html)"
74.7.227.180 - - [06/Feb/2026:08:00:34 -0500] "GET /ctg/search/similarImageSearchResultView/?ctgItemCd=7513971301 HTTP/1.1" 404 1251 "https://blog.newkolkata.in/get/71301pcywitems.htm" "Mozilla/5.0 AppleWebKit/537.36 (KHTML, like Gecko; compatible; GPTBot/1.3; +https://openai.com/gptbot)"
74.7.227.180 - - [06/Feb/2026:08:00:38 -0500] "GET /ctg/search/similarImageSearchResultView/?ctgItemCd=5829754505 HTTP/1.1" 404 1251 "https://blog.newkolkata.in/getidm/54505mvrvitems" "Mozilla/5.0 AppleWebKit/537.36 (KHTML, like Gecko; compatible; GPTBot/1.3; +https://openai.com/gptbot)"
185.191.171.8 - - [06/Feb/2026:08:00:40 -0500] "GET /getidm/3457sejmitems HTTP/1.1" 404 1251 "-" "Mozilla/5.0 (compatible; SemrushBot/7~bl; +http://www.semrush.com/bot.html)"
74.7.227.180 - - [06/Feb/2026:08:00:41 -0500] "GET /ctg/search/similarImageSearchResultView/?ctgItemCd=9486290664 HTTP/1.1" 404 1251 "https://blog.newkolkata.in/items/90664kairtidm607.html" "Mozilla/5.0 AppleWebKit/537.36 (KHTML, like Gecko; compatible; GPTBot/1.3; +https://openai.com/gptbot)"
74.7.227.180 - - [06/Feb/2026:08:00:44 -0500] "GET /ctg/search/similarImageSearchResultView/?ctgItemCd=6804064107 HTTP/1.1" 404 1251 "https://blog.newkolkata.in/items/64107sejmtid.html" "Mozilla/5.0 AppleWebKit/537.36 (KHTML, like Gecko; compatible; GPTBot/1.3; +https://openai.com/gptbot)"
74.7.227.180 - - [06/Feb/2026:08:00:47 -0500] "GET /ctg/search/similarImageSearchResultView/?ctgItemCd=3350429181 HTTP/1.1" 404 1251 "https://blog.newkolkata.in/getidm217/29181mvrvitems.htm" "Mozilla/5.0 AppleWebKit/537.36 (KHTML, like Gecko; compatible; GPTBot/1.3; +https://openai.com/gptbot)"
74.7.227.180 - - [06/Feb/2026:08:00:50 -0500] "GET /ctg/search/similarImageSearchResultView/?ctgItemCd=3768433657 HTTP/1.1" 404 1251 "https://blog.newkolkata.in/getid/33657jahtitems.htm" "Mozilla/5.0 AppleWebKit/537.36 (KHTML, like Gecko; compatible; GPTBot/1.3; +https://openai.com/gptbot)"
74.7.227.180 - - [06/Feb/2026:08:00:53 -0500] "GET /ctg/search/similarImageSearchResultView/?ctgItemCd=8079676547 HTTP/1.1" 404 1251 "https://blog.newkolkata.in/items/76547cejptidm4256.html" "Mozilla/5.0 AppleWebKit/537.36 (KHTML, like Gecko; compatible; GPTBot/1.3; +https://openai.com/gptbot)"
74.7.227.180 - - [06/Feb/2026:08:00:57 -0500] "GET /ctg/search/similarImageSearchResultView/?ctgItemCd=4217038241 HTTP/1.1" 404 1251 "https://blog.newkolkata.in/geti/38241sejmitems.htm" "Mozilla/5.0 AppleWebKit/537.36 (KHTML, like Gecko; compatible; GPTBot/1.3; +https://openai.com/gptbot)"
185.191.171.14 - - [06/Feb/2026:08:00:57 -0500] "GET /getidm/15049tjvfitems HTTP/1.1" 404 1251 "-" "Mozilla/5.0 (compatible; SemrushBot/7~bl; +http://www.semrush.com/bot.html)"
66.249.66.202 - - [06/Feb/2026:08:00:59 -0500] "GET /ite/8105kairtidm63.html HTTP/1.1" 404 1251 "-" "Mozilla/5.0 (Linux; Android 6.0.1; Nexus 5X Build/MMB29P) AppleWebKit/537.36 (KHTML, like Gecko) Chrome/144.0.7559.132 Mobile Safari/537.36 (compatible; Googlebot/2.1; +http://www.google.com/bot.html)"
74.7.227.180 - - [06/Feb/2026:08:01:00 -0500] "GET /ctg/search/similarImageSearchResultView/?ctgItemCd=7850774463 HTTP/1.1" 404 1251 "https://blog.newkolkata.in/getid/74463ulgpitems.htm" "Mozilla/5.0 AppleWebKit/537.36 (KHTML, like Gecko; compatible; GPTBot/1.3; +https://openai.com/gptbot)"
74.7.227.180 - - [06/Feb/2026:08:01:03 -0500] "GET /ctg/search/similarImageSearchResultView/?ctgItemCd=7526671384 HTTP/1.1" 404 1251 "https://blog.newkolkata.in/getidm70/71384tjvfitems" "Mozilla/5.0 AppleWebKit/537.36 (KHTML, like Gecko; compatible; GPTBot/1.3; +https://openai.com/gptbot)"
74.7.227.180 - - [06/Feb/2026:08:01:06 -0500] "GET /ctg/search/similarImageSearchResultView/?ctgItemCd=9445291006 HTTP/1.1" 404 1251 "https://blog.newkolkata.in/get/91006ccoyitems" "Mozilla/5.0 AppleWebKit/537.36 (KHTML, like Gecko; compatible; GPTBot/1.3; +https://openai.com/gptbot)"
74.7.227.180 - - [06/Feb/2026:08:01:09 -0500] "GET /ctg/search/similarImageSearchResultView/?ctgItemCd=2467121016 HTTP/1.1" 404 1251 "https://blog.newkolkata.in/getid/21016ulgpitems" "Mozilla/5.0 AppleWebKit/537.36 (KHTML, like Gecko; compatible; GPTBot/1.3; +https://openai.com/gptbot)"
85.208.96.200 - - [06/Feb/2026:08:01:11 -0500] "GET /getid/201016cejpitems HTTP/1.1" 404 1251 "-" "Mozilla/5.0 (compatible; SemrushBot/7~bl; +http://www.semrush.com/bot.html)"
74.7.227.180 - - [06/Feb/2026:08:01:12 -0500] "GET /ctg/search/similarImageSearchResultView/?ctgItemCd=4320139048 HTTP/1.1" 404 1251 "https://blog.newkolkata.in/getidm/39048ulgpitems.htm" "Mozilla/5.0 AppleWebKit/537.36 (KHTML, like Gecko; compatible; GPTBot/1.3; +https://openai.com/gptbot)"
74.7.227.180 - - [06/Feb/2026:08:01:15 -0500] "GET /ctg/search/similarImageSearchResultView/?ctgItemCd=2945125163 HTTP/1.1" 404 1251 "https://blog.newkolkata.in/items/25163zslytidm5780.html" "Mozilla/5.0 AppleWebKit/537.36 (KHTML, like Gecko; compatible; GPTBot/1.3; +https://openai.com/gptbot)"
74.7.227.180 - - [06/Feb/2026:08:01:18 -0500] "GET /ctg/search/similarImageSearchResultView/?ctgItemCd=3055026679 HTTP/1.1" 404 1251 "https://blog.newkolkata.in/get/26679zslyitems.htm" "Mozilla/5.0 AppleWebKit/537.36 (KHTML, like Gecko; compatible; GPTBot/1.3; +https://openai.com/gptbot)"
74.7.227.180 - - [06/Feb/2026:08:01:21 -0500] "GET /ctg/search/similarImageSearchResultView/?ctgItemCd=7561072055 HTTP/1.1" 404 1251 "https://blog.newkolkata.in/geti/72055sejmitems" "Mozilla/5.0 AppleWebKit/537.36 (KHTML, like Gecko; compatible; GPTBot/1.3; +https://openai.com/gptbot)"
74.7.227.180 - - [06/Feb/2026:08:01:24 -0500] "GET /ctg/search/similarImageSearchResultView/?ctgItemCd=3572831428 HTTP/1.1" 404 1251 "https://blog.newkolkata.in/getidm124/31428tjvfitems.htm" "Mozilla/5.0 AppleWebKit/537.36 (KHTML, like Gecko; compatible; GPTBot/1.3; +https://openai.com/gptbot)"
74.7.227.180 - - [06/Feb/2026:08:01:28 -0500] "GET /ctg/search/similarImageSearchResultView/?ctgItemCd=3866934675 HTTP/1.1" 404 1251 "https://blog.newkolkata.in/getidm1272/34675pcywitems" "Mozilla/5.0 AppleWebKit/537.36 (KHTML, like Gecko; compatible; GPTBot/1.3; +https://openai.com/gptbot)"
74.7.227.180 - - [06/Feb/2026:08:01:31 -0500] "GET /ctg/search/similarImageSearchResultView/?ctgItemCd=4369539552 HTTP/1.1" 404 1251 "https://blog.newkolkata.in/getidm/39552ccoyitems.htm" "Mozilla/5.0 AppleWebKit/537.36 (KHTML, like Gecko; compatible; GPTBot/1.3; +https://openai.com/gptbot)"
185.191.171.12 - - [06/Feb/2026:08:01:31 -0500] "GET /getidm/74809mvrvitems HTTP/1.1" 404 1251 "-" "Mozilla/5.0 (compatible; SemrushBot/7~bl; +http://www.semrush.com/bot.html)"
74.7.227.180 - - [06/Feb/2026:08:01:34 -0500] "GET /ctg/search/similarImageSearchResultView/?ctgItemCd=9545891568 HTTP/1.1" 404 1251 "https://blog.newkolkata.in/getidm38/91568ulgpitems" "Mozilla/5.0 AppleWebKit/537.36 (KHTML, like Gecko; compatible; GPTBot/1.3; +https://openai.com/gptbot)"
185.191.171.5 - - [06/Feb/2026:08:01:37 -0500] "GET /items/58094zslytid.html HTTP/1.1" 404 1251 "-" "Mozilla/5.0 (compatible; SemrushBot/7~bl; +http://www.semrush.com/bot.html)"
74.7.227.180 - - [06/Feb/2026:08:01:37 -0500] "GET /ctg/search/similarImageSearchResultView/?ctgItemCd=5297948744 HTTP/1.1" 404 1251 "https://blog.newkolkata.in/getidm5/48744zslyitems.htm" "Mozilla/5.0 AppleWebKit/537.36 (KHTML, like Gecko; compatible; GPTBot/1.3; +https://openai.com/gptbot)"
74.7.227.180 - - [06/Feb/2026:08:01:40 -0500] "GET /ctg/search/similarImageSearchResultView/?ctgItemCd=7917975006 HTTP/1.1" 404 1251 "https://blog.newkolkata.in/getidm/75006zslyitems.htm" "Mozilla/5.0 AppleWebKit/537.36 (KHTML, like Gecko; compatible; GPTBot/1.3; +https://openai.com/gptbot)"
74.7.227.180 - - [06/Feb/2026:08:01:43 -0500] "GET /ctg/search/similarImageSearchResultView/?ctgItemCd=7412669981 HTTP/1.1" 404 1251 "https://blog.newkolkata.in/getidm/69981jahtitems.htm" "Mozilla/5.0 AppleWebKit/537.36 (KHTML, like Gecko; compatible; GPTBot/1.3; +https://openai.com/gptbot)"
74.7.227.180 - - [06/Feb/2026:08:01:46 -0500] "GET /ctg/search/similarImageSearchResultView/?ctgItemCd=3391030454 HTTP/1.1" 404 1251 "https://blog.newkolkata.in/get/30454ulgpitems" "Mozilla/5.0 AppleWebKit/537.36 (KHTML, like Gecko; compatible; GPTBot/1.3; +https://openai.com/gptbot)"
74.7.227.180 - - [06/Feb/2026:08:01:49 -0500] "GET /ctg/search/similarImageSearchResultView/?ctgItemCd=3031726058 HTTP/1.1" 404 1251 "https://blog.newkolkata.in/getidm56/26058tjvfitems.htm" "Mozilla/5.0 AppleWebKit/537.36 (KHTML, like Gecko; compatible; GPTBot/1.3; +https://openai.com/gptbot)"
74.7.227.180 - - [06/Feb/2026:08:01:53 -0500] "GET /ctg/search/similarImageSearchResultView/?ctgItemCd=2880624524 HTTP/1.1" 404 1251 "https://blog.newkolkata.in/getidm432/24524jahtitems.htm" "Mozilla/5.0 AppleWebKit/537.36 (KHTML, like Gecko; compatible; GPTBot/1.3; +https://openai.com/gptbot)"
74.7.227.180 - - [06/Feb/2026:08:01:56 -0500] "GET /ctg/search/similarImageSearchResultView/?ctgItemCd=7324769218 HTTP/1.1" 404 1251 "https://blog.newkolkata.in/getid/69218jahtitems.htm" "Mozilla/5.0 AppleWebKit/537.36 (KHTML, like Gecko; compatible; GPTBot/1.3; +https://openai.com/gptbot)"
74.7.227.180 - - [06/Feb/2026:08:01:59 -0500] "GET /ctg/search/similarImageSearchResultView/?ctgItemCd=8154078094 HTTP/1.1" 404 1251 "https://blog.newkolkata.in/get/78094cejpitems" "Mozilla/5.0 AppleWebKit/537.36 (KHTML, like Gecko; compatible; GPTBot/1.3; +https://openai.com/gptbot)"
74.7.227.180 - - [06/Feb/2026:08:02:02 -0500] "GET /ctg/search/similarImageSearchResultView/?ctgItemCd=4790943611 HTTP/1.1" 404 1251 "https://blog.newkolkata.in/getidm928/43611sejmitems.htm" "Mozilla/5.0 AppleWebKit/537.36 (KHTML, like Gecko; compatible; GPTBot/1.3; +https://openai.com/gptbot)"
74.7.227.180 - - [06/Feb/2026:08:02:05 -0500] "GET /ctg/search/similarImageSearchResultView/?ctgItemCd=9723993152 HTTP/1.1" 404 1251 "https://blog.newkolkata.in/items/93152cejptidm8.html" "Mozilla/5.0 AppleWebKit/537.36 (KHTML, like Gecko; compatible; GPTBot/1.3; +https://openai.com/gptbot)"
185.191.171.11 - - [06/Feb/2026:08:02:07 -0500] "GET /ite/199550zslytid.html HTTP/1.1" 404 1251 "-" "Mozilla/5.0 (compatible; SemrushBot/7~bl; +http://www.semrush.com/bot.html)"
74.7.227.180 - - [06/Feb/2026:08:02:08 -0500] "GET /ctg/search/similarImageSearchResultView/?ctgItemCd=1773513452 HTTP/1.1" 404 1251 "https://blog.newkolkata.in/getidm912/13452kairitems.htm" "Mozilla/5.0 AppleWebKit/537.36 (KHTML, like Gecko; compatible; GPTBot/1.3; +https://openai.com/gptbot)"
185.191.171.6 - - [06/Feb/2026:08:02:10 -0500] "GET /getidm13/11083zslyitems HTTP/1.1" 404 1251 "-" "Mozilla/5.0 (compatible; SemrushBot/7~bl; +http://www.semrush.com/bot.html)"
85.208.96.204 - - [06/Feb/2026:08:02:11 -0500] "GET /get/266832ccoyitems.htm HTTP/1.1" 404 1251 "-" "Mozilla/5.0 (compatible; SemrushBot/7~bl; +http://www.semrush.com/bot.html)"
74.7.227.180 - - [06/Feb/2026:08:02:12 -0500] "GET /ctg/search/similarImageSearchResultView/?ctgItemCd=9610092283 HTTP/1.1" 404 1251 "https://blog.newkolkata.in/get/92283cejpitems.htm" "Mozilla/5.0 AppleWebKit/537.36 (KHTML, like Gecko; compatible; GPTBot/1.3; +https://openai.com/gptbot)"
74.7.227.180 - - [06/Feb/2026:08:02:15 -0500] "GET /ctg/search/similarImageSearchResultView/?ctgItemCd=5103546904 HTTP/1.1" 404 1251 "https://blog.newkolkata.in/items/46904mvrvtidm8.html" "Mozilla/5.0 AppleWebKit/537.36 (KHTML, like Gecko; compatible; GPTBot/1.3; +https://openai.com/gptbot)"
85.208.96.197 - - [06/Feb/2026:08:02:15 -0500] "GET /ite/135830zslytid.html HTTP/1.1" 404 1251 "-" "Mozilla/5.0 (compatible; SemrushBot/7~bl; +http://www.semrush.com/bot.html)"
185.191.171.1 - - [06/Feb/2026:08:02:17 -0500] "GET /ite/113495tjvftidm.html HTTP/1.1" 404 1251 "-" "Mozilla/5.0 (compatible; SemrushBot/7~bl; +http://www.semrush.com/bot.html)"
74.7.227.180 - - [06/Feb/2026:08:02:18 -0500] "GET /ctg/search/similarImageSearchResultView/?ctgItemCd=5349649671 HTTP/1.1" 404 1251 "https://blog.newkolkata.in/get/49671kairitems.htm" "Mozilla/5.0 AppleWebKit/537.36 (KHTML, like Gecko; compatible; GPTBot/1.3; +https://openai.com/gptbot)"
185.191.171.15 - - [06/Feb/2026:08:02:19 -0500] "GET /getidm9/247906tjvfitems HTTP/1.1" 404 1251 "-" "Mozilla/5.0 (compatible; SemrushBot/7~bl; +http://www.semrush.com/bot.html)"
74.7.227.180 - - [06/Feb/2026:08:02:21 -0500] "GET /ctg/search/similarImageSearchResultView/?ctgItemCd=2254918680 HTTP/1.1" 404 1251 "https://blog.newkolkata.in/getidm32/18680sejmitems" "Mozilla/5.0 AppleWebKit/537.36 (KHTML, like Gecko; compatible; GPTBot/1.3; +https://openai.com/gptbot)"
185.191.171.14 - - [06/Feb/2026:08:02:22 -0500] "GET /getidm26/7051sejmitems HTTP/1.1" 404 1251 "-" "Mozilla/5.0 (compatible; SemrushBot/7~bl; +http://www.semrush.com/bot.html)"
74.7.227.180 - - [06/Feb/2026:08:02:25 -0500] "GET /ctg/search/similarImageSearchResultView/?ctgItemCd=9046186998 HTTP/1.1" 404 1251 "https://blog.newkolkata.in/get/86998jahtitems" "Mozilla/5.0 AppleWebKit/537.36 (KHTML, like Gecko; compatible; GPTBot/1.3; +https://openai.com/gptbot)"
74.7.227.180 - - [06/Feb/2026:08:02:28 -0500] "GET /ctg/search/similarImageSearchResultView/?ctgItemCd=9477690920 HTTP/1.1" 404 1251 "https://blog.newkolkata.in/ite/90920cejptidm1.html" "Mozilla/5.0 AppleWebKit/537.36 (KHTML, like Gecko; compatible; GPTBot/1.3; +https://openai.com/gptbot)"
74.7.227.180 - - [06/Feb/2026:08:02:31 -0500] "GET /ctg/search/similarImageSearchResultView/?ctgItemCd=3109227535 HTTP/1.1" 404 1251 "https://blog.newkolkata.in/geti/27535ccoyitems" "Mozilla/5.0 AppleWebKit/537.36 (KHTML, like Gecko; compatible; GPTBot/1.3; +https://openai.com/gptbot)"
74.7.227.180 - - [06/Feb/2026:08:02:34 -0500] "GET /ctg/search/similarImageSearchResultView/?ctgItemCd=3841034491 HTTP/1.1" 404 1251 "https://blog.newkolkata.in/geti/34491cejpitems.htm" "Mozilla/5.0 AppleWebKit/537.36 (KHTML, like Gecko; compatible; GPTBot/1.3; +https://openai.com/gptbot)"
85.208.96.198 - - [06/Feb/2026:08:02:36 -0500] "GET /getidm/28753cejpitems HTTP/1.1" 404 1251 "-" "Mozilla/5.0 (compatible; SemrushBot/7~bl; +http://www.semrush.com/bot.html)"
74.7.227.180 - - [06/Feb/2026:08:02:37 -0500] "GET /ctg/search/similarImageSearchResultView/?ctgItemCd=5885654991 HTTP/1.1" 404 1251 "https://blog.newkolkata.in/getidm31/54991jahtitems" "Mozilla/5.0 AppleWebKit/537.36 (KHTML, like Gecko; compatible; GPTBot/1.3; +https://openai.com/gptbot)"
85.208.96.204 - - [06/Feb/2026:08:02:39 -0500] "GET /geti/44478ulgpitems.htm HTTP/1.1" 404 1251 "-" "Mozilla/5.0 (compatible; SemrushBot/7~bl; +http://www.semrush.com/bot.html)"
74.7.227.180 - - [06/Feb/2026:08:02:41 -0500] "GET /ctg/search/similarImageSearchResultView/?ctgItemCd=6125757311 HTTP/1.1" 404 1251 "https://blog.newkolkata.in/item/57311pcywtidm.html" "Mozilla/5.0 AppleWebKit/537.36 (KHTML, like Gecko; compatible; GPTBot/1.3; +https://openai.com/gptbot)"
74.7.227.180 - - [06/Feb/2026:08:02:44 -0500] "GET /ctg/search/similarImageSearchResultView/?ctgItemCd=6258158402 HTTP/1.1" 404 1251 "https://blog.newkolkata.in/item/58402cejptidm17628.html" "Mozilla/5.0 AppleWebKit/537.36 (KHTML, like Gecko; compatible; GPTBot/1.3; +https://openai.com/gptbot)"
74.7.227.180 - - [06/Feb/2026:08:02:47 -0500] "GET /ctg/search/similarImageSearchResultView/?ctgItemCd=4608942211 HTTP/1.1" 404 1251 "https://blog.newkolkata.in/getidm16/42211pcywitems" "Mozilla/5.0 AppleWebKit/537.36 (KHTML, like Gecko; compatible; GPTBot/1.3; +https://openai.com/gptbot)"
74.7.227.180 - - [06/Feb/2026:08:02:50 -0500] "GET /ctg/search/similarImageSearchResultView/?ctgItemCd=5187347943 HTTP/1.1" 404 1251 "https://blog.newkolkata.in/geti/47943jahtitems.htm" "Mozilla/5.0 AppleWebKit/537.36 (KHTML, like Gecko; compatible; GPTBot/1.3; +https://openai.com/gptbot)"
74.7.227.180 - - [06/Feb/2026:08:02:53 -0500] "GET /ctg/search/similarImageSearchResultView/?ctgItemCd=6898965171 HTTP/1.1" 404 1251 "https://blog.newkolkata.in/get/65171kairitems.htm" "Mozilla/5.0 AppleWebKit/537.36 (KHTML, like Gecko; compatible; GPTBot/1.3; +https://openai.com/gptbot)"
74.7.227.180 - - [06/Feb/2026:08:02:57 -0500] "GET /ctg/search/similarImageSearchResultView/?ctgItemCd=3146527489 HTTP/1.1" 404 1251 "https://blog.newkolkata.in/geti/27489zslyitems.htm" "Mozilla/5.0 AppleWebKit/537.36 (KHTML, like Gecko; compatible; GPTBot/1.3; +https://openai.com/gptbot)"
74.7.227.180 - - [06/Feb/2026:08:03:00 -0500] "GET /ctg/search/similarImageSearchResultView/?ctgItemCd=4602842215 HTTP/1.1" 404 1251 "https://blog.newkolkata.in/ite/42215ccoytidm.html" "Mozilla/5.0 AppleWebKit/537.36 (KHTML, like Gecko; compatible; GPTBot/1.3; +https://openai.com/gptbot)"
74.7.227.180 - - [06/Feb/2026:08:03:03 -0500] "GET /ctg/search/similarImageSearchResultView/?ctgItemCd=5194347714 HTTP/1.1" 404 1251 "https://blog.newkolkata.in/items/47714pcywtidm387.html" "Mozilla/5.0 AppleWebKit/537.36 (KHTML, like Gecko; compatible; GPTBot/1.3; +https://openai.com/gptbot)"
207.46.13.63 - - [06/Feb/2026:08:03:04 -0500] "GET /ite/223967sejmtidm7.html HTTP/1.1" 404 1251 "-" "Mozilla/5.0 AppleWebKit/537.36 (KHTML, like Gecko; compatible; bingbot/2.0; +http://www.bing.com/bingbot.htm) Chrome/116.0.1938.76 Safari/537.36"
74.7.227.180 - - [06/Feb/2026:08:03:06 -0500] "GET /ctg/search/similarImageSearchResultView/?ctgItemCd=2137517452 HTTP/1.1" 404 1251 "https://blog.newkolkata.in/getidm475/17452ccoyitems" "Mozilla/5.0 AppleWebKit/537.36 (KHTML, like Gecko; compatible; GPTBot/1.3; +https://openai.com/gptbot)"
74.7.227.180 - - [06/Feb/2026:08:03:09 -0500] "GET /ctg/search/similarImageSearchResultView/?ctgItemCd=6105456898 HTTP/1.1" 404 1251 "https://blog.newkolkata.in/getidm/56898sejmitems.htm" "Mozilla/5.0 AppleWebKit/537.36 (KHTML, like Gecko; compatible; GPTBot/1.3; +https://openai.com/gptbot)"
74.7.227.180 - - [06/Feb/2026:08:03:12 -0500] "GET /ctg/search/similarImageSearchResultView/?ctgItemCd=6058856343 HTTP/1.1" 404 1251 "https://blog.newkolkata.in/getidm53/56343sejmitems.htm" "Mozilla/5.0 AppleWebKit/537.36 (KHTML, like Gecko; compatible; GPTBot/1.3; +https://openai.com/gptbot)"
74.7.227.180 - - [06/Feb/2026:08:03:15 -0500] "GET /ctg/search/similarImageSearchResultView/?ctgItemCd=3121026927 HTTP/1.1" 404 1251 "https://blog.newkolkata.in/getidm85/26927mvrvitems.htm" "Mozilla/5.0 AppleWebKit/537.36 (KHTML, like Gecko; compatible; GPTBot/1.3; +https://openai.com/gptbot)"
74.7.227.180 - - [06/Feb/2026:08:03:19 -0500] "GET /ctg/search/similarImageSearchResultView/?ctgItemCd=6524361097 HTTP/1.1" 404 1251 "https://blog.newkolkata.in/items/61097jahttidm47.html" "Mozilla/5.0 AppleWebKit/537.36 (KHTML, like Gecko; compatible; GPTBot/1.3; +https://openai.com/gptbot)"
85.208.96.211 - - [06/Feb/2026:08:03:21 -0500] "GET /geti/24991zslyitems HTTP/1.1" 404 1251 "-" "Mozilla/5.0 (compatible; SemrushBot/7~bl; +http://www.semrush.com/bot.html)"
74.7.227.180 - - [06/Feb/2026:08:03:22 -0500] "GET /ctg/search/similarImageSearchResultView/?ctgItemCd=7693272617 HTTP/1.1" 404 1251 "https://blog.newkolkata.in/getidm494/72617tjvfitems.htm" "Mozilla/5.0 AppleWebKit/537.36 (KHTML, like Gecko; compatible; GPTBot/1.3; +https://openai.com/gptbot)"
74.7.227.180 - - [06/Feb/2026:08:03:25 -0500] "GET /ctg/search/similarImageSearchResultView/?ctgItemCd=3942135601 HTTP/1.1" 404 1251 "https://blog.newkolkata.in/get/35601ccoyitems.htm" "Mozilla/5.0 AppleWebKit/537.36 (KHTML, like Gecko; compatible; GPTBot/1.3; +https://openai.com/gptbot)"
74.7.227.180 - - [06/Feb/2026:08:03:28 -0500] "GET /ctg/search/similarImageSearchResultView/?ctgItemCd=6824464097 HTTP/1.1" 404 1251 "https://blog.newkolkata.in/items/64097kairtidm90.html" "Mozilla/5.0 AppleWebKit/537.36 (KHTML, like Gecko; compatible; GPTBot/1.3; +https://openai.com/gptbot)"
185.191.171.8 - - [06/Feb/2026:08:03:31 -0500] "GET /getidm/206185pcywitems HTTP/1.1" 404 1251 "-" "Mozilla/5.0 (compatible; SemrushBot/7~bl; +http://www.semrush.com/bot.html)"
74.7.227.180 - - [06/Feb/2026:08:03:32 -0500] "GET /ctg/search/similarImageSearchResultView/?ctgItemCd=4728343513 HTTP/1.1" 404 1251 "https://blog.newkolkata.in/getidm/43513ulgpitems" "Mozilla/5.0 AppleWebKit/537.36 (KHTML, like Gecko; compatible; GPTBot/1.3; +https://openai.com/gptbot)"
85.208.96.199 - - [06/Feb/2026:08:03:33 -0500] "GET /ite/64655sejmtidm.html HTTP/1.1" 404 1251 "-" "Mozilla/5.0 (compatible; SemrushBot/7~bl; +http://www.semrush.com/bot.html)"
74.7.227.180 - - [06/Feb/2026:08:03:35 -0500] "GET /ctg/search/similarImageSearchResultView/?ctgItemCd=3616431869 HTTP/1.1" 404 1251 "https://blog.newkolkata.in/getidm426/31869kairitems.htm" "Mozilla/5.0 AppleWebKit/537.36 (KHTML, like Gecko; compatible; GPTBot/1.3; +https://openai.com/gptbot)"
74.7.227.180 - - [06/Feb/2026:08:03:38 -0500] "GET /ctg/search/similarImageSearchResultView/?ctgItemCd=9260388275 HTTP/1.1" 404 1251 "https://blog.newkolkata.in/getidm698/88275tjvfitems.htm" "Mozilla/5.0 AppleWebKit/537.36 (KHTML, like Gecko; compatible; GPTBot/1.3; +https://openai.com/gptbot)"
85.208.96.202 - - [06/Feb/2026:08:03:38 -0500] "GET /getidm/162738zslyitems.htm HTTP/1.1" 404 1251 "-" "Mozilla/5.0 (compatible; SemrushBot/7~bl; +http://www.semrush.com/bot.html)"
74.7.227.180 - - [06/Feb/2026:08:03:41 -0500] "GET /ctg/search/similarImageSearchResultView/?ctgItemCd=2595621866 HTTP/1.1" 404 1251 "https://blog.newkolkata.in/item/21866ccoytidm807.html" "Mozilla/5.0 AppleWebKit/537.36 (KHTML, like Gecko; compatible; GPTBot/1.3; +https://openai.com/gptbot)"
74.7.227.180 - - [06/Feb/2026:08:03:44 -0500] "GET /ctg/search/similarImageSearchResultView/?ctgItemCd=6624361997 HTTP/1.1" 404 1251 "https://blog.newkolkata.in/getidm15/61997jahtitems.htm" "Mozilla/5.0 AppleWebKit/537.36 (KHTML, like Gecko; compatible; GPTBot/1.3; +https://openai.com/gptbot)"
74.7.227.180 - - [06/Feb/2026:08:03:47 -0500] "GET /ctg/search/similarImageSearchResultView/?ctgItemCd=1892515367 HTTP/1.1" 404 1251 "https://blog.newkolkata.in/geti/15367sejmitems" "Mozilla/5.0 AppleWebKit/537.36 (KHTML, like Gecko; compatible; GPTBot/1.3; +https://openai.com/gptbot)"
74.7.227.180 - - [06/Feb/2026:08:03:50 -0500] "GET /ctg/search/similarImageSearchResultView/?ctgItemCd=9851394676 HTTP/1.1" 404 1251 "https://blog.newkolkata.in/getidm3/94676ulgpitems" "Mozilla/5.0 AppleWebKit/537.36 (KHTML, like Gecko; compatible; GPTBot/1.3; +https://openai.com/gptbot)"
74.7.227.180 - - [06/Feb/2026:08:03:53 -0500] "GET /ctg/search/similarImageSearchResultView/?ctgItemCd=7657272338 HTTP/1.1" 404 1251 "https://blog.newkolkata.in/items/72338mvrvtidm483.html" "Mozilla/5.0 AppleWebKit/537.36 (KHTML, like Gecko; compatible; GPTBot/1.3; +https://openai.com/gptbot)"
74.7.227.180 - - [06/Feb/2026:08:03:57 -0500] "GET /ctg/search/similarImageSearchResultView/?ctgItemCd=6469260772 HTTP/1.1" 404 1251 "https://blog.newkolkata.in/getidm449/60772jahtitems" "Mozilla/5.0 AppleWebKit/537.36 (KHTML, like Gecko; compatible; GPTBot/1.3; +https://openai.com/gptbot)"
74.7.227.180 - - [06/Feb/2026:08:04:00 -0500] "GET /ctg/search/similarImageSearchResultView/?ctgItemCd=8099077542 HTTP/1.1" 404 1251 "https://blog.newkolkata.in/get/77542kairitems" "Mozilla/5.0 AppleWebKit/537.36 (KHTML, like Gecko; compatible; GPTBot/1.3; +https://openai.com/gptbot)"
74.7.227.180 - - [06/Feb/2026:08:04:03 -0500] "GET /ctg/search/similarImageSearchResultView/?ctgItemCd=7872574415 HTTP/1.1" 404 1251 "https://blog.newkolkata.in/getidm169/74415ulgpitems.htm" "Mozilla/5.0 AppleWebKit/537.36 (KHTML, like Gecko; compatible; GPTBot/1.3; +https://openai.com/gptbot)"
74.7.227.180 - - [06/Feb/2026:08:04:06 -0500] "GET /ctg/search/similarImageSearchResultView/?ctgItemCd=3083226744 HTTP/1.1" 404 1251 "https://blog.newkolkata.in/items/26744kairtidm1.html" "Mozilla/5.0 AppleWebKit/537.36 (KHTML, like Gecko; compatible; GPTBot/1.3; +https://openai.com/gptbot)"
74.7.227.180 - - [06/Feb/2026:08:04:09 -0500] "GET /ctg/search/similarImageSearchResultView/?ctgItemCd=4615741993 HTTP/1.1" 404 1251 "https://blog.newkolkata.in/items/41993ulgptidm54.html" "Mozilla/5.0 AppleWebKit/537.36 (KHTML, like Gecko; compatible; GPTBot/1.3; +https://openai.com/gptbot)"
74.7.227.180 - - [06/Feb/2026:08:04:12 -0500] "GET /ctg/search/similarImageSearchResultView/?ctgItemCd=9983196247 HTTP/1.1" 404 1251 "https://blog.newkolkata.in/geti/96247pcywitems" "Mozilla/5.0 AppleWebKit/537.36 (KHTML, like Gecko; compatible; GPTBot/1.3; +https://openai.com/gptbot)"
74.7.227.180 - - [06/Feb/2026:08:04:15 -0500] "GET /ctg/search/similarImageSearchResultView/?ctgItemCd=6171757509 HTTP/1.1" 404 1251 "https://blog.newkolkata.in/getidm3/57509tjvfitems.htm" "Mozilla/5.0 AppleWebKit/537.36 (KHTML, like Gecko; compatible; GPTBot/1.3; +https://openai.com/gptbot)"
185.191.171.8 - - [06/Feb/2026:08:04:17 -0500] "GET /getid/86800cejpitems HTTP/1.1" 404 1251 "-" "Mozilla/5.0 (compatible; SemrushBot/7~bl; +http://www.semrush.com/bot.html)"
74.7.227.180 - - [06/Feb/2026:08:04:19 -0500] "GET /ctg/search/similarImageSearchResultView/?ctgItemCd=6346559084 HTTP/1.1" 404 1251 "https://blog.newkolkata.in/items/59084tjvftidm595445.html" "Mozilla/5.0 AppleWebKit/537.36 (KHTML, like Gecko; compatible; GPTBot/1.3; +https://openai.com/gptbot)"
74.7.227.180 - - [06/Feb/2026:08:04:22 -0500] "GET /ctg/search/similarImageSearchResultView/?ctgItemCd=8592481984 HTTP/1.1" 404 1251 "https://blog.newkolkata.in/geti/81984ccoyitems.htm" "Mozilla/5.0 AppleWebKit/537.36 (KHTML, like Gecko; compatible; GPTBot/1.3; +https://openai.com/gptbot)"
74.7.227.180 - - [06/Feb/2026:08:04:25 -0500] "GET /ctg/search/similarImageSearchResultView/?ctgItemCd=2841824375 HTTP/1.1" 404 1251 "https://blog.newkolkata.in/getid/24375tjvfitems.htm" "Mozilla/5.0 AppleWebKit/537.36 (KHTML, like Gecko; compatible; GPTBot/1.3; +https://openai.com/gptbot)"
74.7.227.180 - - [06/Feb/2026:08:04:28 -0500] "GET /ctg/search/similarImageSearchResultView/?ctgItemCd=1425810097 HTTP/1.1" 404 1251 "https://blog.newkolkata.in/items/10097pcywtidm13.html" "Mozilla/5.0 AppleWebKit/537.36 (KHTML, like Gecko; compatible; GPTBot/1.3; +https://openai.com/gptbot)"
74.7.227.180 - - [06/Feb/2026:08:04:31 -0500] "GET /ctg/search/similarImageSearchResultView/?ctgItemCd=3909434788 HTTP/1.1" 404 1251 "https://blog.newkolkata.in/getidm965/34788jahtitems.htm" "Mozilla/5.0 AppleWebKit/537.36 (KHTML, like Gecko; compatible; GPTBot/1.3; +https://openai.com/gptbot)"
74.7.227.180 - - [06/Feb/2026:08:04:34 -0500] "GET /ctg/search/similarImageSearchResultView/?ctgItemCd=4298439080 HTTP/1.1" 404 1251 "https://blog.newkolkata.in/ite/39080mvrvtidm8.html" "Mozilla/5.0 AppleWebKit/537.36 (KHTML, like Gecko; compatible; GPTBot/1.3; +https://openai.com/gptbot)"
85.208.96.208 - - [06/Feb/2026:08:04:35 -0500] "GET /get/91503mvrvitems.htm HTTP/1.1" 404 1251 "-" "Mozilla/5.0 (compatible; SemrushBot/7~bl; +http://www.semrush.com/bot.html)"
74.7.227.180 - - [06/Feb/2026:08:04:38 -0500] "GET /ctg/search/similarImageSearchResultView/?ctgItemCd=7159667394 HTTP/1.1" 404 1251 "https://blog.newkolkata.in/items/67394jahttidm904.html" "Mozilla/5.0 AppleWebKit/537.36 (KHTML, like Gecko; compatible; GPTBot/1.3; +https://openai.com/gptbot)"
74.7.227.180 - - [06/Feb/2026:08:04:41 -0500] "GET /ctg/search/similarImageSearchResultView/?ctgItemCd=3824034005 HTTP/1.1" 404 1251 "https://blog.newkolkata.in/items/34005jahttidm3705.html" "Mozilla/5.0 AppleWebKit/537.36 (KHTML, like Gecko; compatible; GPTBot/1.3; +https://openai.com/gptbot)"
74.7.227.180 - - [06/Feb/2026:08:04:44 -0500] "GET /ctg/search/similarImageSearchResultView/?ctgItemCd=6132257224 HTTP/1.1" 404 1251 "https://blog.newkolkata.in/items/57224sejmtidm6.html" "Mozilla/5.0 AppleWebKit/537.36 (KHTML, like Gecko; compatible; GPTBot/1.3; +https://openai.com/gptbot)"
74.7.227.180 - - [06/Feb/2026:08:04:47 -0500] "GET /ctg/search/similarImageSearchResultView/?ctgItemCd=5374649812 HTTP/1.1" 404 1251 "https://blog.newkolkata.in/geti/49812ccoyitems.htm" "Mozilla/5.0 AppleWebKit/537.36 (KHTML, like Gecko; compatible; GPTBot/1.3; +https://openai.com/gptbot)"
74.7.227.180 - - [06/Feb/2026:08:04:50 -0500] "GET /ctg/search/similarImageSearchResultView/?ctgItemCd=7103767055 HTTP/1.1" 404 1251 "https://blog.newkolkata.in/getidm6987/67055kairitems" "Mozilla/5.0 AppleWebKit/537.36 (KHTML, like Gecko; compatible; GPTBot/1.3; +https://openai.com/gptbot)"
74.7.227.180 - - [06/Feb/2026:08:04:53 -0500] "GET /ctg/search/similarImageSearchResultView/?ctgItemCd=7589671945 HTTP/1.1" 404 1251 "https://blog.newkolkata.in/ite/71945pcywtidm27.html" "Mozilla/5.0 AppleWebKit/537.36 (KHTML, like Gecko; compatible; GPTBot/1.3; +https://openai.com/gptbot)"
85.208.96.209 - - [06/Feb/2026:08:04:56 -0500] "GET /get/38854tjvfitems HTTP/1.1" 404 1251 "-" "Mozilla/5.0 (compatible; SemrushBot/7~bl; +http://www.semrush.com/bot.html)"
74.7.227.180 - - [06/Feb/2026:08:04:56 -0500] "GET /ctg/search/similarImageSearchResultView/?ctgItemCd=4308239150 HTTP/1.1" 404 1251 "https://blog.newkolkata.in/ite/39150tjvftidm61.html" "Mozilla/5.0 AppleWebKit/537.36 (KHTML, like Gecko; compatible; GPTBot/1.3; +https://openai.com/gptbot)"
74.7.227.180 - - [06/Feb/2026:08:05:00 -0500] "GET /ctg/search/similarImageSearchResultView/?ctgItemCd=5247348329 HTTP/1.1" 404 1251 "https://blog.newkolkata.in/items/48329jahttidm51.html" "Mozilla/5.0 AppleWebKit/537.36 (KHTML, like Gecko; compatible; GPTBot/1.3; +https://openai.com/gptbot)"
74.7.227.180 - - [06/Feb/2026:08:05:03 -0500] "GET /ctg/search/similarImageSearchResultView/?ctgItemCd=5914254822 HTTP/1.1" 404 1251 "https://blog.newkolkata.in/getidm142/54822mvrvitems.htm" "Mozilla/5.0 AppleWebKit/537.36 (KHTML, like Gecko; compatible; GPTBot/1.3; +https://openai.com/gptbot)"
85.208.96.197 - - [06/Feb/2026:08:05:05 -0500] "GET /geti/2940pcywitems.htm HTTP/1.1" 404 1251 "-" "Mozilla/5.0 (compatible; SemrushBot/7~bl; +http://www.semrush.com/bot.html)"
74.7.227.180 - - [06/Feb/2026:08:05:06 -0500] "GET /ctg/search/similarImageSearchResultView/?ctgItemCd=2989725783 HTTP/1.1" 404 1251 "https://blog.newkolkata.in/ite/25783mvrvtidm33870.html" "Mozilla/5.0 AppleWebKit/537.36 (KHTML, like Gecko; compatible; GPTBot/1.3; +https://openai.com/gptbot)"
74.7.227.180 - - [06/Feb/2026:08:05:09 -0500] "GET /ctg/search/similarImageSearchResultView/?ctgItemCd=3269628757 HTTP/1.1" 404 1251 "https://blog.newkolkata.in/geti/28757ccoyitems.htm" "Mozilla/5.0 AppleWebKit/537.36 (KHTML, like Gecko; compatible; GPTBot/1.3; +https://openai.com/gptbot)"
74.7.227.180 - - [06/Feb/2026:08:05:12 -0500] "GET /ctg/search/similarImageSearchResultView/?ctgItemCd=4831744015 HTTP/1.1" 404 1251 "https://blog.newkolkata.in/getidm258/44015ulgpitems.htm" "Mozilla/5.0 AppleWebKit/537.36 (KHTML, like Gecko; compatible; GPTBot/1.3; +https://openai.com/gptbot)"
185.191.171.8 - - [06/Feb/2026:08:05:14 -0500] "GET /getidm/120675pcywitems.htm HTTP/1.1" 404 1251 "-" "Mozilla/5.0 (compatible; SemrushBot/7~bl; +http://www.semrush.com/bot.html)"
74.7.227.180 - - [06/Feb/2026:08:05:15 -0500] "GET /ctg/search/similarImageSearchResultView/?ctgItemCd=5832754325 HTTP/1.1" 404 1251 "https://blog.newkolkata.in/getidm4158/54325mvrvitems" "Mozilla/5.0 AppleWebKit/537.36 (KHTML, like Gecko; compatible; GPTBot/1.3; +https://openai.com/gptbot)"
