85.208.96.198 - - [06/Feb/2026:10:44:07 -0500] "GET /getidm/49825zslyitems HTTP/1.1" 404 1251 "-" "Mozilla/5.0 (compatible; SemrushBot/7~bl; +http://www.semrush.com/bot.html)"
85.208.96.207 - - [06/Feb/2026:10:44:09 -0500] "GET /getidm/198816pcywitems.htm HTTP/1.1" 404 1251 "-" "Mozilla/5.0 (compatible; SemrushBot/7~bl; +http://www.semrush.com/bot.html)"
74.7.227.180 - - [06/Feb/2026:10:44:10 -0500] "GET /ctg/search/similarImageSearchResultView/?ctgItemCd=5517450924 HTTP/1.1" 404 1251 "https://blog.newkolkata.in/getidm30/50924tjvfitems.htm" "Mozilla/5.0 AppleWebKit/537.36 (KHTML, like Gecko; compatible; GPTBot/1.3; +https://openai.com/gptbot)"
74.7.227.180 - - [06/Feb/2026:10:44:13 -0500] "GET /ctg/search/similarImageSearchResultView/?ctgItemCd=6213757971 HTTP/1.1" 404 1251 "https://blog.newkolkata.in/item/57971tjvftidm5569.html" "Mozilla/5.0 AppleWebKit/537.36 (KHTML, like Gecko; compatible; GPTBot/1.3; +https://openai.com/gptbot)"
74.7.227.180 - - [06/Feb/2026:10:44:16 -0500] "GET /ctg/search/similarImageSearchResultView/?ctgItemCd=7524471080 HTTP/1.1" 404 1251 "https://blog.newkolkata.in/getidm/71080mvrvitems.htm" "Mozilla/5.0 AppleWebKit/537.36 (KHTML, like Gecko; compatible; GPTBot/1.3; +https://openai.com/gptbot)"
74.7.227.180 - - [06/Feb/2026:10:44:19 -0500] "GET /ctg/search/similarImageSearchResultView/?ctgItemCd=1724613034 HTTP/1.1" 404 1251 "https://blog.newkolkata.in/items/13034tjvftidm787.html" "Mozilla/5.0 AppleWebKit/537.36 (KHTML, like Gecko; compatible; GPTBot/1.3; +https://openai.com/gptbot)"
85.208.96.207 - - [06/Feb/2026:10:44:20 -0500] "GET /getidm/184777kairitems HTTP/1.1" 404 1251 "-" "Mozilla/5.0 (compatible; SemrushBot/7~bl; +http://www.semrush.com/bot.html)"
74.7.227.180 - - [06/Feb/2026:10:44:22 -0500] "GET /ctg/search/similarImageSearchResultView/?ctgItemCd=8971785405 HTTP/1.1" 404 1251 "https://blog.newkolkata.in/getidm663/85405tjvfitems.htm" "Mozilla/5.0 AppleWebKit/537.36 (KHTML, like Gecko; compatible; GPTBot/1.3; +https://openai.com/gptbot)"
74.7.227.180 - - [06/Feb/2026:10:44:26 -0500] "GET /ctg/search/similarImageSearchResultView/?ctgItemCd=8902185249 HTTP/1.1" 404 1251 "https://blog.newkolkata.in/getidm/85249ccoyitems" "Mozilla/5.0 AppleWebKit/537.36 (KHTML, like Gecko; compatible; GPTBot/1.3; +https://openai.com/gptbot)"
74.7.227.180 - - [06/Feb/2026:10:44:29 -0500] "GET /ctg/search/similarImageSearchResultView/?ctgItemCd=4663942825 HTTP/1.1" 404 1251 "https://blog.newkolkata.in/get/42825cejpitems.htm" "Mozilla/5.0 AppleWebKit/537.36 (KHTML, like Gecko; compatible; GPTBot/1.3; +https://openai.com/gptbot)"
66.249.66.76 - - [06/Feb/2026:10:44:29 -0500] "GET /products.php?shop/signifier/paleate45889132702.html HTTP/1.1" 404 1251 "-" "Mozilla/5.0 (Linux; Android 6.0.1; Nexus 5X Build/MMB29P) AppleWebKit/537.36 (KHTML, like Gecko) Chrome/144.0.7559.132 Mobile Safari/537.36 (compatible; Googlebot/2.1; +http://www.google.com/bot.html)"
74.7.227.180 - - [06/Feb/2026:10:44:32 -0500] "GET /ctg/search/similarImageSearchResultView/?ctgItemCd=5629852208 HTTP/1.1" 404 1251 "https://blog.newkolkata.in/items/52208sejmtidm1.html" "Mozilla/5.0 AppleWebKit/537.36 (KHTML, like Gecko; compatible; GPTBot/1.3; +https://openai.com/gptbot)"
74.7.227.180 - - [06/Feb/2026:10:44:35 -0500] "GET /ctg/search/similarImageSearchResultView/?ctgItemCd=6800663857 HTTP/1.1" 404 1251 "https://blog.newkolkata.in/items/63857jahttidm80.html" "Mozilla/5.0 AppleWebKit/537.36 (KHTML, like Gecko; compatible; GPTBot/1.3; +https://openai.com/gptbot)"
74.7.227.180 - - [06/Feb/2026:10:44:38 -0500] "GET /ctg/search/similarImageSearchResultView/?ctgItemCd=7795774102 HTTP/1.1" 404 1251 "https://blog.newkolkata.in/get/74102zslyitems.htm" "Mozilla/5.0 AppleWebKit/537.36 (KHTML, like Gecko; compatible; GPTBot/1.3; +https://openai.com/gptbot)"
74.7.227.180 - - [06/Feb/2026:10:44:41 -0500] "GET /ctg/search/similarImageSearchResultView/?ctgItemCd=7636072417 HTTP/1.1" 404 1251 "https://blog.newkolkata.in/geti/72417tjvfitems.htm" "Mozilla/5.0 AppleWebKit/537.36 (KHTML, like Gecko; compatible; GPTBot/1.3; +https://openai.com/gptbot)"
85.208.96.211 - - [06/Feb/2026:10:44:41 -0500] "GET /getid/35344mvrvitems HTTP/1.1" 404 1251 "-" "Mozilla/5.0 (compatible; SemrushBot/7~bl; +http://www.semrush.com/bot.html)"
74.7.227.180 - - [06/Feb/2026:10:44:44 -0500] "GET /ctg/search/similarImageSearchResultView/?ctgItemCd=8701883105 HTTP/1.1" 404 1251 "https://blog.newkolkata.in/ite/83105jahttidm35.html" "Mozilla/5.0 AppleWebKit/537.36 (KHTML, like Gecko; compatible; GPTBot/1.3; +https://openai.com/gptbot)"
74.7.227.180 - - [06/Feb/2026:10:44:47 -0500] "GET /ctg/search/similarImageSearchResultView/?ctgItemCd=1495110613 HTTP/1.1" 404 1251 "https://blog.newkolkata.in/items/10613kairtidm434453.html" "Mozilla/5.0 AppleWebKit/537.36 (KHTML, like Gecko; compatible; GPTBot/1.3; +https://openai.com/gptbot)"
74.7.227.180 - - [06/Feb/2026:10:44:50 -0500] "GET /ctg/search/similarImageSearchResultView/?ctgItemCd=3080627358 HTTP/1.1" 404 1251 "https://blog.newkolkata.in/get/27358jahtitems" "Mozilla/5.0 AppleWebKit/537.36 (KHTML, like Gecko; compatible; GPTBot/1.3; +https://openai.com/gptbot)"
74.7.227.180 - - [06/Feb/2026:10:44:54 -0500] "GET /ctg/search/similarImageSearchResultView/?ctgItemCd=6436760237 HTTP/1.1" 404 1251 "https://blog.newkolkata.in/getidm/60237jahtitems.htm" "Mozilla/5.0 AppleWebKit/537.36 (KHTML, like Gecko; compatible; GPTBot/1.3; +https://openai.com/gptbot)"
74.7.227.180 - - [06/Feb/2026:10:44:57 -0500] "GET /ctg/search/similarImageSearchResultView/?ctgItemCd=4531241025 HTTP/1.1" 404 1251 "https://blog.newkolkata.in/getidm699/41025cejpitems.htm" "Mozilla/5.0 AppleWebKit/537.36 (KHTML, like Gecko; compatible; GPTBot/1.3; +https://openai.com/gptbot)"
74.7.227.180 - - [06/Feb/2026:10:45:00 -0500] "GET /ctg/search/similarImageSearchResultView/?ctgItemCd=5656152801 HTTP/1.1" 404 1251 "https://blog.newkolkata.in/getidm/52801ccoyitems" "Mozilla/5.0 AppleWebKit/537.36 (KHTML, like Gecko; compatible; GPTBot/1.3; +https://openai.com/gptbot)"
85.208.96.208 - - [06/Feb/2026:10:45:03 -0500] "GET /ite/244310mvrvtid.html HTTP/1.1" 404 1251 "-" "Mozilla/5.0 (compatible; SemrushBot/7~bl; +http://www.semrush.com/bot.html)"
74.7.227.180 - - [06/Feb/2026:10:45:03 -0500] "GET /ctg/search/similarImageSearchResultView/?ctgItemCd=9652392761 HTTP/1.1" 404 1251 "https://blog.newkolkata.in/getidm/92761kairitems" "Mozilla/5.0 AppleWebKit/537.36 (KHTML, like Gecko; compatible; GPTBot/1.3; +https://openai.com/gptbot)"
74.7.227.180 - - [06/Feb/2026:10:45:06 -0500] "GET /ctg/search/similarImageSearchResultView/?ctgItemCd=9547591133 HTTP/1.1" 404 1251 "https://blog.newkolkata.in/items/91133kairtidm322293.html" "Mozilla/5.0 AppleWebKit/537.36 (KHTML, like Gecko; compatible; GPTBot/1.3; +https://openai.com/gptbot)"
74.7.227.180 - - [06/Feb/2026:10:45:09 -0500] "GET /ctg/search/similarImageSearchResultView/?ctgItemCd=4135037065 HTTP/1.1" 404 1251 "https://blog.newkolkata.in/getidm800/37065jahtitems.htm" "Mozilla/5.0 AppleWebKit/537.36 (KHTML, like Gecko; compatible; GPTBot/1.3; +https://openai.com/gptbot)"
85.208.96.204 - - [06/Feb/2026:10:45:11 -0500] "GET /getidm/168625ulgpitems HTTP/1.1" 404 1251 "-" "Mozilla/5.0 (compatible; SemrushBot/7~bl; +http://www.semrush.com/bot.html)"
74.7.227.180 - - [06/Feb/2026:10:45:12 -0500] "GET /ctg/search/similarImageSearchResultView/?ctgItemCd=2478920645 HTTP/1.1" 404 1251 "https://blog.newkolkata.in/ite/20645ulgptidm882651.html" "Mozilla/5.0 AppleWebKit/537.36 (KHTML, like Gecko; compatible; GPTBot/1.3; +https://openai.com/gptbot)"
85.208.96.212 - - [06/Feb/2026:10:45:12 -0500] "GET /geti/67011sejmitems.htm HTTP/1.1" 404 1251 "-" "Mozilla/5.0 (compatible; SemrushBot/7~bl; +http://www.semrush.com/bot.html)"
74.7.227.180 - - [06/Feb/2026:10:45:16 -0500] "GET /ctg/search/similarImageSearchResultView/?ctgItemCd=1714013278 HTTP/1.1" 404 1251 "https://blog.newkolkata.in/get/13278zslyitems.htm" "Mozilla/5.0 AppleWebKit/537.36 (KHTML, like Gecko; compatible; GPTBot/1.3; +https://openai.com/gptbot)"
74.7.227.180 - - [06/Feb/2026:10:45:19 -0500] "GET /ctg/search/similarImageSearchResultView/?ctgItemCd=5452950721 HTTP/1.1" 404 1251 "https://blog.newkolkata.in/get/50721cejpitems.htm" "Mozilla/5.0 AppleWebKit/537.36 (KHTML, like Gecko; compatible; GPTBot/1.3; +https://openai.com/gptbot)"
85.208.96.211 - - [06/Feb/2026:10:45:20 -0500] "GET /get/135166cejpitems HTTP/1.1" 404 1251 "-" "Mozilla/5.0 (compatible; SemrushBot/7~bl; +http://www.semrush.com/bot.html)"
74.7.227.180 - - [06/Feb/2026:10:45:22 -0500] "GET /ctg/search/similarImageSearchResultView/?ctgItemCd=9816793962 HTTP/1.1" 404 1251 "https://blog.newkolkata.in/items/93962sejmtidm503.html" "Mozilla/5.0 AppleWebKit/537.36 (KHTML, like Gecko; compatible; GPTBot/1.3; +https://openai.com/gptbot)"
114.119.154.115 - - [06/Feb/2026:10:45:23 -0500] "GET /getidm9/241031zslyitems HTTP/1.1" 404 1251 "https://blog.newkolkata.in/sitemap185.xml" "Mozilla/5.0 (Linux; Android 7.0;) AppleWebKit/537.36 (KHTML, like Gecko) Mobile Safari/537.36 (compatible; PetalBot;+https://webmaster.petalsearch.com/site/petalbot)"
74.7.227.180 - - [06/Feb/2026:10:45:25 -0500] "GET /ctg/search/similarImageSearchResultView/?ctgItemCd=8203077855 HTTP/1.1" 404 1251 "https://blog.newkolkata.in/item/77855mvrvtidm1517.html" "Mozilla/5.0 AppleWebKit/537.36 (KHTML, like Gecko; compatible; GPTBot/1.3; +https://openai.com/gptbot)"
74.7.227.180 - - [06/Feb/2026:10:45:28 -0500] "GET /ctg/search/similarImageSearchResultView/?ctgItemCd=6887665043 HTTP/1.1" 404 1251 "https://blog.newkolkata.in/get/65043ulgpitems.htm" "Mozilla/5.0 AppleWebKit/537.36 (KHTML, like Gecko; compatible; GPTBot/1.3; +https://openai.com/gptbot)"
74.7.227.180 - - [06/Feb/2026:10:45:31 -0500] "GET /ctg/search/similarImageSearchResultView/?ctgItemCd=8904685103 HTTP/1.1" 404 1251 "https://blog.newkolkata.in/items/85103tjvftid.html" "Mozilla/5.0 AppleWebKit/537.36 (KHTML, like Gecko; compatible; GPTBot/1.3; +https://openai.com/gptbot)"
74.7.227.180 - - [06/Feb/2026:10:45:34 -0500] "GET /ctg/search/similarImageSearchResultView/?ctgItemCd=9816894615 HTTP/1.1" 404 1251 "https://blog.newkolkata.in/geti/94615jahtitems" "Mozilla/5.0 AppleWebKit/537.36 (KHTML, like Gecko; compatible; GPTBot/1.3; +https://openai.com/gptbot)"
74.7.227.180 - - [06/Feb/2026:10:45:38 -0500] "GET /ctg/search/similarImageSearchResultView/?ctgItemCd=8956185536 HTTP/1.1" 404 1251 "https://blog.newkolkata.in/getid/85536cejpitems.htm" "Mozilla/5.0 AppleWebKit/537.36 (KHTML, like Gecko; compatible; GPTBot/1.3; +https://openai.com/gptbot)"
74.7.227.180 - - [06/Feb/2026:10:45:41 -0500] "GET /ctg/search/similarImageSearchResultView/?ctgItemCd=4106836944 HTTP/1.1" 404 1251 "https://blog.newkolkata.in/items/36944pcywtidm6.html" "Mozilla/5.0 AppleWebKit/537.36 (KHTML, like Gecko; compatible; GPTBot/1.3; +https://openai.com/gptbot)"
74.7.227.180 - - [06/Feb/2026:10:45:44 -0500] "GET /ctg/search/similarImageSearchResultView/?ctgItemCd=2886524940 HTTP/1.1" 404 1251 "https://blog.newkolkata.in/getidm629/24940sejmitems" "Mozilla/5.0 AppleWebKit/537.36 (KHTML, like Gecko; compatible; GPTBot/1.3; +https://openai.com/gptbot)"
185.191.171.5 - - [06/Feb/2026:10:45:46 -0500] "GET /getidm/187753pcywitems HTTP/1.1" 404 1251 "-" "Mozilla/5.0 (compatible; SemrushBot/7~bl; +http://www.semrush.com/bot.html)"
74.7.227.180 - - [06/Feb/2026:10:45:47 -0500] "GET /ctg/search/similarImageSearchResultView/?ctgItemCd=2584921933 HTTP/1.1" 404 1251 "https://blog.newkolkata.in/geti/21933cejpitems.htm" "Mozilla/5.0 AppleWebKit/537.36 (KHTML, like Gecko; compatible; GPTBot/1.3; +https://openai.com/gptbot)"
74.7.227.180 - - [06/Feb/2026:10:45:50 -0500] "GET /ctg/search/similarImageSearchResultView/?ctgItemCd=1817414353 HTTP/1.1" 404 1251 "https://blog.newkolkata.in/get/14353ccoyitems.htm" "Mozilla/5.0 AppleWebKit/537.36 (KHTML, like Gecko; compatible; GPTBot/1.3; +https://openai.com/gptbot)"
74.7.227.180 - - [06/Feb/2026:10:45:53 -0500] "GET /ctg/search/similarImageSearchResultView/?ctgItemCd=2419420033 HTTP/1.1" 404 1251 "https://blog.newkolkata.in/items/20033mvrvtidm50.html" "Mozilla/5.0 AppleWebKit/537.36 (KHTML, like Gecko; compatible; GPTBot/1.3; +https://openai.com/gptbot)"
185.191.171.2 - - [06/Feb/2026:10:45:56 -0500] "GET /getid/276952ulgpitems HTTP/1.1" 404 1251 "-" "Mozilla/5.0 (compatible; SemrushBot/7~bl; +http://www.semrush.com/bot.html)"
74.7.227.180 - - [06/Feb/2026:10:45:57 -0500] "GET /ctg/search/similarImageSearchResultView/?ctgItemCd=8746983600 HTTP/1.1" 404 1251 "https://blog.newkolkata.in/ite/83600ccoytidm5.html" "Mozilla/5.0 AppleWebKit/537.36 (KHTML, like Gecko; compatible; GPTBot/1.3; +https://openai.com/gptbot)"
74.7.227.180 - - [06/Feb/2026:10:46:00 -0500] "GET /ctg/search/similarImageSearchResultView/?ctgItemCd=7335969192 HTTP/1.1" 404 1251 "https://blog.newkolkata.in/getidm/69192pcywitems.htm" "Mozilla/5.0 AppleWebKit/537.36 (KHTML, like Gecko; compatible; GPTBot/1.3; +https://openai.com/gptbot)"
185.191.171.19 - - [06/Feb/2026:10:46:02 -0500] "GET /geti/217951zslyitems HTTP/1.1" 404 1251 "-" "Mozilla/5.0 (compatible; SemrushBot/7~bl; +http://www.semrush.com/bot.html)"
74.7.227.180 - - [06/Feb/2026:10:46:03 -0500] "GET /ctg/search/similarImageSearchResultView/?ctgItemCd=1745913490 HTTP/1.1" 404 1251 "https://blog.newkolkata.in/ite/13490sejmtidm530.html" "Mozilla/5.0 AppleWebKit/537.36 (KHTML, like Gecko; compatible; GPTBot/1.3; +https://openai.com/gptbot)"
74.7.227.180 - - [06/Feb/2026:10:46:06 -0500] "GET /ctg/search/similarImageSearchResultView/?ctgItemCd=3547031352 HTTP/1.1" 404 1251 "https://blog.newkolkata.in/items/31352mvrvtidm4.html" "Mozilla/5.0 AppleWebKit/537.36 (KHTML, like Gecko; compatible; GPTBot/1.3; +https://openai.com/gptbot)"
66.249.66.43 - - [06/Feb/2026:10:46:08 -0500] "GET /products.php?shop/birdied/rollable8829078386.html HTTP/1.1" 404 1251 "-" "Mozilla/5.0 (Linux; Android 6.0.1; Nexus 5X Build/MMB29P) AppleWebKit/537.36 (KHTML, like Gecko) Chrome/144.0.7559.132 Mobile Safari/537.36 (compatible; Googlebot/2.1; +http://www.google.com/bot.html)"
74.7.227.180 - - [06/Feb/2026:10:46:09 -0500] "GET /ctg/search/similarImageSearchResultView/?ctgItemCd=7595271698 HTTP/1.1" 404 1251 "https://blog.newkolkata.in/getidm69/71698kairitems.htm" "Mozilla/5.0 AppleWebKit/537.36 (KHTML, like Gecko; compatible; GPTBot/1.3; +https://openai.com/gptbot)"
74.7.227.180 - - [06/Feb/2026:10:46:13 -0500] "GET /ctg/search/similarImageSearchResultView/?ctgItemCd=9036186138 HTTP/1.1" 404 1251 "https://blog.newkolkata.in/items/86138tjvftidm747.html" "Mozilla/5.0 AppleWebKit/537.36 (KHTML, like Gecko; compatible; GPTBot/1.3; +https://openai.com/gptbot)"
74.7.227.180 - - [06/Feb/2026:10:46:16 -0500] "GET /ctg/search/similarImageSearchResultView/?ctgItemCd=9877194954 HTTP/1.1" 404 1251 "https://blog.newkolkata.in/getidm1/94954jahtitems" "Mozilla/5.0 AppleWebKit/537.36 (KHTML, like Gecko; compatible; GPTBot/1.3; +https://openai.com/gptbot)"
85.208.96.211 - - [06/Feb/2026:10:46:18 -0500] "GET /getidm2/213394ulgpitems HTTP/1.1" 404 1251 "-" "Mozilla/5.0 (compatible; SemrushBot/7~bl; +http://www.semrush.com/bot.html)"
74.7.227.180 - - [06/Feb/2026:10:46:19 -0500] "GET /ctg/search/similarImageSearchResultView/?ctgItemCd=4995646375 HTTP/1.1" 404 1251 "https://blog.newkolkata.in/geti/46375pcywitems" "Mozilla/5.0 AppleWebKit/537.36 (KHTML, like Gecko; compatible; GPTBot/1.3; +https://openai.com/gptbot)"
74.7.227.180 - - [06/Feb/2026:10:46:22 -0500] "GET /ctg/search/similarImageSearchResultView/?ctgItemCd=2274019270 HTTP/1.1" 404 1251 "https://blog.newkolkata.in/get/19270pcywitems" "Mozilla/5.0 AppleWebKit/537.36 (KHTML, like Gecko; compatible; GPTBot/1.3; +https://openai.com/gptbot)"
74.7.227.180 - - [06/Feb/2026:10:46:25 -0500] "GET /ctg/search/similarImageSearchResultView/?ctgItemCd=3359829659 HTTP/1.1" 404 1251 "https://blog.newkolkata.in/getidm136/29659ulgpitems" "Mozilla/5.0 AppleWebKit/537.36 (KHTML, like Gecko; compatible; GPTBot/1.3; +https://openai.com/gptbot)"
74.7.227.180 - - [06/Feb/2026:10:46:28 -0500] "GET /ctg/search/similarImageSearchResultView/?ctgItemCd=7842674539 HTTP/1.1" 404 1251 "https://blog.newkolkata.in/getidm45/74539ulgpitems" "Mozilla/5.0 AppleWebKit/537.36 (KHTML, like Gecko; compatible; GPTBot/1.3; +https://openai.com/gptbot)"
85.208.96.210 - - [06/Feb/2026:10:46:30 -0500] "GET /getidm8/126826sejmitems HTTP/1.1" 404 1251 "-" "Mozilla/5.0 (compatible; SemrushBot/7~bl; +http://www.semrush.com/bot.html)"
74.7.227.180 - - [06/Feb/2026:10:46:32 -0500] "GET /ctg/search/similarImageSearchResultView/?ctgItemCd=3462230817 HTTP/1.1" 404 1251 "https://blog.newkolkata.in/getidm6/30817cejpitems" "Mozilla/5.0 AppleWebKit/537.36 (KHTML, like Gecko; compatible; GPTBot/1.3; +https://openai.com/gptbot)"
85.208.96.205 - - [06/Feb/2026:10:46:32 -0500] "GET /items/66902ulgptid.html HTTP/1.1" 404 1251 "-" "Mozilla/5.0 (compatible; SemrushBot/7~bl; +http://www.semrush.com/bot.html)"
85.208.96.198 - - [06/Feb/2026:10:46:33 -0500] "GET /geti/153343sejmitems HTTP/1.1" 404 1251 "-" "Mozilla/5.0 (compatible; SemrushBot/7~bl; +http://www.semrush.com/bot.html)"
74.7.227.180 - - [06/Feb/2026:10:46:35 -0500] "GET /ctg/search/similarImageSearchResultView/?ctgItemCd=5059546394 HTTP/1.1" 404 1251 "https://blog.newkolkata.in/items/46394kairtidm519.html" "Mozilla/5.0 AppleWebKit/537.36 (KHTML, like Gecko; compatible; GPTBot/1.3; +https://openai.com/gptbot)"
74.7.227.180 - - [06/Feb/2026:10:46:38 -0500] "GET /ctg/search/similarImageSearchResultView/?ctgItemCd=8200577691 HTTP/1.1" 404 1251 "https://blog.newkolkata.in/getidm182/77691ulgpitems.htm" "Mozilla/5.0 AppleWebKit/537.36 (KHTML, like Gecko; compatible; GPTBot/1.3; +https://openai.com/gptbot)"
74.7.227.180 - - [06/Feb/2026:10:46:41 -0500] "GET /ctg/search/similarImageSearchResultView/?ctgItemCd=5346749173 HTTP/1.1" 404 1251 "https://blog.newkolkata.in/getidm572/49173jahtitems.htm" "Mozilla/5.0 AppleWebKit/537.36 (KHTML, like Gecko; compatible; GPTBot/1.3; +https://openai.com/gptbot)"
74.7.227.180 - - [06/Feb/2026:10:46:44 -0500] "GET /ctg/search/similarImageSearchResultView/?ctgItemCd=3058426538 HTTP/1.1" 404 1251 "https://blog.newkolkata.in/getid/26538tjvfitems.htm" "Mozilla/5.0 AppleWebKit/537.36 (KHTML, like Gecko; compatible; GPTBot/1.3; +https://openai.com/gptbot)"
185.191.171.6 - - [06/Feb/2026:10:46:45 -0500] "GET /getidm/114361cejpitems HTTP/1.1" 404 1251 "-" "Mozilla/5.0 (compatible; SemrushBot/7~bl; +http://www.semrush.com/bot.html)"
74.7.227.180 - - [06/Feb/2026:10:46:47 -0500] "GET /ctg/search/similarImageSearchResultView/?ctgItemCd=4464540718 HTTP/1.1" 404 1251 "https://blog.newkolkata.in/items/40718jahttid.html" "Mozilla/5.0 AppleWebKit/537.36 (KHTML, like Gecko; compatible; GPTBot/1.3; +https://openai.com/gptbot)"
74.7.227.180 - - [06/Feb/2026:10:46:50 -0500] "GET /ctg/search/similarImageSearchResultView/?ctgItemCd=8200878147 HTTP/1.1" 404 1251 "https://blog.newkolkata.in/get/78147mvrvitems.htm" "Mozilla/5.0 AppleWebKit/537.36 (KHTML, like Gecko; compatible; GPTBot/1.3; +https://openai.com/gptbot)"
74.7.227.180 - - [06/Feb/2026:10:46:53 -0500] "GET /ctg/search/similarImageSearchResultView/?ctgItemCd=7010065792 HTTP/1.1" 404 1251 "https://blog.newkolkata.in/getidm438/65792sejmitems.htm" "Mozilla/5.0 AppleWebKit/537.36 (KHTML, like Gecko; compatible; GPTBot/1.3; +https://openai.com/gptbot)"
74.7.227.180 - - [06/Feb/2026:10:46:57 -0500] "GET /ctg/search/similarImageSearchResultView/?ctgItemCd=8369680254 HTTP/1.1" 404 1251 "https://blog.newkolkata.in/get/80254kairitems" "Mozilla/5.0 AppleWebKit/537.36 (KHTML, like Gecko; compatible; GPTBot/1.3; +https://openai.com/gptbot)"
74.7.227.180 - - [06/Feb/2026:10:46:59 -0500] "GET /ctg/search/similarImageSearchResultView/?ctgItemCd=3489230705 HTTP/1.1" 404 1251 "https://blog.newkolkata.in/getidm4/30705sejmitems.htm" "Mozilla/5.0 AppleWebKit/537.36 (KHTML, like Gecko; compatible; GPTBot/1.3; +https://openai.com/gptbot)"
74.7.227.180 - - [06/Feb/2026:10:47:03 -0500] "GET /ctg/search/similarImageSearchResultView/?ctgItemCd=9067186857 HTTP/1.1" 404 1251 "https://blog.newkolkata.in/getidm/86857zslyitems" "Mozilla/5.0 AppleWebKit/537.36 (KHTML, like Gecko; compatible; GPTBot/1.3; +https://openai.com/gptbot)"
74.7.227.180 - - [06/Feb/2026:10:47:06 -0500] "GET /ctg/search/similarImageSearchResultView/?ctgItemCd=5490150792 HTTP/1.1" 404 1251 "https://blog.newkolkata.in/items/50792tjvftidm3.html" "Mozilla/5.0 AppleWebKit/537.36 (KHTML, like Gecko; compatible; GPTBot/1.3; +https://openai.com/gptbot)"
74.7.227.180 - - [06/Feb/2026:10:47:09 -0500] "GET /ctg/search/similarImageSearchResultView/?ctgItemCd=4962946063 HTTP/1.1" 404 1251 "https://blog.newkolkata.in/geti/46063tjvfitems" "Mozilla/5.0 AppleWebKit/537.36 (KHTML, like Gecko; compatible; GPTBot/1.3; +https://openai.com/gptbot)"
74.7.227.180 - - [06/Feb/2026:10:47:12 -0500] "GET /ctg/search/similarImageSearchResultView/?ctgItemCd=8714682953 HTTP/1.1" 404 1251 "https://blog.newkolkata.in/getidm6/82953jahtitems.htm" "Mozilla/5.0 AppleWebKit/537.36 (KHTML, like Gecko; compatible; GPTBot/1.3; +https://openai.com/gptbot)"
74.7.227.180 - - [06/Feb/2026:10:47:15 -0500] "GET /ctg/search/similarImageSearchResultView/?ctgItemCd=1602711849 HTTP/1.1" 404 1251 "https://blog.newkolkata.in/items/11849mvrvtidm43.html" "Mozilla/5.0 AppleWebKit/537.36 (KHTML, like Gecko; compatible; GPTBot/1.3; +https://openai.com/gptbot)"
74.7.227.180 - - [06/Feb/2026:10:47:18 -0500] "GET /ctg/search/similarImageSearchResultView/?ctgItemCd=5259148681 HTTP/1.1" 404 1251 "https://blog.newkolkata.in/getidm95/48681mvrvitems" "Mozilla/5.0 AppleWebKit/537.36 (KHTML, like Gecko; compatible; GPTBot/1.3; +https://openai.com/gptbot)"
85.208.96.210 - - [06/Feb/2026:10:47:20 -0500] "GET /getidm/12357cejpitems.htm HTTP/1.1" 404 1251 "-" "Mozilla/5.0 (compatible; SemrushBot/7~bl; +http://www.semrush.com/bot.html)"
74.7.227.180 - - [06/Feb/2026:10:47:22 -0500] "GET /ctg/search/similarImageSearchResultView/?ctgItemCd=5258548740 HTTP/1.1" 404 1251 "https://blog.newkolkata.in/getidm1/48740mvrvitems" "Mozilla/5.0 AppleWebKit/537.36 (KHTML, like Gecko; compatible; GPTBot/1.3; +https://openai.com/gptbot)"
74.7.227.180 - - [06/Feb/2026:10:47:25 -0500] "GET /ctg/search/similarImageSearchResultView/?ctgItemCd=5786554406 HTTP/1.1" 404 1251 "https://blog.newkolkata.in/get/54406ulgpitems" "Mozilla/5.0 AppleWebKit/537.36 (KHTML, like Gecko; compatible; GPTBot/1.3; +https://openai.com/gptbot)"
74.7.227.180 - - [06/Feb/2026:10:47:28 -0500] "GET /ctg/search/similarImageSearchResultView/?ctgItemCd=7146567346 HTTP/1.1" 404 1251 "https://blog.newkolkata.in/item/67346mvrvtidm273.html" "Mozilla/5.0 AppleWebKit/537.36 (KHTML, like Gecko; compatible; GPTBot/1.3; +https://openai.com/gptbot)"
74.7.227.180 - - [06/Feb/2026:10:47:31 -0500] "GET /ctg/search/similarImageSearchResultView/?ctgItemCd=3702832912 HTTP/1.1" 404 1251 "https://blog.newkolkata.in/items/32912pcywtidm7.html" "Mozilla/5.0 AppleWebKit/537.36 (KHTML, like Gecko; compatible; GPTBot/1.3; +https://openai.com/gptbot)"
74.7.227.180 - - [06/Feb/2026:10:47:34 -0500] "GET /ctg/search/similarImageSearchResultView/?ctgItemCd=7132367208 HTTP/1.1" 404 1251 "https://blog.newkolkata.in/items/67208tjvftidm9.html" "Mozilla/5.0 AppleWebKit/537.36 (KHTML, like Gecko; compatible; GPTBot/1.3; +https://openai.com/gptbot)"
74.7.227.180 - - [06/Feb/2026:10:47:37 -0500] "GET /ctg/search/similarImageSearchResultView/?ctgItemCd=4070236800 HTTP/1.1" 404 1251 "https://blog.newkolkata.in/ite/36800zslytidm2.html" "Mozilla/5.0 AppleWebKit/537.36 (KHTML, like Gecko; compatible; GPTBot/1.3; +https://openai.com/gptbot)"
185.191.171.13 - - [06/Feb/2026:10:47:38 -0500] "GET /oybcategorymvrv/6 HTTP/1.1" 404 1251 "-" "Mozilla/5.0 (compatible; SemrushBot/7~bl; +http://www.semrush.com/bot.html)"
74.7.227.180 - - [06/Feb/2026:10:47:40 -0500] "GET /ctg/search/similarImageSearchResultView/?ctgItemCd=8141277566 HTTP/1.1" 404 1251 "https://blog.newkolkata.in/get/77566ulgpitems.htm" "Mozilla/5.0 AppleWebKit/537.36 (KHTML, like Gecko; compatible; GPTBot/1.3; +https://openai.com/gptbot)"
74.7.227.180 - - [06/Feb/2026:10:47:43 -0500] "GET /ctg/search/similarImageSearchResultView/?ctgItemCd=6260958457 HTTP/1.1" 404 1251 "https://blog.newkolkata.in/items/58457ccoytidm13.html" "Mozilla/5.0 AppleWebKit/537.36 (KHTML, like Gecko; compatible; GPTBot/1.3; +https://openai.com/gptbot)"
74.7.227.180 - - [06/Feb/2026:10:47:47 -0500] "GET /ctg/search/similarImageSearchResultView/?ctgItemCd=3875734665 HTTP/1.1" 404 1251 "https://blog.newkolkata.in/item/34665jahttidm779.html" "Mozilla/5.0 AppleWebKit/537.36 (KHTML, like Gecko; compatible; GPTBot/1.3; +https://openai.com/gptbot)"
74.7.227.180 - - [06/Feb/2026:10:47:50 -0500] "GET /ctg/search/similarImageSearchResultView/?ctgItemCd=5863954560 HTTP/1.1" 404 1251 "https://blog.newkolkata.in/items/54560zslytidm.html" "Mozilla/5.0 AppleWebKit/537.36 (KHTML, like Gecko; compatible; GPTBot/1.3; +https://openai.com/gptbot)"
74.7.227.180 - - [06/Feb/2026:10:47:53 -0500] "GET /ctg/search/similarImageSearchResultView/?ctgItemCd=6241258077 HTTP/1.1" 404 1251 "https://blog.newkolkata.in/getidm333/58077zslyitems.htm" "Mozilla/5.0 AppleWebKit/537.36 (KHTML, like Gecko; compatible; GPTBot/1.3; +https://openai.com/gptbot)"
74.7.227.180 - - [06/Feb/2026:10:47:56 -0500] "GET /ctg/search/similarImageSearchResultView/?ctgItemCd=8725483806 HTTP/1.1" 404 1251 "https://blog.newkolkata.in/get/83806kairitems" "Mozilla/5.0 AppleWebKit/537.36 (KHTML, like Gecko; compatible; GPTBot/1.3; +https://openai.com/gptbot)"
74.7.227.180 - - [06/Feb/2026:10:47:59 -0500] "GET /ctg/search/similarImageSearchResultView/?ctgItemCd=7490970626 HTTP/1.1" 404 1251 "https://blog.newkolkata.in/getidm56/70626zslyitems.htm" "Mozilla/5.0 AppleWebKit/537.36 (KHTML, like Gecko; compatible; GPTBot/1.3; +https://openai.com/gptbot)"
74.7.227.180 - - [06/Feb/2026:10:48:02 -0500] "GET /ctg/search/similarImageSearchResultView/?ctgItemCd=7831674495 HTTP/1.1" 404 1251 "https://blog.newkolkata.in/ite/74495kairtidm.html" "Mozilla/5.0 AppleWebKit/537.36 (KHTML, like Gecko; compatible; GPTBot/1.3; +https://openai.com/gptbot)"
74.7.227.180 - - [06/Feb/2026:10:48:06 -0500] "GET /ctg/search/similarImageSearchResultView/?ctgItemCd=7748573211 HTTP/1.1" 404 1251 "https://blog.newkolkata.in/getidm45/73211zslyitems.htm" "Mozilla/5.0 AppleWebKit/537.36 (KHTML, like Gecko; compatible; GPTBot/1.3; +https://openai.com/gptbot)"
74.7.227.180 - - [06/Feb/2026:10:48:09 -0500] "GET /ctg/search/similarImageSearchResultView/?ctgItemCd=2011316207 HTTP/1.1" 404 1251 "https://blog.newkolkata.in/getidm95/16207zslyitems" "Mozilla/5.0 AppleWebKit/537.36 (KHTML, like Gecko; compatible; GPTBot/1.3; +https://openai.com/gptbot)"
74.7.227.180 - - [06/Feb/2026:10:48:12 -0500] "GET /ctg/search/similarImageSearchResultView/?ctgItemCd=6817164128 HTTP/1.1" 404 1251 "https://blog.newkolkata.in/getid/64128tjvfitems.htm" "Mozilla/5.0 AppleWebKit/537.36 (KHTML, like Gecko; compatible; GPTBot/1.3; +https://openai.com/gptbot)"
74.7.227.180 - - [06/Feb/2026:10:48:15 -0500] "GET /ctg/search/similarImageSearchResultView/?ctgItemCd=7963175782 HTTP/1.1" 404 1251 "https://blog.newkolkata.in/ite/75782pcywtidm.html" "Mozilla/5.0 AppleWebKit/537.36 (KHTML, like Gecko; compatible; GPTBot/1.3; +https://openai.com/gptbot)"
185.191.171.13 - - [06/Feb/2026:10:48:16 -0500] "GET /getidm1/144970sejmitems HTTP/1.1" 404 1251 "-" "Mozilla/5.0 (compatible; SemrushBot/7~bl; +http://www.semrush.com/bot.html)"
74.7.227.180 - - [06/Feb/2026:10:48:18 -0500] "GET /ctg/search/similarImageSearchResultView/?ctgItemCd=7371269647 HTTP/1.1" 404 1251 "https://blog.newkolkata.in/items/69647ulgptidm.html" "Mozilla/5.0 AppleWebKit/537.36 (KHTML, like Gecko; compatible; GPTBot/1.3; +https://openai.com/gptbot)"
74.7.227.180 - - [06/Feb/2026:10:48:21 -0500] "GET /ctg/search/similarImageSearchResultView/?ctgItemCd=8386779924 HTTP/1.1" 404 1251 "https://blog.newkolkata.in/getidm266/79924ulgpitems" "Mozilla/5.0 AppleWebKit/537.36 (KHTML, like Gecko; compatible; GPTBot/1.3; +https://openai.com/gptbot)"
185.191.171.7 - - [06/Feb/2026:10:48:22 -0500] "GET /getidm/213457zslyitems HTTP/1.1" 404 1251 "-" "Mozilla/5.0 (compatible; SemrushBot/7~bl; +http://www.semrush.com/bot.html)"
74.7.227.180 - - [06/Feb/2026:10:48:24 -0500] "GET /ctg/search/similarImageSearchResultView/?ctgItemCd=2389419653 HTTP/1.1" 404 1251 "https://blog.newkolkata.in/getidm90/19653kairitems.htm" "Mozilla/5.0 AppleWebKit/537.36 (KHTML, like Gecko; compatible; GPTBot/1.3; +https://openai.com/gptbot)"
85.208.96.205 - - [06/Feb/2026:10:48:27 -0500] "GET /item/97046zslytid.html HTTP/1.1" 404 1251 "-" "Mozilla/5.0 (compatible; SemrushBot/7~bl; +http://www.semrush.com/bot.html)"
74.7.227.180 - - [06/Feb/2026:10:48:28 -0500] "GET /ctg/search/similarImageSearchResultView/?ctgItemCd=9406590051 HTTP/1.1" 404 1251 "https://blog.newkolkata.in/getidm4689/90051zslyitems" "Mozilla/5.0 AppleWebKit/537.36 (KHTML, like Gecko; compatible; GPTBot/1.3; +https://openai.com/gptbot)"
85.208.96.210 - - [06/Feb/2026:10:48:30 -0500] "GET /getid/99114pcywitems.htm HTTP/1.1" 404 1251 "-" "Mozilla/5.0 (compatible; SemrushBot/7~bl; +http://www.semrush.com/bot.html)"
74.7.227.180 - - [06/Feb/2026:10:48:31 -0500] "GET /ctg/search/similarImageSearchResultView/?ctgItemCd=6229458251 HTTP/1.1" 404 1251 "https://blog.newkolkata.in/getid/58251tjvfitems.htm" "Mozilla/5.0 AppleWebKit/537.36 (KHTML, like Gecko; compatible; GPTBot/1.3; +https://openai.com/gptbot)"
74.7.227.180 - - [06/Feb/2026:10:48:34 -0500] "GET /ctg/search/similarImageSearchResultView/?ctgItemCd=2419520064 HTTP/1.1" 404 1251 "https://blog.newkolkata.in/getidm/20064ccoyitems.htm" "Mozilla/5.0 AppleWebKit/537.36 (KHTML, like Gecko; compatible; GPTBot/1.3; +https://openai.com/gptbot)"
74.7.227.180 - - [06/Feb/2026:10:48:37 -0500] "GET /ctg/search/similarImageSearchResultView/?ctgItemCd=7153167424 HTTP/1.1" 404 1251 "https://blog.newkolkata.in/items/67424ulgptidm3.html" "Mozilla/5.0 AppleWebKit/537.36 (KHTML, like Gecko; compatible; GPTBot/1.3; +https://openai.com/gptbot)"
74.7.227.180 - - [06/Feb/2026:10:48:40 -0500] "GET /ctg/search/similarImageSearchResultView/?ctgItemCd=7654673102 HTTP/1.1" 404 1251 "https://blog.newkolkata.in/get/73102sejmitems" "Mozilla/5.0 AppleWebKit/537.36 (KHTML, like Gecko; compatible; GPTBot/1.3; +https://openai.com/gptbot)"
185.191.171.6 - - [06/Feb/2026:10:48:42 -0500] "GET /get/265404cejpitems.htm HTTP/1.1" 404 1251 "-" "Mozilla/5.0 (compatible; SemrushBot/7~bl; +http://www.semrush.com/bot.html)"
74.7.227.180 - - [06/Feb/2026:10:48:44 -0500] "GET /ctg/search/similarImageSearchResultView/?ctgItemCd=4203538220 HTTP/1.1" 404 1251 "https://blog.newkolkata.in/ite/38220sejmtidm.html" "Mozilla/5.0 AppleWebKit/537.36 (KHTML, like Gecko; compatible; GPTBot/1.3; +https://openai.com/gptbot)"
74.7.227.180 - - [06/Feb/2026:10:48:46 -0500] "GET /ctg/search/similarImageSearchResultView/?ctgItemCd=4691842881 HTTP/1.1" 404 1251 "https://blog.newkolkata.in/item/42881ccoytidm28.html" "Mozilla/5.0 AppleWebKit/537.36 (KHTML, like Gecko; compatible; GPTBot/1.3; +https://openai.com/gptbot)"
74.7.227.180 - - [06/Feb/2026:10:48:50 -0500] "GET /ctg/search/similarImageSearchResultView/?ctgItemCd=6226458199 HTTP/1.1" 404 1251 "https://blog.newkolkata.in/items/58199ulgptidm.html" "Mozilla/5.0 AppleWebKit/537.36 (KHTML, like Gecko; compatible; GPTBot/1.3; +https://openai.com/gptbot)"
74.7.227.180 - - [06/Feb/2026:10:48:53 -0500] "GET /ctg/search/similarImageSearchResultView/?ctgItemCd=3545631501 HTTP/1.1" 404 1251 "https://blog.newkolkata.in/getidm3580/31501kairitems" "Mozilla/5.0 AppleWebKit/537.36 (KHTML, like Gecko; compatible; GPTBot/1.3; +https://openai.com/gptbot)"
74.7.227.180 - - [06/Feb/2026:10:48:56 -0500] "GET /ctg/search/similarImageSearchResultView/?ctgItemCd=4768543494 HTTP/1.1" 404 1251 "https://blog.newkolkata.in/getidm7/43494jahtitems.htm" "Mozilla/5.0 AppleWebKit/537.36 (KHTML, like Gecko; compatible; GPTBot/1.3; +https://openai.com/gptbot)"
74.7.227.180 - - [06/Feb/2026:10:48:59 -0500] "GET /ctg/search/similarImageSearchResultView/?ctgItemCd=7454370481 HTTP/1.1" 404 1251 "https://blog.newkolkata.in/item/70481mvrvtidm45.html" "Mozilla/5.0 AppleWebKit/537.36 (KHTML, like Gecko; compatible; GPTBot/1.3; +https://openai.com/gptbot)"
185.191.171.3 - - [06/Feb/2026:10:49:00 -0500] "GET /get/298438kairitems HTTP/1.1" 404 1251 "-" "Mozilla/5.0 (compatible; SemrushBot/7~bl; +http://www.semrush.com/bot.html)"
185.191.171.11 - - [06/Feb/2026:10:49:02 -0500] "GET /geti/82635ulgpitems.htm HTTP/1.1" 404 1251 "-" "Mozilla/5.0 (compatible; SemrushBot/7~bl; +http://www.semrush.com/bot.html)"
74.7.227.180 - - [06/Feb/2026:10:49:02 -0500] "GET /ctg/search/similarImageSearchResultView/?ctgItemCd=5567451408 HTTP/1.1" 404 1251 "https://blog.newkolkata.in/items/51408tjvftidm8094.html" "Mozilla/5.0 AppleWebKit/537.36 (KHTML, like Gecko; compatible; GPTBot/1.3; +https://openai.com/gptbot)"
74.7.227.180 - - [06/Feb/2026:10:49:06 -0500] "GET /ctg/search/similarImageSearchResultView/?ctgItemCd=4473540692 HTTP/1.1" 404 1251 "https://blog.newkolkata.in/getid/40692tjvfitems.htm" "Mozilla/5.0 AppleWebKit/537.36 (KHTML, like Gecko; compatible; GPTBot/1.3; +https://openai.com/gptbot)"
74.7.227.180 - - [06/Feb/2026:10:49:09 -0500] "GET /ctg/search/similarImageSearchResultView/?ctgItemCd=8598982166 HTTP/1.1" 404 1251 "https://blog.newkolkata.in/item/82166sejmtid.html" "Mozilla/5.0 AppleWebKit/537.36 (KHTML, like Gecko; compatible; GPTBot/1.3; +https://openai.com/gptbot)"
74.7.227.180 - - [06/Feb/2026:10:49:12 -0500] "GET /ctg/search/similarImageSearchResultView/?ctgItemCd=7897575014 HTTP/1.1" 404 1251 "https://blog.newkolkata.in/ite/75014cejptidm922.html" "Mozilla/5.0 AppleWebKit/537.36 (KHTML, like Gecko; compatible; GPTBot/1.3; +https://openai.com/gptbot)"
185.191.171.19 - - [06/Feb/2026:10:49:13 -0500] "GET /ite/134390pcywtid.html HTTP/1.1" 404 1251 "-" "Mozilla/5.0 (compatible; SemrushBot/7~bl; +http://www.semrush.com/bot.html)"
74.7.227.180 - - [06/Feb/2026:10:49:15 -0500] "GET /ctg/search/similarImageSearchResultView/?ctgItemCd=4303939124 HTTP/1.1" 404 1251 "https://blog.newkolkata.in/getidm753/39124jahtitems" "Mozilla/5.0 AppleWebKit/537.36 (KHTML, like Gecko; compatible; GPTBot/1.3; +https://openai.com/gptbot)"
185.191.171.7 - - [06/Feb/2026:10:49:16 -0500] "GET /getid/70768tjvfitems HTTP/1.1" 404 1251 "-" "Mozilla/5.0 (compatible; SemrushBot/7~bl; +http://www.semrush.com/bot.html)"
74.7.227.180 - - [06/Feb/2026:10:49:18 -0500] "GET /ctg/search/similarImageSearchResultView/?ctgItemCd=8709582913 HTTP/1.1" 404 1251 "https://blog.newkolkata.in/items/82913zslytidm40.html" "Mozilla/5.0 AppleWebKit/537.36 (KHTML, like Gecko; compatible; GPTBot/1.3; +https://openai.com/gptbot)"
74.7.227.180 - - [06/Feb/2026:10:49:21 -0500] "GET /ctg/search/similarImageSearchResultView/?ctgItemCd=2593421632 HTTP/1.1" 404 1251 "https://blog.newkolkata.in/items/21632tjvftidm45040.html" "Mozilla/5.0 AppleWebKit/537.36 (KHTML, like Gecko; compatible; GPTBot/1.3; +https://openai.com/gptbot)"
74.7.227.180 - - [06/Feb/2026:10:49:24 -0500] "GET /ctg/search/similarImageSearchResultView/?ctgItemCd=9129987341 HTTP/1.1" 404 1251 "https://blog.newkolkata.in/items/87341pcywtid.html" "Mozilla/5.0 AppleWebKit/537.36 (KHTML, like Gecko; compatible; GPTBot/1.3; +https://openai.com/gptbot)"
185.191.171.6 - - [06/Feb/2026:10:49:26 -0500] "GET /getidm/147849ccoyitems.htm HTTP/1.1" 404 1251 "-" "Mozilla/5.0 (compatible; SemrushBot/7~bl; +http://www.semrush.com/bot.html)"
74.7.227.180 - - [06/Feb/2026:10:49:27 -0500] "GET /ctg/search/similarImageSearchResultView/?ctgItemCd=3913035188 HTTP/1.1" 404 1251 "https://blog.newkolkata.in/getidm829/35188ulgpitems" "Mozilla/5.0 AppleWebKit/537.36 (KHTML, like Gecko; compatible; GPTBot/1.3; +https://openai.com/gptbot)"
74.7.227.180 - - [06/Feb/2026:10:49:31 -0500] "GET /ctg/search/similarImageSearchResultView/?ctgItemCd=4891245319 HTTP/1.1" 404 1251 "https://blog.newkolkata.in/geti/45319zslyitems" "Mozilla/5.0 AppleWebKit/537.36 (KHTML, like Gecko; compatible; GPTBot/1.3; +https://openai.com/gptbot)"
74.7.227.180 - - [06/Feb/2026:10:49:34 -0500] "GET /ctg/search/similarImageSearchResultView/?ctgItemCd=7925475089 HTTP/1.1" 404 1251 "https://blog.newkolkata.in/items/75089tjvftidm23.html" "Mozilla/5.0 AppleWebKit/537.36 (KHTML, like Gecko; compatible; GPTBot/1.3; +https://openai.com/gptbot)"
74.7.227.180 - - [06/Feb/2026:10:49:37 -0500] "GET /ctg/search/similarImageSearchResultView/?ctgItemCd=3706133051 HTTP/1.1" 404 1251 "https://blog.newkolkata.in/getid/33051cejpitems.htm" "Mozilla/5.0 AppleWebKit/537.36 (KHTML, like Gecko; compatible; GPTBot/1.3; +https://openai.com/gptbot)"
74.7.227.180 - - [06/Feb/2026:10:49:40 -0500] "GET /ctg/search/similarImageSearchResultView/?ctgItemCd=4022136316 HTTP/1.1" 404 1251 "https://blog.newkolkata.in/getidm203/36316jahtitems" "Mozilla/5.0 AppleWebKit/537.36 (KHTML, like Gecko; compatible; GPTBot/1.3; +https://openai.com/gptbot)"
74.7.227.180 - - [06/Feb/2026:10:49:43 -0500] "GET /ctg/search/similarImageSearchResultView/?ctgItemCd=9782093878 HTTP/1.1" 404 1251 "https://blog.newkolkata.in/items/93878kairtid.html" "Mozilla/5.0 AppleWebKit/537.36 (KHTML, like Gecko; compatible; GPTBot/1.3; +https://openai.com/gptbot)"
185.191.171.6 - - [06/Feb/2026:10:49:45 -0500] "GET /getid/170320cejpitems HTTP/1.1" 404 1251 "-" "Mozilla/5.0 (compatible; SemrushBot/7~bl; +http://www.semrush.com/bot.html)"
74.7.227.180 - - [06/Feb/2026:10:49:46 -0500] "GET /ctg/search/similarImageSearchResultView/?ctgItemCd=7519570994 HTTP/1.1" 404 1251 "https://blog.newkolkata.in/items/70994sejmtidm130.html" "Mozilla/5.0 AppleWebKit/537.36 (KHTML, like Gecko; compatible; GPTBot/1.3; +https://openai.com/gptbot)"
74.7.227.180 - - [06/Feb/2026:10:49:50 -0500] "GET /ctg/search/similarImageSearchResultView/?ctgItemCd=7859374289 HTTP/1.1" 404 1251 "https://blog.newkolkata.in/getidm227/74289ccoyitems.htm" "Mozilla/5.0 AppleWebKit/537.36 (KHTML, like Gecko; compatible; GPTBot/1.3; +https://openai.com/gptbot)"
74.7.227.180 - - [06/Feb/2026:10:49:53 -0500] "GET /ctg/search/similarImageSearchResultView/?ctgItemCd=5438850630 HTTP/1.1" 404 1251 "https://blog.newkolkata.in/getidm/50630ccoyitems" "Mozilla/5.0 AppleWebKit/537.36 (KHTML, like Gecko; compatible; GPTBot/1.3; +https://openai.com/gptbot)"
85.208.96.194 - - [06/Feb/2026:10:49:54 -0500] "GET /get/7062jahtitems.htm HTTP/1.1" 404 1251 "-" "Mozilla/5.0 (compatible; SemrushBot/7~bl; +http://www.semrush.com/bot.html)"
74.7.227.180 - - [06/Feb/2026:10:49:56 -0500] "GET /ctg/search/similarImageSearchResultView/?ctgItemCd=8030276450 HTTP/1.1" 404 1251 "https://blog.newkolkata.in/getidm2/76450zslyitems" "Mozilla/5.0 AppleWebKit/537.36 (KHTML, like Gecko; compatible; GPTBot/1.3; +https://openai.com/gptbot)"
74.7.227.180 - - [06/Feb/2026:10:49:59 -0500] "GET /ctg/search/similarImageSearchResultView/?ctgItemCd=9481990866 HTTP/1.1" 404 1251 "https://blog.newkolkata.in/items/90866ulgptid.html" "Mozilla/5.0 AppleWebKit/537.36 (KHTML, like Gecko; compatible; GPTBot/1.3; +https://openai.com/gptbot)"
74.7.227.180 - - [06/Feb/2026:10:50:02 -0500] "GET /ctg/search/similarImageSearchResultView/?ctgItemCd=3870735065 HTTP/1.1" 404 1251 "https://blog.newkolkata.in/getid/35065cejpitems" "Mozilla/5.0 AppleWebKit/537.36 (KHTML, like Gecko; compatible; GPTBot/1.3; +https://openai.com/gptbot)"
185.191.171.16 - - [06/Feb/2026:10:50:03 -0500] "GET /ite/15455cejptidm.html HTTP/1.1" 404 1251 "-" "Mozilla/5.0 (compatible; SemrushBot/7~bl; +http://www.semrush.com/bot.html)"
74.7.227.180 - - [06/Feb/2026:10:50:05 -0500] "GET /ctg/search/similarImageSearchResultView/?ctgItemCd=5610851928 HTTP/1.1" 404 1251 "https://blog.newkolkata.in/getidm/51928zslyitems.htm" "Mozilla/5.0 AppleWebKit/537.36 (KHTML, like Gecko; compatible; GPTBot/1.3; +https://openai.com/gptbot)"
185.191.171.13 - - [06/Feb/2026:10:50:06 -0500] "GET /get/133774ulgpitems HTTP/1.1" 404 1251 "-" "Mozilla/5.0 (compatible; SemrushBot/7~bl; +http://www.semrush.com/bot.html)"
74.7.227.180 - - [06/Feb/2026:10:50:08 -0500] "GET /ctg/search/similarImageSearchResultView/?ctgItemCd=4675442563 HTTP/1.1" 404 1251 "https://blog.newkolkata.in/item/42563sejmtidm75316.html" "Mozilla/5.0 AppleWebKit/537.36 (KHTML, like Gecko; compatible; GPTBot/1.3; +https://openai.com/gptbot)"
74.7.227.180 - - [06/Feb/2026:10:50:12 -0500] "GET /ctg/search/similarImageSearchResultView/?ctgItemCd=8935985097 HTTP/1.1" 404 1251 "https://blog.newkolkata.in/items/85097jahttidm7387.html" "Mozilla/5.0 AppleWebKit/537.36 (KHTML, like Gecko; compatible; GPTBot/1.3; +https://openai.com/gptbot)"
74.7.227.180 - - [06/Feb/2026:10:50:15 -0500] "GET /ctg/search/similarImageSearchResultView/?ctgItemCd=3635032264 HTTP/1.1" 404 1251 "https://blog.newkolkata.in/items/32264kairtidm5.html" "Mozilla/5.0 AppleWebKit/537.36 (KHTML, like Gecko; compatible; GPTBot/1.3; +https://openai.com/gptbot)"
74.7.227.180 - - [06/Feb/2026:10:50:18 -0500] "GET /ctg/search/similarImageSearchResultView/?ctgItemCd=4314538774 HTTP/1.1" 404 1251 "https://blog.newkolkata.in/items/38774kairtidm791876.html" "Mozilla/5.0 AppleWebKit/537.36 (KHTML, like Gecko; compatible; GPTBot/1.3; +https://openai.com/gptbot)"
74.7.227.180 - - [06/Feb/2026:10:50:21 -0500] "GET /ctg/search/similarImageSearchResultView/?ctgItemCd=4416640393 HTTP/1.1" 404 1251 "https://blog.newkolkata.in/getidm/40393ulgpitems" "Mozilla/5.0 AppleWebKit/537.36 (KHTML, like Gecko; compatible; GPTBot/1.3; +https://openai.com/gptbot)"
85.208.96.208 - - [06/Feb/2026:10:50:24 -0500] "GET /getidm/30721ulgpitems HTTP/1.1" 404 1251 "-" "Mozilla/5.0 (compatible; SemrushBot/7~bl; +http://www.semrush.com/bot.html)"
74.7.227.180 - - [06/Feb/2026:10:50:24 -0500] "GET /ctg/search/similarImageSearchResultView/?ctgItemCd=3193627698 HTTP/1.1" 404 1251 "https://blog.newkolkata.in/items/27698mvrvtidm532.html" "Mozilla/5.0 AppleWebKit/537.36 (KHTML, like Gecko; compatible; GPTBot/1.3; +https://openai.com/gptbot)"
74.7.227.180 - - [06/Feb/2026:10:50:27 -0500] "GET /ctg/search/similarImageSearchResultView/?ctgItemCd=6441060279 HTTP/1.1" 404 1251 "https://blog.newkolkata.in/getidm/60279cejpitems.htm" "Mozilla/5.0 AppleWebKit/537.36 (KHTML, like Gecko; compatible; GPTBot/1.3; +https://openai.com/gptbot)"
74.7.227.180 - - [06/Feb/2026:10:50:30 -0500] "GET /ctg/search/similarImageSearchResultView/?ctgItemCd=7450570581 HTTP/1.1" 404 1251 "https://blog.newkolkata.in/geti/70581kairitems.htm" "Mozilla/5.0 AppleWebKit/537.36 (KHTML, like Gecko; compatible; GPTBot/1.3; +https://openai.com/gptbot)"
74.7.227.180 - - [06/Feb/2026:10:50:33 -0500] "GET /ctg/search/similarImageSearchResultView/?ctgItemCd=7813474198 HTTP/1.1" 404 1251 "https://blog.newkolkata.in/items/74198jahttid.html" "Mozilla/5.0 AppleWebKit/537.36 (KHTML, like Gecko; compatible; GPTBot/1.3; +https://openai.com/gptbot)"
74.7.227.180 - - [06/Feb/2026:10:50:36 -0500] "GET /ctg/search/similarImageSearchResultView/?ctgItemCd=7898975319 HTTP/1.1" 404 1251 "https://blog.newkolkata.in/getid/75319ulgpitems" "Mozilla/5.0 AppleWebKit/537.36 (KHTML, like Gecko; compatible; GPTBot/1.3; +https://openai.com/gptbot)"
74.7.227.180 - - [06/Feb/2026:10:50:40 -0500] "GET /ctg/search/similarImageSearchResultView/?ctgItemCd=5478350772 HTTP/1.1" 404 1251 "https://blog.newkolkata.in/ite/50772zslytidm641.html" "Mozilla/5.0 AppleWebKit/537.36 (KHTML, like Gecko; compatible; GPTBot/1.3; +https://openai.com/gptbot)"
74.7.227.180 - - [06/Feb/2026:10:50:43 -0500] "GET /ctg/search/similarImageSearchResultView/?ctgItemCd=8392879931 HTTP/1.1" 404 1251 "https://blog.newkolkata.in/ite/79931tjvftidm733.html" "Mozilla/5.0 AppleWebKit/537.36 (KHTML, like Gecko; compatible; GPTBot/1.3; +https://openai.com/gptbot)"
185.191.171.12 - - [06/Feb/2026:10:50:43 -0500] "GET /getid/179608kairitems HTTP/1.1" 404 1251 "-" "Mozilla/5.0 (compatible; SemrushBot/7~bl; +http://www.semrush.com/bot.html)"
74.7.227.180 - - [06/Feb/2026:10:50:46 -0500] "GET /ctg/search/similarImageSearchResultView/?ctgItemCd=7019966751 HTTP/1.1" 404 1251 "https://blog.newkolkata.in/get/66751jahtitems" "Mozilla/5.0 AppleWebKit/537.36 (KHTML, like Gecko; compatible; GPTBot/1.3; +https://openai.com/gptbot)"
74.7.227.180 - - [06/Feb/2026:10:50:49 -0500] "GET /ctg/search/similarImageSearchResultView/?ctgItemCd=4582141529 HTTP/1.1" 404 1251 "https://blog.newkolkata.in/getidm546/41529kairitems.htm" "Mozilla/5.0 AppleWebKit/537.36 (KHTML, like Gecko; compatible; GPTBot/1.3; +https://openai.com/gptbot)"
85.208.96.199 - - [06/Feb/2026:10:50:50 -0500] "GET /items/47294jahttid.html HTTP/1.1" 404 1251 "-" "Mozilla/5.0 (compatible; SemrushBot/7~bl; +http://www.semrush.com/bot.html)"
74.7.227.180 - - [06/Feb/2026:10:50:52 -0500] "GET /ctg/search/similarImageSearchResultView/?ctgItemCd=7902174881 HTTP/1.1" 404 1251 "https://blog.newkolkata.in/getidm/74881jahtitems.htm" "Mozilla/5.0 AppleWebKit/537.36 (KHTML, like Gecko; compatible; GPTBot/1.3; +https://openai.com/gptbot)"
185.191.171.11 - - [06/Feb/2026:10:50:52 -0500] "GET /getid/163408jahtitems HTTP/1.1" 404 1251 "-" "Mozilla/5.0 (compatible; SemrushBot/7~bl; +http://www.semrush.com/bot.html)"
74.7.227.180 - - [06/Feb/2026:10:50:55 -0500] "GET /ctg/search/similarImageSearchResultView/?ctgItemCd=8445680299 HTTP/1.1" 404 1251 "https://blog.newkolkata.in/getidm/80299ulgpitems.htm" "Mozilla/5.0 AppleWebKit/537.36 (KHTML, like Gecko; compatible; GPTBot/1.3; +https://openai.com/gptbot)"
74.7.227.180 - - [06/Feb/2026:10:50:58 -0500] "GET /ctg/search/similarImageSearchResultView/?ctgItemCd=3857634560 HTTP/1.1" 404 1251 "https://blog.newkolkata.in/getid/34560cejpitems.htm" "Mozilla/5.0 AppleWebKit/537.36 (KHTML, like Gecko; compatible; GPTBot/1.3; +https://openai.com/gptbot)"
74.7.227.180 - - [06/Feb/2026:10:51:01 -0500] "GET /ctg/search/similarImageSearchResultView/?ctgItemCd=1993015663 HTTP/1.1" 404 1251 "https://blog.newkolkata.in/getidm19/15663pcywitems.htm" "Mozilla/5.0 AppleWebKit/537.36 (KHTML, like Gecko; compatible; GPTBot/1.3; +https://openai.com/gptbot)"
74.7.227.180 - - [06/Feb/2026:10:51:05 -0500] "GET /ctg/search/similarImageSearchResultView/?ctgItemCd=9262289047 HTTP/1.1" 404 1251 "https://blog.newkolkata.in/geti/89047tjvfitems" "Mozilla/5.0 AppleWebKit/537.36 (KHTML, like Gecko; compatible; GPTBot/1.3; +https://openai.com/gptbot)"
74.7.227.180 - - [06/Feb/2026:10:51:08 -0500] "GET /ctg/search/similarImageSearchResultView/?ctgItemCd=4006035988 HTTP/1.1" 404 1251 "https://blog.newkolkata.in/getid/35988mvrvitems.htm" "Mozilla/5.0 AppleWebKit/537.36 (KHTML, like Gecko; compatible; GPTBot/1.3; +https://openai.com/gptbot)"
74.7.227.180 - - [06/Feb/2026:10:51:11 -0500] "GET /ctg/search/similarImageSearchResultView/?ctgItemCd=3326729168 HTTP/1.1" 404 1251 "https://blog.newkolkata.in/items/29168ccoytidm2.html" "Mozilla/5.0 AppleWebKit/537.36 (KHTML, like Gecko; compatible; GPTBot/1.3; +https://openai.com/gptbot)"
74.7.227.180 - - [06/Feb/2026:10:51:14 -0500] "GET /ctg/search/similarImageSearchResultView/?ctgItemCd=2098417542 HTTP/1.1" 404 1251 "https://blog.newkolkata.in/get/17542jahtitems" "Mozilla/5.0 AppleWebKit/537.36 (KHTML, like Gecko; compatible; GPTBot/1.3; +https://openai.com/gptbot)"
74.7.227.180 - - [06/Feb/2026:10:51:17 -0500] "GET /ctg/search/similarImageSearchResultView/?ctgItemCd=2054916631 HTTP/1.1" 404 1251 "https://blog.newkolkata.in/item/16631kairtidm.html" "Mozilla/5.0 AppleWebKit/537.36 (KHTML, like Gecko; compatible; GPTBot/1.3; +https://openai.com/gptbot)"
74.7.227.180 - - [06/Feb/2026:10:51:20 -0500] "GET /ctg/search/similarImageSearchResultView/?ctgItemCd=1461210338 HTTP/1.1" 404 1251 "https://blog.newkolkata.in/getidm80/10338zslyitems.htm" "Mozilla/5.0 AppleWebKit/537.36 (KHTML, like Gecko; compatible; GPTBot/1.3; +https://openai.com/gptbot)"
74.7.227.180 - - [06/Feb/2026:10:51:23 -0500] "GET /ctg/search/similarImageSearchResultView/?ctgItemCd=3004426185 HTTP/1.1" 404 1251 "https://blog.newkolkata.in/getidm9/26185zslyitems" "Mozilla/5.0 AppleWebKit/537.36 (KHTML, like Gecko; compatible; GPTBot/1.3; +https://openai.com/gptbot)"
74.7.227.180 - - [06/Feb/2026:10:51:26 -0500] "GET /ctg/search/similarImageSearchResultView/?ctgItemCd=8391779826 HTTP/1.1" 404 1251 "https://blog.newkolkata.in/item/79826jahttidm761.html" "Mozilla/5.0 AppleWebKit/537.36 (KHTML, like Gecko; compatible; GPTBot/1.3; +https://openai.com/gptbot)"
74.7.227.180 - - [06/Feb/2026:10:51:30 -0500] "GET /ctg/search/similarImageSearchResultView/?ctgItemCd=5213148461 HTTP/1.1" 404 1251 "https://blog.newkolkata.in/getid/48461tjvfitems" "Mozilla/5.0 AppleWebKit/537.36 (KHTML, like Gecko; compatible; GPTBot/1.3; +https://openai.com/gptbot)"
74.7.227.180 - - [06/Feb/2026:10:51:33 -0500] "GET /ctg/search/similarImageSearchResultView/?ctgItemCd=1493810985 HTTP/1.1" 404 1251 "https://blog.newkolkata.in/ite/10985pcywtidm77.html" "Mozilla/5.0 AppleWebKit/537.36 (KHTML, like Gecko; compatible; GPTBot/1.3; +https://openai.com/gptbot)"
85.208.96.210 - - [06/Feb/2026:10:51:33 -0500] "GET /get/27430tjvfitems HTTP/1.1" 404 1251 "-" "Mozilla/5.0 (compatible; SemrushBot/7~bl; +http://www.semrush.com/bot.html)"
74.7.227.180 - - [06/Feb/2026:10:51:36 -0500] "GET /ctg/search/similarImageSearchResultView/?ctgItemCd=3728632972 HTTP/1.1" 404 1251 "https://blog.newkolkata.in/items/32972sejmtidm37269.html" "Mozilla/5.0 AppleWebKit/537.36 (KHTML, like Gecko; compatible; GPTBot/1.3; +https://openai.com/gptbot)"
74.7.227.180 - - [06/Feb/2026:10:51:39 -0500] "GET /ctg/search/similarImageSearchResultView/?ctgItemCd=2936625816 HTTP/1.1" 404 1251 "https://blog.newkolkata.in/geti/25816jahtitems" "Mozilla/5.0 AppleWebKit/537.36 (KHTML, like Gecko; compatible; GPTBot/1.3; +https://openai.com/gptbot)"
74.7.227.180 - - [06/Feb/2026:10:51:42 -0500] "GET /ctg/search/similarImageSearchResultView/?ctgItemCd=6957165259 HTTP/1.1" 404 1251 "https://blog.newkolkata.in/getidm325/65259tjvfitems.htm" "Mozilla/5.0 AppleWebKit/537.36 (KHTML, like Gecko; compatible; GPTBot/1.3; +https://openai.com/gptbot)"
