74.7.227.180 - - [06/Feb/2026:10:29:52 -0500] "GET /ctg/search/similarImageSearchResultView/?ctgItemCd=6579861954 HTTP/1.1" 404 1251 "https://blog.newkolkata.in/getidm6/61954pcywitems" "Mozilla/5.0 AppleWebKit/537.36 (KHTML, like Gecko; compatible; GPTBot/1.3; +https://openai.com/gptbot)"
74.7.227.180 - - [06/Feb/2026:10:29:55 -0500] "GET /ctg/search/similarImageSearchResultView/?ctgItemCd=6994365753 HTTP/1.1" 404 1251 "https://blog.newkolkata.in/items/65753mvrvtidm97.html" "Mozilla/5.0 AppleWebKit/537.36 (KHTML, like Gecko; compatible; GPTBot/1.3; +https://openai.com/gptbot)"
85.208.96.198 - - [06/Feb/2026:10:29:56 -0500] "GET /get/105342zslyitems.htm HTTP/1.1" 404 1251 "-" "Mozilla/5.0 (compatible; SemrushBot/7~bl; +http://www.semrush.com/bot.html)"
74.7.227.180 - - [06/Feb/2026:10:29:58 -0500] "GET /ctg/search/similarImageSearchResultView/?ctgItemCd=6294958667 HTTP/1.1" 404 1251 "https://blog.newkolkata.in/items/58667tjvftidm6674.html" "Mozilla/5.0 AppleWebKit/537.36 (KHTML, like Gecko; compatible; GPTBot/1.3; +https://openai.com/gptbot)"
74.7.227.180 - - [06/Feb/2026:10:30:01 -0500] "GET /ctg/search/similarImageSearchResultView/?ctgItemCd=1684812713 HTTP/1.1" 404 1251 "https://blog.newkolkata.in/items/12713kairtidm63.html" "Mozilla/5.0 AppleWebKit/537.36 (KHTML, like Gecko; compatible; GPTBot/1.3; +https://openai.com/gptbot)"
74.7.227.180 - - [06/Feb/2026:10:30:04 -0500] "GET /ctg/search/similarImageSearchResultView/?ctgItemCd=9149187556 HTTP/1.1" 404 1251 "https://blog.newkolkata.in/getidm132/87556ulgpitems" "Mozilla/5.0 AppleWebKit/537.36 (KHTML, like Gecko; compatible; GPTBot/1.3; +https://openai.com/gptbot)"
74.7.227.180 - - [06/Feb/2026:10:30:07 -0500] "GET /ctg/search/similarImageSearchResultView/?ctgItemCd=7571371624 HTTP/1.1" 404 1251 "https://blog.newkolkata.in/items/71624kairtidm5.html" "Mozilla/5.0 AppleWebKit/537.36 (KHTML, like Gecko; compatible; GPTBot/1.3; +https://openai.com/gptbot)"
74.7.227.180 - - [06/Feb/2026:10:30:11 -0500] "GET /ctg/search/similarImageSearchResultView/?ctgItemCd=8190078055 HTTP/1.1" 404 1251 "https://blog.newkolkata.in/ite/78055pcywtidm.html" "Mozilla/5.0 AppleWebKit/537.36 (KHTML, like Gecko; compatible; GPTBot/1.3; +https://openai.com/gptbot)"
85.208.96.195 - - [06/Feb/2026:10:30:11 -0500] "GET /getidm5/241330tjvfitems HTTP/1.1" 404 1251 "-" "Mozilla/5.0 (compatible; SemrushBot/7~bl; +http://www.semrush.com/bot.html)"
74.7.227.180 - - [06/Feb/2026:10:30:14 -0500] "GET /ctg/search/similarImageSearchResultView/?ctgItemCd=7210668076 HTTP/1.1" 404 1251 "https://blog.newkolkata.in/getid/68076jahtitems.htm" "Mozilla/5.0 AppleWebKit/537.36 (KHTML, like Gecko; compatible; GPTBot/1.3; +https://openai.com/gptbot)"
74.7.227.180 - - [06/Feb/2026:10:30:17 -0500] "GET /ctg/search/similarImageSearchResultView/?ctgItemCd=9733593412 HTTP/1.1" 404 1251 "https://blog.newkolkata.in/getidm698/93412kairitems" "Mozilla/5.0 AppleWebKit/537.36 (KHTML, like Gecko; compatible; GPTBot/1.3; +https://openai.com/gptbot)"
74.7.227.180 - - [06/Feb/2026:10:30:20 -0500] "GET /ctg/search/similarImageSearchResultView/?ctgItemCd=8114977386 HTTP/1.1" 404 1251 "https://blog.newkolkata.in/getidm/77386cejpitems" "Mozilla/5.0 AppleWebKit/537.36 (KHTML, like Gecko; compatible; GPTBot/1.3; +https://openai.com/gptbot)"
74.7.227.180 - - [06/Feb/2026:10:30:23 -0500] "GET /ctg/search/similarImageSearchResultView/?ctgItemCd=8819084742 HTTP/1.1" 404 1251 "https://blog.newkolkata.in/get/84742kairitems" "Mozilla/5.0 AppleWebKit/537.36 (KHTML, like Gecko; compatible; GPTBot/1.3; +https://openai.com/gptbot)"
74.7.227.180 - - [06/Feb/2026:10:30:27 -0500] "GET /ctg/search/similarImageSearchResultView/?ctgItemCd=5080346542 HTTP/1.1" 404 1251 "https://blog.newkolkata.in/getidm13/46542pcywitems.htm" "Mozilla/5.0 AppleWebKit/537.36 (KHTML, like Gecko; compatible; GPTBot/1.3; +https://openai.com/gptbot)"
185.191.171.4 - - [06/Feb/2026:10:30:29 -0500] "GET /geti/238111sejmitems HTTP/1.1" 404 1251 "-" "Mozilla/5.0 (compatible; SemrushBot/7~bl; +http://www.semrush.com/bot.html)"
74.7.227.180 - - [06/Feb/2026:10:30:30 -0500] "GET /ctg/search/similarImageSearchResultView/?ctgItemCd=8537781431 HTTP/1.1" 404 1251 "https://blog.newkolkata.in/item/81431pcywtidm.html" "Mozilla/5.0 AppleWebKit/537.36 (KHTML, like Gecko; compatible; GPTBot/1.3; +https://openai.com/gptbot)"
74.7.227.180 - - [06/Feb/2026:10:30:33 -0500] "GET /ctg/search/similarImageSearchResultView/?ctgItemCd=3027526003 HTTP/1.1" 404 1251 "https://blog.newkolkata.in/getidm89/26003mvrvitems.htm" "Mozilla/5.0 AppleWebKit/537.36 (KHTML, like Gecko; compatible; GPTBot/1.3; +https://openai.com/gptbot)"
74.7.227.180 - - [06/Feb/2026:10:30:36 -0500] "GET /ctg/search/similarImageSearchResultView/?ctgItemCd=8318679088 HTTP/1.1" 404 1251 "https://blog.newkolkata.in/items/79088kairtidm2.html" "Mozilla/5.0 AppleWebKit/537.36 (KHTML, like Gecko; compatible; GPTBot/1.3; +https://openai.com/gptbot)"
74.7.227.180 - - [06/Feb/2026:10:30:39 -0500] "GET /ctg/search/similarImageSearchResultView/?ctgItemCd=5821954404 HTTP/1.1" 404 1251 "https://blog.newkolkata.in/get/54404jahtitems.htm" "Mozilla/5.0 AppleWebKit/537.36 (KHTML, like Gecko; compatible; GPTBot/1.3; +https://openai.com/gptbot)"
74.7.227.180 - - [06/Feb/2026:10:30:42 -0500] "GET /ctg/search/similarImageSearchResultView/?ctgItemCd=5765154094 HTTP/1.1" 404 1251 "https://blog.newkolkata.in/geti/54094ccoyitems" "Mozilla/5.0 AppleWebKit/537.36 (KHTML, like Gecko; compatible; GPTBot/1.3; +https://openai.com/gptbot)"
185.191.171.8 - - [06/Feb/2026:10:30:43 -0500] "GET /get/111766mvrvitems HTTP/1.1" 404 1251 "-" "Mozilla/5.0 (compatible; SemrushBot/7~bl; +http://www.semrush.com/bot.html)"
74.7.227.180 - - [06/Feb/2026:10:30:46 -0500] "GET /ctg/search/similarImageSearchResultView/?ctgItemCd=8785683744 HTTP/1.1" 404 1251 "https://blog.newkolkata.in/items/83744tjvftidm3.html" "Mozilla/5.0 AppleWebKit/537.36 (KHTML, like Gecko; compatible; GPTBot/1.3; +https://openai.com/gptbot)"
74.7.227.180 - - [06/Feb/2026:10:30:49 -0500] "GET /ctg/search/similarImageSearchResultView/?ctgItemCd=4528741058 HTTP/1.1" 404 1251 "https://blog.newkolkata.in/getidm8/41058zslyitems.htm" "Mozilla/5.0 AppleWebKit/537.36 (KHTML, like Gecko; compatible; GPTBot/1.3; +https://openai.com/gptbot)"
74.7.227.180 - - [06/Feb/2026:10:30:52 -0500] "GET /ctg/search/similarImageSearchResultView/?ctgItemCd=1468210780 HTTP/1.1" 404 1251 "https://blog.newkolkata.in/getidm82/10780zslyitems" "Mozilla/5.0 AppleWebKit/537.36 (KHTML, like Gecko; compatible; GPTBot/1.3; +https://openai.com/gptbot)"
74.7.227.180 - - [06/Feb/2026:10:30:55 -0500] "GET /ctg/search/similarImageSearchResultView/?ctgItemCd=4826244151 HTTP/1.1" 404 1251 "https://blog.newkolkata.in/item/44151mvrvtidm870.html" "Mozilla/5.0 AppleWebKit/537.36 (KHTML, like Gecko; compatible; GPTBot/1.3; +https://openai.com/gptbot)"
74.7.227.180 - - [06/Feb/2026:10:30:58 -0500] "GET /ctg/search/similarImageSearchResultView/?ctgItemCd=4559741421 HTTP/1.1" 404 1251 "https://blog.newkolkata.in/getidm4/41421kairitems.htm" "Mozilla/5.0 AppleWebKit/537.36 (KHTML, like Gecko; compatible; GPTBot/1.3; +https://openai.com/gptbot)"
74.7.227.180 - - [06/Feb/2026:10:31:01 -0500] "GET /ctg/search/similarImageSearchResultView/?ctgItemCd=1637212209 HTTP/1.1" 404 1251 "https://blog.newkolkata.in/items/12209pcywtidm81.html" "Mozilla/5.0 AppleWebKit/537.36 (KHTML, like Gecko; compatible; GPTBot/1.3; +https://openai.com/gptbot)"
74.7.227.180 - - [06/Feb/2026:10:31:05 -0500] "GET /ctg/search/similarImageSearchResultView/?ctgItemCd=1789513854 HTTP/1.1" 404 1251 "https://blog.newkolkata.in/getid/13854ulgpitems.htm" "Mozilla/5.0 AppleWebKit/537.36 (KHTML, like Gecko; compatible; GPTBot/1.3; +https://openai.com/gptbot)"
114.119.137.153 - - [06/Feb/2026:10:31:06 -0500] "GET /geti/188673pcywitems.htm HTTP/1.1" 404 1251 "https://blog.newkolkata.in/sitemap406.xml" "Mozilla/5.0 (Linux; Android 7.0;) AppleWebKit/537.36 (KHTML, like Gecko) Mobile Safari/537.36 (compatible; PetalBot;+https://webmaster.petalsearch.com/site/petalbot)"
74.7.227.180 - - [06/Feb/2026:10:31:08 -0500] "GET /ctg/search/similarImageSearchResultView/?ctgItemCd=2546722006 HTTP/1.1" 404 1251 "https://blog.newkolkata.in/get/22006pcywitems" "Mozilla/5.0 AppleWebKit/537.36 (KHTML, like Gecko; compatible; GPTBot/1.3; +https://openai.com/gptbot)"
85.208.96.208 - - [06/Feb/2026:10:31:11 -0500] "GET /ite/311975pcywtidm.html HTTP/1.1" 404 1251 "-" "Mozilla/5.0 (compatible; SemrushBot/7~bl; +http://www.semrush.com/bot.html)"
74.7.227.180 - - [06/Feb/2026:10:31:11 -0500] "GET /ctg/search/similarImageSearchResultView/?ctgItemCd=4681642945 HTTP/1.1" 404 1251 "https://blog.newkolkata.in/getidm33/42945sejmitems" "Mozilla/5.0 AppleWebKit/537.36 (KHTML, like Gecko; compatible; GPTBot/1.3; +https://openai.com/gptbot)"
85.208.96.202 - - [06/Feb/2026:10:31:12 -0500] "GET /getidm3/61426ccoyitems HTTP/1.1" 404 1251 "-" "Mozilla/5.0 (compatible; SemrushBot/7~bl; +http://www.semrush.com/bot.html)"
85.208.96.195 - - [06/Feb/2026:10:31:14 -0500] "GET /ite/196415mvrvtidm.html HTTP/1.1" 404 1251 "-" "Mozilla/5.0 (compatible; SemrushBot/7~bl; +http://www.semrush.com/bot.html)"
74.7.227.180 - - [06/Feb/2026:10:31:14 -0500] "GET /ctg/search/similarImageSearchResultView/?ctgItemCd=1568411469 HTTP/1.1" 404 1251 "https://blog.newkolkata.in/getidm6/11469pcywitems.htm" "Mozilla/5.0 AppleWebKit/537.36 (KHTML, like Gecko; compatible; GPTBot/1.3; +https://openai.com/gptbot)"
74.7.227.180 - - [06/Feb/2026:10:31:18 -0500] "GET /ctg/search/similarImageSearchResultView/?ctgItemCd=1820614425 HTTP/1.1" 404 1251 "https://blog.newkolkata.in/getidm/14425pcywitems" "Mozilla/5.0 AppleWebKit/537.36 (KHTML, like Gecko; compatible; GPTBot/1.3; +https://openai.com/gptbot)"
74.7.227.180 - - [06/Feb/2026:10:31:21 -0500] "GET /ctg/search/similarImageSearchResultView/?ctgItemCd=8086476972 HTTP/1.1" 404 1251 "https://blog.newkolkata.in/getidm38/76972ulgpitems" "Mozilla/5.0 AppleWebKit/537.36 (KHTML, like Gecko; compatible; GPTBot/1.3; +https://openai.com/gptbot)"
74.7.227.180 - - [06/Feb/2026:10:31:24 -0500] "GET /ctg/search/similarImageSearchResultView/?ctgItemCd=2073216804 HTTP/1.1" 404 1251 "https://blog.newkolkata.in/getidm569/16804sejmitems" "Mozilla/5.0 AppleWebKit/537.36 (KHTML, like Gecko; compatible; GPTBot/1.3; +https://openai.com/gptbot)"
74.7.227.180 - - [06/Feb/2026:10:31:27 -0500] "GET /ctg/search/similarImageSearchResultView/?ctgItemCd=2896625011 HTTP/1.1" 404 1251 "https://blog.newkolkata.in/geti/25011zslyitems.htm" "Mozilla/5.0 AppleWebKit/537.36 (KHTML, like Gecko; compatible; GPTBot/1.3; +https://openai.com/gptbot)"
74.7.227.180 - - [06/Feb/2026:10:31:30 -0500] "GET /ctg/search/similarImageSearchResultView/?ctgItemCd=2382319529 HTTP/1.1" 404 1251 "https://blog.newkolkata.in/getidm845/19529cejpitems.htm" "Mozilla/5.0 AppleWebKit/537.36 (KHTML, like Gecko; compatible; GPTBot/1.3; +https://openai.com/gptbot)"
74.7.227.180 - - [06/Feb/2026:10:31:33 -0500] "GET /ctg/search/similarImageSearchResultView/?ctgItemCd=7608072048 HTTP/1.1" 404 1251 "https://blog.newkolkata.in/getid/72048sejmitems.htm" "Mozilla/5.0 AppleWebKit/537.36 (KHTML, like Gecko; compatible; GPTBot/1.3; +https://openai.com/gptbot)"
74.7.227.180 - - [06/Feb/2026:10:31:37 -0500] "GET /ctg/search/similarImageSearchResultView/?ctgItemCd=8919285262 HTTP/1.1" 404 1251 "https://blog.newkolkata.in/items/85262jahttid.html" "Mozilla/5.0 AppleWebKit/537.36 (KHTML, like Gecko; compatible; GPTBot/1.3; +https://openai.com/gptbot)"
74.7.227.180 - - [06/Feb/2026:10:31:40 -0500] "GET /ctg/search/similarImageSearchResultView/?ctgItemCd=4596642502 HTTP/1.1" 404 1251 "https://blog.newkolkata.in/get/42502pcywitems" "Mozilla/5.0 AppleWebKit/537.36 (KHTML, like Gecko; compatible; GPTBot/1.3; +https://openai.com/gptbot)"
74.7.227.180 - - [06/Feb/2026:10:31:43 -0500] "GET /ctg/search/similarImageSearchResultView/?ctgItemCd=7600571799 HTTP/1.1" 404 1251 "https://blog.newkolkata.in/items/71799cejptidm909.html" "Mozilla/5.0 AppleWebKit/537.36 (KHTML, like Gecko; compatible; GPTBot/1.3; +https://openai.com/gptbot)"
85.208.96.210 - - [06/Feb/2026:10:31:43 -0500] "GET /get/48873mvrvitems.htm HTTP/1.1" 404 1251 "-" "Mozilla/5.0 (compatible; SemrushBot/7~bl; +http://www.semrush.com/bot.html)"
74.7.227.180 - - [06/Feb/2026:10:31:46 -0500] "GET /ctg/search/similarImageSearchResultView/?ctgItemCd=9545392014 HTTP/1.1" 404 1251 "https://blog.newkolkata.in/get/92014kairitems" "Mozilla/5.0 AppleWebKit/537.36 (KHTML, like Gecko; compatible; GPTBot/1.3; +https://openai.com/gptbot)"
74.7.227.180 - - [06/Feb/2026:10:31:49 -0500] "GET /ctg/search/similarImageSearchResultView/?ctgItemCd=5217548241 HTTP/1.1" 404 1251 "https://blog.newkolkata.in/items/48241sejmtid.html" "Mozilla/5.0 AppleWebKit/537.36 (KHTML, like Gecko; compatible; GPTBot/1.3; +https://openai.com/gptbot)"
74.7.227.180 - - [06/Feb/2026:10:31:53 -0500] "GET /ctg/search/similarImageSearchResultView/?ctgItemCd=7094067384 HTTP/1.1" 404 1251 "https://blog.newkolkata.in/geti/67384kairitems" "Mozilla/5.0 AppleWebKit/537.36 (KHTML, like Gecko; compatible; GPTBot/1.3; +https://openai.com/gptbot)"
74.7.227.180 - - [06/Feb/2026:10:31:56 -0500] "GET /ctg/search/similarImageSearchResultView/?ctgItemCd=3370729675 HTTP/1.1" 404 1251 "https://blog.newkolkata.in/ite/29675sejmtidm1613.html" "Mozilla/5.0 AppleWebKit/537.36 (KHTML, like Gecko; compatible; GPTBot/1.3; +https://openai.com/gptbot)"
74.7.227.180 - - [06/Feb/2026:10:31:59 -0500] "GET /ctg/search/similarImageSearchResultView/?ctgItemCd=2352019259 HTTP/1.1" 404 1251 "https://blog.newkolkata.in/items/19259kairtidm5994.html" "Mozilla/5.0 AppleWebKit/537.36 (KHTML, like Gecko; compatible; GPTBot/1.3; +https://openai.com/gptbot)"
74.7.227.180 - - [06/Feb/2026:10:32:02 -0500] "GET /ctg/search/similarImageSearchResultView/?ctgItemCd=2734423049 HTTP/1.1" 404 1251 "https://blog.newkolkata.in/getidm355/23049sejmitems.htm" "Mozilla/5.0 AppleWebKit/537.36 (KHTML, like Gecko; compatible; GPTBot/1.3; +https://openai.com/gptbot)"
85.208.96.195 - - [06/Feb/2026:10:32:03 -0500] "GET /get/78399sejmitems.htm HTTP/1.1" 404 1251 "-" "Mozilla/5.0 (compatible; SemrushBot/7~bl; +http://www.semrush.com/bot.html)"
74.7.227.180 - - [06/Feb/2026:10:32:05 -0500] "GET /ctg/search/similarImageSearchResultView/?ctgItemCd=7365769950 HTTP/1.1" 404 1251 "https://blog.newkolkata.in/ite/69950cejptid.html" "Mozilla/5.0 AppleWebKit/537.36 (KHTML, like Gecko; compatible; GPTBot/1.3; +https://openai.com/gptbot)"
85.208.96.205 - - [06/Feb/2026:10:32:05 -0500] "GET /get/223677jahtitems.htm HTTP/1.1" 404 1251 "-" "Mozilla/5.0 (compatible; SemrushBot/7~bl; +http://www.semrush.com/bot.html)"
85.208.96.208 - - [06/Feb/2026:10:32:07 -0500] "GET /get/67290cejpitems.htm HTTP/1.1" 404 1251 "-" "Mozilla/5.0 (compatible; SemrushBot/7~bl; +http://www.semrush.com/bot.html)"
74.7.227.180 - - [06/Feb/2026:10:32:08 -0500] "GET /ctg/search/similarImageSearchResultView/?ctgItemCd=7032766474 HTTP/1.1" 404 1251 "https://blog.newkolkata.in/get/66474pcywitems.htm" "Mozilla/5.0 AppleWebKit/537.36 (KHTML, like Gecko; compatible; GPTBot/1.3; +https://openai.com/gptbot)"
74.7.227.180 - - [06/Feb/2026:10:32:11 -0500] "GET /ctg/search/similarImageSearchResultView/?ctgItemCd=6429860440 HTTP/1.1" 404 1251 "https://blog.newkolkata.in/ite/60440kairtidm4.html" "Mozilla/5.0 AppleWebKit/537.36 (KHTML, like Gecko; compatible; GPTBot/1.3; +https://openai.com/gptbot)"
74.7.227.180 - - [06/Feb/2026:10:32:15 -0500] "GET /ctg/search/similarImageSearchResultView/?ctgItemCd=1450010563 HTTP/1.1" 404 1251 "https://blog.newkolkata.in/geti/10563tjvfitems.htm" "Mozilla/5.0 AppleWebKit/537.36 (KHTML, like Gecko; compatible; GPTBot/1.3; +https://openai.com/gptbot)"
74.7.227.180 - - [06/Feb/2026:10:32:18 -0500] "GET /ctg/search/similarImageSearchResultView/?ctgItemCd=1613412694 HTTP/1.1" 404 1251 "https://blog.newkolkata.in/get/12694cejpitems" "Mozilla/5.0 AppleWebKit/537.36 (KHTML, like Gecko; compatible; GPTBot/1.3; +https://openai.com/gptbot)"
74.7.227.180 - - [06/Feb/2026:10:32:21 -0500] "GET /ctg/search/similarImageSearchResultView/?ctgItemCd=6156357601 HTTP/1.1" 404 1251 "https://blog.newkolkata.in/items/57601mvrvtid.html" "Mozilla/5.0 AppleWebKit/537.36 (KHTML, like Gecko; compatible; GPTBot/1.3; +https://openai.com/gptbot)"
74.7.227.180 - - [06/Feb/2026:10:32:24 -0500] "GET /ctg/search/similarImageSearchResultView/?ctgItemCd=4148737659 HTTP/1.1" 404 1251 "https://blog.newkolkata.in/get/37659jahtitems.htm" "Mozilla/5.0 AppleWebKit/537.36 (KHTML, like Gecko; compatible; GPTBot/1.3; +https://openai.com/gptbot)"
74.7.227.180 - - [06/Feb/2026:10:32:27 -0500] "GET /ctg/search/similarImageSearchResultView/?ctgItemCd=5439150061 HTTP/1.1" 404 1251 "https://blog.newkolkata.in/getidm199/50061zslyitems.htm" "Mozilla/5.0 AppleWebKit/537.36 (KHTML, like Gecko; compatible; GPTBot/1.3; +https://openai.com/gptbot)"
74.7.227.180 - - [06/Feb/2026:10:32:30 -0500] "GET /ctg/search/similarImageSearchResultView/?ctgItemCd=2678023128 HTTP/1.1" 404 1251 "https://blog.newkolkata.in/getid/23128sejmitems" "Mozilla/5.0 AppleWebKit/537.36 (KHTML, like Gecko; compatible; GPTBot/1.3; +https://openai.com/gptbot)"
74.7.227.180 - - [06/Feb/2026:10:32:33 -0500] "GET /ctg/search/similarImageSearchResultView/?ctgItemCd=8044876116 HTTP/1.1" 404 1251 "https://blog.newkolkata.in/getidm487/76116mvrvitems.htm" "Mozilla/5.0 AppleWebKit/537.36 (KHTML, like Gecko; compatible; GPTBot/1.3; +https://openai.com/gptbot)"
74.7.227.180 - - [06/Feb/2026:10:32:37 -0500] "GET /ctg/search/similarImageSearchResultView/?ctgItemCd=1906015075 HTTP/1.1" 404 1251 "https://blog.newkolkata.in/getidm4575/15075ulgpitems" "Mozilla/5.0 AppleWebKit/537.36 (KHTML, like Gecko; compatible; GPTBot/1.3; +https://openai.com/gptbot)"
74.7.227.180 - - [06/Feb/2026:10:32:40 -0500] "GET /ctg/search/similarImageSearchResultView/?ctgItemCd=5216048607 HTTP/1.1" 404 1251 "https://blog.newkolkata.in/geti/48607kairitems" "Mozilla/5.0 AppleWebKit/537.36 (KHTML, like Gecko; compatible; GPTBot/1.3; +https://openai.com/gptbot)"
74.7.227.180 - - [06/Feb/2026:10:32:43 -0500] "GET /ctg/search/similarImageSearchResultView/?ctgItemCd=5077646789 HTTP/1.1" 404 1251 "https://blog.newkolkata.in/getidm6828/46789jahtitems" "Mozilla/5.0 AppleWebKit/537.36 (KHTML, like Gecko; compatible; GPTBot/1.3; +https://openai.com/gptbot)"
85.208.96.197 - - [06/Feb/2026:10:32:45 -0500] "GET /getid/95248ccoyitems HTTP/1.1" 404 1251 "-" "Mozilla/5.0 (compatible; SemrushBot/7~bl; +http://www.semrush.com/bot.html)"
66.249.66.203 - - [06/Feb/2026:10:32:45 -0500] "GET /detail.php?products/97779284118 HTTP/1.1" 404 1251 "-" "Mozilla/5.0 (Linux; Android 6.0.1; Nexus 5X Build/MMB29P) AppleWebKit/537.36 (KHTML, like Gecko) Chrome/144.0.7559.132 Mobile Safari/537.36 (compatible; Googlebot/2.1; +http://www.google.com/bot.html)"
74.7.227.180 - - [06/Feb/2026:10:32:46 -0500] "GET /ctg/search/similarImageSearchResultView/?ctgItemCd=5276248833 HTTP/1.1" 404 1251 "https://blog.newkolkata.in/geti/48833kairitems.htm" "Mozilla/5.0 AppleWebKit/537.36 (KHTML, like Gecko; compatible; GPTBot/1.3; +https://openai.com/gptbot)"
74.7.227.180 - - [06/Feb/2026:10:32:49 -0500] "GET /ctg/search/similarImageSearchResultView/?ctgItemCd=4723143250 HTTP/1.1" 404 1251 "https://blog.newkolkata.in/ite/43250sejmtidm896.html" "Mozilla/5.0 AppleWebKit/537.36 (KHTML, like Gecko; compatible; GPTBot/1.3; +https://openai.com/gptbot)"
74.7.227.180 - - [06/Feb/2026:10:32:52 -0500] "GET /ctg/search/similarImageSearchResultView/?ctgItemCd=9350689433 HTTP/1.1" 404 1251 "https://blog.newkolkata.in/getid/89433zslyitems.htm" "Mozilla/5.0 AppleWebKit/537.36 (KHTML, like Gecko; compatible; GPTBot/1.3; +https://openai.com/gptbot)"
185.191.171.16 - - [06/Feb/2026:10:32:54 -0500] "GET /getidm2/84922jahtitems HTTP/1.1" 404 1251 "-" "Mozilla/5.0 (compatible; SemrushBot/7~bl; +http://www.semrush.com/bot.html)"
74.7.227.180 - - [06/Feb/2026:10:32:55 -0500] "GET /ctg/search/similarImageSearchResultView/?ctgItemCd=6938065436 HTTP/1.1" 404 1251 "https://blog.newkolkata.in/geti/65436ulgpitems.htm" "Mozilla/5.0 AppleWebKit/537.36 (KHTML, like Gecko; compatible; GPTBot/1.3; +https://openai.com/gptbot)"
85.208.96.193 - - [06/Feb/2026:10:32:57 -0500] "GET /getidm/169441ulgpitems HTTP/1.1" 404 1251 "-" "Mozilla/5.0 (compatible; SemrushBot/7~bl; +http://www.semrush.com/bot.html)"
74.7.227.180 - - [06/Feb/2026:10:32:58 -0500] "GET /ctg/search/similarImageSearchResultView/?ctgItemCd=2183517879 HTTP/1.1" 404 1251 "https://blog.newkolkata.in/items/17879ulgptid.html" "Mozilla/5.0 AppleWebKit/537.36 (KHTML, like Gecko; compatible; GPTBot/1.3; +https://openai.com/gptbot)"
74.7.227.180 - - [06/Feb/2026:10:33:01 -0500] "GET /ctg/search/similarImageSearchResultView/?ctgItemCd=7500671554 HTTP/1.1" 404 1251 "https://blog.newkolkata.in/get/71554ccoyitems" "Mozilla/5.0 AppleWebKit/537.36 (KHTML, like Gecko; compatible; GPTBot/1.3; +https://openai.com/gptbot)"
74.7.227.180 - - [06/Feb/2026:10:33:04 -0500] "GET /ctg/search/similarImageSearchResultView/?ctgItemCd=8447780196 HTTP/1.1" 404 1251 "https://blog.newkolkata.in/getidm51/80196zslyitems.htm" "Mozilla/5.0 AppleWebKit/537.36 (KHTML, like Gecko; compatible; GPTBot/1.3; +https://openai.com/gptbot)"
185.191.171.4 - - [06/Feb/2026:10:33:06 -0500] "GET /get/73006sejmitems HTTP/1.1" 404 1251 "-" "Mozilla/5.0 (compatible; SemrushBot/7~bl; +http://www.semrush.com/bot.html)"
85.208.96.212 - - [06/Feb/2026:10:33:07 -0500] "GET /getidm7/131578ccoyitems HTTP/1.1" 404 1251 "-" "Mozilla/5.0 (compatible; SemrushBot/7~bl; +http://www.semrush.com/bot.html)"
74.7.227.180 - - [06/Feb/2026:10:33:08 -0500] "GET /ctg/search/similarImageSearchResultView/?ctgItemCd=2004815810 HTTP/1.1" 404 1251 "https://blog.newkolkata.in/getidm78/15810jahtitems.htm" "Mozilla/5.0 AppleWebKit/537.36 (KHTML, like Gecko; compatible; GPTBot/1.3; +https://openai.com/gptbot)"
74.7.227.180 - - [06/Feb/2026:10:33:11 -0500] "GET /ctg/search/similarImageSearchResultView/?ctgItemCd=8453980596 HTTP/1.1" 404 1251 "https://blog.newkolkata.in/getidm447/80596tjvfitems" "Mozilla/5.0 AppleWebKit/537.36 (KHTML, like Gecko; compatible; GPTBot/1.3; +https://openai.com/gptbot)"
74.7.227.180 - - [06/Feb/2026:10:33:14 -0500] "GET /ctg/search/similarImageSearchResultView/?ctgItemCd=5087546896 HTTP/1.1" 404 1251 "https://blog.newkolkata.in/geti/46896zslyitems.htm" "Mozilla/5.0 AppleWebKit/537.36 (KHTML, like Gecko; compatible; GPTBot/1.3; +https://openai.com/gptbot)"
74.7.227.180 - - [06/Feb/2026:10:33:17 -0500] "GET /ctg/search/similarImageSearchResultView/?ctgItemCd=5615952280 HTTP/1.1" 404 1251 "https://blog.newkolkata.in/ite/52280tjvftidm3.html" "Mozilla/5.0 AppleWebKit/537.36 (KHTML, like Gecko; compatible; GPTBot/1.3; +https://openai.com/gptbot)"
136.158.24.122 - - [06/Feb/2026:10:33:17 -0500] "GET / HTTP/1.1" 200 1671 "-" "Mozilla/5.0 (Windows NT 10.0; Win64; x64) AppleWebKit/537.36 (KHTML, like Gecko) Chrome/120.0.0.0 Safari/537.36"
136.158.24.122 - - [06/Feb/2026:10:33:18 -0500] "GET /wp-login.php HTTP/1.1" 200 2143 "-" "Mozilla/5.0 (Windows NT 10.0; Win64; x64) AppleWebKit/537.36 (KHTML, like Gecko) Chrome/120.0.0.0 Safari/537.36"
74.7.227.180 - - [06/Feb/2026:10:33:20 -0500] "GET /ctg/search/similarImageSearchResultView/?ctgItemCd=9418490295 HTTP/1.1" 404 1251 "https://blog.newkolkata.in/getidm21/90295pcywitems" "Mozilla/5.0 AppleWebKit/537.36 (KHTML, like Gecko; compatible; GPTBot/1.3; +https://openai.com/gptbot)"
85.208.96.208 - - [06/Feb/2026:10:33:22 -0500] "GET /item/208406cejptid.html HTTP/1.1" 404 1251 "-" "Mozilla/5.0 (compatible; SemrushBot/7~bl; +http://www.semrush.com/bot.html)"
74.7.227.180 - - [06/Feb/2026:10:33:23 -0500] "GET /ctg/search/similarImageSearchResultView/?ctgItemCd=8459980378 HTTP/1.1" 404 1251 "https://blog.newkolkata.in/items/80378tjvftidm952.html" "Mozilla/5.0 AppleWebKit/537.36 (KHTML, like Gecko; compatible; GPTBot/1.3; +https://openai.com/gptbot)"
74.7.227.180 - - [06/Feb/2026:10:33:27 -0500] "GET /ctg/search/similarImageSearchResultView/?ctgItemCd=6812864471 HTTP/1.1" 404 1251 "https://blog.newkolkata.in/getid/64471ccoyitems" "Mozilla/5.0 AppleWebKit/537.36 (KHTML, like Gecko; compatible; GPTBot/1.3; +https://openai.com/gptbot)"
85.208.96.207 - - [06/Feb/2026:10:33:28 -0500] "GET /getidm/250153pcywitems HTTP/1.1" 404 1251 "-" "Mozilla/5.0 (compatible; SemrushBot/7~bl; +http://www.semrush.com/bot.html)"
74.7.227.180 - - [06/Feb/2026:10:33:30 -0500] "GET /ctg/search/similarImageSearchResultView/?ctgItemCd=8327079034 HTTP/1.1" 404 1251 "https://blog.newkolkata.in/items/79034mvrvtidm836.html" "Mozilla/5.0 AppleWebKit/537.36 (KHTML, like Gecko; compatible; GPTBot/1.3; +https://openai.com/gptbot)"
198.54.126.162 - - [06/Feb/2026:10:33:30 -0500] "POST /wp-cron.php?doing_wp_cron=1770392010.4065499305725097656250 HTTP/1.1" 200 0 "-" "WordPress/6.9.1; https://blog.newkolkata.in"
136.158.24.122 - - [06/Feb/2026:10:33:20 -0500] "POST /wp-login.php HTTP/1.1" 302 0 "https://blog.newkolkata.in/wp-login.php" "Mozilla/5.0 (Windows NT 10.0; Win64; x64) AppleWebKit/537.36 (KHTML, like Gecko) Chrome/120.0.0.0 Safari/537.36"
74.7.227.180 - - [06/Feb/2026:10:33:33 -0500] "GET /ctg/search/similarImageSearchResultView/?ctgItemCd=4497140833 HTTP/1.1" 404 1251 "https://blog.newkolkata.in/getidm/40833sejmitems.htm" "Mozilla/5.0 AppleWebKit/537.36 (KHTML, like Gecko; compatible; GPTBot/1.3; +https://openai.com/gptbot)"
74.7.227.180 - - [06/Feb/2026:10:33:36 -0500] "GET /ctg/search/similarImageSearchResultView/?ctgItemCd=1869114763 HTTP/1.1" 404 1251 "https://blog.newkolkata.in/items/14763jahttid.html" "Mozilla/5.0 AppleWebKit/537.36 (KHTML, like Gecko; compatible; GPTBot/1.3; +https://openai.com/gptbot)"
74.7.227.180 - - [06/Feb/2026:10:33:39 -0500] "GET /ctg/search/similarImageSearchResultView/?ctgItemCd=1630512374 HTTP/1.1" 404 1251 "https://blog.newkolkata.in/items/12374ccoytid.html" "Mozilla/5.0 AppleWebKit/537.36 (KHTML, like Gecko; compatible; GPTBot/1.3; +https://openai.com/gptbot)"
74.7.227.180 - - [06/Feb/2026:10:33:42 -0500] "GET /ctg/search/similarImageSearchResultView/?ctgItemCd=3836134918 HTTP/1.1" 404 1251 "https://blog.newkolkata.in/get/34918cejpitems" "Mozilla/5.0 AppleWebKit/537.36 (KHTML, like Gecko; compatible; GPTBot/1.3; +https://openai.com/gptbot)"
136.158.24.122 - - [06/Feb/2026:10:33:32 -0500] "GET /wp-admin/ HTTP/1.1" 200 47345 "https://blog.newkolkata.in/wp-login.php" "Mozilla/5.0 (Windows NT 10.0; Win64; x64) AppleWebKit/537.36 (KHTML, like Gecko) Chrome/120.0.0.0 Safari/537.36"
74.7.227.180 - - [06/Feb/2026:10:33:45 -0500] "GET /ctg/search/similarImageSearchResultView/?ctgItemCd=5027846029 HTTP/1.1" 404 1251 "https://blog.newkolkata.in/getidm49/46029ccoyitems.htm" "Mozilla/5.0 AppleWebKit/537.36 (KHTML, like Gecko; compatible; GPTBot/1.3; +https://openai.com/gptbot)"
185.191.171.6 - - [06/Feb/2026:10:33:46 -0500] "GET /get/114645ulgpitems.htm HTTP/1.1" 404 1251 "-" "Mozilla/5.0 (compatible; SemrushBot/7~bl; +http://www.semrush.com/bot.html)"
74.7.227.180 - - [06/Feb/2026:10:33:48 -0500] "GET /ctg/search/similarImageSearchResultView/?ctgItemCd=3019725795 HTTP/1.1" 404 1251 "https://blog.newkolkata.in/items/25795mvrvtidm291877.html" "Mozilla/5.0 AppleWebKit/537.36 (KHTML, like Gecko; compatible; GPTBot/1.3; +https://openai.com/gptbot)"
185.191.171.17 - - [06/Feb/2026:10:33:48 -0500] "GET /getidm/176689ulgpitems HTTP/1.1" 404 1251 "-" "Mozilla/5.0 (compatible; SemrushBot/7~bl; +http://www.semrush.com/bot.html)"
74.7.227.180 - - [06/Feb/2026:10:33:51 -0500] "GET /ctg/search/similarImageSearchResultView/?ctgItemCd=7261968566 HTTP/1.1" 404 1251 "https://blog.newkolkata.in/getid/68566tjvfitems.htm" "Mozilla/5.0 AppleWebKit/537.36 (KHTML, like Gecko; compatible; GPTBot/1.3; +https://openai.com/gptbot)"
201.87.251.110 - - [06/Feb/2026:10:33:51 -0500] "GET /wp-admin/admin-ajax.php?action=rest-nonce HTTP/1.1" 200 14 "-" "Mozilla/5.0 (Windows NT 10.0; Win64; x64) AppleWebKit/537.36 (KHTML, like Gecko) Chrome/120.0.0.0 Safari/537.36"
201.87.251.110 - - [06/Feb/2026:10:33:52 -0500] "GET /wp-json/wp/v2/plugins HTTP/1.1" 404 1251 "-" "Mozilla/5.0 (Windows NT 10.0; Win64; x64) AppleWebKit/537.36 (KHTML, like Gecko) Chrome/120.0.0.0 Safari/537.36"
201.87.251.110 - - [06/Feb/2026:10:33:53 -0500] "GET /wp-json/wp/v2/settings HTTP/1.1" 404 1251 "-" "Mozilla/5.0 (Windows NT 10.0; Win64; x64) AppleWebKit/537.36 (KHTML, like Gecko) Chrome/120.0.0.0 Safari/537.36"
201.87.251.110 - - [06/Feb/2026:10:33:54 -0500] "GET /wp-json/wp/v2/pages?per_page=100&page=1&orderby=menu_order&order=asc&_fields=id,link,content HTTP/1.1" 404 1251 "-" "Mozilla/5.0 (Windows NT 10.0; Win64; x64) AppleWebKit/537.36 (KHTML, like Gecko) Chrome/120.0.0.0 Safari/537.36"
74.7.227.180 - - [06/Feb/2026:10:33:54 -0500] "GET /ctg/search/similarImageSearchResultView/?ctgItemCd=6832464502 HTTP/1.1" 404 1251 "https://blog.newkolkata.in/get/64502ccoyitems.htm" "Mozilla/5.0 AppleWebKit/537.36 (KHTML, like Gecko; compatible; GPTBot/1.3; +https://openai.com/gptbot)"
178.153.241.197 - - [06/Feb/2026:10:33:57 -0500] "GET / HTTP/1.1" 200 1670 "-" "Mozilla/5.0 (Windows NT 10.0; Win64; x64) AppleWebKit/537.36 (KHTML, like Gecko) Chrome/120.0.0.0 Safari/537.36"
74.7.227.180 - - [06/Feb/2026:10:33:58 -0500] "GET /ctg/search/similarImageSearchResultView/?ctgItemCd=3167927530 HTTP/1.1" 404 1251 "https://blog.newkolkata.in/items/27530ccoytidm85.html" "Mozilla/5.0 AppleWebKit/537.36 (KHTML, like Gecko; compatible; GPTBot/1.3; +https://openai.com/gptbot)"
178.153.241.197 - - [06/Feb/2026:10:33:58 -0500] "GET /wp-login.php HTTP/1.1" 200 2143 "-" "Mozilla/5.0 (Windows NT 10.0; Win64; x64) AppleWebKit/537.36 (KHTML, like Gecko) Chrome/120.0.0.0 Safari/537.36"
74.7.227.180 - - [06/Feb/2026:10:34:01 -0500] "GET /ctg/search/similarImageSearchResultView/?ctgItemCd=9178088305 HTTP/1.1" 404 1251 "https://blog.newkolkata.in/get/88305pcywitems" "Mozilla/5.0 AppleWebKit/537.36 (KHTML, like Gecko; compatible; GPTBot/1.3; +https://openai.com/gptbot)"
178.153.241.197 - - [06/Feb/2026:10:33:59 -0500] "POST /wp-login.php HTTP/1.1" 302 0 "https://blog.newkolkata.in/wp-login.php" "Mozilla/5.0 (Windows NT 10.0; Win64; x64) AppleWebKit/537.36 (KHTML, like Gecko) Chrome/120.0.0.0 Safari/537.36"
74.7.227.180 - - [06/Feb/2026:10:34:04 -0500] "GET /ctg/search/similarImageSearchResultView/?ctgItemCd=8977385562 HTTP/1.1" 404 1251 "https://blog.newkolkata.in/items/85562ulgptidm422.html" "Mozilla/5.0 AppleWebKit/537.36 (KHTML, like Gecko; compatible; GPTBot/1.3; +https://openai.com/gptbot)"
74.7.227.180 - - [06/Feb/2026:10:34:07 -0500] "GET /ctg/search/similarImageSearchResultView/?ctgItemCd=6701763540 HTTP/1.1" 404 1251 "https://blog.newkolkata.in/get/63540mvrvitems" "Mozilla/5.0 AppleWebKit/537.36 (KHTML, like Gecko; compatible; GPTBot/1.3; +https://openai.com/gptbot)"
74.7.227.180 - - [06/Feb/2026:10:34:11 -0500] "GET /ctg/search/similarImageSearchResultView/?ctgItemCd=2997225817 HTTP/1.1" 404 1251 "https://blog.newkolkata.in/items/25817ccoytidm85.html" "Mozilla/5.0 AppleWebKit/537.36 (KHTML, like Gecko; compatible; GPTBot/1.3; +https://openai.com/gptbot)"
178.153.241.197 - - [06/Feb/2026:10:34:04 -0500] "GET /wp-admin/ HTTP/1.1" 200 47374 "https://blog.newkolkata.in/wp-login.php" "Mozilla/5.0 (Windows NT 10.0; Win64; x64) AppleWebKit/537.36 (KHTML, like Gecko) Chrome/120.0.0.0 Safari/537.36"
85.208.96.201 - - [06/Feb/2026:10:34:12 -0500] "GET /get/94947mvrvitems.htm HTTP/1.1" 404 1251 "-" "Mozilla/5.0 (compatible; SemrushBot/7~bl; +http://www.semrush.com/bot.html)"
74.7.227.180 - - [06/Feb/2026:10:34:14 -0500] "GET /ctg/search/similarImageSearchResultView/?ctgItemCd=9723493034 HTTP/1.1" 404 1251 "https://blog.newkolkata.in/items/93034ccoytidm338.html" "Mozilla/5.0 AppleWebKit/537.36 (KHTML, like Gecko; compatible; GPTBot/1.3; +https://openai.com/gptbot)"
74.7.227.180 - - [06/Feb/2026:10:34:17 -0500] "GET /ctg/search/similarImageSearchResultView/?ctgItemCd=3306729614 HTTP/1.1" 404 1251 "https://blog.newkolkata.in/get/29614sejmitems" "Mozilla/5.0 AppleWebKit/537.36 (KHTML, like Gecko; compatible; GPTBot/1.3; +https://openai.com/gptbot)"
185.191.171.17 - - [06/Feb/2026:10:34:20 -0500] "GET /getidm/243265pcywitems HTTP/1.1" 404 1251 "-" "Mozilla/5.0 (compatible; SemrushBot/7~bl; +http://www.semrush.com/bot.html)"
74.7.227.180 - - [06/Feb/2026:10:34:20 -0500] "GET /ctg/search/similarImageSearchResultView/?ctgItemCd=2404819750 HTTP/1.1" 404 1251 "https://blog.newkolkata.in/items/19750zslytidm9961.html" "Mozilla/5.0 AppleWebKit/537.36 (KHTML, like Gecko; compatible; GPTBot/1.3; +https://openai.com/gptbot)"
176.121.5.31 - - [06/Feb/2026:10:34:13 -0500] "POST /xmlrpc.php HTTP/1.1" 200 243 "-" "WordPress/5.0; https://blog.newkolkata.in"
74.7.227.180 - - [06/Feb/2026:10:34:23 -0500] "GET /ctg/search/similarImageSearchResultView/?ctgItemCd=7098267296 HTTP/1.1" 404 1251 "https://blog.newkolkata.in/getid/67296pcywitems" "Mozilla/5.0 AppleWebKit/537.36 (KHTML, like Gecko; compatible; GPTBot/1.3; +https://openai.com/gptbot)"
85.208.96.208 - - [06/Feb/2026:10:34:24 -0500] "GET /geti/63630pcywitems.htm HTTP/1.1" 404 1251 "-" "Mozilla/5.0 (compatible; SemrushBot/7~bl; +http://www.semrush.com/bot.html)"
74.7.227.180 - - [06/Feb/2026:10:34:26 -0500] "GET /ctg/search/similarImageSearchResultView/?ctgItemCd=4510541290 HTTP/1.1" 404 1251 "https://blog.newkolkata.in/getidm7/41290ccoyitems" "Mozilla/5.0 AppleWebKit/537.36 (KHTML, like Gecko; compatible; GPTBot/1.3; +https://openai.com/gptbot)"
176.121.5.31 - - [06/Feb/2026:10:34:22 -0500] "GET /wp-admin/admin-ajax.php?action=rest-nonce HTTP/1.1" 200 14 "-" "Mozilla/5.0 (Windows NT 10.0; Win64; x64) AppleWebKit/537.36 (KHTML, like Gecko) Chrome/120.0.0.0 Safari/537.36"
176.121.5.31 - - [06/Feb/2026:10:34:28 -0500] "GET /wp-json/wp/v2/plugins HTTP/1.1" 404 1251 "-" "Mozilla/5.0 (Windows NT 10.0; Win64; x64) AppleWebKit/537.36 (KHTML, like Gecko) Chrome/120.0.0.0 Safari/537.36"
176.121.5.31 - - [06/Feb/2026:10:34:28 -0500] "GET /wp-json/wp/v2/settings HTTP/1.1" 404 1251 "-" "Mozilla/5.0 (Windows NT 10.0; Win64; x64) AppleWebKit/537.36 (KHTML, like Gecko) Chrome/120.0.0.0 Safari/537.36"
176.121.5.31 - - [06/Feb/2026:10:34:29 -0500] "GET /wp-json/wp/v2/pages?per_page=100&page=1&orderby=menu_order&order=asc&_fields=id,link,content HTTP/1.1" 404 1251 "-" "Mozilla/5.0 (Windows NT 10.0; Win64; x64) AppleWebKit/537.36 (KHTML, like Gecko) Chrome/120.0.0.0 Safari/537.36"
85.208.96.193 - - [06/Feb/2026:10:34:29 -0500] "GET /get/198708mvrvitems.htm HTTP/1.1" 404 1251 "-" "Mozilla/5.0 (compatible; SemrushBot/7~bl; +http://www.semrush.com/bot.html)"
74.7.227.180 - - [06/Feb/2026:10:34:29 -0500] "GET /ctg/search/similarImageSearchResultView/?ctgItemCd=7895175140 HTTP/1.1" 404 1251 "https://blog.newkolkata.in/getidm1/75140sejmitems" "Mozilla/5.0 AppleWebKit/537.36 (KHTML, like Gecko; compatible; GPTBot/1.3; +https://openai.com/gptbot)"
176.121.5.31 - - [06/Feb/2026:10:34:30 -0500] "POST /xmlrpc.php HTTP/1.1" 200 874 "-" "Mozilla/5.0 (Windows NT 10.0; Win64; x64) AppleWebKit/537.36 (KHTML, like Gecko) Chrome/120.0.0.0 Safari/537.36"
74.7.227.180 - - [06/Feb/2026:10:34:32 -0500] "GET /ctg/search/similarImageSearchResultView/?ctgItemCd=9055387094 HTTP/1.1" 404 1251 "https://blog.newkolkata.in/get/87094sejmitems" "Mozilla/5.0 AppleWebKit/537.36 (KHTML, like Gecko; compatible; GPTBot/1.3; +https://openai.com/gptbot)"
74.7.227.180 - - [06/Feb/2026:10:34:36 -0500] "GET /ctg/search/similarImageSearchResultView/?ctgItemCd=9664592376 HTTP/1.1" 404 1251 "https://blog.newkolkata.in/getidm89/92376ulgpitems.htm" "Mozilla/5.0 AppleWebKit/537.36 (KHTML, like Gecko; compatible; GPTBot/1.3; +https://openai.com/gptbot)"
198.54.126.162 - - [06/Feb/2026:10:34:37 -0500] "POST /wp-cron.php?doing_wp_cron=1770392077.6048519611358642578125 HTTP/1.1" 200 0 "-" "WordPress/6.9.1; https://blog.newkolkata.in"
176.121.5.31 - - [06/Feb/2026:10:34:33 -0500] "POST /xmlrpc.php HTTP/1.1" 200 4405 "-" "WordPress/5.0; https://blog.newkolkata.in"
74.7.227.180 - - [06/Feb/2026:10:34:39 -0500] "GET /ctg/search/similarImageSearchResultView/?ctgItemCd=7420970283 HTTP/1.1" 404 1251 "https://blog.newkolkata.in/getidm602/70283ulgpitems" "Mozilla/5.0 AppleWebKit/537.36 (KHTML, like Gecko; compatible; GPTBot/1.3; +https://openai.com/gptbot)"
74.7.227.180 - - [06/Feb/2026:10:34:42 -0500] "GET /ctg/search/similarImageSearchResultView/?ctgItemCd=7127467348 HTTP/1.1" 404 1251 "https://blog.newkolkata.in/getidm406/67348ccoyitems" "Mozilla/5.0 AppleWebKit/537.36 (KHTML, like Gecko; compatible; GPTBot/1.3; +https://openai.com/gptbot)"
74.7.227.180 - - [06/Feb/2026:10:34:45 -0500] "GET /ctg/search/similarImageSearchResultView/?ctgItemCd=6225758097 HTTP/1.1" 404 1251 "https://blog.newkolkata.in/items/58097ccoytidm93.html" "Mozilla/5.0 AppleWebKit/537.36 (KHTML, like Gecko; compatible; GPTBot/1.3; +https://openai.com/gptbot)"
74.7.227.180 - - [06/Feb/2026:10:34:48 -0500] "GET /ctg/search/similarImageSearchResultView/?ctgItemCd=5908255240 HTTP/1.1" 404 1251 "https://blog.newkolkata.in/get/55240pcywitems.htm" "Mozilla/5.0 AppleWebKit/537.36 (KHTML, like Gecko; compatible; GPTBot/1.3; +https://openai.com/gptbot)"
74.7.227.180 - - [06/Feb/2026:10:34:52 -0500] "GET /ctg/search/similarImageSearchResultView/?ctgItemCd=6472560906 HTTP/1.1" 404 1251 "https://blog.newkolkata.in/get/60906kairitems.htm" "Mozilla/5.0 AppleWebKit/537.36 (KHTML, like Gecko; compatible; GPTBot/1.3; +https://openai.com/gptbot)"
74.7.227.180 - - [06/Feb/2026:10:34:55 -0500] "GET /ctg/search/similarImageSearchResultView/?ctgItemCd=1814014662 HTTP/1.1" 404 1251 "https://blog.newkolkata.in/get/14662mvrvitems" "Mozilla/5.0 AppleWebKit/537.36 (KHTML, like Gecko; compatible; GPTBot/1.3; +https://openai.com/gptbot)"
74.7.227.180 - - [06/Feb/2026:10:34:58 -0500] "GET /ctg/search/similarImageSearchResultView/?ctgItemCd=7960175663 HTTP/1.1" 404 1251 "https://blog.newkolkata.in/geti/75663sejmitems.htm" "Mozilla/5.0 AppleWebKit/537.36 (KHTML, like Gecko; compatible; GPTBot/1.3; +https://openai.com/gptbot)"
74.7.227.180 - - [06/Feb/2026:10:35:01 -0500] "GET /ctg/search/similarImageSearchResultView/?ctgItemCd=4691043327 HTTP/1.1" 404 1251 "https://blog.newkolkata.in/geti/43327mvrvitems" "Mozilla/5.0 AppleWebKit/537.36 (KHTML, like Gecko; compatible; GPTBot/1.3; +https://openai.com/gptbot)"
74.7.227.180 - - [06/Feb/2026:10:35:04 -0500] "GET /ctg/search/similarImageSearchResultView/?ctgItemCd=3002625819 HTTP/1.1" 404 1251 "https://blog.newkolkata.in/getidm5/25819ulgpitems.htm" "Mozilla/5.0 AppleWebKit/537.36 (KHTML, like Gecko; compatible; GPTBot/1.3; +https://openai.com/gptbot)"
74.7.227.180 - - [06/Feb/2026:10:35:07 -0500] "GET /ctg/search/similarImageSearchResultView/?ctgItemCd=4732343870 HTTP/1.1" 404 1251 "https://blog.newkolkata.in/get/43870sejmitems" "Mozilla/5.0 AppleWebKit/537.36 (KHTML, like Gecko; compatible; GPTBot/1.3; +https://openai.com/gptbot)"
74.7.227.180 - - [06/Feb/2026:10:35:10 -0500] "GET /ctg/search/similarImageSearchResultView/?ctgItemCd=3375829626 HTTP/1.1" 404 1251 "https://blog.newkolkata.in/getidm/29626cejpitems.htm" "Mozilla/5.0 AppleWebKit/537.36 (KHTML, like Gecko; compatible; GPTBot/1.3; +https://openai.com/gptbot)"
74.7.227.180 - - [06/Feb/2026:10:35:13 -0500] "GET /ctg/search/similarImageSearchResultView/?ctgItemCd=1937515414 HTTP/1.1" 404 1251 "https://blog.newkolkata.in/geti/15414zslyitems.htm" "Mozilla/5.0 AppleWebKit/537.36 (KHTML, like Gecko; compatible; GPTBot/1.3; +https://openai.com/gptbot)"
74.7.227.180 - - [06/Feb/2026:10:35:17 -0500] "GET /ctg/search/similarImageSearchResultView/?ctgItemCd=8524381316 HTTP/1.1" 404 1251 "https://blog.newkolkata.in/getidm919/81316sejmitems" "Mozilla/5.0 AppleWebKit/537.36 (KHTML, like Gecko; compatible; GPTBot/1.3; +https://openai.com/gptbot)"
74.7.227.180 - - [06/Feb/2026:10:35:20 -0500] "GET /ctg/search/similarImageSearchResultView/?ctgItemCd=7808573990 HTTP/1.1" 404 1251 "https://blog.newkolkata.in/items/73990cejptidm8.html" "Mozilla/5.0 AppleWebKit/537.36 (KHTML, like Gecko; compatible; GPTBot/1.3; +https://openai.com/gptbot)"
74.7.227.180 - - [06/Feb/2026:10:35:23 -0500] "GET /ctg/search/similarImageSearchResultView/?ctgItemCd=5439850352 HTTP/1.1" 404 1251 "https://blog.newkolkata.in/getid/50352pcywitems.htm" "Mozilla/5.0 AppleWebKit/537.36 (KHTML, like Gecko; compatible; GPTBot/1.3; +https://openai.com/gptbot)"
185.191.171.11 - - [06/Feb/2026:10:35:24 -0500] "GET /get/93214sejmitems HTTP/1.1" 404 1251 "-" "Mozilla/5.0 (compatible; SemrushBot/7~bl; +http://www.semrush.com/bot.html)"
74.7.227.180 - - [06/Feb/2026:10:35:26 -0500] "GET /ctg/search/similarImageSearchResultView/?ctgItemCd=1782013948 HTTP/1.1" 404 1251 "https://blog.newkolkata.in/getidm68/13948kairitems" "Mozilla/5.0 AppleWebKit/537.36 (KHTML, like Gecko; compatible; GPTBot/1.3; +https://openai.com/gptbot)"
85.208.96.211 - - [06/Feb/2026:10:35:26 -0500] "GET /getid/131176zslyitems HTTP/1.1" 404 1251 "-" "Mozilla/5.0 (compatible; SemrushBot/7~bl; +http://www.semrush.com/bot.html)"
52.167.144.166 - - [06/Feb/2026:10:35:29 -0500] "GET /items/47157mvrvtid.html HTTP/1.1" 404 1251 "-" "Mozilla/5.0 AppleWebKit/537.36 (KHTML, like Gecko; compatible; bingbot/2.0; +http://www.bing.com/bingbot.htm) Chrome/116.0.1938.76 Safari/537.36"
74.7.227.180 - - [06/Feb/2026:10:35:29 -0500] "GET /ctg/search/similarImageSearchResultView/?ctgItemCd=6058256697 HTTP/1.1" 404 1251 "https://blog.newkolkata.in/getidm92/56697sejmitems" "Mozilla/5.0 AppleWebKit/537.36 (KHTML, like Gecko; compatible; GPTBot/1.3; +https://openai.com/gptbot)"
185.191.171.17 - - [06/Feb/2026:10:35:29 -0500] "GET /getidm1/103810sejmitems HTTP/1.1" 404 1251 "-" "Mozilla/5.0 (compatible; SemrushBot/7~bl; +http://www.semrush.com/bot.html)"
74.7.227.180 - - [06/Feb/2026:10:35:32 -0500] "GET /ctg/search/similarImageSearchResultView/?ctgItemCd=2288018645 HTTP/1.1" 404 1251 "https://blog.newkolkata.in/getidm53/18645cejpitems.htm" "Mozilla/5.0 AppleWebKit/537.36 (KHTML, like Gecko; compatible; GPTBot/1.3; +https://openai.com/gptbot)"
66.249.66.166 - - [06/Feb/2026:10:35:35 -0500] "GET /products.php?shop/mentalistic/phycocyanogen74126400161.html HTTP/1.1" 404 1251 "-" "Mozilla/5.0 (Linux; Android 6.0.1; Nexus 5X Build/MMB29P) AppleWebKit/537.36 (KHTML, like Gecko) Chrome/144.0.7559.132 Mobile Safari/537.36 (compatible; Googlebot/2.1; +http://www.google.com/bot.html)"
74.7.227.180 - - [06/Feb/2026:10:35:35 -0500] "GET /ctg/search/similarImageSearchResultView/?ctgItemCd=2395220310 HTTP/1.1" 404 1251 "https://blog.newkolkata.in/getid/20310sejmitems" "Mozilla/5.0 AppleWebKit/537.36 (KHTML, like Gecko; compatible; GPTBot/1.3; +https://openai.com/gptbot)"
74.7.227.180 - - [06/Feb/2026:10:35:38 -0500] "GET /ctg/search/similarImageSearchResultView/?ctgItemCd=7123467091 HTTP/1.1" 404 1251 "https://blog.newkolkata.in/getidm/67091sejmitems.htm" "Mozilla/5.0 AppleWebKit/537.36 (KHTML, like Gecko; compatible; GPTBot/1.3; +https://openai.com/gptbot)"
74.7.227.180 - - [06/Feb/2026:10:35:42 -0500] "GET /ctg/search/similarImageSearchResultView/?ctgItemCd=8019476272 HTTP/1.1" 404 1251 "https://blog.newkolkata.in/geti/76272cejpitems.htm" "Mozilla/5.0 AppleWebKit/537.36 (KHTML, like Gecko; compatible; GPTBot/1.3; +https://openai.com/gptbot)"
74.7.227.180 - - [06/Feb/2026:10:35:45 -0500] "GET /ctg/search/similarImageSearchResultView/?ctgItemCd=5312148920 HTTP/1.1" 404 1251 "https://blog.newkolkata.in/item/48920tjvftidm43740.html" "Mozilla/5.0 AppleWebKit/537.36 (KHTML, like Gecko; compatible; GPTBot/1.3; +https://openai.com/gptbot)"
74.7.227.180 - - [06/Feb/2026:10:35:49 -0500] "GET /ctg/search/similarImageSearchResultView/?ctgItemCd=5256348594 HTTP/1.1" 404 1251 "https://blog.newkolkata.in/geti/48594mvrvitems.htm" "Mozilla/5.0 AppleWebKit/537.36 (KHTML, like Gecko; compatible; GPTBot/1.3; +https://openai.com/gptbot)"
74.7.227.180 - - [06/Feb/2026:10:35:51 -0500] "GET /ctg/search/similarImageSearchResultView/?ctgItemCd=5174047851 HTTP/1.1" 404 1251 "https://blog.newkolkata.in/getidm12/47851pcywitems" "Mozilla/5.0 AppleWebKit/537.36 (KHTML, like Gecko; compatible; GPTBot/1.3; +https://openai.com/gptbot)"
74.7.227.180 - - [06/Feb/2026:10:35:55 -0500] "GET /ctg/search/similarImageSearchResultView/?ctgItemCd=7338769260 HTTP/1.1" 404 1251 "https://blog.newkolkata.in/ite/69260mvrvtidm79938.html" "Mozilla/5.0 AppleWebKit/537.36 (KHTML, like Gecko; compatible; GPTBot/1.3; +https://openai.com/gptbot)"
74.7.227.180 - - [06/Feb/2026:10:35:58 -0500] "GET /ctg/search/similarImageSearchResultView/?ctgItemCd=3468230709 HTTP/1.1" 404 1251 "https://blog.newkolkata.in/getidm6461/30709sejmitems" "Mozilla/5.0 AppleWebKit/537.36 (KHTML, like Gecko; compatible; GPTBot/1.3; +https://openai.com/gptbot)"
185.191.171.12 - - [06/Feb/2026:10:36:01 -0500] "GET /get/45022tjvfitems HTTP/1.1" 404 1251 "-" "Mozilla/5.0 (compatible; SemrushBot/7~bl; +http://www.semrush.com/bot.html)"
74.7.227.180 - - [06/Feb/2026:10:36:01 -0500] "GET /ctg/search/similarImageSearchResultView/?ctgItemCd=7981475873 HTTP/1.1" 404 1251 "https://blog.newkolkata.in/geti/75873sejmitems.htm" "Mozilla/5.0 AppleWebKit/537.36 (KHTML, like Gecko; compatible; GPTBot/1.3; +https://openai.com/gptbot)"
185.191.171.9 - - [06/Feb/2026:10:36:04 -0500] "GET /get/194398mvrvitems HTTP/1.1" 404 1251 "-" "Mozilla/5.0 (compatible; SemrushBot/7~bl; +http://www.semrush.com/bot.html)"
74.7.227.180 - - [06/Feb/2026:10:36:04 -0500] "GET /ctg/search/similarImageSearchResultView/?ctgItemCd=8041276181 HTTP/1.1" 404 1251 "https://blog.newkolkata.in/item/76181cejptidm164346.html" "Mozilla/5.0 AppleWebKit/537.36 (KHTML, like Gecko; compatible; GPTBot/1.3; +https://openai.com/gptbot)"
74.7.227.180 - - [06/Feb/2026:10:36:07 -0500] "GET /ctg/search/similarImageSearchResultView/?ctgItemCd=3115427370 HTTP/1.1" 404 1251 "https://blog.newkolkata.in/getidm/27370pcywitems" "Mozilla/5.0 AppleWebKit/537.36 (KHTML, like Gecko; compatible; GPTBot/1.3; +https://openai.com/gptbot)"
185.191.171.6 - - [06/Feb/2026:10:36:08 -0500] "GET /robots.txt HTTP/1.1" 200 281 "-" "Mozilla/5.0 (compatible; SemrushBot/7~bl; +http://www.semrush.com/bot.html)"
85.208.96.204 - - [06/Feb/2026:10:36:09 -0500] "GET /ite/8150pcywtid.html HTTP/1.1" 404 1251 "-" "Mozilla/5.0 (compatible; SemrushBot/7~bl; +http://www.semrush.com/bot.html)"
74.7.227.180 - - [06/Feb/2026:10:36:10 -0500] "GET /ctg/search/similarImageSearchResultView/?ctgItemCd=9126287446 HTTP/1.1" 404 1251 "https://blog.newkolkata.in/item/87446cejptid.html" "Mozilla/5.0 AppleWebKit/537.36 (KHTML, like Gecko; compatible; GPTBot/1.3; +https://openai.com/gptbot)"
74.7.227.180 - - [06/Feb/2026:10:36:13 -0500] "GET /ctg/search/similarImageSearchResultView/?ctgItemCd=9460390312 HTTP/1.1" 404 1251 "https://blog.newkolkata.in/getidm931/90312ccoyitems.htm" "Mozilla/5.0 AppleWebKit/537.36 (KHTML, like Gecko; compatible; GPTBot/1.3; +https://openai.com/gptbot)"
74.7.227.180 - - [06/Feb/2026:10:36:16 -0500] "GET /ctg/search/similarImageSearchResultView/?ctgItemCd=9015186158 HTTP/1.1" 404 1251 "https://blog.newkolkata.in/getidm2492/86158tjvfitems" "Mozilla/5.0 AppleWebKit/537.36 (KHTML, like Gecko; compatible; GPTBot/1.3; +https://openai.com/gptbot)"
74.7.227.180 - - [06/Feb/2026:10:36:20 -0500] "GET /ctg/search/similarImageSearchResultView/?ctgItemCd=6594561674 HTTP/1.1" 404 1251 "https://blog.newkolkata.in/getidm47/61674pcywitems.htm" "Mozilla/5.0 AppleWebKit/537.36 (KHTML, like Gecko; compatible; GPTBot/1.3; +https://openai.com/gptbot)"
74.7.227.180 - - [06/Feb/2026:10:36:23 -0500] "GET /ctg/search/similarImageSearchResultView/?ctgItemCd=9183687864 HTTP/1.1" 404 1251 "https://blog.newkolkata.in/geti/87864mvrvitems.htm" "Mozilla/5.0 AppleWebKit/537.36 (KHTML, like Gecko; compatible; GPTBot/1.3; +https://openai.com/gptbot)"
74.7.227.180 - - [06/Feb/2026:10:36:26 -0500] "GET /ctg/search/similarImageSearchResultView/?ctgItemCd=3618031968 HTTP/1.1" 404 1251 "https://blog.newkolkata.in/getidm6/31968tjvfitems.htm" "Mozilla/5.0 AppleWebKit/537.36 (KHTML, like Gecko; compatible; GPTBot/1.3; +https://openai.com/gptbot)"
74.7.227.180 - - [06/Feb/2026:10:36:29 -0500] "GET /ctg/search/similarImageSearchResultView/?ctgItemCd=7415770028 HTTP/1.1" 404 1251 "https://blog.newkolkata.in/getidm/70028kairitems.htm" "Mozilla/5.0 AppleWebKit/537.36 (KHTML, like Gecko; compatible; GPTBot/1.3; +https://openai.com/gptbot)"
85.208.96.200 - - [06/Feb/2026:10:36:31 -0500] "GET /getidm9/44386kairitems HTTP/1.1" 404 1251 "-" "Mozilla/5.0 (compatible; SemrushBot/7~bl; +http://www.semrush.com/bot.html)"
74.7.227.180 - - [06/Feb/2026:10:36:32 -0500] "GET /ctg/search/similarImageSearchResultView/?ctgItemCd=9593691752 HTTP/1.1" 404 1251 "https://blog.newkolkata.in/getidm5/91752cejpitems.htm" "Mozilla/5.0 AppleWebKit/537.36 (KHTML, like Gecko; compatible; GPTBot/1.3; +https://openai.com/gptbot)"
74.7.227.180 - - [06/Feb/2026:10:36:36 -0500] "GET /ctg/search/similarImageSearchResultView/?ctgItemCd=9412390309 HTTP/1.1" 404 1251 "https://blog.newkolkata.in/get/90309cejpitems.htm" "Mozilla/5.0 AppleWebKit/537.36 (KHTML, like Gecko; compatible; GPTBot/1.3; +https://openai.com/gptbot)"
66.249.66.74 - - [06/Feb/2026:10:36:37 -0500] "GET /desafia-tu-ingenio-y-reflejos-en-el-trepidante-chicken-road-donde-cada-cruce-es-una-nueva-oportuni/ HTTP/1.1" 404 1251 "-" "Mozilla/5.0 (Linux; Android 6.0.1; Nexus 5X Build/MMB29P) AppleWebKit/537.36 (KHTML, like Gecko) Chrome/144.0.7559.132 Mobile Safari/537.36 (compatible; Googlebot/2.1; +http://www.google.com/bot.html)"
74.7.227.180 - - [06/Feb/2026:10:36:39 -0500] "GET /ctg/search/similarImageSearchResultView/?ctgItemCd=6639562804 HTTP/1.1" 404 1251 "https://blog.newkolkata.in/geti/62804zslyitems" "Mozilla/5.0 AppleWebKit/537.36 (KHTML, like Gecko; compatible; GPTBot/1.3; +https://openai.com/gptbot)"
74.7.227.180 - - [06/Feb/2026:10:36:42 -0500] "GET /ctg/search/similarImageSearchResultView/?ctgItemCd=4677242597 HTTP/1.1" 404 1251 "https://blog.newkolkata.in/getidm/42597mvrvitems.htm" "Mozilla/5.0 AppleWebKit/537.36 (KHTML, like Gecko; compatible; GPTBot/1.3; +https://openai.com/gptbot)"
