185.191.171.3 - - [06/Feb/2026:11:13:45 -0500] "GET /getidm/192697pcywitems HTTP/1.1" 404 1251 "-" "Mozilla/5.0 (compatible; SemrushBot/7~bl; +http://www.semrush.com/bot.html)"
74.7.227.180 - - [06/Feb/2026:11:13:48 -0500] "GET /ctg/search/similarImageSearchResultView/?ctgItemCd=9489691040 HTTP/1.1" 404 1251 "https://blog.newkolkata.in/ite/91040cejptidm7.html" "Mozilla/5.0 AppleWebKit/537.36 (KHTML, like Gecko; compatible; GPTBot/1.3; +https://openai.com/gptbot)"
185.191.171.13 - - [06/Feb/2026:11:13:50 -0500] "GET /getid/5800jahtitems HTTP/1.1" 404 1251 "-" "Mozilla/5.0 (compatible; SemrushBot/7~bl; +http://www.semrush.com/bot.html)"
74.7.227.180 - - [06/Feb/2026:11:13:51 -0500] "GET /ctg/search/similarImageSearchResultView/?ctgItemCd=3139727044 HTTP/1.1" 404 1251 "https://blog.newkolkata.in/items/27044cejptidm580969.html" "Mozilla/5.0 AppleWebKit/537.36 (KHTML, like Gecko; compatible; GPTBot/1.3; +https://openai.com/gptbot)"
85.208.96.208 - - [06/Feb/2026:11:13:52 -0500] "GET /getidm/23473kairitems HTTP/1.1" 404 1251 "-" "Mozilla/5.0 (compatible; SemrushBot/7~bl; +http://www.semrush.com/bot.html)"
74.7.227.180 - - [06/Feb/2026:11:13:54 -0500] "GET /ctg/search/similarImageSearchResultView/?ctgItemCd=6937965237 HTTP/1.1" 404 1251 "https://blog.newkolkata.in/getidm/65237ccoyitems.htm" "Mozilla/5.0 AppleWebKit/537.36 (KHTML, like Gecko; compatible; GPTBot/1.3; +https://openai.com/gptbot)"
74.7.227.180 - - [06/Feb/2026:11:13:57 -0500] "GET /ctg/search/similarImageSearchResultView/?ctgItemCd=2539421575 HTTP/1.1" 404 1251 "https://blog.newkolkata.in/ite/21575ccoytidm.html" "Mozilla/5.0 AppleWebKit/537.36 (KHTML, like Gecko; compatible; GPTBot/1.3; +https://openai.com/gptbot)"
74.7.227.180 - - [06/Feb/2026:11:14:00 -0500] "GET /ctg/search/similarImageSearchResultView/?ctgItemCd=8134077100 HTTP/1.1" 404 1251 "https://blog.newkolkata.in/item/77100cejptidm952889.html" "Mozilla/5.0 AppleWebKit/537.36 (KHTML, like Gecko; compatible; GPTBot/1.3; +https://openai.com/gptbot)"
85.208.96.198 - - [06/Feb/2026:11:14:01 -0500] "GET /get/212278zslyitems HTTP/1.1" 404 1251 "-" "Mozilla/5.0 (compatible; SemrushBot/7~bl; +http://www.semrush.com/bot.html)"
74.7.227.180 - - [06/Feb/2026:11:14:03 -0500] "GET /ctg/search/similarImageSearchResultView/?ctgItemCd=2587021890 HTTP/1.1" 404 1251 "https://blog.newkolkata.in/ite/21890ccoytidm278.html" "Mozilla/5.0 AppleWebKit/537.36 (KHTML, like Gecko; compatible; GPTBot/1.3; +https://openai.com/gptbot)"
74.7.227.180 - - [06/Feb/2026:11:14:06 -0500] "GET /ctg/search/similarImageSearchResultView/?ctgItemCd=3517031189 HTTP/1.1" 404 1251 "https://blog.newkolkata.in/getidm2867/31189ccoyitems" "Mozilla/5.0 AppleWebKit/537.36 (KHTML, like Gecko; compatible; GPTBot/1.3; +https://openai.com/gptbot)"
185.191.171.11 - - [06/Feb/2026:11:14:07 -0500] "GET /getidm1/147850ccoyitems HTTP/1.1" 404 1251 "-" "Mozilla/5.0 (compatible; SemrushBot/7~bl; +http://www.semrush.com/bot.html)"
74.7.227.180 - - [06/Feb/2026:11:14:10 -0500] "GET /ctg/search/similarImageSearchResultView/?ctgItemCd=2356319741 HTTP/1.1" 404 1251 "https://blog.newkolkata.in/ite/19741sejmtidm.html" "Mozilla/5.0 AppleWebKit/537.36 (KHTML, like Gecko; compatible; GPTBot/1.3; +https://openai.com/gptbot)"
74.7.227.180 - - [06/Feb/2026:11:14:13 -0500] "GET /ctg/search/similarImageSearchResultView/?ctgItemCd=3204727842 HTTP/1.1" 404 1251 "https://blog.newkolkata.in/items/27842ccoytidm708.html" "Mozilla/5.0 AppleWebKit/537.36 (KHTML, like Gecko; compatible; GPTBot/1.3; +https://openai.com/gptbot)"
74.7.227.180 - - [06/Feb/2026:11:14:16 -0500] "GET /ctg/search/similarImageSearchResultView/?ctgItemCd=6177257540 HTTP/1.1" 404 1251 "https://blog.newkolkata.in/items/57540zslytidm611.html" "Mozilla/5.0 AppleWebKit/537.36 (KHTML, like Gecko; compatible; GPTBot/1.3; +https://openai.com/gptbot)"
85.208.96.211 - - [06/Feb/2026:11:14:17 -0500] "GET /getidm/193489jahtitems HTTP/1.1" 404 1251 "-" "Mozilla/5.0 (compatible; SemrushBot/7~bl; +http://www.semrush.com/bot.html)"
74.7.227.180 - - [06/Feb/2026:11:14:19 -0500] "GET /ctg/search/similarImageSearchResultView/?ctgItemCd=5116747512 HTTP/1.1" 404 1251 "https://blog.newkolkata.in/getid/47512sejmitems" "Mozilla/5.0 AppleWebKit/537.36 (KHTML, like Gecko; compatible; GPTBot/1.3; +https://openai.com/gptbot)"
74.7.227.180 - - [06/Feb/2026:11:14:22 -0500] "GET /ctg/search/similarImageSearchResultView/?ctgItemCd=5079846871 HTTP/1.1" 404 1251 "https://blog.newkolkata.in/item/46871kairtidm.html" "Mozilla/5.0 AppleWebKit/537.36 (KHTML, like Gecko; compatible; GPTBot/1.3; +https://openai.com/gptbot)"
74.7.227.180 - - [06/Feb/2026:11:14:25 -0500] "GET /ctg/search/similarImageSearchResultView/?ctgItemCd=9104687050 HTTP/1.1" 404 1251 "https://blog.newkolkata.in/ite/87050pcywtidm615.html" "Mozilla/5.0 AppleWebKit/537.36 (KHTML, like Gecko; compatible; GPTBot/1.3; +https://openai.com/gptbot)"
185.191.171.14 - - [06/Feb/2026:11:14:28 -0500] "GET /get/215086jahtitems HTTP/1.1" 404 1251 "-" "Mozilla/5.0 (compatible; SemrushBot/7~bl; +http://www.semrush.com/bot.html)"
74.7.227.180 - - [06/Feb/2026:11:14:28 -0500] "GET /ctg/search/similarImageSearchResultView/?ctgItemCd=7257868417 HTTP/1.1" 404 1251 "https://blog.newkolkata.in/items/68417tjvftidm31.html" "Mozilla/5.0 AppleWebKit/537.36 (KHTML, like Gecko; compatible; GPTBot/1.3; +https://openai.com/gptbot)"
74.7.227.180 - - [06/Feb/2026:11:14:32 -0500] "GET /ctg/search/similarImageSearchResultView/?ctgItemCd=2190617930 HTTP/1.1" 404 1251 "https://blog.newkolkata.in/ite/17930cejptidm997.html" "Mozilla/5.0 AppleWebKit/537.36 (KHTML, like Gecko; compatible; GPTBot/1.3; +https://openai.com/gptbot)"
74.7.227.180 - - [06/Feb/2026:11:14:34 -0500] "GET /ctg/search/similarImageSearchResultView/?ctgItemCd=5012546294 HTTP/1.1" 404 1251 "https://blog.newkolkata.in/get/46294sejmitems.htm" "Mozilla/5.0 AppleWebKit/537.36 (KHTML, like Gecko; compatible; GPTBot/1.3; +https://openai.com/gptbot)"
74.7.227.180 - - [06/Feb/2026:11:14:38 -0500] "GET /ctg/search/similarImageSearchResultView/?ctgItemCd=4951745283 HTTP/1.1" 404 1251 "https://blog.newkolkata.in/getidm9/45283zslyitems.htm" "Mozilla/5.0 AppleWebKit/537.36 (KHTML, like Gecko; compatible; GPTBot/1.3; +https://openai.com/gptbot)"
74.7.227.180 - - [06/Feb/2026:11:14:41 -0500] "GET /ctg/search/similarImageSearchResultView/?ctgItemCd=7127367400 HTTP/1.1" 404 1251 "https://blog.newkolkata.in/ite/67400ccoytidm9.html" "Mozilla/5.0 AppleWebKit/537.36 (KHTML, like Gecko; compatible; GPTBot/1.3; +https://openai.com/gptbot)"
74.7.227.180 - - [06/Feb/2026:11:14:44 -0500] "GET /ctg/search/similarImageSearchResultView/?ctgItemCd=7661572690 HTTP/1.1" 404 1251 "https://blog.newkolkata.in/getidm715/72690ccoyitems" "Mozilla/5.0 AppleWebKit/537.36 (KHTML, like Gecko; compatible; GPTBot/1.3; +https://openai.com/gptbot)"
74.7.227.180 - - [06/Feb/2026:11:14:47 -0500] "GET /ctg/search/similarImageSearchResultView/?ctgItemCd=7397669872 HTTP/1.1" 404 1251 "https://blog.newkolkata.in/items/69872kairtidm8.html" "Mozilla/5.0 AppleWebKit/537.36 (KHTML, like Gecko; compatible; GPTBot/1.3; +https://openai.com/gptbot)"
74.7.227.180 - - [06/Feb/2026:11:14:50 -0500] "GET /ctg/search/similarImageSearchResultView/?ctgItemCd=9747393513 HTTP/1.1" 404 1251 "https://blog.newkolkata.in/geti/93513mvrvitems.htm" "Mozilla/5.0 AppleWebKit/537.36 (KHTML, like Gecko; compatible; GPTBot/1.3; +https://openai.com/gptbot)"
74.7.227.180 - - [06/Feb/2026:11:14:53 -0500] "GET /ctg/search/similarImageSearchResultView/?ctgItemCd=2914525395 HTTP/1.1" 404 1251 "https://blog.newkolkata.in/ite/25395zslytid.html" "Mozilla/5.0 AppleWebKit/537.36 (KHTML, like Gecko; compatible; GPTBot/1.3; +https://openai.com/gptbot)"
74.7.227.180 - - [06/Feb/2026:11:14:56 -0500] "GET /ctg/search/similarImageSearchResultView/?ctgItemCd=9772193569 HTTP/1.1" 404 1251 "https://blog.newkolkata.in/items/93569kairtidm53.html" "Mozilla/5.0 AppleWebKit/537.36 (KHTML, like Gecko; compatible; GPTBot/1.3; +https://openai.com/gptbot)"
185.191.171.3 - - [06/Feb/2026:11:14:57 -0500] "GET /geti/182455kairitems HTTP/1.1" 404 1251 "-" "Mozilla/5.0 (compatible; SemrushBot/7~bl; +http://www.semrush.com/bot.html)"
74.7.227.180 - - [06/Feb/2026:11:14:59 -0500] "GET /ctg/search/similarImageSearchResultView/?ctgItemCd=4198738542 HTTP/1.1" 404 1251 "https://blog.newkolkata.in/get/38542jahtitems" "Mozilla/5.0 AppleWebKit/537.36 (KHTML, like Gecko; compatible; GPTBot/1.3; +https://openai.com/gptbot)"
74.7.227.180 - - [06/Feb/2026:11:15:02 -0500] "GET /ctg/search/similarImageSearchResultView/?ctgItemCd=9927295317 HTTP/1.1" 404 1251 "https://blog.newkolkata.in/getidm3111/95317cejpitems" "Mozilla/5.0 AppleWebKit/537.36 (KHTML, like Gecko; compatible; GPTBot/1.3; +https://openai.com/gptbot)"
74.7.227.180 - - [06/Feb/2026:11:15:06 -0500] "GET /ctg/search/similarImageSearchResultView/?ctgItemCd=6122057381 HTTP/1.1" 404 1251 "https://blog.newkolkata.in/get/57381ulgpitems.htm" "Mozilla/5.0 AppleWebKit/537.36 (KHTML, like Gecko; compatible; GPTBot/1.3; +https://openai.com/gptbot)"
74.7.227.180 - - [06/Feb/2026:11:15:09 -0500] "GET /ctg/search/similarImageSearchResultView/?ctgItemCd=7847874210 HTTP/1.1" 404 1251 "https://blog.newkolkata.in/items/74210pcywtidm4734.html" "Mozilla/5.0 AppleWebKit/537.36 (KHTML, like Gecko; compatible; GPTBot/1.3; +https://openai.com/gptbot)"
74.7.227.180 - - [06/Feb/2026:11:15:12 -0500] "GET /ctg/search/similarImageSearchResultView/?ctgItemCd=2032316870 HTTP/1.1" 404 1251 "https://blog.newkolkata.in/get/16870sejmitems" "Mozilla/5.0 AppleWebKit/537.36 (KHTML, like Gecko; compatible; GPTBot/1.3; +https://openai.com/gptbot)"
74.7.227.180 - - [06/Feb/2026:11:15:15 -0500] "GET /ctg/search/similarImageSearchResultView/?ctgItemCd=3476730593 HTTP/1.1" 404 1251 "https://blog.newkolkata.in/items/30593mvrvtidm33.html" "Mozilla/5.0 AppleWebKit/537.36 (KHTML, like Gecko; compatible; GPTBot/1.3; +https://openai.com/gptbot)"
185.191.171.17 - - [06/Feb/2026:11:15:16 -0500] "GET /geti/8551zslyitems HTTP/1.1" 404 1251 "-" "Mozilla/5.0 (compatible; SemrushBot/7~bl; +http://www.semrush.com/bot.html)"
74.7.227.180 - - [06/Feb/2026:11:15:18 -0500] "GET /ctg/search/similarImageSearchResultView/?ctgItemCd=8415680183 HTTP/1.1" 404 1251 "https://blog.newkolkata.in/item/80183cejptidm9.html" "Mozilla/5.0 AppleWebKit/537.36 (KHTML, like Gecko; compatible; GPTBot/1.3; +https://openai.com/gptbot)"
74.7.227.180 - - [06/Feb/2026:11:15:21 -0500] "GET /ctg/search/similarImageSearchResultView/?ctgItemCd=6372059688 HTTP/1.1" 404 1251 "https://blog.newkolkata.in/getidm5991/59688zslyitems" "Mozilla/5.0 AppleWebKit/537.36 (KHTML, like Gecko; compatible; GPTBot/1.3; +https://openai.com/gptbot)"
74.7.227.180 - - [06/Feb/2026:11:15:24 -0500] "GET /ctg/search/similarImageSearchResultView/?ctgItemCd=6650062241 HTTP/1.1" 404 1251 "https://blog.newkolkata.in/getidm53/62241pcywitems.htm" "Mozilla/5.0 AppleWebKit/537.36 (KHTML, like Gecko; compatible; GPTBot/1.3; +https://openai.com/gptbot)"
85.208.96.208 - - [06/Feb/2026:11:15:26 -0500] "GET /get/192934pcywitems HTTP/1.1" 404 1251 "-" "Mozilla/5.0 (compatible; SemrushBot/7~bl; +http://www.semrush.com/bot.html)"
74.7.227.180 - - [06/Feb/2026:11:15:27 -0500] "GET /ctg/search/similarImageSearchResultView/?ctgItemCd=8336779224 HTTP/1.1" 404 1251 "https://blog.newkolkata.in/getidm/79224ccoyitems.htm" "Mozilla/5.0 AppleWebKit/537.36 (KHTML, like Gecko; compatible; GPTBot/1.3; +https://openai.com/gptbot)"
85.208.96.196 - - [06/Feb/2026:11:15:27 -0500] "GET /items/18014ccoytid.html HTTP/1.1" 404 1251 "-" "Mozilla/5.0 (compatible; SemrushBot/7~bl; +http://www.semrush.com/bot.html)"
74.7.227.180 - - [06/Feb/2026:11:15:30 -0500] "GET /ctg/search/similarImageSearchResultView/?ctgItemCd=8536981248 HTTP/1.1" 404 1251 "https://blog.newkolkata.in/items/81248pcywtidm6.html" "Mozilla/5.0 AppleWebKit/537.36 (KHTML, like Gecko; compatible; GPTBot/1.3; +https://openai.com/gptbot)"
74.7.227.180 - - [06/Feb/2026:11:15:34 -0500] "GET /ctg/search/similarImageSearchResultView/?ctgItemCd=9081386564 HTTP/1.1" 404 1251 "https://blog.newkolkata.in/getidm50/86564ccoyitems.htm" "Mozilla/5.0 AppleWebKit/537.36 (KHTML, like Gecko; compatible; GPTBot/1.3; +https://openai.com/gptbot)"
74.7.227.180 - - [06/Feb/2026:11:15:37 -0500] "GET /ctg/search/similarImageSearchResultView/?ctgItemCd=1770913431 HTTP/1.1" 404 1251 "https://blog.newkolkata.in/getidm370/13431jahtitems.htm" "Mozilla/5.0 AppleWebKit/537.36 (KHTML, like Gecko; compatible; GPTBot/1.3; +https://openai.com/gptbot)"
74.7.227.180 - - [06/Feb/2026:11:15:40 -0500] "GET /ctg/search/similarImageSearchResultView/?ctgItemCd=6815363852 HTTP/1.1" 404 1251 "https://blog.newkolkata.in/getidm328/63852sejmitems.htm" "Mozilla/5.0 AppleWebKit/537.36 (KHTML, like Gecko; compatible; GPTBot/1.3; +https://openai.com/gptbot)"
74.7.227.180 - - [06/Feb/2026:11:15:43 -0500] "GET /ctg/search/similarImageSearchResultView/?ctgItemCd=6476261306 HTTP/1.1" 404 1251 "https://blog.newkolkata.in/get/61306ulgpitems" "Mozilla/5.0 AppleWebKit/537.36 (KHTML, like Gecko; compatible; GPTBot/1.3; +https://openai.com/gptbot)"
74.7.227.180 - - [06/Feb/2026:11:15:46 -0500] "GET /ctg/search/similarImageSearchResultView/?ctgItemCd=4994145875 HTTP/1.1" 404 1251 "https://blog.newkolkata.in/ite/45875mvrvtidm4247.html" "Mozilla/5.0 AppleWebKit/537.36 (KHTML, like Gecko; compatible; GPTBot/1.3; +https://openai.com/gptbot)"
185.191.171.18 - - [06/Feb/2026:11:15:48 -0500] "GET /getidm/260713tjvfitems HTTP/1.1" 404 1251 "-" "Mozilla/5.0 (compatible; SemrushBot/7~bl; +http://www.semrush.com/bot.html)"
74.7.227.180 - - [06/Feb/2026:11:15:49 -0500] "GET /ctg/search/similarImageSearchResultView/?ctgItemCd=4692643063 HTTP/1.1" 404 1251 "https://blog.newkolkata.in/getidm51/43063sejmitems" "Mozilla/5.0 AppleWebKit/537.36 (KHTML, like Gecko; compatible; GPTBot/1.3; +https://openai.com/gptbot)"
74.7.227.180 - - [06/Feb/2026:11:15:52 -0500] "GET /ctg/search/similarImageSearchResultView/?ctgItemCd=3592831686 HTTP/1.1" 404 1251 "https://blog.newkolkata.in/getidm69/31686cejpitems.htm" "Mozilla/5.0 AppleWebKit/537.36 (KHTML, like Gecko; compatible; GPTBot/1.3; +https://openai.com/gptbot)"
74.7.227.180 - - [06/Feb/2026:11:15:55 -0500] "GET /ctg/search/similarImageSearchResultView/?ctgItemCd=6778363602 HTTP/1.1" 404 1251 "https://blog.newkolkata.in/items/63602cejptidm504.html" "Mozilla/5.0 AppleWebKit/537.36 (KHTML, like Gecko; compatible; GPTBot/1.3; +https://openai.com/gptbot)"
85.208.96.202 - - [06/Feb/2026:11:15:58 -0500] "GET /get/80331kairitems.htm HTTP/1.1" 404 1251 "-" "Mozilla/5.0 (compatible; SemrushBot/7~bl; +http://www.semrush.com/bot.html)"
74.7.227.180 - - [06/Feb/2026:11:15:58 -0500] "GET /ctg/search/similarImageSearchResultView/?ctgItemCd=7268468323 HTTP/1.1" 404 1251 "https://blog.newkolkata.in/items/68323sejmtidm923247.html" "Mozilla/5.0 AppleWebKit/537.36 (KHTML, like Gecko; compatible; GPTBot/1.3; +https://openai.com/gptbot)"
74.7.227.180 - - [06/Feb/2026:11:16:02 -0500] "GET /ctg/search/similarImageSearchResultView/?ctgItemCd=6483860567 HTTP/1.1" 404 1251 "https://blog.newkolkata.in/getidm56/60567pcywitems.htm" "Mozilla/5.0 AppleWebKit/537.36 (KHTML, like Gecko; compatible; GPTBot/1.3; +https://openai.com/gptbot)"
74.7.227.180 - - [06/Feb/2026:11:16:05 -0500] "GET /ctg/search/similarImageSearchResultView/?ctgItemCd=9269288416 HTTP/1.1" 404 1251 "https://blog.newkolkata.in/getidm14/88416mvrvitems.htm" "Mozilla/5.0 AppleWebKit/537.36 (KHTML, like Gecko; compatible; GPTBot/1.3; +https://openai.com/gptbot)"
74.7.227.180 - - [06/Feb/2026:11:16:08 -0500] "GET /ctg/search/similarImageSearchResultView/?ctgItemCd=3056326417 HTTP/1.1" 404 1251 "https://blog.newkolkata.in/items/26417jahttidm77.html" "Mozilla/5.0 AppleWebKit/537.36 (KHTML, like Gecko; compatible; GPTBot/1.3; +https://openai.com/gptbot)"
185.191.171.11 - - [06/Feb/2026:11:16:09 -0500] "GET /getid/69400tjvfitems HTTP/1.1" 404 1251 "-" "Mozilla/5.0 (compatible; SemrushBot/7~bl; +http://www.semrush.com/bot.html)"
74.7.227.180 - - [06/Feb/2026:11:16:11 -0500] "GET /ctg/search/similarImageSearchResultView/?ctgItemCd=9514791286 HTTP/1.1" 404 1251 "https://blog.newkolkata.in/item/91286zslytid.html" "Mozilla/5.0 AppleWebKit/537.36 (KHTML, like Gecko; compatible; GPTBot/1.3; +https://openai.com/gptbot)"
74.7.227.180 - - [06/Feb/2026:11:16:14 -0500] "GET /ctg/search/similarImageSearchResultView/?ctgItemCd=9029786719 HTTP/1.1" 404 1251 "https://blog.newkolkata.in/geti/86719tjvfitems" "Mozilla/5.0 AppleWebKit/537.36 (KHTML, like Gecko; compatible; GPTBot/1.3; +https://openai.com/gptbot)"
207.46.13.170 - - [06/Feb/2026:11:16:16 -0500] "GET /ite/225870cejptidm63.html HTTP/1.1" 404 1251 "-" "Mozilla/5.0 AppleWebKit/537.36 (KHTML, like Gecko; compatible; bingbot/2.0; +http://www.bing.com/bingbot.htm) Chrome/116.0.1938.76 Safari/537.36"
74.7.227.180 - - [06/Feb/2026:11:16:17 -0500] "GET /ctg/search/similarImageSearchResultView/?ctgItemCd=7378969602 HTTP/1.1" 404 1251 "https://blog.newkolkata.in/items/69602cejptidm207.html" "Mozilla/5.0 AppleWebKit/537.36 (KHTML, like Gecko; compatible; GPTBot/1.3; +https://openai.com/gptbot)"
185.191.171.11 - - [06/Feb/2026:11:16:17 -0500] "GET /get/216766ulgpitems HTTP/1.1" 404 1251 "-" "Mozilla/5.0 (compatible; SemrushBot/7~bl; +http://www.semrush.com/bot.html)"
74.7.227.180 - - [06/Feb/2026:11:16:20 -0500] "GET /ctg/search/similarImageSearchResultView/?ctgItemCd=5843054150 HTTP/1.1" 404 1251 "https://blog.newkolkata.in/getidm612/54150jahtitems.htm" "Mozilla/5.0 AppleWebKit/537.36 (KHTML, like Gecko; compatible; GPTBot/1.3; +https://openai.com/gptbot)"
74.7.227.180 - - [06/Feb/2026:11:16:23 -0500] "GET /ctg/search/similarImageSearchResultView/?ctgItemCd=3696732738 HTTP/1.1" 404 1251 "https://blog.newkolkata.in/items/32738mvrvtidm811.html" "Mozilla/5.0 AppleWebKit/537.36 (KHTML, like Gecko; compatible; GPTBot/1.3; +https://openai.com/gptbot)"
74.7.227.180 - - [06/Feb/2026:11:16:27 -0500] "GET /ctg/search/similarImageSearchResultView/?ctgItemCd=5815653993 HTTP/1.1" 404 1251 "https://blog.newkolkata.in/items/53993ulgptidm41.html" "Mozilla/5.0 AppleWebKit/537.36 (KHTML, like Gecko; compatible; GPTBot/1.3; +https://openai.com/gptbot)"
74.7.227.180 - - [06/Feb/2026:11:16:30 -0500] "GET /ctg/search/similarImageSearchResultView/?ctgItemCd=9149087518 HTTP/1.1" 404 1251 "https://blog.newkolkata.in/items/87518mvrvtid.html" "Mozilla/5.0 AppleWebKit/537.36 (KHTML, like Gecko; compatible; GPTBot/1.3; +https://openai.com/gptbot)"
74.7.227.180 - - [06/Feb/2026:11:16:33 -0500] "GET /ctg/search/similarImageSearchResultView/?ctgItemCd=9682892947 HTTP/1.1" 404 1251 "https://blog.newkolkata.in/getidm63/92947sejmitems" "Mozilla/5.0 AppleWebKit/537.36 (KHTML, like Gecko; compatible; GPTBot/1.3; +https://openai.com/gptbot)"
74.7.227.180 - - [06/Feb/2026:11:16:36 -0500] "GET /ctg/search/similarImageSearchResultView/?ctgItemCd=5772453851 HTTP/1.1" 404 1251 "https://blog.newkolkata.in/getidm56/53851ccoyitems" "Mozilla/5.0 AppleWebKit/537.36 (KHTML, like Gecko; compatible; GPTBot/1.3; +https://openai.com/gptbot)"
74.7.227.180 - - [06/Feb/2026:11:16:39 -0500] "GET /ctg/search/similarImageSearchResultView/?ctgItemCd=5431850358 HTTP/1.1" 404 1251 "https://blog.newkolkata.in/geti/50358mvrvitems.htm" "Mozilla/5.0 AppleWebKit/537.36 (KHTML, like Gecko; compatible; GPTBot/1.3; +https://openai.com/gptbot)"
74.7.227.180 - - [06/Feb/2026:11:16:42 -0500] "GET /ctg/search/similarImageSearchResultView/?ctgItemCd=9412590196 HTTP/1.1" 404 1251 "https://blog.newkolkata.in/getidm312/90196ulgpitems" "Mozilla/5.0 AppleWebKit/537.36 (KHTML, like Gecko; compatible; GPTBot/1.3; +https://openai.com/gptbot)"
66.249.66.76 - - [06/Feb/2026:11:16:44 -0500] "GET /get/163050ulgpitems.htm HTTP/1.1" 404 1251 "-" "Mozilla/5.0 (Linux; Android 6.0.1; Nexus 5X Build/MMB29P) AppleWebKit/537.36 (KHTML, like Gecko) Chrome/144.0.7559.132 Mobile Safari/537.36 (compatible; Googlebot/2.1; +http://www.google.com/bot.html)"
74.7.227.180 - - [06/Feb/2026:11:16:46 -0500] "GET /ctg/search/similarImageSearchResultView/?ctgItemCd=6936965430 HTTP/1.1" 404 1251 "https://blog.newkolkata.in/ite/65430pcywtidm23.html" "Mozilla/5.0 AppleWebKit/537.36 (KHTML, like Gecko; compatible; GPTBot/1.3; +https://openai.com/gptbot)"
74.7.227.180 - - [06/Feb/2026:11:16:49 -0500] "GET /ctg/search/similarImageSearchResultView/?ctgItemCd=7596771988 HTTP/1.1" 404 1251 "https://blog.newkolkata.in/geti/71988zslyitems.htm" "Mozilla/5.0 AppleWebKit/537.36 (KHTML, like Gecko; compatible; GPTBot/1.3; +https://openai.com/gptbot)"
74.7.227.180 - - [06/Feb/2026:11:16:52 -0500] "GET /ctg/search/similarImageSearchResultView/?ctgItemCd=5639152361 HTTP/1.1" 404 1251 "https://blog.newkolkata.in/item/52361sejmtidm71.html" "Mozilla/5.0 AppleWebKit/537.36 (KHTML, like Gecko; compatible; GPTBot/1.3; +https://openai.com/gptbot)"
185.191.171.4 - - [06/Feb/2026:11:16:52 -0500] "GET /get/263206ulgpitems HTTP/1.1" 404 1251 "-" "Mozilla/5.0 (compatible; SemrushBot/7~bl; +http://www.semrush.com/bot.html)"
74.7.227.180 - - [06/Feb/2026:11:16:55 -0500] "GET /ctg/search/similarImageSearchResultView/?ctgItemCd=1774313458 HTTP/1.1" 404 1251 "https://blog.newkolkata.in/getidm49/13458zslyitems.htm" "Mozilla/5.0 AppleWebKit/537.36 (KHTML, like Gecko; compatible; GPTBot/1.3; +https://openai.com/gptbot)"
74.7.227.180 - - [06/Feb/2026:11:16:58 -0500] "GET /ctg/search/similarImageSearchResultView/?ctgItemCd=1472110592 HTTP/1.1" 404 1251 "https://blog.newkolkata.in/items/10592zslytidm5.html" "Mozilla/5.0 AppleWebKit/537.36 (KHTML, like Gecko; compatible; GPTBot/1.3; +https://openai.com/gptbot)"
74.7.227.180 - - [06/Feb/2026:11:17:01 -0500] "GET /ctg/search/similarImageSearchResultView/?ctgItemCd=5600752191 HTTP/1.1" 404 1251 "https://blog.newkolkata.in/get/52191kairitems.htm" "Mozilla/5.0 AppleWebKit/537.36 (KHTML, like Gecko; compatible; GPTBot/1.3; +https://openai.com/gptbot)"
74.7.227.180 - - [06/Feb/2026:11:17:05 -0500] "GET /ctg/search/similarImageSearchResultView/?ctgItemCd=5183947795 HTTP/1.1" 404 1251 "https://blog.newkolkata.in/ite/47795sejmtidm6743.html" "Mozilla/5.0 AppleWebKit/537.36 (KHTML, like Gecko; compatible; GPTBot/1.3; +https://openai.com/gptbot)"
85.208.96.199 - - [06/Feb/2026:11:17:06 -0500] "GET /item/261566cejptid.html HTTP/1.1" 404 1251 "-" "Mozilla/5.0 (compatible; SemrushBot/7~bl; +http://www.semrush.com/bot.html)"
74.7.227.180 - - [06/Feb/2026:11:17:08 -0500] "GET /ctg/search/similarImageSearchResultView/?ctgItemCd=1716513252 HTTP/1.1" 404 1251 "https://blog.newkolkata.in/getidm487/13252jahtitems" "Mozilla/5.0 AppleWebKit/537.36 (KHTML, like Gecko; compatible; GPTBot/1.3; +https://openai.com/gptbot)"
85.208.96.200 - - [06/Feb/2026:11:17:09 -0500] "GET /getidm/171432zslyitems.htm HTTP/1.1" 404 1251 "-" "Mozilla/5.0 (compatible; SemrushBot/7~bl; +http://www.semrush.com/bot.html)"
74.7.227.180 - - [06/Feb/2026:11:17:11 -0500] "GET /ctg/search/similarImageSearchResultView/?ctgItemCd=4185737595 HTTP/1.1" 404 1251 "https://blog.newkolkata.in/getidm71/37595ulgpitems.htm" "Mozilla/5.0 AppleWebKit/537.36 (KHTML, like Gecko; compatible; GPTBot/1.3; +https://openai.com/gptbot)"
185.191.171.13 - - [06/Feb/2026:11:17:11 -0500] "GET /get/196692ccoyitems.htm HTTP/1.1" 404 1251 "-" "Mozilla/5.0 (compatible; SemrushBot/7~bl; +http://www.semrush.com/bot.html)"
74.7.227.180 - - [06/Feb/2026:11:17:14 -0500] "GET /ctg/search/similarImageSearchResultView/?ctgItemCd=3169227620 HTTP/1.1" 404 1251 "https://blog.newkolkata.in/ite/27620sejmtidm17520.html" "Mozilla/5.0 AppleWebKit/537.36 (KHTML, like Gecko; compatible; GPTBot/1.3; +https://openai.com/gptbot)"
74.7.227.180 - - [06/Feb/2026:11:17:17 -0500] "GET /ctg/search/similarImageSearchResultView/?ctgItemCd=8720982857 HTTP/1.1" 404 1251 "https://blog.newkolkata.in/getidm779/82857zslyitems.htm" "Mozilla/5.0 AppleWebKit/537.36 (KHTML, like Gecko; compatible; GPTBot/1.3; +https://openai.com/gptbot)"
74.7.227.180 - - [06/Feb/2026:11:17:20 -0500] "GET /ctg/search/similarImageSearchResultView/?ctgItemCd=6267358786 HTTP/1.1" 404 1251 "https://blog.newkolkata.in/getidm67/58786ccoyitems" "Mozilla/5.0 AppleWebKit/537.36 (KHTML, like Gecko; compatible; GPTBot/1.3; +https://openai.com/gptbot)"
74.7.227.180 - - [06/Feb/2026:11:17:24 -0500] "GET /ctg/search/similarImageSearchResultView/?ctgItemCd=8749283456 HTTP/1.1" 404 1251 "https://blog.newkolkata.in/getid/83456ccoyitems.htm" "Mozilla/5.0 AppleWebKit/537.36 (KHTML, like Gecko; compatible; GPTBot/1.3; +https://openai.com/gptbot)"
74.7.227.180 - - [06/Feb/2026:11:17:27 -0500] "GET /ctg/search/similarImageSearchResultView/?ctgItemCd=3713732982 HTTP/1.1" 404 1251 "https://blog.newkolkata.in/getidm/32982tjvfitems.htm" "Mozilla/5.0 AppleWebKit/537.36 (KHTML, like Gecko; compatible; GPTBot/1.3; +https://openai.com/gptbot)"
74.7.227.180 - - [06/Feb/2026:11:17:30 -0500] "GET /ctg/search/similarImageSearchResultView/?ctgItemCd=4162037910 HTTP/1.1" 404 1251 "https://blog.newkolkata.in/ite/37910ccoytid.html" "Mozilla/5.0 AppleWebKit/537.36 (KHTML, like Gecko; compatible; GPTBot/1.3; +https://openai.com/gptbot)"
185.191.171.11 - - [06/Feb/2026:11:17:33 -0500] "GET /getidm6/189994kairitems HTTP/1.1" 404 1251 "-" "Mozilla/5.0 (compatible; SemrushBot/7~bl; +http://www.semrush.com/bot.html)"
74.7.227.180 - - [06/Feb/2026:11:17:33 -0500] "GET /ctg/search/similarImageSearchResultView/?ctgItemCd=3013726561 HTTP/1.1" 404 1251 "https://blog.newkolkata.in/geti/26561pcywitems" "Mozilla/5.0 AppleWebKit/537.36 (KHTML, like Gecko; compatible; GPTBot/1.3; +https://openai.com/gptbot)"
74.7.227.180 - - [06/Feb/2026:11:17:36 -0500] "GET /ctg/search/similarImageSearchResultView/?ctgItemCd=3454430528 HTTP/1.1" 404 1251 "https://blog.newkolkata.in/getid/30528cejpitems.htm" "Mozilla/5.0 AppleWebKit/537.36 (KHTML, like Gecko; compatible; GPTBot/1.3; +https://openai.com/gptbot)"
74.7.227.180 - - [06/Feb/2026:11:17:39 -0500] "GET /ctg/search/similarImageSearchResultView/?ctgItemCd=4997845982 HTTP/1.1" 404 1251 "https://blog.newkolkata.in/item/45982ulgptidm2.html" "Mozilla/5.0 AppleWebKit/537.36 (KHTML, like Gecko; compatible; GPTBot/1.3; +https://openai.com/gptbot)"
74.7.227.180 - - [06/Feb/2026:11:17:43 -0500] "GET /ctg/search/similarImageSearchResultView/?ctgItemCd=9573691459 HTTP/1.1" 404 1251 "https://blog.newkolkata.in/items/91459pcywtidm4315.html" "Mozilla/5.0 AppleWebKit/537.36 (KHTML, like Gecko; compatible; GPTBot/1.3; +https://openai.com/gptbot)"
74.7.227.180 - - [06/Feb/2026:11:17:46 -0500] "GET /ctg/search/similarImageSearchResultView/?ctgItemCd=2847924697 HTTP/1.1" 404 1251 "https://blog.newkolkata.in/getidm/24697ulgpitems" "Mozilla/5.0 AppleWebKit/537.36 (KHTML, like Gecko; compatible; GPTBot/1.3; +https://openai.com/gptbot)"
66.249.66.165 - - [06/Feb/2026:11:17:47 -0500] "GET /geti/203553ulgpitems.htm HTTP/1.1" 404 1251 "-" "Mozilla/5.0 (Linux; Android 6.0.1; Nexus 5X Build/MMB29P) AppleWebKit/537.36 (KHTML, like Gecko) Chrome/144.0.7559.132 Mobile Safari/537.36 (compatible; Googlebot/2.1; +http://www.google.com/bot.html)"
74.7.227.180 - - [06/Feb/2026:11:17:49 -0500] "GET /ctg/search/similarImageSearchResultView/?ctgItemCd=6017356236 HTTP/1.1" 404 1251 "https://blog.newkolkata.in/getidm402/56236pcywitems" "Mozilla/5.0 AppleWebKit/537.36 (KHTML, like Gecko; compatible; GPTBot/1.3; +https://openai.com/gptbot)"
66.249.66.13 - - [06/Feb/2026:11:17:50 -0500] "GET /products.php?shop/physocele/anticeremoniously74126395754.html HTTP/1.1" 404 1251 "-" "Mozilla/5.0 (Linux; Android 6.0.1; Nexus 5X Build/MMB29P) AppleWebKit/537.36 (KHTML, like Gecko) Chrome/144.0.7559.132 Mobile Safari/537.36 (compatible; Googlebot/2.1; +http://www.google.com/bot.html)"
74.7.227.180 - - [06/Feb/2026:11:17:52 -0500] "GET /ctg/search/similarImageSearchResultView/?ctgItemCd=6941165462 HTTP/1.1" 404 1251 "https://blog.newkolkata.in/items/65462tjvftid.html" "Mozilla/5.0 AppleWebKit/537.36 (KHTML, like Gecko; compatible; GPTBot/1.3; +https://openai.com/gptbot)"
85.208.96.209 - - [06/Feb/2026:11:17:52 -0500] "GET /getidm/138889ccoyitems HTTP/1.1" 404 1251 "-" "Mozilla/5.0 (compatible; SemrushBot/7~bl; +http://www.semrush.com/bot.html)"
74.7.227.180 - - [06/Feb/2026:11:17:55 -0500] "GET /ctg/search/similarImageSearchResultView/?ctgItemCd=7550571408 HTTP/1.1" 404 1251 "https://blog.newkolkata.in/items/71408ccoytidm6.html" "Mozilla/5.0 AppleWebKit/537.36 (KHTML, like Gecko; compatible; GPTBot/1.3; +https://openai.com/gptbot)"
74.7.227.180 - - [06/Feb/2026:11:17:58 -0500] "GET /ctg/search/similarImageSearchResultView/?ctgItemCd=3136827044 HTTP/1.1" 404 1251 "https://blog.newkolkata.in/items/27044pcywtidm27383.html" "Mozilla/5.0 AppleWebKit/537.36 (KHTML, like Gecko; compatible; GPTBot/1.3; +https://openai.com/gptbot)"
185.191.171.3 - - [06/Feb/2026:11:17:58 -0500] "GET /getidm2/231802tjvfitems HTTP/1.1" 404 1251 "-" "Mozilla/5.0 (compatible; SemrushBot/7~bl; +http://www.semrush.com/bot.html)"
74.7.227.180 - - [06/Feb/2026:11:18:01 -0500] "GET /ctg/search/similarImageSearchResultView/?ctgItemCd=3039126476 HTTP/1.1" 404 1251 "https://blog.newkolkata.in/getidm522/26476kairitems" "Mozilla/5.0 AppleWebKit/537.36 (KHTML, like Gecko; compatible; GPTBot/1.3; +https://openai.com/gptbot)"
74.7.227.180 - - [06/Feb/2026:11:18:05 -0500] "GET /ctg/search/similarImageSearchResultView/?ctgItemCd=9257988751 HTTP/1.1" 404 1251 "https://blog.newkolkata.in/getidm7/88751ccoyitems" "Mozilla/5.0 AppleWebKit/537.36 (KHTML, like Gecko; compatible; GPTBot/1.3; +https://openai.com/gptbot)"
185.191.171.2 - - [06/Feb/2026:11:18:05 -0500] "GET /getidm/114942kairitems.htm HTTP/1.1" 404 1251 "-" "Mozilla/5.0 (compatible; SemrushBot/7~bl; +http://www.semrush.com/bot.html)"
74.7.227.180 - - [06/Feb/2026:11:18:08 -0500] "GET /ctg/search/similarImageSearchResultView/?ctgItemCd=1406510053 HTTP/1.1" 404 1251 "https://blog.newkolkata.in/getid/10053kairitems.htm" "Mozilla/5.0 AppleWebKit/537.36 (KHTML, like Gecko; compatible; GPTBot/1.3; +https://openai.com/gptbot)"
185.191.171.11 - - [06/Feb/2026:11:18:10 -0500] "GET /robots.txt HTTP/1.1" 200 281 "-" "Mozilla/5.0 (compatible; SemrushBot/7~bl; +http://www.semrush.com/bot.html)"
74.7.227.180 - - [06/Feb/2026:11:18:11 -0500] "GET /ctg/search/similarImageSearchResultView/?ctgItemCd=6283858459 HTTP/1.1" 404 1251 "https://blog.newkolkata.in/items/58459sejmtidm708966.html" "Mozilla/5.0 AppleWebKit/537.36 (KHTML, like Gecko; compatible; GPTBot/1.3; +https://openai.com/gptbot)"
185.191.171.16 - - [06/Feb/2026:11:18:12 -0500] "GET /geti/93786pcywitems.htm HTTP/1.1" 404 1251 "-" "Mozilla/5.0 (compatible; SemrushBot/7~bl; +http://www.semrush.com/bot.html)"
74.7.227.180 - - [06/Feb/2026:11:18:14 -0500] "GET /ctg/search/similarImageSearchResultView/?ctgItemCd=6952865604 HTTP/1.1" 404 1251 "https://blog.newkolkata.in/geti/65604jahtitems.htm" "Mozilla/5.0 AppleWebKit/537.36 (KHTML, like Gecko; compatible; GPTBot/1.3; +https://openai.com/gptbot)"
185.191.171.4 - - [06/Feb/2026:11:18:16 -0500] "GET /getidm5/160930zslyitems HTTP/1.1" 404 1251 "-" "Mozilla/5.0 (compatible; SemrushBot/7~bl; +http://www.semrush.com/bot.html)"
74.7.227.180 - - [06/Feb/2026:11:18:17 -0500] "GET /ctg/search/similarImageSearchResultView/?ctgItemCd=6633062510 HTTP/1.1" 404 1251 "https://blog.newkolkata.in/get/62510sejmitems.htm" "Mozilla/5.0 AppleWebKit/537.36 (KHTML, like Gecko; compatible; GPTBot/1.3; +https://openai.com/gptbot)"
74.7.227.180 - - [06/Feb/2026:11:18:20 -0500] "GET /ctg/search/similarImageSearchResultView/?ctgItemCd=8519280954 HTTP/1.1" 404 1251 "https://blog.newkolkata.in/items/80954mvrvtidm745.html" "Mozilla/5.0 AppleWebKit/537.36 (KHTML, like Gecko; compatible; GPTBot/1.3; +https://openai.com/gptbot)"
74.7.227.180 - - [06/Feb/2026:11:18:23 -0500] "GET /ctg/search/similarImageSearchResultView/?ctgItemCd=4016535859 HTTP/1.1" 404 1251 "https://blog.newkolkata.in/getidm931/35859ccoyitems.htm" "Mozilla/5.0 AppleWebKit/537.36 (KHTML, like Gecko; compatible; GPTBot/1.3; +https://openai.com/gptbot)"
74.7.227.180 - - [06/Feb/2026:11:18:26 -0500] "GET /ctg/search/similarImageSearchResultView/?ctgItemCd=2467320857 HTTP/1.1" 404 1251 "https://blog.newkolkata.in/getidm1/20857sejmitems" "Mozilla/5.0 AppleWebKit/537.36 (KHTML, like Gecko; compatible; GPTBot/1.3; +https://openai.com/gptbot)"
74.7.227.180 - - [06/Feb/2026:11:18:29 -0500] "GET /ctg/search/similarImageSearchResultView/?ctgItemCd=6127357455 HTTP/1.1" 404 1251 "https://blog.newkolkata.in/ite/57455kairtidm.html" "Mozilla/5.0 AppleWebKit/537.36 (KHTML, like Gecko; compatible; GPTBot/1.3; +https://openai.com/gptbot)"
74.7.227.180 - - [06/Feb/2026:11:18:33 -0500] "GET /ctg/search/similarImageSearchResultView/?ctgItemCd=2505220684 HTTP/1.1" 404 1251 "https://blog.newkolkata.in/items/20684sejmtidm378756.html" "Mozilla/5.0 AppleWebKit/537.36 (KHTML, like Gecko; compatible; GPTBot/1.3; +https://openai.com/gptbot)"
85.208.96.203 - - [06/Feb/2026:11:18:33 -0500] "GET /getidm/255313tjvfitems HTTP/1.1" 404 1251 "-" "Mozilla/5.0 (compatible; SemrushBot/7~bl; +http://www.semrush.com/bot.html)"
74.7.227.180 - - [06/Feb/2026:11:18:36 -0500] "GET /ctg/search/similarImageSearchResultView/?ctgItemCd=6835064028 HTTP/1.1" 404 1251 "https://blog.newkolkata.in/items/64028pcywtidm25182.html" "Mozilla/5.0 AppleWebKit/537.36 (KHTML, like Gecko; compatible; GPTBot/1.3; +https://openai.com/gptbot)"
185.191.171.1 - - [06/Feb/2026:11:18:38 -0500] "GET /get/213790mvrvitems HTTP/1.1" 404 1251 "-" "Mozilla/5.0 (compatible; SemrushBot/7~bl; +http://www.semrush.com/bot.html)"
74.7.227.180 - - [06/Feb/2026:11:18:39 -0500] "GET /ctg/search/similarImageSearchResultView/?ctgItemCd=2338019905 HTTP/1.1" 404 1251 "https://blog.newkolkata.in/get/19905pcywitems" "Mozilla/5.0 AppleWebKit/537.36 (KHTML, like Gecko; compatible; GPTBot/1.3; +https://openai.com/gptbot)"
74.7.227.180 - - [06/Feb/2026:11:18:42 -0500] "GET /ctg/search/similarImageSearchResultView/?ctgItemCd=5583052376 HTTP/1.1" 404 1251 "https://blog.newkolkata.in/get/52376sejmitems" "Mozilla/5.0 AppleWebKit/537.36 (KHTML, like Gecko; compatible; GPTBot/1.3; +https://openai.com/gptbot)"
74.7.227.180 - - [06/Feb/2026:11:18:45 -0500] "GET /ctg/search/similarImageSearchResultView/?ctgItemCd=9091286768 HTTP/1.1" 404 1251 "https://blog.newkolkata.in/items/86768zslytidm2.html" "Mozilla/5.0 AppleWebKit/537.36 (KHTML, like Gecko; compatible; GPTBot/1.3; +https://openai.com/gptbot)"
74.7.227.180 - - [06/Feb/2026:11:18:48 -0500] "GET /ctg/search/similarImageSearchResultView/?ctgItemCd=3756634078 HTTP/1.1" 404 1251 "https://blog.newkolkata.in/get/34078zslyitems" "Mozilla/5.0 AppleWebKit/537.36 (KHTML, like Gecko; compatible; GPTBot/1.3; +https://openai.com/gptbot)"
74.7.227.180 - - [06/Feb/2026:11:18:52 -0500] "GET /ctg/search/similarImageSearchResultView/?ctgItemCd=4065536909 HTTP/1.1" 404 1251 "https://blog.newkolkata.in/ite/36909mvrvtid.html" "Mozilla/5.0 AppleWebKit/537.36 (KHTML, like Gecko; compatible; GPTBot/1.3; +https://openai.com/gptbot)"
74.7.227.180 - - [06/Feb/2026:11:18:55 -0500] "GET /ctg/search/similarImageSearchResultView/?ctgItemCd=3558532146 HTTP/1.1" 404 1251 "https://blog.newkolkata.in/get/32146kairitems" "Mozilla/5.0 AppleWebKit/537.36 (KHTML, like Gecko; compatible; GPTBot/1.3; +https://openai.com/gptbot)"
74.7.227.180 - - [06/Feb/2026:11:18:58 -0500] "GET /ctg/search/similarImageSearchResultView/?ctgItemCd=5226748128 HTTP/1.1" 404 1251 "https://blog.newkolkata.in/items/48128zslytidm9.html" "Mozilla/5.0 AppleWebKit/537.36 (KHTML, like Gecko; compatible; GPTBot/1.3; +https://openai.com/gptbot)"
74.7.227.180 - - [06/Feb/2026:11:19:01 -0500] "GET /ctg/search/similarImageSearchResultView/?ctgItemCd=7279468816 HTTP/1.1" 404 1251 "https://blog.newkolkata.in/item/68816cejptidm5.html" "Mozilla/5.0 AppleWebKit/537.36 (KHTML, like Gecko; compatible; GPTBot/1.3; +https://openai.com/gptbot)"
185.191.171.1 - - [06/Feb/2026:11:19:04 -0500] "GET /getid/28792jahtitems HTTP/1.1" 404 1251 "-" "Mozilla/5.0 (compatible; SemrushBot/7~bl; +http://www.semrush.com/bot.html)"
74.7.227.180 - - [06/Feb/2026:11:19:04 -0500] "GET /ctg/search/similarImageSearchResultView/?ctgItemCd=6134257393 HTTP/1.1" 404 1251 "https://blog.newkolkata.in/geti/57393tjvfitems.htm" "Mozilla/5.0 AppleWebKit/537.36 (KHTML, like Gecko; compatible; GPTBot/1.3; +https://openai.com/gptbot)"
74.7.227.180 - - [06/Feb/2026:11:19:08 -0500] "GET /ctg/search/similarImageSearchResultView/?ctgItemCd=9106887487 HTTP/1.1" 404 1251 "https://blog.newkolkata.in/geti/87487tjvfitems" "Mozilla/5.0 AppleWebKit/537.36 (KHTML, like Gecko; compatible; GPTBot/1.3; +https://openai.com/gptbot)"
74.7.227.180 - - [06/Feb/2026:11:19:11 -0500] "GET /ctg/search/similarImageSearchResultView/?ctgItemCd=3064726692 HTTP/1.1" 404 1251 "https://blog.newkolkata.in/getidm616/26692mvrvitems" "Mozilla/5.0 AppleWebKit/537.36 (KHTML, like Gecko; compatible; GPTBot/1.3; +https://openai.com/gptbot)"
74.7.227.180 - - [06/Feb/2026:11:19:14 -0500] "GET /ctg/search/similarImageSearchResultView/?ctgItemCd=5295248627 HTTP/1.1" 404 1251 "https://blog.newkolkata.in/getidm653/48627pcywitems.htm" "Mozilla/5.0 AppleWebKit/537.36 (KHTML, like Gecko; compatible; GPTBot/1.3; +https://openai.com/gptbot)"
185.191.171.9 - - [06/Feb/2026:11:19:15 -0500] "GET /getidm30/51547tjvfitems HTTP/1.1" 404 1251 "-" "Mozilla/5.0 (compatible; SemrushBot/7~bl; +http://www.semrush.com/bot.html)"
74.7.227.180 - - [06/Feb/2026:11:19:17 -0500] "GET /ctg/search/similarImageSearchResultView/?ctgItemCd=2865724813 HTTP/1.1" 404 1251 "https://blog.newkolkata.in/get/24813pcywitems.htm" "Mozilla/5.0 AppleWebKit/537.36 (KHTML, like Gecko; compatible; GPTBot/1.3; +https://openai.com/gptbot)"
74.7.227.180 - - [06/Feb/2026:11:19:20 -0500] "GET /ctg/search/similarImageSearchResultView/?ctgItemCd=5202748069 HTTP/1.1" 404 1251 "https://blog.newkolkata.in/geti/48069pcywitems.htm" "Mozilla/5.0 AppleWebKit/537.36 (KHTML, like Gecko; compatible; GPTBot/1.3; +https://openai.com/gptbot)"
74.7.227.180 - - [06/Feb/2026:11:19:23 -0500] "GET /ctg/search/similarImageSearchResultView/?ctgItemCd=9602791719 HTTP/1.1" 404 1251 "https://blog.newkolkata.in/getidm898/91719jahtitems.htm" "Mozilla/5.0 AppleWebKit/537.36 (KHTML, like Gecko; compatible; GPTBot/1.3; +https://openai.com/gptbot)"
74.7.227.180 - - [06/Feb/2026:11:19:26 -0500] "GET /ctg/search/similarImageSearchResultView/?ctgItemCd=3689932786 HTTP/1.1" 404 1251 "https://blog.newkolkata.in/item/32786pcywtidm536.html" "Mozilla/5.0 AppleWebKit/537.36 (KHTML, like Gecko; compatible; GPTBot/1.3; +https://openai.com/gptbot)"
85.208.96.212 - - [06/Feb/2026:11:19:29 -0500] "GET /geti/96810sejmitems.htm HTTP/1.1" 404 1251 "-" "Mozilla/5.0 (compatible; SemrushBot/7~bl; +http://www.semrush.com/bot.html)"
74.7.227.180 - - [06/Feb/2026:11:19:30 -0500] "GET /ctg/search/similarImageSearchResultView/?ctgItemCd=4675342632 HTTP/1.1" 404 1251 "https://blog.newkolkata.in/items/42632mvrvtidm4.html" "Mozilla/5.0 AppleWebKit/537.36 (KHTML, like Gecko; compatible; GPTBot/1.3; +https://openai.com/gptbot)"
185.191.171.16 - - [06/Feb/2026:11:19:31 -0500] "GET /geti/77647kairitems HTTP/1.1" 404 1251 "-" "Mozilla/5.0 (compatible; SemrushBot/7~bl; +http://www.semrush.com/bot.html)"
74.7.227.180 - - [06/Feb/2026:11:19:33 -0500] "GET /ctg/search/similarImageSearchResultView/?ctgItemCd=7093766701 HTTP/1.1" 404 1251 "https://blog.newkolkata.in/item/66701kairtidm303597.html" "Mozilla/5.0 AppleWebKit/537.36 (KHTML, like Gecko; compatible; GPTBot/1.3; +https://openai.com/gptbot)"
74.7.227.180 - - [06/Feb/2026:11:19:36 -0500] "GET /ctg/search/similarImageSearchResultView/?ctgItemCd=2630522493 HTTP/1.1" 404 1251 "https://blog.newkolkata.in/ite/22493jahttidm.html" "Mozilla/5.0 AppleWebKit/537.36 (KHTML, like Gecko; compatible; GPTBot/1.3; +https://openai.com/gptbot)"
74.7.227.180 - - [06/Feb/2026:11:19:39 -0500] "GET /ctg/search/similarImageSearchResultView/?ctgItemCd=3273828715 HTTP/1.1" 404 1251 "https://blog.newkolkata.in/ite/28715kairtidm6127.html" "Mozilla/5.0 AppleWebKit/537.36 (KHTML, like Gecko; compatible; GPTBot/1.3; +https://openai.com/gptbot)"
74.7.227.180 - - [06/Feb/2026:11:19:42 -0500] "GET /ctg/search/similarImageSearchResultView/?ctgItemCd=9670292738 HTTP/1.1" 404 1251 "https://blog.newkolkata.in/items/92738pcywtid.html" "Mozilla/5.0 AppleWebKit/537.36 (KHTML, like Gecko; compatible; GPTBot/1.3; +https://openai.com/gptbot)"
74.7.227.180 - - [06/Feb/2026:11:19:45 -0500] "GET /ctg/search/similarImageSearchResultView/?ctgItemCd=2536021272 HTTP/1.1" 404 1251 "https://blog.newkolkata.in/items/21272ccoytidm3.html" "Mozilla/5.0 AppleWebKit/537.36 (KHTML, like Gecko; compatible; GPTBot/1.3; +https://openai.com/gptbot)"
74.7.227.180 - - [06/Feb/2026:11:19:48 -0500] "GET /ctg/search/similarImageSearchResultView/?ctgItemCd=5191647985 HTTP/1.1" 404 1251 "https://blog.newkolkata.in/geti/47985cejpitems.htm" "Mozilla/5.0 AppleWebKit/537.36 (KHTML, like Gecko; compatible; GPTBot/1.3; +https://openai.com/gptbot)"
74.7.227.180 - - [06/Feb/2026:11:19:52 -0500] "GET /ctg/search/similarImageSearchResultView/?ctgItemCd=6432860412 HTTP/1.1" 404 1251 "https://blog.newkolkata.in/getidm679/60412jahtitems" "Mozilla/5.0 AppleWebKit/537.36 (KHTML, like Gecko; compatible; GPTBot/1.3; +https://openai.com/gptbot)"
185.191.171.1 - - [06/Feb/2026:11:19:53 -0500] "GET /get/244750ulgpitems HTTP/1.1" 404 1251 "-" "Mozilla/5.0 (compatible; SemrushBot/7~bl; +http://www.semrush.com/bot.html)"
74.7.227.180 - - [06/Feb/2026:11:19:55 -0500] "GET /ctg/search/similarImageSearchResultView/?ctgItemCd=4229738342 HTTP/1.1" 404 1251 "https://blog.newkolkata.in/items/38342pcywtid.html" "Mozilla/5.0 AppleWebKit/537.36 (KHTML, like Gecko; compatible; GPTBot/1.3; +https://openai.com/gptbot)"
74.7.227.180 - - [06/Feb/2026:11:19:58 -0500] "GET /ctg/search/similarImageSearchResultView/?ctgItemCd=3992736095 HTTP/1.1" 404 1251 "https://blog.newkolkata.in/ite/36095ulgptidm.html" "Mozilla/5.0 AppleWebKit/537.36 (KHTML, like Gecko; compatible; GPTBot/1.3; +https://openai.com/gptbot)"
74.7.227.180 - - [06/Feb/2026:11:20:01 -0500] "GET /ctg/search/similarImageSearchResultView/?ctgItemCd=1624012034 HTTP/1.1" 404 1251 "https://blog.newkolkata.in/items/12034tjvftidm674.html" "Mozilla/5.0 AppleWebKit/537.36 (KHTML, like Gecko; compatible; GPTBot/1.3; +https://openai.com/gptbot)"
74.7.227.180 - - [06/Feb/2026:11:20:04 -0500] "GET /ctg/search/similarImageSearchResultView/?ctgItemCd=6224058049 HTTP/1.1" 404 1251 "https://blog.newkolkata.in/items/58049mvrvtidm89.html" "Mozilla/5.0 AppleWebKit/537.36 (KHTML, like Gecko; compatible; GPTBot/1.3; +https://openai.com/gptbot)"
74.7.227.180 - - [06/Feb/2026:11:20:08 -0500] "GET /ctg/search/similarImageSearchResultView/?ctgItemCd=2610221938 HTTP/1.1" 404 1251 "https://blog.newkolkata.in/item/21938mvrvtidm9300.html" "Mozilla/5.0 AppleWebKit/537.36 (KHTML, like Gecko; compatible; GPTBot/1.3; +https://openai.com/gptbot)"
74.7.227.180 - - [06/Feb/2026:11:20:11 -0500] "GET /ctg/search/similarImageSearchResultView/?ctgItemCd=4209638096 HTTP/1.1" 404 1251 "https://blog.newkolkata.in/item/38096ulgptidm8.html" "Mozilla/5.0 AppleWebKit/537.36 (KHTML, like Gecko; compatible; GPTBot/1.3; +https://openai.com/gptbot)"
74.7.227.180 - - [06/Feb/2026:11:20:14 -0500] "GET /ctg/search/similarImageSearchResultView/?ctgItemCd=3905034673 HTTP/1.1" 404 1251 "https://blog.newkolkata.in/items/34673tjvftidm357376.html" "Mozilla/5.0 AppleWebKit/537.36 (KHTML, like Gecko; compatible; GPTBot/1.3; +https://openai.com/gptbot)"
74.7.227.180 - - [06/Feb/2026:11:20:17 -0500] "GET /ctg/search/similarImageSearchResultView/?ctgItemCd=6224358441 HTTP/1.1" 404 1251 "https://blog.newkolkata.in/getidm/58441zslyitems" "Mozilla/5.0 AppleWebKit/537.36 (KHTML, like Gecko; compatible; GPTBot/1.3; +https://openai.com/gptbot)"
74.7.227.180 - - [06/Feb/2026:11:20:20 -0500] "GET /ctg/search/similarImageSearchResultView/?ctgItemCd=7599671912 HTTP/1.1" 404 1251 "https://blog.newkolkata.in/items/71912cejptidm5.html" "Mozilla/5.0 AppleWebKit/537.36 (KHTML, like Gecko; compatible; GPTBot/1.3; +https://openai.com/gptbot)"
85.208.96.211 - - [06/Feb/2026:11:20:21 -0500] "GET /get/273166kairitems HTTP/1.1" 404 1251 "-" "Mozilla/5.0 (compatible; SemrushBot/7~bl; +http://www.semrush.com/bot.html)"
85.208.96.209 - - [06/Feb/2026:11:20:23 -0500] "GET /get/189886jahtitems HTTP/1.1" 404 1251 "-" "Mozilla/5.0 (compatible; SemrushBot/7~bl; +http://www.semrush.com/bot.html)"
74.7.227.180 - - [06/Feb/2026:11:20:24 -0500] "GET /ctg/search/similarImageSearchResultView/?ctgItemCd=2025216798 HTTP/1.1" 404 1251 "https://blog.newkolkata.in/get/16798kairitems" "Mozilla/5.0 AppleWebKit/537.36 (KHTML, like Gecko; compatible; GPTBot/1.3; +https://openai.com/gptbot)"
74.7.227.180 - - [06/Feb/2026:11:20:27 -0500] "GET /ctg/search/similarImageSearchResultView/?ctgItemCd=4203438105 HTTP/1.1" 404 1251 "https://blog.newkolkata.in/ite/38105ccoytidm98.html" "Mozilla/5.0 AppleWebKit/537.36 (KHTML, like Gecko; compatible; GPTBot/1.3; +https://openai.com/gptbot)"
74.7.227.180 - - [06/Feb/2026:11:20:30 -0500] "GET /ctg/search/similarImageSearchResultView/?ctgItemCd=6973365689 HTTP/1.1" 404 1251 "https://blog.newkolkata.in/getid/65689ccoyitems.htm" "Mozilla/5.0 AppleWebKit/537.36 (KHTML, like Gecko; compatible; GPTBot/1.3; +https://openai.com/gptbot)"
85.208.96.204 - - [06/Feb/2026:11:20:31 -0500] "GET /getidm9/89818ccoyitems HTTP/1.1" 404 1251 "-" "Mozilla/5.0 (compatible; SemrushBot/7~bl; +http://www.semrush.com/bot.html)"
74.7.227.180 - - [06/Feb/2026:11:20:33 -0500] "GET /ctg/search/similarImageSearchResultView/?ctgItemCd=7002965837 HTTP/1.1" 404 1251 "https://blog.newkolkata.in/item/65837cejptidm40977.html" "Mozilla/5.0 AppleWebKit/537.36 (KHTML, like Gecko; compatible; GPTBot/1.3; +https://openai.com/gptbot)"
74.7.227.180 - - [06/Feb/2026:11:20:36 -0500] "GET /ctg/search/similarImageSearchResultView/?ctgItemCd=1925215394 HTTP/1.1" 404 1251 "https://blog.newkolkata.in/getidm8/15394zslyitems" "Mozilla/5.0 AppleWebKit/537.36 (KHTML, like Gecko; compatible; GPTBot/1.3; +https://openai.com/gptbot)"
74.7.227.180 - - [06/Feb/2026:11:20:39 -0500] "GET /ctg/search/similarImageSearchResultView/?ctgItemCd=2818224017 HTTP/1.1" 404 1251 "https://blog.newkolkata.in/items/24017pcywtidm65.html" "Mozilla/5.0 AppleWebKit/537.36 (KHTML, like Gecko; compatible; GPTBot/1.3; +https://openai.com/gptbot)"
74.7.227.180 - - [06/Feb/2026:11:20:42 -0500] "GET /ctg/search/similarImageSearchResultView/?ctgItemCd=7826174070 HTTP/1.1" 404 1251 "https://blog.newkolkata.in/getidm5/74070sejmitems.htm" "Mozilla/5.0 AppleWebKit/537.36 (KHTML, like Gecko; compatible; GPTBot/1.3; +https://openai.com/gptbot)"
185.191.171.1 - - [06/Feb/2026:11:20:43 -0500] "GET /geti/48657cejpitems.htm HTTP/1.1" 404 1251 "-" "Mozilla/5.0 (compatible; SemrushBot/7~bl; +http://www.semrush.com/bot.html)"
74.7.227.180 - - [06/Feb/2026:11:20:45 -0500] "GET /ctg/search/similarImageSearchResultView/?ctgItemCd=4646342138 HTTP/1.1" 404 1251 "https://blog.newkolkata.in/getidm735/42138mvrvitems.htm" "Mozilla/5.0 AppleWebKit/537.36 (KHTML, like Gecko; compatible; GPTBot/1.3; +https://openai.com/gptbot)"
74.7.227.180 - - [06/Feb/2026:11:20:49 -0500] "GET /ctg/search/similarImageSearchResultView/?ctgItemCd=7271968459 HTTP/1.1" 404 1251 "https://blog.newkolkata.in/items/68459kairtidm2585.html" "Mozilla/5.0 AppleWebKit/537.36 (KHTML, like Gecko; compatible; GPTBot/1.3; +https://openai.com/gptbot)"
85.208.96.210 - - [06/Feb/2026:11:20:50 -0500] "GET /oybcategorytjvf/74 HTTP/1.1" 404 1251 "-" "Mozilla/5.0 (compatible; SemrushBot/7~bl; +http://www.semrush.com/bot.html)"
74.7.227.180 - - [06/Feb/2026:11:20:52 -0500] "GET /ctg/search/similarImageSearchResultView/?ctgItemCd=5647152274 HTTP/1.1" 404 1251 "https://blog.newkolkata.in/items/52274ccoytidm217.html" "Mozilla/5.0 AppleWebKit/537.36 (KHTML, like Gecko; compatible; GPTBot/1.3; +https://openai.com/gptbot)"
74.7.227.180 - - [06/Feb/2026:11:20:55 -0500] "GET /ctg/search/similarImageSearchResultView/?ctgItemCd=7469571134 HTTP/1.1" 404 1251 "https://blog.newkolkata.in/geti/71134ulgpitems" "Mozilla/5.0 AppleWebKit/537.36 (KHTML, like Gecko; compatible; GPTBot/1.3; +https://openai.com/gptbot)"
74.7.227.180 - - [06/Feb/2026:11:20:58 -0500] "GET /ctg/search/similarImageSearchResultView/?ctgItemCd=6462261039 HTTP/1.1" 404 1251 "https://blog.newkolkata.in/geti/61039mvrvitems" "Mozilla/5.0 AppleWebKit/537.36 (KHTML, like Gecko; compatible; GPTBot/1.3; +https://openai.com/gptbot)"
74.7.227.180 - - [06/Feb/2026:11:21:01 -0500] "GET /ctg/search/similarImageSearchResultView/?ctgItemCd=9679892831 HTTP/1.1" 404 1251 "https://blog.newkolkata.in/item/92831zslytidm.html" "Mozilla/5.0 AppleWebKit/537.36 (KHTML, like Gecko; compatible; GPTBot/1.3; +https://openai.com/gptbot)"
74.7.227.180 - - [06/Feb/2026:11:21:04 -0500] "GET /ctg/search/similarImageSearchResultView/?ctgItemCd=3481130920 HTTP/1.1" 404 1251 "https://blog.newkolkata.in/ite/30920mvrvtidm1.html" "Mozilla/5.0 AppleWebKit/537.36 (KHTML, like Gecko; compatible; GPTBot/1.3; +https://openai.com/gptbot)"
85.208.96.208 - - [06/Feb/2026:11:21:05 -0500] "GET /getidm/254113pcywitems HTTP/1.1" 404 1251 "-" "Mozilla/5.0 (compatible; SemrushBot/7~bl; +http://www.semrush.com/bot.html)"
74.7.227.180 - - [06/Feb/2026:11:21:07 -0500] "GET /ctg/search/similarImageSearchResultView/?ctgItemCd=4723642984 HTTP/1.1" 404 1251 "https://blog.newkolkata.in/getidm18/42984sejmitems.htm" "Mozilla/5.0 AppleWebKit/537.36 (KHTML, like Gecko; compatible; GPTBot/1.3; +https://openai.com/gptbot)"
185.191.171.12 - - [06/Feb/2026:11:21:09 -0500] "GET /getidm/187513ccoyitems HTTP/1.1" 404 1251 "-" "Mozilla/5.0 (compatible; SemrushBot/7~bl; +http://www.semrush.com/bot.html)"
74.7.227.180 - - [06/Feb/2026:11:21:10 -0500] "GET /ctg/search/similarImageSearchResultView/?ctgItemCd=6050256189 HTTP/1.1" 404 1251 "https://blog.newkolkata.in/getidm801/56189tjvfitems.htm" "Mozilla/5.0 AppleWebKit/537.36 (KHTML, like Gecko; compatible; GPTBot/1.3; +https://openai.com/gptbot)"
