74.7.227.180 - - [06/Feb/2026:10:15:02 -0500] "GET /ctg/search/similarImageSearchResultView/?ctgItemCd=6639962471 HTTP/1.1" 404 1251 "https://blog.newkolkata.in/item/62471ccoytidm.html" "Mozilla/5.0 AppleWebKit/537.36 (KHTML, like Gecko; compatible; GPTBot/1.3; +https://openai.com/gptbot)"
74.7.227.180 - - [06/Feb/2026:10:15:05 -0500] "GET /ctg/search/similarImageSearchResultView/?ctgItemCd=3684432894 HTTP/1.1" 404 1251 "https://blog.newkolkata.in/items/32894ulgptid.html" "Mozilla/5.0 AppleWebKit/537.36 (KHTML, like Gecko; compatible; GPTBot/1.3; +https://openai.com/gptbot)"
74.7.227.180 - - [06/Feb/2026:10:15:09 -0500] "GET /ctg/search/similarImageSearchResultView/?ctgItemCd=5234748490 HTTP/1.1" 404 1251 "https://blog.newkolkata.in/getidm4/48490zslyitems" "Mozilla/5.0 AppleWebKit/537.36 (KHTML, like Gecko; compatible; GPTBot/1.3; +https://openai.com/gptbot)"
74.7.227.180 - - [06/Feb/2026:10:15:12 -0500] "GET /ctg/search/similarImageSearchResultView/?ctgItemCd=8507380825 HTTP/1.1" 404 1251 "https://blog.newkolkata.in/item/80825tjvftidm612620.html" "Mozilla/5.0 AppleWebKit/537.36 (KHTML, like Gecko; compatible; GPTBot/1.3; +https://openai.com/gptbot)"
74.7.227.180 - - [06/Feb/2026:10:15:15 -0500] "GET /ctg/search/similarImageSearchResultView/?ctgItemCd=2613322678 HTTP/1.1" 404 1251 "https://blog.newkolkata.in/get/22678ccoyitems" "Mozilla/5.0 AppleWebKit/537.36 (KHTML, like Gecko; compatible; GPTBot/1.3; +https://openai.com/gptbot)"
74.7.227.180 - - [06/Feb/2026:10:15:18 -0500] "GET /ctg/search/similarImageSearchResultView/?ctgItemCd=2056216873 HTTP/1.1" 404 1251 "https://blog.newkolkata.in/getid/16873mvrvitems" "Mozilla/5.0 AppleWebKit/537.36 (KHTML, like Gecko; compatible; GPTBot/1.3; +https://openai.com/gptbot)"
74.7.227.180 - - [06/Feb/2026:10:15:21 -0500] "GET /ctg/search/similarImageSearchResultView/?ctgItemCd=5469950391 HTTP/1.1" 404 1251 "https://blog.newkolkata.in/getidm737/50391ulgpitems.htm" "Mozilla/5.0 AppleWebKit/537.36 (KHTML, like Gecko; compatible; GPTBot/1.3; +https://openai.com/gptbot)"
74.7.227.180 - - [06/Feb/2026:10:15:24 -0500] "GET /ctg/search/similarImageSearchResultView/?ctgItemCd=5628452600 HTTP/1.1" 404 1251 "https://blog.newkolkata.in/getid/52600zslyitems" "Mozilla/5.0 AppleWebKit/537.36 (KHTML, like Gecko; compatible; GPTBot/1.3; +https://openai.com/gptbot)"
74.7.227.180 - - [06/Feb/2026:10:15:27 -0500] "GET /ctg/search/similarImageSearchResultView/?ctgItemCd=4215238710 HTTP/1.1" 404 1251 "https://blog.newkolkata.in/get/38710kairitems" "Mozilla/5.0 AppleWebKit/537.36 (KHTML, like Gecko; compatible; GPTBot/1.3; +https://openai.com/gptbot)"
74.7.227.180 - - [06/Feb/2026:10:15:30 -0500] "GET /ctg/search/similarImageSearchResultView/?ctgItemCd=6948065168 HTTP/1.1" 404 1251 "https://blog.newkolkata.in/items/65168sejmtidm38443.html" "Mozilla/5.0 AppleWebKit/537.36 (KHTML, like Gecko; compatible; GPTBot/1.3; +https://openai.com/gptbot)"
74.7.227.180 - - [06/Feb/2026:10:15:34 -0500] "GET /ctg/search/similarImageSearchResultView/?ctgItemCd=6131557067 HTTP/1.1" 404 1251 "https://blog.newkolkata.in/items/57067sejmtidm1231.html" "Mozilla/5.0 AppleWebKit/537.36 (KHTML, like Gecko; compatible; GPTBot/1.3; +https://openai.com/gptbot)"
74.7.227.180 - - [06/Feb/2026:10:15:37 -0500] "GET /ctg/search/similarImageSearchResultView/?ctgItemCd=3353129702 HTTP/1.1" 404 1251 "https://blog.newkolkata.in/ite/29702ulgptidm.html" "Mozilla/5.0 AppleWebKit/537.36 (KHTML, like Gecko; compatible; GPTBot/1.3; +https://openai.com/gptbot)"
185.191.171.14 - - [06/Feb/2026:10:15:40 -0500] "GET /geti/112447ulgpitems HTTP/1.1" 404 1251 "-" "Mozilla/5.0 (compatible; SemrushBot/7~bl; +http://www.semrush.com/bot.html)"
74.7.227.180 - - [06/Feb/2026:10:15:40 -0500] "GET /ctg/search/similarImageSearchResultView/?ctgItemCd=8716183599 HTTP/1.1" 404 1251 "https://blog.newkolkata.in/geti/83599kairitems" "Mozilla/5.0 AppleWebKit/537.36 (KHTML, like Gecko; compatible; GPTBot/1.3; +https://openai.com/gptbot)"
85.208.96.196 - - [06/Feb/2026:10:15:41 -0500] "GET /getid/279976cejpitems HTTP/1.1" 404 1251 "-" "Mozilla/5.0 (compatible; SemrushBot/7~bl; +http://www.semrush.com/bot.html)"
74.7.227.180 - - [06/Feb/2026:10:15:43 -0500] "GET /ctg/search/similarImageSearchResultView/?ctgItemCd=5860455126 HTTP/1.1" 404 1251 "https://blog.newkolkata.in/get/55126mvrvitems" "Mozilla/5.0 AppleWebKit/537.36 (KHTML, like Gecko; compatible; GPTBot/1.3; +https://openai.com/gptbot)"
74.7.227.180 - - [06/Feb/2026:10:15:47 -0500] "GET /ctg/search/similarImageSearchResultView/?ctgItemCd=8113076916 HTTP/1.1" 404 1251 "https://blog.newkolkata.in/item/76916pcywtidm43342.html" "Mozilla/5.0 AppleWebKit/537.36 (KHTML, like Gecko; compatible; GPTBot/1.3; +https://openai.com/gptbot)"
185.191.171.1 - - [06/Feb/2026:10:15:48 -0500] "GET /ite/158270tjvftid.html HTTP/1.1" 404 1251 "-" "Mozilla/5.0 (compatible; SemrushBot/7~bl; +http://www.semrush.com/bot.html)"
74.7.227.180 - - [06/Feb/2026:10:15:50 -0500] "GET /ctg/search/similarImageSearchResultView/?ctgItemCd=2038316918 HTTP/1.1" 404 1251 "https://blog.newkolkata.in/get/16918ulgpitems" "Mozilla/5.0 AppleWebKit/537.36 (KHTML, like Gecko; compatible; GPTBot/1.3; +https://openai.com/gptbot)"
74.7.227.180 - - [06/Feb/2026:10:15:53 -0500] "GET /ctg/search/similarImageSearchResultView/?ctgItemCd=9826594822 HTTP/1.1" 404 1251 "https://blog.newkolkata.in/get/94822cejpitems" "Mozilla/5.0 AppleWebKit/537.36 (KHTML, like Gecko; compatible; GPTBot/1.3; +https://openai.com/gptbot)"
74.7.227.180 - - [06/Feb/2026:10:15:56 -0500] "GET /ctg/search/similarImageSearchResultView/?ctgItemCd=9092886792 HTTP/1.1" 404 1251 "https://blog.newkolkata.in/items/86792mvrvtidm4.html" "Mozilla/5.0 AppleWebKit/537.36 (KHTML, like Gecko; compatible; GPTBot/1.3; +https://openai.com/gptbot)"
74.7.227.180 - - [06/Feb/2026:10:15:59 -0500] "GET /ctg/search/similarImageSearchResultView/?ctgItemCd=1887914932 HTTP/1.1" 404 1251 "https://blog.newkolkata.in/getidm739/14932pcywitems" "Mozilla/5.0 AppleWebKit/537.36 (KHTML, like Gecko; compatible; GPTBot/1.3; +https://openai.com/gptbot)"
74.7.227.180 - - [06/Feb/2026:10:16:02 -0500] "GET /ctg/search/similarImageSearchResultView/?ctgItemCd=7273468911 HTTP/1.1" 404 1251 "https://blog.newkolkata.in/get/68911kairitems.htm" "Mozilla/5.0 AppleWebKit/537.36 (KHTML, like Gecko; compatible; GPTBot/1.3; +https://openai.com/gptbot)"
85.208.96.208 - - [06/Feb/2026:10:16:04 -0500] "GET /getid/166816sejmitems HTTP/1.1" 404 1251 "-" "Mozilla/5.0 (compatible; SemrushBot/7~bl; +http://www.semrush.com/bot.html)"
74.7.227.180 - - [06/Feb/2026:10:16:06 -0500] "GET /ctg/search/similarImageSearchResultView/?ctgItemCd=9840894368 HTTP/1.1" 404 1251 "https://blog.newkolkata.in/getid/94368ccoyitems.htm" "Mozilla/5.0 AppleWebKit/537.36 (KHTML, like Gecko; compatible; GPTBot/1.3; +https://openai.com/gptbot)"
74.7.227.180 - - [06/Feb/2026:10:16:09 -0500] "GET /ctg/search/similarImageSearchResultView/?ctgItemCd=3627432618 HTTP/1.1" 404 1251 "https://blog.newkolkata.in/getid/32618sejmitems" "Mozilla/5.0 AppleWebKit/537.36 (KHTML, like Gecko; compatible; GPTBot/1.3; +https://openai.com/gptbot)"
74.7.227.180 - - [06/Feb/2026:10:16:12 -0500] "GET /ctg/search/similarImageSearchResultView/?ctgItemCd=7481470838 HTTP/1.1" 404 1251 "https://blog.newkolkata.in/items/70838zslytid.html" "Mozilla/5.0 AppleWebKit/537.36 (KHTML, like Gecko; compatible; GPTBot/1.3; +https://openai.com/gptbot)"
74.7.227.180 - - [06/Feb/2026:10:16:15 -0500] "GET /ctg/search/similarImageSearchResultView/?ctgItemCd=7726172993 HTTP/1.1" 404 1251 "https://blog.newkolkata.in/getidm56/72993tjvfitems.htm" "Mozilla/5.0 AppleWebKit/537.36 (KHTML, like Gecko; compatible; GPTBot/1.3; +https://openai.com/gptbot)"
74.7.227.180 - - [06/Feb/2026:10:16:18 -0500] "GET /ctg/search/similarImageSearchResultView/?ctgItemCd=9395290117 HTTP/1.1" 404 1251 "https://blog.newkolkata.in/get/90117tjvfitems.htm" "Mozilla/5.0 AppleWebKit/537.36 (KHTML, like Gecko; compatible; GPTBot/1.3; +https://openai.com/gptbot)"
74.7.227.180 - - [06/Feb/2026:10:16:21 -0500] "GET /ctg/search/similarImageSearchResultView/?ctgItemCd=7845074761 HTTP/1.1" 404 1251 "https://blog.newkolkata.in/getid/74761mvrvitems" "Mozilla/5.0 AppleWebKit/537.36 (KHTML, like Gecko; compatible; GPTBot/1.3; +https://openai.com/gptbot)"
74.7.227.180 - - [06/Feb/2026:10:16:24 -0500] "GET /ctg/search/similarImageSearchResultView/?ctgItemCd=8967585742 HTTP/1.1" 404 1251 "https://blog.newkolkata.in/items/85742kairtid.html" "Mozilla/5.0 AppleWebKit/537.36 (KHTML, like Gecko; compatible; GPTBot/1.3; +https://openai.com/gptbot)"
74.7.227.180 - - [06/Feb/2026:10:16:28 -0500] "GET /ctg/search/similarImageSearchResultView/?ctgItemCd=1787514422 HTTP/1.1" 404 1251 "https://blog.newkolkata.in/get/14422ulgpitems" "Mozilla/5.0 AppleWebKit/537.36 (KHTML, like Gecko; compatible; GPTBot/1.3; +https://openai.com/gptbot)"
74.7.227.180 - - [06/Feb/2026:10:16:31 -0500] "GET /ctg/search/similarImageSearchResultView/?ctgItemCd=2378019479 HTTP/1.1" 404 1251 "https://blog.newkolkata.in/getidm915/19479kairitems.htm" "Mozilla/5.0 AppleWebKit/537.36 (KHTML, like Gecko; compatible; GPTBot/1.3; +https://openai.com/gptbot)"
74.7.227.180 - - [06/Feb/2026:10:16:34 -0500] "GET /ctg/search/similarImageSearchResultView/?ctgItemCd=2319519639 HTTP/1.1" 404 1251 "https://blog.newkolkata.in/geti/19639jahtitems" "Mozilla/5.0 AppleWebKit/537.36 (KHTML, like Gecko; compatible; GPTBot/1.3; +https://openai.com/gptbot)"
74.7.227.180 - - [06/Feb/2026:10:16:37 -0500] "GET /ctg/search/similarImageSearchResultView/?ctgItemCd=2064317182 HTTP/1.1" 404 1251 "https://blog.newkolkata.in/get/17182tjvfitems" "Mozilla/5.0 AppleWebKit/537.36 (KHTML, like Gecko; compatible; GPTBot/1.3; +https://openai.com/gptbot)"
74.7.227.180 - - [06/Feb/2026:10:16:40 -0500] "GET /ctg/search/similarImageSearchResultView/?ctgItemCd=1783913902 HTTP/1.1" 404 1251 "https://blog.newkolkata.in/geti/13902tjvfitems.htm" "Mozilla/5.0 AppleWebKit/537.36 (KHTML, like Gecko; compatible; GPTBot/1.3; +https://openai.com/gptbot)"
74.7.227.180 - - [06/Feb/2026:10:16:43 -0500] "GET /ctg/search/similarImageSearchResultView/?ctgItemCd=4038236069 HTTP/1.1" 404 1251 "https://blog.newkolkata.in/getidm961/36069ulgpitems.htm" "Mozilla/5.0 AppleWebKit/537.36 (KHTML, like Gecko; compatible; GPTBot/1.3; +https://openai.com/gptbot)"
74.7.227.180 - - [06/Feb/2026:10:16:46 -0500] "GET /ctg/search/similarImageSearchResultView/?ctgItemCd=6358459751 HTTP/1.1" 404 1251 "https://blog.newkolkata.in/get/59751sejmitems.htm" "Mozilla/5.0 AppleWebKit/537.36 (KHTML, like Gecko; compatible; GPTBot/1.3; +https://openai.com/gptbot)"
85.208.96.208 - - [06/Feb/2026:10:16:47 -0500] "GET /getid/99849mvrvitems.htm HTTP/1.1" 404 1251 "-" "Mozilla/5.0 (compatible; SemrushBot/7~bl; +http://www.semrush.com/bot.html)"
74.7.227.180 - - [06/Feb/2026:10:16:49 -0500] "GET /ctg/search/similarImageSearchResultView/?ctgItemCd=4361539700 HTTP/1.1" 404 1251 "https://blog.newkolkata.in/getidm438/39700jahtitems" "Mozilla/5.0 AppleWebKit/537.36 (KHTML, like Gecko; compatible; GPTBot/1.3; +https://openai.com/gptbot)"
74.7.227.180 - - [06/Feb/2026:10:16:52 -0500] "GET /ctg/search/similarImageSearchResultView/?ctgItemCd=7123767415 HTTP/1.1" 404 1251 "https://blog.newkolkata.in/ite/67415ccoytidm.html" "Mozilla/5.0 AppleWebKit/537.36 (KHTML, like Gecko; compatible; GPTBot/1.3; +https://openai.com/gptbot)"
185.191.171.14 - - [06/Feb/2026:10:16:54 -0500] "GET /get/138238sejmitems HTTP/1.1" 404 1251 "-" "Mozilla/5.0 (compatible; SemrushBot/7~bl; +http://www.semrush.com/bot.html)"
74.7.227.180 - - [06/Feb/2026:10:16:56 -0500] "GET /ctg/search/similarImageSearchResultView/?ctgItemCd=3876134625 HTTP/1.1" 404 1251 "https://blog.newkolkata.in/items/34625zslytidm9.html" "Mozilla/5.0 AppleWebKit/537.36 (KHTML, like Gecko; compatible; GPTBot/1.3; +https://openai.com/gptbot)"
185.191.171.2 - - [06/Feb/2026:10:16:56 -0500] "GET /get/289558tjvfitems HTTP/1.1" 404 1251 "-" "Mozilla/5.0 (compatible; SemrushBot/7~bl; +http://www.semrush.com/bot.html)"
85.208.96.207 - - [06/Feb/2026:10:16:58 -0500] "GET /ite/58175zslytidm.html HTTP/1.1" 404 1251 "-" "Mozilla/5.0 (compatible; SemrushBot/7~bl; +http://www.semrush.com/bot.html)"
74.7.227.180 - - [06/Feb/2026:10:16:59 -0500] "GET /ctg/search/similarImageSearchResultView/?ctgItemCd=5031546391 HTTP/1.1" 404 1251 "https://blog.newkolkata.in/item/46391kairtidm.html" "Mozilla/5.0 AppleWebKit/537.36 (KHTML, like Gecko; compatible; GPTBot/1.3; +https://openai.com/gptbot)"
85.208.96.204 - - [06/Feb/2026:10:17:00 -0500] "GET /geti/112855mvrvitems HTTP/1.1" 404 1251 "-" "Mozilla/5.0 (compatible; SemrushBot/7~bl; +http://www.semrush.com/bot.html)"
85.208.96.208 - - [06/Feb/2026:10:17:01 -0500] "GET /getidm/155304pcywitems.htm HTTP/1.1" 404 1251 "-" "Mozilla/5.0 (compatible; SemrushBot/7~bl; +http://www.semrush.com/bot.html)"
74.7.227.180 - - [06/Feb/2026:10:17:02 -0500] "GET /ctg/search/similarImageSearchResultView/?ctgItemCd=5764253348 HTTP/1.1" 404 1251 "https://blog.newkolkata.in/items/53348mvrvtidm7398.html" "Mozilla/5.0 AppleWebKit/537.36 (KHTML, like Gecko; compatible; GPTBot/1.3; +https://openai.com/gptbot)"
74.7.227.180 - - [06/Feb/2026:10:17:05 -0500] "GET /ctg/search/similarImageSearchResultView/?ctgItemCd=3835534218 HTTP/1.1" 404 1251 "https://blog.newkolkata.in/getidm/34218ccoyitems.htm" "Mozilla/5.0 AppleWebKit/537.36 (KHTML, like Gecko; compatible; GPTBot/1.3; +https://openai.com/gptbot)"
74.7.227.180 - - [06/Feb/2026:10:17:08 -0500] "GET /ctg/search/similarImageSearchResultView/?ctgItemCd=5838954436 HTTP/1.1" 404 1251 "https://blog.newkolkata.in/getidm392/54436mvrvitems" "Mozilla/5.0 AppleWebKit/537.36 (KHTML, like Gecko; compatible; GPTBot/1.3; +https://openai.com/gptbot)"
74.7.227.180 - - [06/Feb/2026:10:17:11 -0500] "GET /ctg/search/similarImageSearchResultView/?ctgItemCd=7357769249 HTTP/1.1" 404 1251 "https://blog.newkolkata.in/getidm536/69249pcywitems.htm" "Mozilla/5.0 AppleWebKit/537.36 (KHTML, like Gecko; compatible; GPTBot/1.3; +https://openai.com/gptbot)"
74.7.227.180 - - [06/Feb/2026:10:17:14 -0500] "GET /ctg/search/similarImageSearchResultView/?ctgItemCd=2420720197 HTTP/1.1" 404 1251 "https://blog.newkolkata.in/getidm9622/20197zslyitems" "Mozilla/5.0 AppleWebKit/537.36 (KHTML, like Gecko; compatible; GPTBot/1.3; +https://openai.com/gptbot)"
74.7.227.180 - - [06/Feb/2026:10:17:17 -0500] "GET /ctg/search/similarImageSearchResultView/?ctgItemCd=2413720662 HTTP/1.1" 404 1251 "https://blog.newkolkata.in/get/20662mvrvitems" "Mozilla/5.0 AppleWebKit/537.36 (KHTML, like Gecko; compatible; GPTBot/1.3; +https://openai.com/gptbot)"
207.46.13.87 - - [06/Feb/2026:10:17:19 -0500] "GET /get/104693sejmitems HTTP/1.1" 404 1251 "-" "Mozilla/5.0 AppleWebKit/537.36 (KHTML, like Gecko; compatible; bingbot/2.0; +http://www.bing.com/bingbot.htm) Chrome/116.0.1938.76 Safari/537.36"
185.191.171.9 - - [06/Feb/2026:10:17:20 -0500] "GET /getidm/69001pcywitems HTTP/1.1" 404 1251 "-" "Mozilla/5.0 (compatible; SemrushBot/7~bl; +http://www.semrush.com/bot.html)"
74.7.227.180 - - [06/Feb/2026:10:17:20 -0500] "GET /ctg/search/similarImageSearchResultView/?ctgItemCd=6067356387 HTTP/1.1" 404 1251 "https://blog.newkolkata.in/items/56387pcywtidm2199.html" "Mozilla/5.0 AppleWebKit/537.36 (KHTML, like Gecko; compatible; GPTBot/1.3; +https://openai.com/gptbot)"
74.7.227.180 - - [06/Feb/2026:10:17:24 -0500] "GET /ctg/search/similarImageSearchResultView/?ctgItemCd=7344369621 HTTP/1.1" 404 1251 "https://blog.newkolkata.in/get/69621kairitems.htm" "Mozilla/5.0 AppleWebKit/537.36 (KHTML, like Gecko; compatible; GPTBot/1.3; +https://openai.com/gptbot)"
85.208.96.198 - - [06/Feb/2026:10:17:26 -0500] "GET /getidm/181575jahtitems.htm HTTP/1.1" 404 1251 "-" "Mozilla/5.0 (compatible; SemrushBot/7~bl; +http://www.semrush.com/bot.html)"
74.7.227.180 - - [06/Feb/2026:10:17:27 -0500] "GET /ctg/search/similarImageSearchResultView/?ctgItemCd=5089147311 HTTP/1.1" 404 1251 "https://blog.newkolkata.in/geti/47311mvrvitems" "Mozilla/5.0 AppleWebKit/537.36 (KHTML, like Gecko; compatible; GPTBot/1.3; +https://openai.com/gptbot)"
74.7.227.180 - - [06/Feb/2026:10:17:30 -0500] "GET /ctg/search/similarImageSearchResultView/?ctgItemCd=7105367095 HTTP/1.1" 404 1251 "https://blog.newkolkata.in/geti/67095pcywitems.htm" "Mozilla/5.0 AppleWebKit/537.36 (KHTML, like Gecko; compatible; GPTBot/1.3; +https://openai.com/gptbot)"
74.7.227.180 - - [06/Feb/2026:10:17:33 -0500] "GET /ctg/search/similarImageSearchResultView/?ctgItemCd=3710932814 HTTP/1.1" 404 1251 "https://blog.newkolkata.in/getidm184/32814sejmitems.htm" "Mozilla/5.0 AppleWebKit/537.36 (KHTML, like Gecko; compatible; GPTBot/1.3; +https://openai.com/gptbot)"
74.7.227.180 - - [06/Feb/2026:10:17:36 -0500] "GET /ctg/search/similarImageSearchResultView/?ctgItemCd=3318828944 HTTP/1.1" 404 1251 "https://blog.newkolkata.in/items/28944jahttidm7002.html" "Mozilla/5.0 AppleWebKit/537.36 (KHTML, like Gecko; compatible; GPTBot/1.3; +https://openai.com/gptbot)"
74.7.227.180 - - [06/Feb/2026:10:17:39 -0500] "GET /ctg/search/similarImageSearchResultView/?ctgItemCd=5493451086 HTTP/1.1" 404 1251 "https://blog.newkolkata.in/item/51086mvrvtid.html" "Mozilla/5.0 AppleWebKit/537.36 (KHTML, like Gecko; compatible; GPTBot/1.3; +https://openai.com/gptbot)"
74.7.227.180 - - [06/Feb/2026:10:17:43 -0500] "GET /ctg/search/similarImageSearchResultView/?ctgItemCd=8418680216 HTTP/1.1" 404 1251 "https://blog.newkolkata.in/item/80216kairtidm4.html" "Mozilla/5.0 AppleWebKit/537.36 (KHTML, like Gecko; compatible; GPTBot/1.3; +https://openai.com/gptbot)"
185.191.171.9 - - [06/Feb/2026:10:17:45 -0500] "GET /getidm/185418cejpitems.htm HTTP/1.1" 404 1251 "-" "Mozilla/5.0 (compatible; SemrushBot/7~bl; +http://www.semrush.com/bot.html)"
74.7.227.180 - - [06/Feb/2026:10:17:46 -0500] "GET /ctg/search/similarImageSearchResultView/?ctgItemCd=7417870354 HTTP/1.1" 404 1251 "https://blog.newkolkata.in/getidm3/70354ulgpitems" "Mozilla/5.0 AppleWebKit/537.36 (KHTML, like Gecko; compatible; GPTBot/1.3; +https://openai.com/gptbot)"
74.7.227.180 - - [06/Feb/2026:10:17:49 -0500] "GET /ctg/search/similarImageSearchResultView/?ctgItemCd=6683362744 HTTP/1.1" 404 1251 "https://blog.newkolkata.in/items/62744cejptidm7.html" "Mozilla/5.0 AppleWebKit/537.36 (KHTML, like Gecko; compatible; GPTBot/1.3; +https://openai.com/gptbot)"
85.208.96.204 - - [06/Feb/2026:10:17:52 -0500] "GET /getidm/2665jahtitems HTTP/1.1" 404 1251 "-" "Mozilla/5.0 (compatible; SemrushBot/7~bl; +http://www.semrush.com/bot.html)"
74.7.227.180 - - [06/Feb/2026:10:17:52 -0500] "GET /ctg/search/similarImageSearchResultView/?ctgItemCd=8524080925 HTTP/1.1" 404 1251 "https://blog.newkolkata.in/getidm250/80925pcywitems.htm" "Mozilla/5.0 AppleWebKit/537.36 (KHTML, like Gecko; compatible; GPTBot/1.3; +https://openai.com/gptbot)"
74.7.227.180 - - [06/Feb/2026:10:17:55 -0500] "GET /ctg/search/similarImageSearchResultView/?ctgItemCd=8763384055 HTTP/1.1" 404 1251 "https://blog.newkolkata.in/geti/84055pcywitems" "Mozilla/5.0 AppleWebKit/537.36 (KHTML, like Gecko; compatible; GPTBot/1.3; +https://openai.com/gptbot)"
74.7.227.180 - - [06/Feb/2026:10:17:59 -0500] "GET /ctg/search/similarImageSearchResultView/?ctgItemCd=3347029258 HTTP/1.1" 404 1251 "https://blog.newkolkata.in/items/29258sejmtidm567.html" "Mozilla/5.0 AppleWebKit/537.36 (KHTML, like Gecko; compatible; GPTBot/1.3; +https://openai.com/gptbot)"
185.191.171.2 - - [06/Feb/2026:10:18:00 -0500] "GET /getidm/111073kairitems HTTP/1.1" 404 1251 "-" "Mozilla/5.0 (compatible; SemrushBot/7~bl; +http://www.semrush.com/bot.html)"
74.7.227.180 - - [06/Feb/2026:10:18:02 -0500] "GET /ctg/search/similarImageSearchResultView/?ctgItemCd=4492041089 HTTP/1.1" 404 1251 "https://blog.newkolkata.in/getidm7/41089ulgpitems" "Mozilla/5.0 AppleWebKit/537.36 (KHTML, like Gecko; compatible; GPTBot/1.3; +https://openai.com/gptbot)"
74.7.227.180 - - [06/Feb/2026:10:18:05 -0500] "GET /ctg/search/similarImageSearchResultView/?ctgItemCd=9185987746 HTTP/1.1" 404 1251 "https://blog.newkolkata.in/item/87746ulgptidm775.html" "Mozilla/5.0 AppleWebKit/537.36 (KHTML, like Gecko; compatible; GPTBot/1.3; +https://openai.com/gptbot)"
185.191.171.9 - - [06/Feb/2026:10:18:07 -0500] "GET /getidm/158601pcywitems.htm HTTP/1.1" 404 1251 "-" "Mozilla/5.0 (compatible; SemrushBot/7~bl; +http://www.semrush.com/bot.html)"
74.7.227.180 - - [06/Feb/2026:10:18:08 -0500] "GET /ctg/search/similarImageSearchResultView/?ctgItemCd=5178347798 HTTP/1.1" 404 1251 "https://blog.newkolkata.in/items/47798zslytid.html" "Mozilla/5.0 AppleWebKit/537.36 (KHTML, like Gecko; compatible; GPTBot/1.3; +https://openai.com/gptbot)"
85.208.96.197 - - [06/Feb/2026:10:18:09 -0500] "GET /ite/8150tjvftid.html HTTP/1.1" 404 1251 "-" "Mozilla/5.0 (compatible; SemrushBot/7~bl; +http://www.semrush.com/bot.html)"
74.7.227.180 - - [06/Feb/2026:10:18:11 -0500] "GET /ctg/search/similarImageSearchResultView/?ctgItemCd=6995265864 HTTP/1.1" 404 1251 "https://blog.newkolkata.in/items/65864zslytidm.html" "Mozilla/5.0 AppleWebKit/537.36 (KHTML, like Gecko; compatible; GPTBot/1.3; +https://openai.com/gptbot)"
185.191.171.5 - - [06/Feb/2026:10:18:12 -0500] "GET /get/179014sejmitems HTTP/1.1" 404 1251 "-" "Mozilla/5.0 (compatible; SemrushBot/7~bl; +http://www.semrush.com/bot.html)"
74.7.227.180 - - [06/Feb/2026:10:18:15 -0500] "GET /ctg/search/similarImageSearchResultView/?ctgItemCd=8063176446 HTTP/1.1" 404 1251 "https://blog.newkolkata.in/getidm3/76446cejpitems.htm" "Mozilla/5.0 AppleWebKit/537.36 (KHTML, like Gecko; compatible; GPTBot/1.3; +https://openai.com/gptbot)"
74.7.227.180 - - [06/Feb/2026:10:18:18 -0500] "GET /ctg/search/similarImageSearchResultView/?ctgItemCd=9157587362 HTTP/1.1" 404 1251 "https://blog.newkolkata.in/items/87362sejmtidm748.html" "Mozilla/5.0 AppleWebKit/537.36 (KHTML, like Gecko; compatible; GPTBot/1.3; +https://openai.com/gptbot)"
74.7.227.180 - - [06/Feb/2026:10:18:21 -0500] "GET /ctg/search/similarImageSearchResultView/?ctgItemCd=8100776850 HTTP/1.1" 404 1251 "https://blog.newkolkata.in/getidm/76850tjvfitems.htm" "Mozilla/5.0 AppleWebKit/537.36 (KHTML, like Gecko; compatible; GPTBot/1.3; +https://openai.com/gptbot)"
74.7.227.180 - - [06/Feb/2026:10:18:24 -0500] "GET /ctg/search/similarImageSearchResultView/?ctgItemCd=4173538254 HTTP/1.1" 404 1251 "https://blog.newkolkata.in/get/38254mvrvitems" "Mozilla/5.0 AppleWebKit/537.36 (KHTML, like Gecko; compatible; GPTBot/1.3; +https://openai.com/gptbot)"
74.7.227.180 - - [06/Feb/2026:10:18:27 -0500] "GET /ctg/search/similarImageSearchResultView/?ctgItemCd=4758543376 HTTP/1.1" 404 1251 "https://blog.newkolkata.in/items/43376ulgptidm216.html" "Mozilla/5.0 AppleWebKit/537.36 (KHTML, like Gecko; compatible; GPTBot/1.3; +https://openai.com/gptbot)"
74.7.227.180 - - [06/Feb/2026:10:18:30 -0500] "GET /ctg/search/similarImageSearchResultView/?ctgItemCd=9458190546 HTTP/1.1" 404 1251 "https://blog.newkolkata.in/getid/90546sejmitems.htm" "Mozilla/5.0 AppleWebKit/537.36 (KHTML, like Gecko; compatible; GPTBot/1.3; +https://openai.com/gptbot)"
74.7.227.180 - - [06/Feb/2026:10:18:33 -0500] "GET /ctg/search/similarImageSearchResultView/?ctgItemCd=6382459631 HTTP/1.1" 404 1251 "https://blog.newkolkata.in/getidm9/59631kairitems.htm" "Mozilla/5.0 AppleWebKit/537.36 (KHTML, like Gecko; compatible; GPTBot/1.3; +https://openai.com/gptbot)"
74.7.227.180 - - [06/Feb/2026:10:18:36 -0500] "GET /ctg/search/similarImageSearchResultView/?ctgItemCd=9052486959 HTTP/1.1" 404 1251 "https://blog.newkolkata.in/geti/86959jahtitems" "Mozilla/5.0 AppleWebKit/537.36 (KHTML, like Gecko; compatible; GPTBot/1.3; +https://openai.com/gptbot)"
74.7.227.180 - - [06/Feb/2026:10:18:40 -0500] "GET /ctg/search/similarImageSearchResultView/?ctgItemCd=3210127968 HTTP/1.1" 404 1251 "https://blog.newkolkata.in/items/27968pcywtidm9.html" "Mozilla/5.0 AppleWebKit/537.36 (KHTML, like Gecko; compatible; GPTBot/1.3; +https://openai.com/gptbot)"
74.7.227.180 - - [06/Feb/2026:10:18:43 -0500] "GET /ctg/search/similarImageSearchResultView/?ctgItemCd=4893544980 HTTP/1.1" 404 1251 "https://blog.newkolkata.in/getidm402/44980zslyitems" "Mozilla/5.0 AppleWebKit/537.36 (KHTML, like Gecko; compatible; GPTBot/1.3; +https://openai.com/gptbot)"
74.7.227.180 - - [06/Feb/2026:10:18:46 -0500] "GET /ctg/search/similarImageSearchResultView/?ctgItemCd=7262868653 HTTP/1.1" 404 1251 "https://blog.newkolkata.in/getidm5715/68653kairitems" "Mozilla/5.0 AppleWebKit/537.36 (KHTML, like Gecko; compatible; GPTBot/1.3; +https://openai.com/gptbot)"
185.191.171.12 - - [06/Feb/2026:10:18:48 -0500] "GET /geti/88039kairitems HTTP/1.1" 404 1251 "-" "Mozilla/5.0 (compatible; SemrushBot/7~bl; +http://www.semrush.com/bot.html)"
74.7.227.180 - - [06/Feb/2026:10:18:49 -0500] "GET /ctg/search/similarImageSearchResultView/?ctgItemCd=1472410428 HTTP/1.1" 404 1251 "https://blog.newkolkata.in/getidm692/10428sejmitems.htm" "Mozilla/5.0 AppleWebKit/537.36 (KHTML, like Gecko; compatible; GPTBot/1.3; +https://openai.com/gptbot)"
185.191.171.13 - - [06/Feb/2026:10:18:51 -0500] "GET /geti/59850zslyitems.htm HTTP/1.1" 404 1251 "-" "Mozilla/5.0 (compatible; SemrushBot/7~bl; +http://www.semrush.com/bot.html)"
74.7.227.180 - - [06/Feb/2026:10:18:52 -0500] "GET /ctg/search/similarImageSearchResultView/?ctgItemCd=2767523481 HTTP/1.1" 404 1251 "https://blog.newkolkata.in/getidm9/23481ccoyitems.htm" "Mozilla/5.0 AppleWebKit/537.36 (KHTML, like Gecko; compatible; GPTBot/1.3; +https://openai.com/gptbot)"
74.7.227.180 - - [06/Feb/2026:10:18:55 -0500] "GET /ctg/search/similarImageSearchResultView/?ctgItemCd=6720362837 HTTP/1.1" 404 1251 "https://blog.newkolkata.in/items/62837ccoytidm652736.html" "Mozilla/5.0 AppleWebKit/537.36 (KHTML, like Gecko; compatible; GPTBot/1.3; +https://openai.com/gptbot)"
74.7.227.180 - - [06/Feb/2026:10:18:59 -0500] "GET /ctg/search/similarImageSearchResultView/?ctgItemCd=5606352142 HTTP/1.1" 404 1251 "https://blog.newkolkata.in/items/52142jahttid.html" "Mozilla/5.0 AppleWebKit/537.36 (KHTML, like Gecko; compatible; GPTBot/1.3; +https://openai.com/gptbot)"
74.7.227.180 - - [06/Feb/2026:10:19:02 -0500] "GET /ctg/search/similarImageSearchResultView/?ctgItemCd=1866214652 HTTP/1.1" 404 1251 "https://blog.newkolkata.in/ite/14652zslytidm148.html" "Mozilla/5.0 AppleWebKit/537.36 (KHTML, like Gecko; compatible; GPTBot/1.3; +https://openai.com/gptbot)"
74.7.227.180 - - [06/Feb/2026:10:19:05 -0500] "GET /ctg/search/similarImageSearchResultView/?ctgItemCd=4366139345 HTTP/1.1" 404 1251 "https://blog.newkolkata.in/getidm935/39345tjvfitems.htm" "Mozilla/5.0 AppleWebKit/537.36 (KHTML, like Gecko; compatible; GPTBot/1.3; +https://openai.com/gptbot)"
74.7.227.180 - - [06/Feb/2026:10:19:08 -0500] "GET /ctg/search/similarImageSearchResultView/?ctgItemCd=9740893410 HTTP/1.1" 404 1251 "https://blog.newkolkata.in/ite/93410mvrvtidm405.html" "Mozilla/5.0 AppleWebKit/537.36 (KHTML, like Gecko; compatible; GPTBot/1.3; +https://openai.com/gptbot)"
74.7.227.180 - - [06/Feb/2026:10:19:11 -0500] "GET /ctg/search/similarImageSearchResultView/?ctgItemCd=7103067273 HTTP/1.1" 404 1251 "https://blog.newkolkata.in/getidm/67273cejpitems" "Mozilla/5.0 AppleWebKit/537.36 (KHTML, like Gecko; compatible; GPTBot/1.3; +https://openai.com/gptbot)"
74.7.227.180 - - [06/Feb/2026:10:19:14 -0500] "GET /ctg/search/similarImageSearchResultView/?ctgItemCd=4901644976 HTTP/1.1" 404 1251 "https://blog.newkolkata.in/getid/44976ccoyitems.htm" "Mozilla/5.0 AppleWebKit/537.36 (KHTML, like Gecko; compatible; GPTBot/1.3; +https://openai.com/gptbot)"
74.7.227.180 - - [06/Feb/2026:10:19:18 -0500] "GET /ctg/search/similarImageSearchResultView/?ctgItemCd=7850374556 HTTP/1.1" 404 1251 "https://blog.newkolkata.in/geti/74556ulgpitems.htm" "Mozilla/5.0 AppleWebKit/537.36 (KHTML, like Gecko; compatible; GPTBot/1.3; +https://openai.com/gptbot)"
74.7.227.180 - - [06/Feb/2026:10:19:21 -0500] "GET /ctg/search/similarImageSearchResultView/?ctgItemCd=7369369540 HTTP/1.1" 404 1251 "https://blog.newkolkata.in/getidm/69540ulgpitems.htm" "Mozilla/5.0 AppleWebKit/537.36 (KHTML, like Gecko; compatible; GPTBot/1.3; +https://openai.com/gptbot)"
74.7.227.180 - - [06/Feb/2026:10:19:24 -0500] "GET /ctg/search/similarImageSearchResultView/?ctgItemCd=5641652479 HTTP/1.1" 404 1251 "https://blog.newkolkata.in/geti/52479ccoyitems.htm" "Mozilla/5.0 AppleWebKit/537.36 (KHTML, like Gecko; compatible; GPTBot/1.3; +https://openai.com/gptbot)"
74.7.227.180 - - [06/Feb/2026:10:19:27 -0500] "GET /ctg/search/similarImageSearchResultView/?ctgItemCd=8745683750 HTTP/1.1" 404 1251 "https://blog.newkolkata.in/ite/83750kairtid.html" "Mozilla/5.0 AppleWebKit/537.36 (KHTML, like Gecko; compatible; GPTBot/1.3; +https://openai.com/gptbot)"
74.7.227.180 - - [06/Feb/2026:10:19:30 -0500] "GET /ctg/search/similarImageSearchResultView/?ctgItemCd=4239438162 HTTP/1.1" 404 1251 "https://blog.newkolkata.in/items/38162mvrvtidm574.html" "Mozilla/5.0 AppleWebKit/537.36 (KHTML, like Gecko; compatible; GPTBot/1.3; +https://openai.com/gptbot)"
74.7.227.180 - - [06/Feb/2026:10:19:34 -0500] "GET /ctg/search/similarImageSearchResultView/?ctgItemCd=4751844062 HTTP/1.1" 404 1251 "https://blog.newkolkata.in/get/44062ulgpitems" "Mozilla/5.0 AppleWebKit/537.36 (KHTML, like Gecko; compatible; GPTBot/1.3; +https://openai.com/gptbot)"
74.7.227.180 - - [06/Feb/2026:10:19:37 -0500] "GET /ctg/search/similarImageSearchResultView/?ctgItemCd=1712612843 HTTP/1.1" 404 1251 "https://blog.newkolkata.in/getidm441/12843jahtitems.htm" "Mozilla/5.0 AppleWebKit/537.36 (KHTML, like Gecko; compatible; GPTBot/1.3; +https://openai.com/gptbot)"
74.7.227.180 - - [06/Feb/2026:10:19:40 -0500] "GET /ctg/search/similarImageSearchResultView/?ctgItemCd=6834364495 HTTP/1.1" 404 1251 "https://blog.newkolkata.in/ite/64495pcywtidm.html" "Mozilla/5.0 AppleWebKit/537.36 (KHTML, like Gecko; compatible; GPTBot/1.3; +https://openai.com/gptbot)"
74.7.227.180 - - [06/Feb/2026:10:19:43 -0500] "GET /ctg/search/similarImageSearchResultView/?ctgItemCd=8604582118 HTTP/1.1" 404 1251 "https://blog.newkolkata.in/items/82118jahttid.html" "Mozilla/5.0 AppleWebKit/537.36 (KHTML, like Gecko; compatible; GPTBot/1.3; +https://openai.com/gptbot)"
185.191.171.7 - - [06/Feb/2026:10:19:46 -0500] "GET /get/240934pcywitems HTTP/1.1" 404 1251 "-" "Mozilla/5.0 (compatible; SemrushBot/7~bl; +http://www.semrush.com/bot.html)"
74.7.227.180 - - [06/Feb/2026:10:19:46 -0500] "GET /ctg/search/similarImageSearchResultView/?ctgItemCd=8351679742 HTTP/1.1" 404 1251 "https://blog.newkolkata.in/getidm/79742sejmitems" "Mozilla/5.0 AppleWebKit/537.36 (KHTML, like Gecko; compatible; GPTBot/1.3; +https://openai.com/gptbot)"
185.191.171.9 - - [06/Feb/2026:10:19:49 -0500] "GET /items/85214jahttid.html HTTP/1.1" 404 1251 "-" "Mozilla/5.0 (compatible; SemrushBot/7~bl; +http://www.semrush.com/bot.html)"
74.7.227.180 - - [06/Feb/2026:10:19:49 -0500] "GET /ctg/search/similarImageSearchResultView/?ctgItemCd=9551891267 HTTP/1.1" 404 1251 "https://blog.newkolkata.in/item/91267ccoytidm980355.html" "Mozilla/5.0 AppleWebKit/537.36 (KHTML, like Gecko; compatible; GPTBot/1.3; +https://openai.com/gptbot)"
74.7.227.180 - - [06/Feb/2026:10:19:53 -0500] "GET /ctg/search/similarImageSearchResultView/?ctgItemCd=6308259115 HTTP/1.1" 404 1251 "https://blog.newkolkata.in/geti/59115zslyitems.htm" "Mozilla/5.0 AppleWebKit/537.36 (KHTML, like Gecko; compatible; GPTBot/1.3; +https://openai.com/gptbot)"
74.7.227.180 - - [06/Feb/2026:10:19:56 -0500] "GET /ctg/search/similarImageSearchResultView/?ctgItemCd=5104646889 HTTP/1.1" 404 1251 "https://blog.newkolkata.in/items/46889kairtidm37.html" "Mozilla/5.0 AppleWebKit/537.36 (KHTML, like Gecko; compatible; GPTBot/1.3; +https://openai.com/gptbot)"
74.7.227.180 - - [06/Feb/2026:10:19:59 -0500] "GET /ctg/search/similarImageSearchResultView/?ctgItemCd=7533871480 HTTP/1.1" 404 1251 "https://blog.newkolkata.in/ite/71480cejptidm3.html" "Mozilla/5.0 AppleWebKit/537.36 (KHTML, like Gecko; compatible; GPTBot/1.3; +https://openai.com/gptbot)"
74.7.227.180 - - [06/Feb/2026:10:20:02 -0500] "GET /ctg/search/similarImageSearchResultView/?ctgItemCd=4671942632 HTTP/1.1" 404 1251 "https://blog.newkolkata.in/items/42632kairtidm6.html" "Mozilla/5.0 AppleWebKit/537.36 (KHTML, like Gecko; compatible; GPTBot/1.3; +https://openai.com/gptbot)"
74.7.227.180 - - [06/Feb/2026:10:20:05 -0500] "GET /ctg/search/similarImageSearchResultView/?ctgItemCd=8135977025 HTTP/1.1" 404 1251 "https://blog.newkolkata.in/getidm149/77025zslyitems.htm" "Mozilla/5.0 AppleWebKit/537.36 (KHTML, like Gecko; compatible; GPTBot/1.3; +https://openai.com/gptbot)"
185.191.171.18 - - [06/Feb/2026:10:20:06 -0500] "GET /item/49871sejmtidm.html HTTP/1.1" 404 1251 "-" "Mozilla/5.0 (compatible; SemrushBot/7~bl; +http://www.semrush.com/bot.html)"
185.191.171.15 - - [06/Feb/2026:10:20:07 -0500] "GET /get/202846jahtitems HTTP/1.1" 404 1251 "-" "Mozilla/5.0 (compatible; SemrushBot/7~bl; +http://www.semrush.com/bot.html)"
74.7.227.180 - - [06/Feb/2026:10:20:08 -0500] "GET /ctg/search/similarImageSearchResultView/?ctgItemCd=4272238537 HTTP/1.1" 404 1251 "https://blog.newkolkata.in/items/38537mvrvtidm83.html" "Mozilla/5.0 AppleWebKit/537.36 (KHTML, like Gecko; compatible; GPTBot/1.3; +https://openai.com/gptbot)"
74.7.227.180 - - [06/Feb/2026:10:20:12 -0500] "GET /ctg/search/similarImageSearchResultView/?ctgItemCd=3625032150 HTTP/1.1" 404 1251 "https://blog.newkolkata.in/item/32150pcywtidm844.html" "Mozilla/5.0 AppleWebKit/537.36 (KHTML, like Gecko; compatible; GPTBot/1.3; +https://openai.com/gptbot)"
74.7.227.180 - - [06/Feb/2026:10:20:15 -0500] "GET /ctg/search/similarImageSearchResultView/?ctgItemCd=5889254964 HTTP/1.1" 404 1251 "https://blog.newkolkata.in/getidm533/54964sejmitems" "Mozilla/5.0 AppleWebKit/537.36 (KHTML, like Gecko; compatible; GPTBot/1.3; +https://openai.com/gptbot)"
74.7.227.180 - - [06/Feb/2026:10:20:18 -0500] "GET /ctg/search/similarImageSearchResultView/?ctgItemCd=4520041536 HTTP/1.1" 404 1251 "https://blog.newkolkata.in/getid/41536ulgpitems" "Mozilla/5.0 AppleWebKit/537.36 (KHTML, like Gecko; compatible; GPTBot/1.3; +https://openai.com/gptbot)"
74.7.227.180 - - [06/Feb/2026:10:20:21 -0500] "GET /ctg/search/similarImageSearchResultView/?ctgItemCd=4890544857 HTTP/1.1" 404 1251 "https://blog.newkolkata.in/getid/44857ulgpitems.htm" "Mozilla/5.0 AppleWebKit/537.36 (KHTML, like Gecko; compatible; GPTBot/1.3; +https://openai.com/gptbot)"
74.7.227.180 - - [06/Feb/2026:10:20:24 -0500] "GET /ctg/search/similarImageSearchResultView/?ctgItemCd=9497090834 HTTP/1.1" 404 1251 "https://blog.newkolkata.in/getidm/90834jahtitems.htm" "Mozilla/5.0 AppleWebKit/537.36 (KHTML, like Gecko; compatible; GPTBot/1.3; +https://openai.com/gptbot)"
74.7.227.180 - - [06/Feb/2026:10:20:27 -0500] "GET /ctg/search/similarImageSearchResultView/?ctgItemCd=4567541748 HTTP/1.1" 404 1251 "https://blog.newkolkata.in/geti/41748kairitems.htm" "Mozilla/5.0 AppleWebKit/537.36 (KHTML, like Gecko; compatible; GPTBot/1.3; +https://openai.com/gptbot)"
74.7.227.180 - - [06/Feb/2026:10:20:30 -0500] "GET /ctg/search/similarImageSearchResultView/?ctgItemCd=3537731458 HTTP/1.1" 404 1251 "https://blog.newkolkata.in/geti/31458cejpitems.htm" "Mozilla/5.0 AppleWebKit/537.36 (KHTML, like Gecko; compatible; GPTBot/1.3; +https://openai.com/gptbot)"
74.7.227.180 - - [06/Feb/2026:10:20:33 -0500] "GET /ctg/search/similarImageSearchResultView/?ctgItemCd=8487280942 HTTP/1.1" 404 1251 "https://blog.newkolkata.in/items/80942kairtid.html" "Mozilla/5.0 AppleWebKit/537.36 (KHTML, like Gecko; compatible; GPTBot/1.3; +https://openai.com/gptbot)"
74.7.227.180 - - [06/Feb/2026:10:20:36 -0500] "GET /ctg/search/similarImageSearchResultView/?ctgItemCd=9423790279 HTTP/1.1" 404 1251 "https://blog.newkolkata.in/geti/90279pcywitems.htm" "Mozilla/5.0 AppleWebKit/537.36 (KHTML, like Gecko; compatible; GPTBot/1.3; +https://openai.com/gptbot)"
74.7.227.180 - - [06/Feb/2026:10:20:39 -0500] "GET /ctg/search/similarImageSearchResultView/?ctgItemCd=8003276113 HTTP/1.1" 404 1251 "https://blog.newkolkata.in/item/76113jahttidm.html" "Mozilla/5.0 AppleWebKit/537.36 (KHTML, like Gecko; compatible; GPTBot/1.3; +https://openai.com/gptbot)"
74.7.227.180 - - [06/Feb/2026:10:20:43 -0500] "GET /ctg/search/similarImageSearchResultView/?ctgItemCd=6103457226 HTTP/1.1" 404 1251 "https://blog.newkolkata.in/getidm6/57226cejpitems" "Mozilla/5.0 AppleWebKit/537.36 (KHTML, like Gecko; compatible; GPTBot/1.3; +https://openai.com/gptbot)"
74.7.227.180 - - [06/Feb/2026:10:20:46 -0500] "GET /ctg/search/similarImageSearchResultView/?ctgItemCd=2701422928 HTTP/1.1" 404 1251 "https://blog.newkolkata.in/items/22928cejptidm4.html" "Mozilla/5.0 AppleWebKit/537.36 (KHTML, like Gecko; compatible; GPTBot/1.3; +https://openai.com/gptbot)"
85.208.96.210 - - [06/Feb/2026:10:20:47 -0500] "GET /getidm/64897jahtitems HTTP/1.1" 404 1251 "-" "Mozilla/5.0 (compatible; SemrushBot/7~bl; +http://www.semrush.com/bot.html)"
74.7.227.180 - - [06/Feb/2026:10:20:49 -0500] "GET /ctg/search/similarImageSearchResultView/?ctgItemCd=7009465936 HTTP/1.1" 404 1251 "https://blog.newkolkata.in/getidm/65936ulgpitems.htm" "Mozilla/5.0 AppleWebKit/537.36 (KHTML, like Gecko; compatible; GPTBot/1.3; +https://openai.com/gptbot)"
74.7.227.180 - - [06/Feb/2026:10:20:52 -0500] "GET /ctg/search/similarImageSearchResultView/?ctgItemCd=9142187508 HTTP/1.1" 404 1251 "https://blog.newkolkata.in/getidm702/87508cejpitems" "Mozilla/5.0 AppleWebKit/537.36 (KHTML, like Gecko; compatible; GPTBot/1.3; +https://openai.com/gptbot)"
74.7.227.180 - - [06/Feb/2026:10:20:55 -0500] "GET /ctg/search/similarImageSearchResultView/?ctgItemCd=9384389700 HTTP/1.1" 404 1251 "https://blog.newkolkata.in/getidm/89700ccoyitems.htm" "Mozilla/5.0 AppleWebKit/537.36 (KHTML, like Gecko; compatible; GPTBot/1.3; +https://openai.com/gptbot)"
85.208.96.211 - - [06/Feb/2026:10:20:56 -0500] "GET /getidm74/61627pcywitems HTTP/1.1" 404 1251 "-" "Mozilla/5.0 (compatible; SemrushBot/7~bl; +http://www.semrush.com/bot.html)"
74.7.227.180 - - [06/Feb/2026:10:20:58 -0500] "GET /ctg/search/similarImageSearchResultView/?ctgItemCd=5706353590 HTTP/1.1" 404 1251 "https://blog.newkolkata.in/get/53590pcywitems" "Mozilla/5.0 AppleWebKit/537.36 (KHTML, like Gecko; compatible; GPTBot/1.3; +https://openai.com/gptbot)"
185.191.171.11 - - [06/Feb/2026:10:20:58 -0500] "GET /getidm6/53314jahtitems HTTP/1.1" 404 1251 "-" "Mozilla/5.0 (compatible; SemrushBot/7~bl; +http://www.semrush.com/bot.html)"
74.7.227.180 - - [06/Feb/2026:10:21:01 -0500] "GET /ctg/search/similarImageSearchResultView/?ctgItemCd=1820014057 HTTP/1.1" 404 1251 "https://blog.newkolkata.in/items/14057jahttidm95.html" "Mozilla/5.0 AppleWebKit/537.36 (KHTML, like Gecko; compatible; GPTBot/1.3; +https://openai.com/gptbot)"
66.249.66.11 - - [06/Feb/2026:10:21:02 -0500] "GET /detail.php?products/85800108144 HTTP/1.1" 404 1251 "-" "Mozilla/5.0 (Linux; Android 6.0.1; Nexus 5X Build/MMB29P) AppleWebKit/537.36 (KHTML, like Gecko) Chrome/144.0.7559.132 Mobile Safari/537.36 (compatible; Googlebot/2.1; +http://www.google.com/bot.html)"
185.191.171.11 - - [06/Feb/2026:10:21:03 -0500] "GET /getidm/194805pcywitems.htm HTTP/1.1" 404 1251 "-" "Mozilla/5.0 (compatible; SemrushBot/7~bl; +http://www.semrush.com/bot.html)"
74.7.227.180 - - [06/Feb/2026:10:21:04 -0500] "GET /ctg/search/similarImageSearchResultView/?ctgItemCd=5098346817 HTTP/1.1" 404 1251 "https://blog.newkolkata.in/items/46817ulgptidm65.html" "Mozilla/5.0 AppleWebKit/537.36 (KHTML, like Gecko; compatible; GPTBot/1.3; +https://openai.com/gptbot)"
74.7.227.180 - - [06/Feb/2026:10:21:07 -0500] "GET /ctg/search/similarImageSearchResultView/?ctgItemCd=4031336282 HTTP/1.1" 404 1251 "https://blog.newkolkata.in/getid/36282ccoyitems.htm" "Mozilla/5.0 AppleWebKit/537.36 (KHTML, like Gecko; compatible; GPTBot/1.3; +https://openai.com/gptbot)"
74.7.227.180 - - [06/Feb/2026:10:21:10 -0500] "GET /ctg/search/similarImageSearchResultView/?ctgItemCd=5272248937 HTTP/1.1" 404 1251 "https://blog.newkolkata.in/getidm/48937ulgpitems" "Mozilla/5.0 AppleWebKit/537.36 (KHTML, like Gecko; compatible; GPTBot/1.3; +https://openai.com/gptbot)"
185.191.171.6 - - [06/Feb/2026:10:21:13 -0500] "GET /get/55719pcywitems.htm HTTP/1.1" 404 1251 "-" "Mozilla/5.0 (compatible; SemrushBot/7~bl; +http://www.semrush.com/bot.html)"
74.7.227.180 - - [06/Feb/2026:10:21:14 -0500] "GET /ctg/search/similarImageSearchResultView/?ctgItemCd=5671952794 HTTP/1.1" 404 1251 "https://blog.newkolkata.in/geti/52794cejpitems.htm" "Mozilla/5.0 AppleWebKit/537.36 (KHTML, like Gecko; compatible; GPTBot/1.3; +https://openai.com/gptbot)"
85.208.96.193 - - [06/Feb/2026:10:21:15 -0500] "GET /get/139462sejmitems HTTP/1.1" 404 1251 "-" "Mozilla/5.0 (compatible; SemrushBot/7~bl; +http://www.semrush.com/bot.html)"
74.7.227.180 - - [06/Feb/2026:10:21:17 -0500] "GET /ctg/search/similarImageSearchResultView/?ctgItemCd=4202338102 HTTP/1.1" 404 1251 "https://blog.newkolkata.in/items/38102jahttid.html" "Mozilla/5.0 AppleWebKit/537.36 (KHTML, like Gecko; compatible; GPTBot/1.3; +https://openai.com/gptbot)"
74.7.227.180 - - [06/Feb/2026:10:21:20 -0500] "GET /ctg/search/similarImageSearchResultView/?ctgItemCd=8415180512 HTTP/1.1" 404 1251 "https://blog.newkolkata.in/getid/80512cejpitems" "Mozilla/5.0 AppleWebKit/537.36 (KHTML, like Gecko; compatible; GPTBot/1.3; +https://openai.com/gptbot)"
74.7.227.180 - - [06/Feb/2026:10:21:23 -0500] "GET /ctg/search/similarImageSearchResultView/?ctgItemCd=6437360035 HTTP/1.1" 404 1251 "https://blog.newkolkata.in/items/60035kairtidm234326.html" "Mozilla/5.0 AppleWebKit/537.36 (KHTML, like Gecko; compatible; GPTBot/1.3; +https://openai.com/gptbot)"
74.7.227.180 - - [06/Feb/2026:10:21:26 -0500] "GET /ctg/search/similarImageSearchResultView/?ctgItemCd=1952215693 HTTP/1.1" 404 1251 "https://blog.newkolkata.in/get/15693ccoyitems.htm" "Mozilla/5.0 AppleWebKit/537.36 (KHTML, like Gecko; compatible; GPTBot/1.3; +https://openai.com/gptbot)"
74.7.227.180 - - [06/Feb/2026:10:21:30 -0500] "GET /ctg/search/similarImageSearchResultView/?ctgItemCd=1902215316 HTTP/1.1" 404 1251 "https://blog.newkolkata.in/ite/15316ccoytid.html" "Mozilla/5.0 AppleWebKit/537.36 (KHTML, like Gecko; compatible; GPTBot/1.3; +https://openai.com/gptbot)"
185.191.171.14 - - [06/Feb/2026:10:21:31 -0500] "GET /ite/124175jahttidm.html HTTP/1.1" 404 1251 "-" "Mozilla/5.0 (compatible; SemrushBot/7~bl; +http://www.semrush.com/bot.html)"
74.7.227.180 - - [06/Feb/2026:10:21:33 -0500] "GET /ctg/search/similarImageSearchResultView/?ctgItemCd=9107587350 HTTP/1.1" 404 1251 "https://blog.newkolkata.in/ite/87350tjvftid.html" "Mozilla/5.0 AppleWebKit/537.36 (KHTML, like Gecko; compatible; GPTBot/1.3; +https://openai.com/gptbot)"
66.249.66.202 - - [06/Feb/2026:10:21:33 -0500] "GET /ctg/search/similarImageSearchResultView/?ctgItemCd=315193311310 HTTP/1.1" 404 1251 "-" "Mozilla/5.0 (Linux; Android 6.0.1; Nexus 5X Build/MMB29P) AppleWebKit/537.36 (KHTML, like Gecko) Chrome/144.0.7559.132 Mobile Safari/537.36 (compatible; Googlebot/2.1; +http://www.google.com/bot.html)"
74.7.227.180 - - [06/Feb/2026:10:21:36 -0500] "GET /ctg/search/similarImageSearchResultView/?ctgItemCd=3713232969 HTTP/1.1" 404 1251 "https://blog.newkolkata.in/items/32969ulgptidm32.html" "Mozilla/5.0 AppleWebKit/537.36 (KHTML, like Gecko; compatible; GPTBot/1.3; +https://openai.com/gptbot)"
85.208.96.194 - - [06/Feb/2026:10:21:38 -0500] "GET /getidm/148563pcywitems.htm HTTP/1.1" 404 1251 "-" "Mozilla/5.0 (compatible; SemrushBot/7~bl; +http://www.semrush.com/bot.html)"
74.7.227.180 - - [06/Feb/2026:10:21:39 -0500] "GET /ctg/search/similarImageSearchResultView/?ctgItemCd=6324658938 HTTP/1.1" 404 1251 "https://blog.newkolkata.in/getidm461/58938sejmitems.htm" "Mozilla/5.0 AppleWebKit/537.36 (KHTML, like Gecko; compatible; GPTBot/1.3; +https://openai.com/gptbot)"
74.7.227.180 - - [06/Feb/2026:10:21:42 -0500] "GET /ctg/search/similarImageSearchResultView/?ctgItemCd=5105846946 HTTP/1.1" 404 1251 "https://blog.newkolkata.in/item/46946pcywtidm451.html" "Mozilla/5.0 AppleWebKit/537.36 (KHTML, like Gecko; compatible; GPTBot/1.3; +https://openai.com/gptbot)"
74.7.227.180 - - [06/Feb/2026:10:21:46 -0500] "GET /ctg/search/similarImageSearchResultView/?ctgItemCd=3071426896 HTTP/1.1" 404 1251 "https://blog.newkolkata.in/getidm2/26896jahtitems" "Mozilla/5.0 AppleWebKit/537.36 (KHTML, like Gecko; compatible; GPTBot/1.3; +https://openai.com/gptbot)"
74.7.227.180 - - [06/Feb/2026:10:21:49 -0500] "GET /ctg/search/similarImageSearchResultView/?ctgItemCd=2354319574 HTTP/1.1" 404 1251 "https://blog.newkolkata.in/items/19574mvrvtid.html" "Mozilla/5.0 AppleWebKit/537.36 (KHTML, like Gecko; compatible; GPTBot/1.3; +https://openai.com/gptbot)"
74.7.227.180 - - [06/Feb/2026:10:21:52 -0500] "GET /ctg/search/similarImageSearchResultView/?ctgItemCd=3326529434 HTTP/1.1" 404 1251 "https://blog.newkolkata.in/getidm7/29434ulgpitems" "Mozilla/5.0 AppleWebKit/537.36 (KHTML, like Gecko; compatible; GPTBot/1.3; +https://openai.com/gptbot)"
74.7.227.180 - - [06/Feb/2026:10:21:55 -0500] "GET /ctg/search/similarImageSearchResultView/?ctgItemCd=8413780199 HTTP/1.1" 404 1251 "https://blog.newkolkata.in/geti/80199sejmitems.htm" "Mozilla/5.0 AppleWebKit/537.36 (KHTML, like Gecko; compatible; GPTBot/1.3; +https://openai.com/gptbot)"
74.7.227.180 - - [06/Feb/2026:10:21:58 -0500] "GET /ctg/search/similarImageSearchResultView/?ctgItemCd=7521271028 HTTP/1.1" 404 1251 "https://blog.newkolkata.in/getidm6/71028kairitems.htm" "Mozilla/5.0 AppleWebKit/537.36 (KHTML, like Gecko; compatible; GPTBot/1.3; +https://openai.com/gptbot)"
74.7.227.180 - - [06/Feb/2026:10:22:02 -0500] "GET /ctg/search/similarImageSearchResultView/?ctgItemCd=7589271651 HTTP/1.1" 404 1251 "https://blog.newkolkata.in/getidm76/71651jahtitems.htm" "Mozilla/5.0 AppleWebKit/537.36 (KHTML, like Gecko; compatible; GPTBot/1.3; +https://openai.com/gptbot)"
74.7.227.180 - - [06/Feb/2026:10:22:05 -0500] "GET /ctg/search/similarImageSearchResultView/?ctgItemCd=8112377149 HTTP/1.1" 404 1251 "https://blog.newkolkata.in/getidm7064/77149kairitems" "Mozilla/5.0 AppleWebKit/537.36 (KHTML, like Gecko; compatible; GPTBot/1.3; +https://openai.com/gptbot)"
74.7.227.180 - - [06/Feb/2026:10:22:08 -0500] "GET /ctg/search/similarImageSearchResultView/?ctgItemCd=6050556214 HTTP/1.1" 404 1251 "https://blog.newkolkata.in/getidm118/56214ccoyitems.htm" "Mozilla/5.0 AppleWebKit/537.36 (KHTML, like Gecko; compatible; GPTBot/1.3; +https://openai.com/gptbot)"
185.191.171.11 - - [06/Feb/2026:10:22:08 -0500] "GET /ite/171095mvrvtidm.html HTTP/1.1" 404 1251 "-" "Mozilla/5.0 (compatible; SemrushBot/7~bl; +http://www.semrush.com/bot.html)"
74.7.227.180 - - [06/Feb/2026:10:22:11 -0500] "GET /ctg/search/similarImageSearchResultView/?ctgItemCd=4131637498 HTTP/1.1" 404 1251 "https://blog.newkolkata.in/getidm2/37498kairitems" "Mozilla/5.0 AppleWebKit/537.36 (KHTML, like Gecko; compatible; GPTBot/1.3; +https://openai.com/gptbot)"
85.208.96.195 - - [06/Feb/2026:10:22:12 -0500] "GET /getidm/41857ccoyitems HTTP/1.1" 404 1251 "-" "Mozilla/5.0 (compatible; SemrushBot/7~bl; +http://www.semrush.com/bot.html)"
74.7.227.180 - - [06/Feb/2026:10:22:14 -0500] "GET /ctg/search/similarImageSearchResultView/?ctgItemCd=5642852478 HTTP/1.1" 404 1251 "https://blog.newkolkata.in/items/52478ulgptid.html" "Mozilla/5.0 AppleWebKit/537.36 (KHTML, like Gecko; compatible; GPTBot/1.3; +https://openai.com/gptbot)"
74.7.227.180 - - [06/Feb/2026:10:22:17 -0500] "GET /ctg/search/similarImageSearchResultView/?ctgItemCd=5412949832 HTTP/1.1" 404 1251 "https://blog.newkolkata.in/items/49832jahttidm23235.html" "Mozilla/5.0 AppleWebKit/537.36 (KHTML, like Gecko; compatible; GPTBot/1.3; +https://openai.com/gptbot)"
74.7.227.180 - - [06/Feb/2026:10:22:20 -0500] "GET /ctg/search/similarImageSearchResultView/?ctgItemCd=2557821762 HTTP/1.1" 404 1251 "https://blog.newkolkata.in/get/21762jahtitems.htm" "Mozilla/5.0 AppleWebKit/537.36 (KHTML, like Gecko; compatible; GPTBot/1.3; +https://openai.com/gptbot)"
74.7.227.180 - - [06/Feb/2026:10:22:23 -0500] "GET /ctg/search/similarImageSearchResultView/?ctgItemCd=6893864832 HTTP/1.1" 404 1251 "https://blog.newkolkata.in/items/64832ulgptidm2.html" "Mozilla/5.0 AppleWebKit/537.36 (KHTML, like Gecko; compatible; GPTBot/1.3; +https://openai.com/gptbot)"
85.208.96.198 - - [06/Feb/2026:10:22:24 -0500] "GET /getidm/98713cejpitems HTTP/1.1" 404 1251 "-" "Mozilla/5.0 (compatible; SemrushBot/7~bl; +http://www.semrush.com/bot.html)"
185.191.171.7 - - [06/Feb/2026:10:22:26 -0500] "GET /ite/100415zslytidm.html HTTP/1.1" 404 1251 "-" "Mozilla/5.0 (compatible; SemrushBot/7~bl; +http://www.semrush.com/bot.html)"
74.7.227.180 - - [06/Feb/2026:10:22:27 -0500] "GET /ctg/search/similarImageSearchResultView/?ctgItemCd=2479920845 HTTP/1.1" 404 1251 "https://blog.newkolkata.in/getidm2414/20845cejpitems" "Mozilla/5.0 AppleWebKit/537.36 (KHTML, like Gecko; compatible; GPTBot/1.3; +https://openai.com/gptbot)"
85.208.96.199 - - [06/Feb/2026:10:22:27 -0500] "GET /getidm97/14035sejmitems HTTP/1.1" 404 1251 "-" "Mozilla/5.0 (compatible; SemrushBot/7~bl; +http://www.semrush.com/bot.html)"
74.7.227.180 - - [06/Feb/2026:10:22:30 -0500] "GET /ctg/search/similarImageSearchResultView/?ctgItemCd=4076936834 HTTP/1.1" 404 1251 "https://blog.newkolkata.in/geti/36834sejmitems.htm" "Mozilla/5.0 AppleWebKit/537.36 (KHTML, like Gecko; compatible; GPTBot/1.3; +https://openai.com/gptbot)"
185.191.171.7 - - [06/Feb/2026:10:22:32 -0500] "GET /ite/38495mvrvtidm.html HTTP/1.1" 404 1251 "-" "Mozilla/5.0 (compatible; SemrushBot/7~bl; +http://www.semrush.com/bot.html)"
74.7.227.180 - - [06/Feb/2026:10:22:33 -0500] "GET /ctg/search/similarImageSearchResultView/?ctgItemCd=6392159631 HTTP/1.1" 404 1251 "https://blog.newkolkata.in/getidm910/59631kairitems.htm" "Mozilla/5.0 AppleWebKit/537.36 (KHTML, like Gecko; compatible; GPTBot/1.3; +https://openai.com/gptbot)"
74.7.227.180 - - [06/Feb/2026:10:22:36 -0500] "GET /ctg/search/similarImageSearchResultView/?ctgItemCd=9871294568 HTTP/1.1" 404 1251 "https://blog.newkolkata.in/items/94568zslytidm5.html" "Mozilla/5.0 AppleWebKit/537.36 (KHTML, like Gecko; compatible; GPTBot/1.3; +https://openai.com/gptbot)"
