74.7.227.180 - - [06/Feb/2026:07:27:08 -0500] "GET /ctg/search/similarImageSearchResultView/?ctgItemCd=6772863785 HTTP/1.1" 404 1251 "https://blog.newkolkata.in/ite/63785tjvftidm16.html" "Mozilla/5.0 AppleWebKit/537.36 (KHTML, like Gecko; compatible; GPTBot/1.3; +https://openai.com/gptbot)"
74.7.227.180 - - [06/Feb/2026:07:27:11 -0500] "GET /ctg/search/similarImageSearchResultView/?ctgItemCd=6718563631 HTTP/1.1" 404 1251 "https://blog.newkolkata.in/geti/63631ccoyitems" "Mozilla/5.0 AppleWebKit/537.36 (KHTML, like Gecko; compatible; GPTBot/1.3; +https://openai.com/gptbot)"
85.208.96.199 - - [06/Feb/2026:07:27:12 -0500] "GET /get/164520zslyitems.htm HTTP/1.1" 404 1251 "-" "Mozilla/5.0 (compatible; SemrushBot/7~bl; +http://www.semrush.com/bot.html)"
74.7.227.180 - - [06/Feb/2026:07:27:14 -0500] "GET /ctg/search/similarImageSearchResultView/?ctgItemCd=2294318687 HTTP/1.1" 404 1251 "https://blog.newkolkata.in/getidm55/18687sejmitems.htm" "Mozilla/5.0 AppleWebKit/537.36 (KHTML, like Gecko; compatible; GPTBot/1.3; +https://openai.com/gptbot)"
74.7.227.180 - - [06/Feb/2026:07:27:17 -0500] "GET /ctg/search/similarImageSearchResultView/?ctgItemCd=2335819473 HTTP/1.1" 404 1251 "https://blog.newkolkata.in/getidm65/19473ulgpitems" "Mozilla/5.0 AppleWebKit/537.36 (KHTML, like Gecko; compatible; GPTBot/1.3; +https://openai.com/gptbot)"
74.7.227.180 - - [06/Feb/2026:07:27:20 -0500] "GET /ctg/search/similarImageSearchResultView/?ctgItemCd=9317889586 HTTP/1.1" 404 1251 "https://blog.newkolkata.in/geti/89586pcywitems" "Mozilla/5.0 AppleWebKit/537.36 (KHTML, like Gecko; compatible; GPTBot/1.3; +https://openai.com/gptbot)"
74.7.227.180 - - [06/Feb/2026:07:27:23 -0500] "GET /ctg/search/similarImageSearchResultView/?ctgItemCd=1654012580 HTTP/1.1" 404 1251 "https://blog.newkolkata.in/getidm479/12580zslyitems" "Mozilla/5.0 AppleWebKit/537.36 (KHTML, like Gecko; compatible; GPTBot/1.3; +https://openai.com/gptbot)"
74.7.227.180 - - [06/Feb/2026:07:27:26 -0500] "GET /ctg/search/similarImageSearchResultView/?ctgItemCd=8318179252 HTTP/1.1" 404 1251 "https://blog.newkolkata.in/getidm681/79252sejmitems" "Mozilla/5.0 AppleWebKit/537.36 (KHTML, like Gecko; compatible; GPTBot/1.3; +https://openai.com/gptbot)"
74.7.227.180 - - [06/Feb/2026:07:27:30 -0500] "GET /ctg/search/similarImageSearchResultView/?ctgItemCd=1987816438 HTTP/1.1" 404 1251 "https://blog.newkolkata.in/get/16438cejpitems" "Mozilla/5.0 AppleWebKit/537.36 (KHTML, like Gecko; compatible; GPTBot/1.3; +https://openai.com/gptbot)"
74.7.227.180 - - [06/Feb/2026:07:27:33 -0500] "GET /ctg/search/similarImageSearchResultView/?ctgItemCd=2939025304 HTTP/1.1" 404 1251 "https://blog.newkolkata.in/items/25304ccoytidm1.html" "Mozilla/5.0 AppleWebKit/537.36 (KHTML, like Gecko; compatible; GPTBot/1.3; +https://openai.com/gptbot)"
74.7.227.180 - - [06/Feb/2026:07:27:36 -0500] "GET /ctg/search/similarImageSearchResultView/?ctgItemCd=7933775122 HTTP/1.1" 404 1251 "https://blog.newkolkata.in/items/75122pcywtidm460.html" "Mozilla/5.0 AppleWebKit/537.36 (KHTML, like Gecko; compatible; GPTBot/1.3; +https://openai.com/gptbot)"
74.7.227.180 - - [06/Feb/2026:07:27:39 -0500] "GET /ctg/search/similarImageSearchResultView/?ctgItemCd=5476051189 HTTP/1.1" 404 1251 "https://blog.newkolkata.in/geti/51189tjvfitems" "Mozilla/5.0 AppleWebKit/537.36 (KHTML, like Gecko; compatible; GPTBot/1.3; +https://openai.com/gptbot)"
185.191.171.8 - - [06/Feb/2026:07:27:41 -0500] "GET /getidm97/8563jahtitems HTTP/1.1" 404 1251 "-" "Mozilla/5.0 (compatible; SemrushBot/7~bl; +http://www.semrush.com/bot.html)"
74.7.227.180 - - [06/Feb/2026:07:27:42 -0500] "GET /ctg/search/similarImageSearchResultView/?ctgItemCd=5211448646 HTTP/1.1" 404 1251 "https://blog.newkolkata.in/get/48646ulgpitems" "Mozilla/5.0 AppleWebKit/537.36 (KHTML, like Gecko; compatible; GPTBot/1.3; +https://openai.com/gptbot)"
74.7.227.180 - - [06/Feb/2026:07:27:45 -0500] "GET /ctg/search/similarImageSearchResultView/?ctgItemCd=2877625342 HTTP/1.1" 404 1251 "https://blog.newkolkata.in/get/25342cejpitems" "Mozilla/5.0 AppleWebKit/537.36 (KHTML, like Gecko; compatible; GPTBot/1.3; +https://openai.com/gptbot)"
74.7.227.180 - - [06/Feb/2026:07:27:48 -0500] "GET /ctg/search/similarImageSearchResultView/?ctgItemCd=5116847623 HTTP/1.1" 404 1251 "https://blog.newkolkata.in/geti/47623cejpitems" "Mozilla/5.0 AppleWebKit/537.36 (KHTML, like Gecko; compatible; GPTBot/1.3; +https://openai.com/gptbot)"
185.191.171.3 - - [06/Feb/2026:07:27:49 -0500] "GET /getidm8/193498tjvfitems HTTP/1.1" 404 1251 "-" "Mozilla/5.0 (compatible; SemrushBot/7~bl; +http://www.semrush.com/bot.html)"
74.7.227.180 - - [06/Feb/2026:07:27:51 -0500] "GET /ctg/search/similarImageSearchResultView/?ctgItemCd=4178637828 HTTP/1.1" 404 1251 "https://blog.newkolkata.in/getidm939/37828pcywitems" "Mozilla/5.0 AppleWebKit/537.36 (KHTML, like Gecko; compatible; GPTBot/1.3; +https://openai.com/gptbot)"
85.208.96.208 - - [06/Feb/2026:07:27:52 -0500] "GET /get/232560ulgpitems.htm HTTP/1.1" 404 1251 "-" "Mozilla/5.0 (compatible; SemrushBot/7~bl; +http://www.semrush.com/bot.html)"
74.7.227.180 - - [06/Feb/2026:07:27:55 -0500] "GET /ctg/search/similarImageSearchResultView/?ctgItemCd=1759413635 HTTP/1.1" 404 1251 "https://blog.newkolkata.in/getidm2726/13635cejpitems" "Mozilla/5.0 AppleWebKit/537.36 (KHTML, like Gecko; compatible; GPTBot/1.3; +https://openai.com/gptbot)"
74.7.227.180 - - [06/Feb/2026:07:27:58 -0500] "GET /ctg/search/similarImageSearchResultView/?ctgItemCd=8918284903 HTTP/1.1" 404 1251 "https://blog.newkolkata.in/item/84903zslytidm351086.html" "Mozilla/5.0 AppleWebKit/537.36 (KHTML, like Gecko; compatible; GPTBot/1.3; +https://openai.com/gptbot)"
74.7.227.180 - - [06/Feb/2026:07:28:01 -0500] "GET /ctg/search/similarImageSearchResultView/?ctgItemCd=7017865924 HTTP/1.1" 404 1251 "https://blog.newkolkata.in/items/65924kairtidm5672.html" "Mozilla/5.0 AppleWebKit/537.36 (KHTML, like Gecko; compatible; GPTBot/1.3; +https://openai.com/gptbot)"
74.7.227.180 - - [06/Feb/2026:07:28:04 -0500] "GET /ctg/search/similarImageSearchResultView/?ctgItemCd=8042376307 HTTP/1.1" 404 1251 "https://blog.newkolkata.in/ite/76307mvrvtidm19267.html" "Mozilla/5.0 AppleWebKit/537.36 (KHTML, like Gecko; compatible; GPTBot/1.3; +https://openai.com/gptbot)"
74.7.227.180 - - [06/Feb/2026:07:28:07 -0500] "GET /ctg/search/similarImageSearchResultView/?ctgItemCd=4675043300 HTTP/1.1" 404 1251 "https://blog.newkolkata.in/get/43300ulgpitems" "Mozilla/5.0 AppleWebKit/537.36 (KHTML, like Gecko; compatible; GPTBot/1.3; +https://openai.com/gptbot)"
74.7.227.180 - - [06/Feb/2026:07:28:10 -0500] "GET /ctg/search/similarImageSearchResultView/?ctgItemCd=2523321140 HTTP/1.1" 404 1251 "https://blog.newkolkata.in/ite/21140mvrvtidm36431.html" "Mozilla/5.0 AppleWebKit/537.36 (KHTML, like Gecko; compatible; GPTBot/1.3; +https://openai.com/gptbot)"
74.7.227.180 - - [06/Feb/2026:07:28:14 -0500] "GET /ctg/search/similarImageSearchResultView/?ctgItemCd=3007826124 HTTP/1.1" 404 1251 "https://blog.newkolkata.in/geti/26124mvrvitems.htm" "Mozilla/5.0 AppleWebKit/537.36 (KHTML, like Gecko; compatible; GPTBot/1.3; +https://openai.com/gptbot)"
74.7.227.180 - - [06/Feb/2026:07:28:17 -0500] "GET /ctg/search/similarImageSearchResultView/?ctgItemCd=3001625955 HTTP/1.1" 404 1251 "https://blog.newkolkata.in/ite/25955pcywtidm9608.html" "Mozilla/5.0 AppleWebKit/537.36 (KHTML, like Gecko; compatible; GPTBot/1.3; +https://openai.com/gptbot)"
74.7.227.180 - - [06/Feb/2026:07:28:20 -0500] "GET /ctg/search/similarImageSearchResultView/?ctgItemCd=5156647362 HTTP/1.1" 404 1251 "https://blog.newkolkata.in/items/47362ulgptidm401.html" "Mozilla/5.0 AppleWebKit/537.36 (KHTML, like Gecko; compatible; GPTBot/1.3; +https://openai.com/gptbot)"
74.7.227.180 - - [06/Feb/2026:07:28:23 -0500] "GET /ctg/search/similarImageSearchResultView/?ctgItemCd=4315538817 HTTP/1.1" 404 1251 "https://blog.newkolkata.in/items/38817mvrvtidm80083.html" "Mozilla/5.0 AppleWebKit/537.36 (KHTML, like Gecko; compatible; GPTBot/1.3; +https://openai.com/gptbot)"
74.7.227.180 - - [06/Feb/2026:07:28:26 -0500] "GET /ctg/search/similarImageSearchResultView/?ctgItemCd=5114947275 HTTP/1.1" 404 1251 "https://blog.newkolkata.in/getidm18/47275ccoyitems" "Mozilla/5.0 AppleWebKit/537.36 (KHTML, like Gecko; compatible; GPTBot/1.3; +https://openai.com/gptbot)"
74.7.227.180 - - [06/Feb/2026:07:28:29 -0500] "GET /ctg/search/similarImageSearchResultView/?ctgItemCd=8837984309 HTTP/1.1" 404 1251 "https://blog.newkolkata.in/getid/84309zslyitems.htm" "Mozilla/5.0 AppleWebKit/537.36 (KHTML, like Gecko; compatible; GPTBot/1.3; +https://openai.com/gptbot)"
74.7.227.180 - - [06/Feb/2026:07:28:32 -0500] "GET /ctg/search/similarImageSearchResultView/?ctgItemCd=1766513586 HTTP/1.1" 404 1251 "https://blog.newkolkata.in/item/13586kairtidm650.html" "Mozilla/5.0 AppleWebKit/537.36 (KHTML, like Gecko; compatible; GPTBot/1.3; +https://openai.com/gptbot)"
74.7.227.180 - - [06/Feb/2026:07:28:36 -0500] "GET /ctg/search/similarImageSearchResultView/?ctgItemCd=6975565840 HTTP/1.1" 404 1251 "https://blog.newkolkata.in/ite/65840zslytidm9.html" "Mozilla/5.0 AppleWebKit/537.36 (KHTML, like Gecko; compatible; GPTBot/1.3; +https://openai.com/gptbot)"
74.7.227.180 - - [06/Feb/2026:07:28:39 -0500] "GET /ctg/search/similarImageSearchResultView/?ctgItemCd=8204378009 HTTP/1.1" 404 1251 "https://blog.newkolkata.in/getid/78009ccoyitems.htm" "Mozilla/5.0 AppleWebKit/537.36 (KHTML, like Gecko; compatible; GPTBot/1.3; +https://openai.com/gptbot)"
74.7.227.180 - - [06/Feb/2026:07:28:42 -0500] "GET /ctg/search/similarImageSearchResultView/?ctgItemCd=3575931566 HTTP/1.1" 404 1251 "https://blog.newkolkata.in/getidm5/31566ccoyitems.htm" "Mozilla/5.0 AppleWebKit/537.36 (KHTML, like Gecko; compatible; GPTBot/1.3; +https://openai.com/gptbot)"
74.7.227.180 - - [06/Feb/2026:07:28:45 -0500] "GET /ctg/search/similarImageSearchResultView/?ctgItemCd=9648292621 HTTP/1.1" 404 1251 "https://blog.newkolkata.in/get/92621zslyitems.htm" "Mozilla/5.0 AppleWebKit/537.36 (KHTML, like Gecko; compatible; GPTBot/1.3; +https://openai.com/gptbot)"
74.7.227.180 - - [06/Feb/2026:07:28:48 -0500] "GET /ctg/search/similarImageSearchResultView/?ctgItemCd=8221878554 HTTP/1.1" 404 1251 "https://blog.newkolkata.in/getid/78554ccoyitems" "Mozilla/5.0 AppleWebKit/537.36 (KHTML, like Gecko; compatible; GPTBot/1.3; +https://openai.com/gptbot)"
85.208.96.206 - - [06/Feb/2026:07:28:49 -0500] "GET /items/49574ccoytid.html HTTP/1.1" 404 1251 "-" "Mozilla/5.0 (compatible; SemrushBot/7~bl; +http://www.semrush.com/bot.html)"
74.7.227.180 - - [06/Feb/2026:07:28:51 -0500] "GET /ctg/search/similarImageSearchResultView/?ctgItemCd=6893464677 HTTP/1.1" 404 1251 "https://blog.newkolkata.in/getidm65/64677sejmitems.htm" "Mozilla/5.0 AppleWebKit/537.36 (KHTML, like Gecko; compatible; GPTBot/1.3; +https://openai.com/gptbot)"
74.7.227.180 - - [06/Feb/2026:07:28:54 -0500] "GET /ctg/search/similarImageSearchResultView/?ctgItemCd=5822154311 HTTP/1.1" 404 1251 "https://blog.newkolkata.in/item/54311cejptidm.html" "Mozilla/5.0 AppleWebKit/537.36 (KHTML, like Gecko; compatible; GPTBot/1.3; +https://openai.com/gptbot)"
74.7.227.180 - - [06/Feb/2026:07:28:57 -0500] "GET /ctg/search/similarImageSearchResultView/?ctgItemCd=2840624057 HTTP/1.1" 404 1251 "https://blog.newkolkata.in/items/24057zslytidm78818.html" "Mozilla/5.0 AppleWebKit/537.36 (KHTML, like Gecko; compatible; GPTBot/1.3; +https://openai.com/gptbot)"
74.7.227.180 - - [06/Feb/2026:07:29:01 -0500] "GET /ctg/search/similarImageSearchResultView/?ctgItemCd=9231688169 HTTP/1.1" 404 1251 "https://blog.newkolkata.in/items/88169cejptidm53.html" "Mozilla/5.0 AppleWebKit/537.36 (KHTML, like Gecko; compatible; GPTBot/1.3; +https://openai.com/gptbot)"
74.7.227.180 - - [06/Feb/2026:07:29:04 -0500] "GET /ctg/search/similarImageSearchResultView/?ctgItemCd=9315289097 HTTP/1.1" 404 1251 "https://blog.newkolkata.in/getid/89097tjvfitems.htm" "Mozilla/5.0 AppleWebKit/537.36 (KHTML, like Gecko; compatible; GPTBot/1.3; +https://openai.com/gptbot)"
74.7.227.180 - - [06/Feb/2026:07:29:07 -0500] "GET /ctg/search/similarImageSearchResultView/?ctgItemCd=6059256417 HTTP/1.1" 404 1251 "https://blog.newkolkata.in/items/56417mvrvtidm40.html" "Mozilla/5.0 AppleWebKit/537.36 (KHTML, like Gecko; compatible; GPTBot/1.3; +https://openai.com/gptbot)"
74.7.227.180 - - [06/Feb/2026:07:29:10 -0500] "GET /ctg/search/similarImageSearchResultView/?ctgItemCd=4386739713 HTTP/1.1" 404 1251 "https://blog.newkolkata.in/items/39713sejmtidm47.html" "Mozilla/5.0 AppleWebKit/537.36 (KHTML, like Gecko; compatible; GPTBot/1.3; +https://openai.com/gptbot)"
185.191.171.15 - - [06/Feb/2026:07:29:13 -0500] "GET /getid/9304jahtitems HTTP/1.1" 404 1251 "-" "Mozilla/5.0 (compatible; SemrushBot/7~bl; +http://www.semrush.com/bot.html)"
74.7.227.180 - - [06/Feb/2026:07:29:13 -0500] "GET /ctg/search/similarImageSearchResultView/?ctgItemCd=6471960782 HTTP/1.1" 404 1251 "https://blog.newkolkata.in/items/60782ccoytid.html" "Mozilla/5.0 AppleWebKit/537.36 (KHTML, like Gecko; compatible; GPTBot/1.3; +https://openai.com/gptbot)"
74.7.227.180 - - [06/Feb/2026:07:29:16 -0500] "GET /ctg/search/similarImageSearchResultView/?ctgItemCd=6805264558 HTTP/1.1" 404 1251 "https://blog.newkolkata.in/get/64558zslyitems" "Mozilla/5.0 AppleWebKit/537.36 (KHTML, like Gecko; compatible; GPTBot/1.3; +https://openai.com/gptbot)"
74.7.227.180 - - [06/Feb/2026:07:29:20 -0500] "GET /ctg/search/similarImageSearchResultView/?ctgItemCd=2297619021 HTTP/1.1" 404 1251 "https://blog.newkolkata.in/getidm8500/19021jahtitems" "Mozilla/5.0 AppleWebKit/537.36 (KHTML, like Gecko; compatible; GPTBot/1.3; +https://openai.com/gptbot)"
185.191.171.19 - - [06/Feb/2026:07:29:21 -0500] "GET /getidm/197713sejmitems HTTP/1.1" 404 1251 "-" "Mozilla/5.0 (compatible; SemrushBot/7~bl; +http://www.semrush.com/bot.html)"
74.7.227.180 - - [06/Feb/2026:07:29:23 -0500] "GET /ctg/search/similarImageSearchResultView/?ctgItemCd=6782063994 HTTP/1.1" 404 1251 "https://blog.newkolkata.in/getidm3/63994ccoyitems" "Mozilla/5.0 AppleWebKit/537.36 (KHTML, like Gecko; compatible; GPTBot/1.3; +https://openai.com/gptbot)"
74.7.227.180 - - [06/Feb/2026:07:29:26 -0500] "GET /ctg/search/similarImageSearchResultView/?ctgItemCd=2248318670 HTTP/1.1" 404 1251 "https://blog.newkolkata.in/getidm6/18670jahtitems" "Mozilla/5.0 AppleWebKit/537.36 (KHTML, like Gecko; compatible; GPTBot/1.3; +https://openai.com/gptbot)"
74.7.227.180 - - [06/Feb/2026:07:29:29 -0500] "GET /ctg/search/similarImageSearchResultView/?ctgItemCd=7145367241 HTTP/1.1" 404 1251 "https://blog.newkolkata.in/items/67241ulgptidm915.html" "Mozilla/5.0 AppleWebKit/537.36 (KHTML, like Gecko; compatible; GPTBot/1.3; +https://openai.com/gptbot)"
74.7.227.180 - - [06/Feb/2026:07:29:32 -0500] "GET /ctg/search/similarImageSearchResultView/?ctgItemCd=8471081024 HTTP/1.1" 404 1251 "https://blog.newkolkata.in/getid/81024zslyitems" "Mozilla/5.0 AppleWebKit/537.36 (KHTML, like Gecko; compatible; GPTBot/1.3; +https://openai.com/gptbot)"
74.7.227.180 - - [06/Feb/2026:07:29:35 -0500] "GET /ctg/search/similarImageSearchResultView/?ctgItemCd=5711253096 HTTP/1.1" 404 1251 "https://blog.newkolkata.in/item/53096zslytidm1.html" "Mozilla/5.0 AppleWebKit/537.36 (KHTML, like Gecko; compatible; GPTBot/1.3; +https://openai.com/gptbot)"
74.7.227.180 - - [06/Feb/2026:07:29:39 -0500] "GET /ctg/search/similarImageSearchResultView/?ctgItemCd=2913425150 HTTP/1.1" 404 1251 "https://blog.newkolkata.in/getidm6737/25150tjvfitems" "Mozilla/5.0 AppleWebKit/537.36 (KHTML, like Gecko; compatible; GPTBot/1.3; +https://openai.com/gptbot)"
74.7.227.180 - - [06/Feb/2026:07:29:42 -0500] "GET /ctg/search/similarImageSearchResultView/?ctgItemCd=4288938664 HTTP/1.1" 404 1251 "https://blog.newkolkata.in/getidm2/38664mvrvitems.htm" "Mozilla/5.0 AppleWebKit/537.36 (KHTML, like Gecko; compatible; GPTBot/1.3; +https://openai.com/gptbot)"
185.191.171.3 - - [06/Feb/2026:07:29:43 -0500] "GET /geti/91447pcywitems HTTP/1.1" 404 1251 "-" "Mozilla/5.0 (compatible; SemrushBot/7~bl; +http://www.semrush.com/bot.html)"
85.208.96.194 - - [06/Feb/2026:07:29:44 -0500] "GET /getidm/117630kairitems.htm HTTP/1.1" 404 1251 "-" "Mozilla/5.0 (compatible; SemrushBot/7~bl; +http://www.semrush.com/bot.html)"
74.7.227.180 - - [06/Feb/2026:07:29:45 -0500] "GET /ctg/search/similarImageSearchResultView/?ctgItemCd=7083066571 HTTP/1.1" 404 1251 "https://blog.newkolkata.in/getidm99/66571sejmitems.htm" "Mozilla/5.0 AppleWebKit/537.36 (KHTML, like Gecko; compatible; GPTBot/1.3; +https://openai.com/gptbot)"
74.7.227.180 - - [06/Feb/2026:07:29:48 -0500] "GET /ctg/search/similarImageSearchResultView/?ctgItemCd=8829584427 HTTP/1.1" 404 1251 "https://blog.newkolkata.in/getidm78/84427cejpitems" "Mozilla/5.0 AppleWebKit/537.36 (KHTML, like Gecko; compatible; GPTBot/1.3; +https://openai.com/gptbot)"
85.208.96.207 - - [06/Feb/2026:07:29:49 -0500] "GET /get/229410ulgpitems.htm HTTP/1.1" 404 1251 "-" "Mozilla/5.0 (compatible; SemrushBot/7~bl; +http://www.semrush.com/bot.html)"
74.7.227.180 - - [06/Feb/2026:07:29:51 -0500] "GET /ctg/search/similarImageSearchResultView/?ctgItemCd=1904614754 HTTP/1.1" 404 1251 "https://blog.newkolkata.in/getidm717/14754jahtitems.htm" "Mozilla/5.0 AppleWebKit/537.36 (KHTML, like Gecko; compatible; GPTBot/1.3; +https://openai.com/gptbot)"
74.7.227.180 - - [06/Feb/2026:07:29:54 -0500] "GET /ctg/search/similarImageSearchResultView/?ctgItemCd=8125176956 HTTP/1.1" 404 1251 "https://blog.newkolkata.in/getidm173/76956cejpitems.htm" "Mozilla/5.0 AppleWebKit/537.36 (KHTML, like Gecko; compatible; GPTBot/1.3; +https://openai.com/gptbot)"
74.7.227.180 - - [06/Feb/2026:07:29:58 -0500] "GET /ctg/search/similarImageSearchResultView/?ctgItemCd=9645392524 HTTP/1.1" 404 1251 "https://blog.newkolkata.in/items/92524jahttid.html" "Mozilla/5.0 AppleWebKit/537.36 (KHTML, like Gecko; compatible; GPTBot/1.3; +https://openai.com/gptbot)"
185.191.171.15 - - [06/Feb/2026:07:29:59 -0500] "GET /get/145318cejpitems HTTP/1.1" 404 1251 "-" "Mozilla/5.0 (compatible; SemrushBot/7~bl; +http://www.semrush.com/bot.html)"
185.191.171.11 - - [06/Feb/2026:07:30:01 -0500] "GET /getidm/220729kairitems HTTP/1.1" 404 1251 "-" "Mozilla/5.0 (compatible; SemrushBot/7~bl; +http://www.semrush.com/bot.html)"
74.7.227.180 - - [06/Feb/2026:07:30:01 -0500] "GET /ctg/search/similarImageSearchResultView/?ctgItemCd=7154067322 HTTP/1.1" 404 1251 "https://blog.newkolkata.in/items/67322pcywtidm730.html" "Mozilla/5.0 AppleWebKit/537.36 (KHTML, like Gecko; compatible; GPTBot/1.3; +https://openai.com/gptbot)"
74.7.227.180 - - [06/Feb/2026:07:30:04 -0500] "GET /ctg/search/similarImageSearchResultView/?ctgItemCd=7608671882 HTTP/1.1" 404 1251 "https://blog.newkolkata.in/items/71882jahttidm297.html" "Mozilla/5.0 AppleWebKit/537.36 (KHTML, like Gecko; compatible; GPTBot/1.3; +https://openai.com/gptbot)"
74.7.227.180 - - [06/Feb/2026:07:30:07 -0500] "GET /ctg/search/similarImageSearchResultView/?ctgItemCd=8979985706 HTTP/1.1" 404 1251 "https://blog.newkolkata.in/item/85706sejmtidm635.html" "Mozilla/5.0 AppleWebKit/537.36 (KHTML, like Gecko; compatible; GPTBot/1.3; +https://openai.com/gptbot)"
85.208.96.209 - - [06/Feb/2026:07:30:09 -0500] "GET /get/244582ulgpitems HTTP/1.1" 404 1251 "-" "Mozilla/5.0 (compatible; SemrushBot/7~bl; +http://www.semrush.com/bot.html)"
74.7.227.180 - - [06/Feb/2026:07:30:10 -0500] "GET /ctg/search/similarImageSearchResultView/?ctgItemCd=1908715289 HTTP/1.1" 404 1251 "https://blog.newkolkata.in/getidm/15289mvrvitems" "Mozilla/5.0 AppleWebKit/537.36 (KHTML, like Gecko; compatible; GPTBot/1.3; +https://openai.com/gptbot)"
74.7.227.180 - - [06/Feb/2026:07:30:13 -0500] "GET /ctg/search/similarImageSearchResultView/?ctgItemCd=5701053088 HTTP/1.1" 404 1251 "https://blog.newkolkata.in/geti/53088cejpitems.htm" "Mozilla/5.0 AppleWebKit/537.36 (KHTML, like Gecko; compatible; GPTBot/1.3; +https://openai.com/gptbot)"
74.7.227.180 - - [06/Feb/2026:07:30:17 -0500] "GET /ctg/search/similarImageSearchResultView/?ctgItemCd=4235538321 HTTP/1.1" 404 1251 "https://blog.newkolkata.in/item/38321ccoytidm94.html" "Mozilla/5.0 AppleWebKit/537.36 (KHTML, like Gecko; compatible; GPTBot/1.3; +https://openai.com/gptbot)"
185.191.171.16 - - [06/Feb/2026:07:30:17 -0500] "GET /getidm60/71107mvrvitems HTTP/1.1" 404 1251 "-" "Mozilla/5.0 (compatible; SemrushBot/7~bl; +http://www.semrush.com/bot.html)"
185.191.171.13 - - [06/Feb/2026:07:30:19 -0500] "GET /getidm56/41947sejmitems HTTP/1.1" 404 1251 "-" "Mozilla/5.0 (compatible; SemrushBot/7~bl; +http://www.semrush.com/bot.html)"
74.7.227.180 - - [06/Feb/2026:07:30:20 -0500] "GET /ctg/search/similarImageSearchResultView/?ctgItemCd=9568291418 HTTP/1.1" 404 1251 "https://blog.newkolkata.in/getidm77/91418tjvfitems.htm" "Mozilla/5.0 AppleWebKit/537.36 (KHTML, like Gecko; compatible; GPTBot/1.3; +https://openai.com/gptbot)"
185.191.171.15 - - [06/Feb/2026:07:30:23 -0500] "GET /geti/275599ulgpitems HTTP/1.1" 404 1251 "-" "Mozilla/5.0 (compatible; SemrushBot/7~bl; +http://www.semrush.com/bot.html)"
74.7.227.180 - - [06/Feb/2026:07:30:23 -0500] "GET /ctg/search/similarImageSearchResultView/?ctgItemCd=5205047698 HTTP/1.1" 404 1251 "https://blog.newkolkata.in/items/47698mvrvtidm99233.html" "Mozilla/5.0 AppleWebKit/537.36 (KHTML, like Gecko; compatible; GPTBot/1.3; +https://openai.com/gptbot)"
74.7.227.180 - - [06/Feb/2026:07:30:26 -0500] "GET /ctg/search/similarImageSearchResultView/?ctgItemCd=6159258039 HTTP/1.1" 404 1251 "https://blog.newkolkata.in/geti/58039kairitems" "Mozilla/5.0 AppleWebKit/537.36 (KHTML, like Gecko; compatible; GPTBot/1.3; +https://openai.com/gptbot)"
74.7.227.180 - - [06/Feb/2026:07:30:29 -0500] "GET /ctg/search/similarImageSearchResultView/?ctgItemCd=9031186497 HTTP/1.1" 404 1251 "https://blog.newkolkata.in/getidm/86497zslyitems" "Mozilla/5.0 AppleWebKit/537.36 (KHTML, like Gecko; compatible; GPTBot/1.3; +https://openai.com/gptbot)"
74.7.227.180 - - [06/Feb/2026:07:30:32 -0500] "GET /ctg/search/similarImageSearchResultView/?ctgItemCd=4831644505 HTTP/1.1" 404 1251 "https://blog.newkolkata.in/get/44505cejpitems.htm" "Mozilla/5.0 AppleWebKit/537.36 (KHTML, like Gecko; compatible; GPTBot/1.3; +https://openai.com/gptbot)"
74.7.227.180 - - [06/Feb/2026:07:30:36 -0500] "GET /ctg/search/similarImageSearchResultView/?ctgItemCd=4109336992 HTTP/1.1" 404 1251 "https://blog.newkolkata.in/items/36992ccoytidm1.html" "Mozilla/5.0 AppleWebKit/537.36 (KHTML, like Gecko; compatible; GPTBot/1.3; +https://openai.com/gptbot)"
74.7.227.180 - - [06/Feb/2026:07:30:39 -0500] "GET /ctg/search/similarImageSearchResultView/?ctgItemCd=5329949735 HTTP/1.1" 404 1251 "https://blog.newkolkata.in/geti/49735sejmitems" "Mozilla/5.0 AppleWebKit/537.36 (KHTML, like Gecko; compatible; GPTBot/1.3; +https://openai.com/gptbot)"
74.7.227.180 - - [06/Feb/2026:07:30:42 -0500] "GET /ctg/search/similarImageSearchResultView/?ctgItemCd=4698543166 HTTP/1.1" 404 1251 "https://blog.newkolkata.in/item/43166ccoytid.html" "Mozilla/5.0 AppleWebKit/537.36 (KHTML, like Gecko; compatible; GPTBot/1.3; +https://openai.com/gptbot)"
74.7.227.180 - - [06/Feb/2026:07:30:45 -0500] "GET /ctg/search/similarImageSearchResultView/?ctgItemCd=9232988505 HTTP/1.1" 404 1251 "https://blog.newkolkata.in/get/88505jahtitems.htm" "Mozilla/5.0 AppleWebKit/537.36 (KHTML, like Gecko; compatible; GPTBot/1.3; +https://openai.com/gptbot)"
74.7.227.180 - - [06/Feb/2026:07:30:48 -0500] "GET /ctg/search/similarImageSearchResultView/?ctgItemCd=1410410295 HTTP/1.1" 404 1251 "https://blog.newkolkata.in/ite/10295kairtidm.html" "Mozilla/5.0 AppleWebKit/537.36 (KHTML, like Gecko; compatible; GPTBot/1.3; +https://openai.com/gptbot)"
185.191.171.13 - - [06/Feb/2026:07:30:49 -0500] "GET /getidm6/71146sejmitems HTTP/1.1" 404 1251 "-" "Mozilla/5.0 (compatible; SemrushBot/7~bl; +http://www.semrush.com/bot.html)"
74.7.227.180 - - [06/Feb/2026:07:30:52 -0500] "GET /ctg/search/similarImageSearchResultView/?ctgItemCd=8494381129 HTTP/1.1" 404 1251 "https://blog.newkolkata.in/get/81129cejpitems.htm" "Mozilla/5.0 AppleWebKit/537.36 (KHTML, like Gecko; compatible; GPTBot/1.3; +https://openai.com/gptbot)"
85.208.96.207 - - [06/Feb/2026:07:30:53 -0500] "GET /geti/149935pcywitems HTTP/1.1" 404 1251 "-" "Mozilla/5.0 (compatible; SemrushBot/7~bl; +http://www.semrush.com/bot.html)"
74.7.227.180 - - [06/Feb/2026:07:30:55 -0500] "GET /ctg/search/similarImageSearchResultView/?ctgItemCd=2879024761 HTTP/1.1" 404 1251 "https://blog.newkolkata.in/item/24761ccoytidm41.html" "Mozilla/5.0 AppleWebKit/537.36 (KHTML, like Gecko; compatible; GPTBot/1.3; +https://openai.com/gptbot)"
185.191.171.15 - - [06/Feb/2026:07:30:58 -0500] "GET /getidm/125281zslyitems HTTP/1.1" 404 1251 "-" "Mozilla/5.0 (compatible; SemrushBot/7~bl; +http://www.semrush.com/bot.html)"
74.7.227.180 - - [06/Feb/2026:07:30:58 -0500] "GET /ctg/search/similarImageSearchResultView/?ctgItemCd=8580481492 HTTP/1.1" 404 1251 "https://blog.newkolkata.in/getidm996/81492sejmitems.htm" "Mozilla/5.0 AppleWebKit/537.36 (KHTML, like Gecko; compatible; GPTBot/1.3; +https://openai.com/gptbot)"
74.7.227.180 - - [06/Feb/2026:07:31:01 -0500] "GET /ctg/search/similarImageSearchResultView/?ctgItemCd=2634022759 HTTP/1.1" 404 1251 "https://blog.newkolkata.in/geti/22759pcywitems" "Mozilla/5.0 AppleWebKit/537.36 (KHTML, like Gecko; compatible; GPTBot/1.3; +https://openai.com/gptbot)"
74.7.227.180 - - [06/Feb/2026:07:31:04 -0500] "GET /ctg/search/similarImageSearchResultView/?ctgItemCd=5439550306 HTTP/1.1" 404 1251 "https://blog.newkolkata.in/item/50306tjvftidm335.html" "Mozilla/5.0 AppleWebKit/537.36 (KHTML, like Gecko; compatible; GPTBot/1.3; +https://openai.com/gptbot)"
185.191.171.3 - - [06/Feb/2026:07:31:07 -0500] "GET /getidm30/91315mvrvitems HTTP/1.1" 404 1251 "-" "Mozilla/5.0 (compatible; SemrushBot/7~bl; +http://www.semrush.com/bot.html)"
74.7.227.180 - - [06/Feb/2026:07:31:08 -0500] "GET /ctg/search/similarImageSearchResultView/?ctgItemCd=2178318136 HTTP/1.1" 404 1251 "https://blog.newkolkata.in/getid/18136jahtitems" "Mozilla/5.0 AppleWebKit/537.36 (KHTML, like Gecko; compatible; GPTBot/1.3; +https://openai.com/gptbot)"
74.7.227.180 - - [06/Feb/2026:07:31:11 -0500] "GET /ctg/search/similarImageSearchResultView/?ctgItemCd=6271758912 HTTP/1.1" 404 1251 "https://blog.newkolkata.in/getidm/58912zslyitems" "Mozilla/5.0 AppleWebKit/537.36 (KHTML, like Gecko; compatible; GPTBot/1.3; +https://openai.com/gptbot)"
74.7.227.180 - - [06/Feb/2026:07:31:14 -0500] "GET /ctg/search/similarImageSearchResultView/?ctgItemCd=9665792702 HTTP/1.1" 404 1251 "https://blog.newkolkata.in/items/92702pcywtid.html" "Mozilla/5.0 AppleWebKit/537.36 (KHTML, like Gecko; compatible; GPTBot/1.3; +https://openai.com/gptbot)"
74.7.227.180 - - [06/Feb/2026:07:31:17 -0500] "GET /ctg/search/similarImageSearchResultView/?ctgItemCd=6435960475 HTTP/1.1" 404 1251 "https://blog.newkolkata.in/getidm93/60475ulgpitems" "Mozilla/5.0 AppleWebKit/537.36 (KHTML, like Gecko; compatible; GPTBot/1.3; +https://openai.com/gptbot)"
66.249.66.13 - - [06/Feb/2026:07:31:17 -0500] "GET /detail.php?products/97779188641 HTTP/1.1" 404 1251 "-" "Mozilla/5.0 (Linux; Android 6.0.1; Nexus 5X Build/MMB29P) AppleWebKit/537.36 (KHTML, like Gecko) Chrome/144.0.7559.132 Mobile Safari/537.36 (compatible; Googlebot/2.1; +http://www.google.com/bot.html)"
66.249.66.203 - - [06/Feb/2026:07:31:17 -0500] "GET /robots.txt HTTP/1.1" 200 281 "-" "Mozilla/5.0 (compatible; Googlebot/2.1; +http://www.google.com/bot.html)"
74.7.227.180 - - [06/Feb/2026:07:31:20 -0500] "GET /ctg/search/similarImageSearchResultView/?ctgItemCd=7529671138 HTTP/1.1" 404 1251 "https://blog.newkolkata.in/item/71138mvrvtidm1134.html" "Mozilla/5.0 AppleWebKit/537.36 (KHTML, like Gecko; compatible; GPTBot/1.3; +https://openai.com/gptbot)"
185.191.171.1 - - [06/Feb/2026:07:31:22 -0500] "GET /item/176006kairtid.html HTTP/1.1" 404 1251 "-" "Mozilla/5.0 (compatible; SemrushBot/7~bl; +http://www.semrush.com/bot.html)"
74.7.227.180 - - [06/Feb/2026:07:31:24 -0500] "GET /ctg/search/similarImageSearchResultView/?ctgItemCd=2839524468 HTTP/1.1" 404 1251 "https://blog.newkolkata.in/geti/24468kairitems.htm" "Mozilla/5.0 AppleWebKit/537.36 (KHTML, like Gecko; compatible; GPTBot/1.3; +https://openai.com/gptbot)"
74.7.227.180 - - [06/Feb/2026:07:31:27 -0500] "GET /ctg/search/similarImageSearchResultView/?ctgItemCd=6250458729 HTTP/1.1" 404 1251 "https://blog.newkolkata.in/getidm/58729ccoyitems" "Mozilla/5.0 AppleWebKit/537.36 (KHTML, like Gecko; compatible; GPTBot/1.3; +https://openai.com/gptbot)"
74.7.227.180 - - [06/Feb/2026:07:31:30 -0500] "GET /ctg/search/similarImageSearchResultView/?ctgItemCd=9873094388 HTTP/1.1" 404 1251 "https://blog.newkolkata.in/items/94388mvrvtidm45171.html" "Mozilla/5.0 AppleWebKit/537.36 (KHTML, like Gecko; compatible; GPTBot/1.3; +https://openai.com/gptbot)"
85.208.96.198 - - [06/Feb/2026:07:31:31 -0500] "GET /getid/55720mvrvitems HTTP/1.1" 404 1251 "-" "Mozilla/5.0 (compatible; SemrushBot/7~bl; +http://www.semrush.com/bot.html)"
74.7.227.180 - - [06/Feb/2026:07:31:33 -0500] "GET /ctg/search/similarImageSearchResultView/?ctgItemCd=4148837325 HTTP/1.1" 404 1251 "https://blog.newkolkata.in/ite/37325mvrvtidm265095.html" "Mozilla/5.0 AppleWebKit/537.36 (KHTML, like Gecko; compatible; GPTBot/1.3; +https://openai.com/gptbot)"
74.7.227.180 - - [06/Feb/2026:07:31:36 -0500] "GET /ctg/search/similarImageSearchResultView/?ctgItemCd=5352849298 HTTP/1.1" 404 1251 "https://blog.newkolkata.in/items/49298pcywtidm334.html" "Mozilla/5.0 AppleWebKit/537.36 (KHTML, like Gecko; compatible; GPTBot/1.3; +https://openai.com/gptbot)"
74.7.227.180 - - [06/Feb/2026:07:31:39 -0500] "GET /ctg/search/similarImageSearchResultView/?ctgItemCd=3195927866 HTTP/1.1" 404 1251 "https://blog.newkolkata.in/item/27866jahttidm586.html" "Mozilla/5.0 AppleWebKit/537.36 (KHTML, like Gecko; compatible; GPTBot/1.3; +https://openai.com/gptbot)"
74.7.227.180 - - [06/Feb/2026:07:31:42 -0500] "GET /ctg/search/similarImageSearchResultView/?ctgItemCd=3200227765 HTTP/1.1" 404 1251 "https://blog.newkolkata.in/getidm7/27765zslyitems.htm" "Mozilla/5.0 AppleWebKit/537.36 (KHTML, like Gecko; compatible; GPTBot/1.3; +https://openai.com/gptbot)"
74.7.227.180 - - [06/Feb/2026:07:31:46 -0500] "GET /ctg/search/similarImageSearchResultView/?ctgItemCd=6769064135 HTTP/1.1" 404 1251 "https://blog.newkolkata.in/geti/64135sejmitems" "Mozilla/5.0 AppleWebKit/537.36 (KHTML, like Gecko; compatible; GPTBot/1.3; +https://openai.com/gptbot)"
74.7.227.180 - - [06/Feb/2026:07:31:49 -0500] "GET /ctg/search/similarImageSearchResultView/?ctgItemCd=9027786220 HTTP/1.1" 404 1251 "https://blog.newkolkata.in/getid/86220mvrvitems.htm" "Mozilla/5.0 AppleWebKit/537.36 (KHTML, like Gecko; compatible; GPTBot/1.3; +https://openai.com/gptbot)"
74.7.227.180 - - [06/Feb/2026:07:31:52 -0500] "GET /ctg/search/similarImageSearchResultView/?ctgItemCd=6775863828 HTTP/1.1" 404 1251 "https://blog.newkolkata.in/geti/63828jahtitems.htm" "Mozilla/5.0 AppleWebKit/537.36 (KHTML, like Gecko; compatible; GPTBot/1.3; +https://openai.com/gptbot)"
74.7.227.180 - - [06/Feb/2026:07:31:55 -0500] "GET /ctg/search/similarImageSearchResultView/?ctgItemCd=9128587466 HTTP/1.1" 404 1251 "https://blog.newkolkata.in/getidm3/87466kairitems" "Mozilla/5.0 AppleWebKit/537.36 (KHTML, like Gecko; compatible; GPTBot/1.3; +https://openai.com/gptbot)"
185.191.171.10 - - [06/Feb/2026:07:31:55 -0500] "GET /get/273046ccoyitems HTTP/1.1" 404 1251 "-" "Mozilla/5.0 (compatible; SemrushBot/7~bl; +http://www.semrush.com/bot.html)"
74.7.227.180 - - [06/Feb/2026:07:31:58 -0500] "GET /ctg/search/similarImageSearchResultView/?ctgItemCd=9102287217 HTTP/1.1" 404 1251 "https://blog.newkolkata.in/getidm/87217zslyitems" "Mozilla/5.0 AppleWebKit/537.36 (KHTML, like Gecko; compatible; GPTBot/1.3; +https://openai.com/gptbot)"
74.7.227.180 - - [06/Feb/2026:07:32:02 -0500] "GET /ctg/search/similarImageSearchResultView/?ctgItemCd=3030426475 HTTP/1.1" 404 1251 "https://blog.newkolkata.in/get/26475ccoyitems.htm" "Mozilla/5.0 AppleWebKit/537.36 (KHTML, like Gecko; compatible; GPTBot/1.3; +https://openai.com/gptbot)"
74.7.227.180 - - [06/Feb/2026:07:32:05 -0500] "GET /ctg/search/similarImageSearchResultView/?ctgItemCd=3397529866 HTTP/1.1" 404 1251 "https://blog.newkolkata.in/ite/29866pcywtidm41607.html" "Mozilla/5.0 AppleWebKit/537.36 (KHTML, like Gecko; compatible; GPTBot/1.3; +https://openai.com/gptbot)"
74.7.227.180 - - [06/Feb/2026:07:32:08 -0500] "GET /ctg/search/similarImageSearchResultView/?ctgItemCd=5729653098 HTTP/1.1" 404 1251 "https://blog.newkolkata.in/items/53098jahttidm184.html" "Mozilla/5.0 AppleWebKit/537.36 (KHTML, like Gecko; compatible; GPTBot/1.3; +https://openai.com/gptbot)"
74.7.227.180 - - [06/Feb/2026:07:32:11 -0500] "GET /ctg/search/similarImageSearchResultView/?ctgItemCd=2099616597 HTTP/1.1" 404 1251 "https://blog.newkolkata.in/items/16597zslytidm251349.html" "Mozilla/5.0 AppleWebKit/537.36 (KHTML, like Gecko; compatible; GPTBot/1.3; +https://openai.com/gptbot)"
74.7.227.180 - - [06/Feb/2026:07:32:14 -0500] "GET /ctg/search/similarImageSearchResultView/?ctgItemCd=8016776252 HTTP/1.1" 404 1251 "https://blog.newkolkata.in/getidm723/76252kairitems" "Mozilla/5.0 AppleWebKit/537.36 (KHTML, like Gecko; compatible; GPTBot/1.3; +https://openai.com/gptbot)"
74.7.227.180 - - [06/Feb/2026:07:32:17 -0500] "GET /ctg/search/similarImageSearchResultView/?ctgItemCd=5429050064 HTTP/1.1" 404 1251 "https://blog.newkolkata.in/items/50064cejptidm5102.html" "Mozilla/5.0 AppleWebKit/537.36 (KHTML, like Gecko; compatible; GPTBot/1.3; +https://openai.com/gptbot)"
85.208.96.206 - - [06/Feb/2026:07:32:19 -0500] "GET /items/9263ccoytidm.html HTTP/1.1" 404 1251 "-" "Mozilla/5.0 (compatible; SemrushBot/7~bl; +http://www.semrush.com/bot.html)"
74.7.227.180 - - [06/Feb/2026:07:32:20 -0500] "GET /ctg/search/similarImageSearchResultView/?ctgItemCd=2889225040 HTTP/1.1" 404 1251 "https://blog.newkolkata.in/getidm67/25040cejpitems" "Mozilla/5.0 AppleWebKit/537.36 (KHTML, like Gecko; compatible; GPTBot/1.3; +https://openai.com/gptbot)"
74.7.227.180 - - [06/Feb/2026:07:32:23 -0500] "GET /ctg/search/similarImageSearchResultView/?ctgItemCd=5425349984 HTTP/1.1" 404 1251 "https://blog.newkolkata.in/getidm80/49984tjvfitems.htm" "Mozilla/5.0 AppleWebKit/537.36 (KHTML, like Gecko; compatible; GPTBot/1.3; +https://openai.com/gptbot)"
74.7.227.180 - - [06/Feb/2026:07:32:27 -0500] "GET /ctg/search/similarImageSearchResultView/?ctgItemCd=7102667005 HTTP/1.1" 404 1251 "https://blog.newkolkata.in/getid/67005kairitems.htm" "Mozilla/5.0 AppleWebKit/537.36 (KHTML, like Gecko; compatible; GPTBot/1.3; +https://openai.com/gptbot)"
74.7.227.180 - - [06/Feb/2026:07:32:30 -0500] "GET /ctg/search/similarImageSearchResultView/?ctgItemCd=6059256837 HTTP/1.1" 404 1251 "https://blog.newkolkata.in/ite/56837zslytid.html" "Mozilla/5.0 AppleWebKit/537.36 (KHTML, like Gecko; compatible; GPTBot/1.3; +https://openai.com/gptbot)"
74.7.227.180 - - [06/Feb/2026:07:32:33 -0500] "GET /ctg/search/similarImageSearchResultView/?ctgItemCd=7036266910 HTTP/1.1" 404 1251 "https://blog.newkolkata.in/get/66910ccoyitems" "Mozilla/5.0 AppleWebKit/537.36 (KHTML, like Gecko; compatible; GPTBot/1.3; +https://openai.com/gptbot)"
74.7.227.180 - - [06/Feb/2026:07:32:36 -0500] "GET /ctg/search/similarImageSearchResultView/?ctgItemCd=7092567438 HTTP/1.1" 404 1251 "https://blog.newkolkata.in/get/67438mvrvitems" "Mozilla/5.0 AppleWebKit/537.36 (KHTML, like Gecko; compatible; GPTBot/1.3; +https://openai.com/gptbot)"
74.7.227.180 - - [06/Feb/2026:07:32:39 -0500] "GET /ctg/search/similarImageSearchResultView/?ctgItemCd=9150387353 HTTP/1.1" 404 1251 "https://blog.newkolkata.in/items/87353cejptidm89.html" "Mozilla/5.0 AppleWebKit/537.36 (KHTML, like Gecko; compatible; GPTBot/1.3; +https://openai.com/gptbot)"
74.7.227.180 - - [06/Feb/2026:07:32:43 -0500] "GET /ctg/search/similarImageSearchResultView/?ctgItemCd=7631272005 HTTP/1.1" 404 1251 "https://blog.newkolkata.in/getidm299/72005ulgpitems.htm" "Mozilla/5.0 AppleWebKit/537.36 (KHTML, like Gecko; compatible; GPTBot/1.3; +https://openai.com/gptbot)"
74.7.227.180 - - [06/Feb/2026:07:32:46 -0500] "GET /ctg/search/similarImageSearchResultView/?ctgItemCd=9109486717 HTTP/1.1" 404 1251 "https://blog.newkolkata.in/items/86717tjvftidm261664.html" "Mozilla/5.0 AppleWebKit/537.36 (KHTML, like Gecko; compatible; GPTBot/1.3; +https://openai.com/gptbot)"
74.7.227.180 - - [06/Feb/2026:07:32:49 -0500] "GET /ctg/search/similarImageSearchResultView/?ctgItemCd=8431380070 HTTP/1.1" 404 1251 "https://blog.newkolkata.in/getidm94/80070ccoyitems.htm" "Mozilla/5.0 AppleWebKit/537.36 (KHTML, like Gecko; compatible; GPTBot/1.3; +https://openai.com/gptbot)"
85.208.96.203 - - [06/Feb/2026:07:32:52 -0500] "GET /get/6334sejmitems HTTP/1.1" 404 1251 "-" "Mozilla/5.0 (compatible; SemrushBot/7~bl; +http://www.semrush.com/bot.html)"
74.7.227.180 - - [06/Feb/2026:07:32:52 -0500] "GET /ctg/search/similarImageSearchResultView/?ctgItemCd=8744383297 HTTP/1.1" 404 1251 "https://blog.newkolkata.in/items/83297cejptidm82.html" "Mozilla/5.0 AppleWebKit/537.36 (KHTML, like Gecko; compatible; GPTBot/1.3; +https://openai.com/gptbot)"
74.7.227.180 - - [06/Feb/2026:07:32:55 -0500] "GET /ctg/search/similarImageSearchResultView/?ctgItemCd=4509941181 HTTP/1.1" 404 1251 "https://blog.newkolkata.in/geti/41181kairitems.htm" "Mozilla/5.0 AppleWebKit/537.36 (KHTML, like Gecko; compatible; GPTBot/1.3; +https://openai.com/gptbot)"
74.7.227.180 - - [06/Feb/2026:07:32:58 -0500] "GET /ctg/search/similarImageSearchResultView/?ctgItemCd=5484050657 HTTP/1.1" 404 1251 "https://blog.newkolkata.in/items/50657zslytidm41.html" "Mozilla/5.0 AppleWebKit/537.36 (KHTML, like Gecko; compatible; GPTBot/1.3; +https://openai.com/gptbot)"
74.7.227.180 - - [06/Feb/2026:07:33:01 -0500] "GET /ctg/search/similarImageSearchResultView/?ctgItemCd=1847914374 HTTP/1.1" 404 1251 "https://blog.newkolkata.in/items/14374tjvftidm3.html" "Mozilla/5.0 AppleWebKit/537.36 (KHTML, like Gecko; compatible; GPTBot/1.3; +https://openai.com/gptbot)"
74.7.227.180 - - [06/Feb/2026:07:33:05 -0500] "GET /ctg/search/similarImageSearchResultView/?ctgItemCd=8860684512 HTTP/1.1" 404 1251 "https://blog.newkolkata.in/items/84512sejmtidm2.html" "Mozilla/5.0 AppleWebKit/537.36 (KHTML, like Gecko; compatible; GPTBot/1.3; +https://openai.com/gptbot)"
74.7.227.180 - - [06/Feb/2026:07:33:08 -0500] "GET /ctg/search/similarImageSearchResultView/?ctgItemCd=1763413544 HTTP/1.1" 404 1251 "https://blog.newkolkata.in/items/13544ccoytidm2.html" "Mozilla/5.0 AppleWebKit/537.36 (KHTML, like Gecko; compatible; GPTBot/1.3; +https://openai.com/gptbot)"
74.7.227.180 - - [06/Feb/2026:07:33:11 -0500] "GET /ctg/search/similarImageSearchResultView/?ctgItemCd=8429580356 HTTP/1.1" 404 1251 "https://blog.newkolkata.in/getidm701/80356pcywitems" "Mozilla/5.0 AppleWebKit/537.36 (KHTML, like Gecko; compatible; GPTBot/1.3; +https://openai.com/gptbot)"
74.7.227.180 - - [06/Feb/2026:07:33:14 -0500] "GET /ctg/search/similarImageSearchResultView/?ctgItemCd=1958715613 HTTP/1.1" 404 1251 "https://blog.newkolkata.in/getidm3972/15613sejmitems" "Mozilla/5.0 AppleWebKit/537.36 (KHTML, like Gecko; compatible; GPTBot/1.3; +https://openai.com/gptbot)"
74.7.227.180 - - [06/Feb/2026:07:33:17 -0500] "GET /ctg/search/similarImageSearchResultView/?ctgItemCd=5831854098 HTTP/1.1" 404 1251 "https://blog.newkolkata.in/items/54098ulgptidm656.html" "Mozilla/5.0 AppleWebKit/537.36 (KHTML, like Gecko; compatible; GPTBot/1.3; +https://openai.com/gptbot)"
74.7.227.180 - - [06/Feb/2026:07:33:20 -0500] "GET /ctg/search/similarImageSearchResultView/?ctgItemCd=1953715604 HTTP/1.1" 404 1251 "https://blog.newkolkata.in/getidm728/15604tjvfitems" "Mozilla/5.0 AppleWebKit/537.36 (KHTML, like Gecko; compatible; GPTBot/1.3; +https://openai.com/gptbot)"
185.191.171.15 - - [06/Feb/2026:07:33:21 -0500] "GET /oybcategorysejm/89 HTTP/1.1" 404 1251 "-" "Mozilla/5.0 (compatible; SemrushBot/7~bl; +http://www.semrush.com/bot.html)"
74.7.227.180 - - [06/Feb/2026:07:33:24 -0500] "GET /ctg/search/similarImageSearchResultView/?ctgItemCd=3884834561 HTTP/1.1" 404 1251 "https://blog.newkolkata.in/getidm220/34561sejmitems.htm" "Mozilla/5.0 AppleWebKit/537.36 (KHTML, like Gecko; compatible; GPTBot/1.3; +https://openai.com/gptbot)"
74.7.227.180 - - [06/Feb/2026:07:33:27 -0500] "GET /ctg/search/similarImageSearchResultView/?ctgItemCd=4037836799 HTTP/1.1" 404 1251 "https://blog.newkolkata.in/geti/36799ulgpitems" "Mozilla/5.0 AppleWebKit/537.36 (KHTML, like Gecko; compatible; GPTBot/1.3; +https://openai.com/gptbot)"
85.208.96.203 - - [06/Feb/2026:07:33:28 -0500] "GET /getidm/201217kairitems HTTP/1.1" 404 1251 "-" "Mozilla/5.0 (compatible; SemrushBot/7~bl; +http://www.semrush.com/bot.html)"
74.7.227.180 - - [06/Feb/2026:07:33:30 -0500] "GET /ctg/search/similarImageSearchResultView/?ctgItemCd=6552961589 HTTP/1.1" 404 1251 "https://blog.newkolkata.in/ite/61589ccoytidm79.html" "Mozilla/5.0 AppleWebKit/537.36 (KHTML, like Gecko; compatible; GPTBot/1.3; +https://openai.com/gptbot)"
74.7.227.180 - - [06/Feb/2026:07:33:33 -0500] "GET /ctg/search/similarImageSearchResultView/?ctgItemCd=8241578257 HTTP/1.1" 404 1251 "https://blog.newkolkata.in/items/78257kairtidm98.html" "Mozilla/5.0 AppleWebKit/537.36 (KHTML, like Gecko; compatible; GPTBot/1.3; +https://openai.com/gptbot)"
74.7.227.180 - - [06/Feb/2026:07:33:36 -0500] "GET /ctg/search/similarImageSearchResultView/?ctgItemCd=6428160364 HTTP/1.1" 404 1251 "https://blog.newkolkata.in/getidm197/60364jahtitems" "Mozilla/5.0 AppleWebKit/537.36 (KHTML, like Gecko; compatible; GPTBot/1.3; +https://openai.com/gptbot)"
74.7.227.180 - - [06/Feb/2026:07:33:39 -0500] "GET /ctg/search/similarImageSearchResultView/?ctgItemCd=3798633982 HTTP/1.1" 404 1251 "https://blog.newkolkata.in/item/33982pcywtidm2.html" "Mozilla/5.0 AppleWebKit/537.36 (KHTML, like Gecko; compatible; GPTBot/1.3; +https://openai.com/gptbot)"
185.191.171.6 - - [06/Feb/2026:07:33:42 -0500] "GET /geti/143983cejpitems HTTP/1.1" 404 1251 "-" "Mozilla/5.0 (compatible; SemrushBot/7~bl; +http://www.semrush.com/bot.html)"
74.7.227.180 - - [06/Feb/2026:07:33:42 -0500] "GET /ctg/search/similarImageSearchResultView/?ctgItemCd=6715162817 HTTP/1.1" 404 1251 "https://blog.newkolkata.in/items/62817pcywtidm36566.html" "Mozilla/5.0 AppleWebKit/537.36 (KHTML, like Gecko; compatible; GPTBot/1.3; +https://openai.com/gptbot)"
74.7.227.180 - - [06/Feb/2026:07:33:45 -0500] "GET /ctg/search/similarImageSearchResultView/?ctgItemCd=9785893912 HTTP/1.1" 404 1251 "https://blog.newkolkata.in/geti/93912tjvfitems.htm" "Mozilla/5.0 AppleWebKit/537.36 (KHTML, like Gecko; compatible; GPTBot/1.3; +https://openai.com/gptbot)"
85.208.96.206 - - [06/Feb/2026:07:33:46 -0500] "GET /get/162910tjvfitems HTTP/1.1" 404 1251 "-" "Mozilla/5.0 (compatible; SemrushBot/7~bl; +http://www.semrush.com/bot.html)"
74.7.227.180 - - [06/Feb/2026:07:33:48 -0500] "GET /ctg/search/similarImageSearchResultView/?ctgItemCd=9869395143 HTTP/1.1" 404 1251 "https://blog.newkolkata.in/geti/95143jahtitems" "Mozilla/5.0 AppleWebKit/537.36 (KHTML, like Gecko; compatible; GPTBot/1.3; +https://openai.com/gptbot)"
85.208.96.209 - - [06/Feb/2026:07:33:50 -0500] "GET /get/223342kairitems HTTP/1.1" 404 1251 "-" "Mozilla/5.0 (compatible; SemrushBot/7~bl; +http://www.semrush.com/bot.html)"
85.208.96.208 - - [06/Feb/2026:07:33:51 -0500] "GET /get/52527jahtitems.htm HTTP/1.1" 404 1251 "-" "Mozilla/5.0 (compatible; SemrushBot/7~bl; +http://www.semrush.com/bot.html)"
74.7.227.180 - - [06/Feb/2026:07:33:51 -0500] "GET /ctg/search/similarImageSearchResultView/?ctgItemCd=8296078981 HTTP/1.1" 404 1251 "https://blog.newkolkata.in/geti/78981zslyitems.htm" "Mozilla/5.0 AppleWebKit/537.36 (KHTML, like Gecko; compatible; GPTBot/1.3; +https://openai.com/gptbot)"
74.7.227.180 - - [06/Feb/2026:07:33:54 -0500] "GET /ctg/search/similarImageSearchResultView/?ctgItemCd=8454780576 HTTP/1.1" 404 1251 "https://blog.newkolkata.in/item/80576cejptidm1.html" "Mozilla/5.0 AppleWebKit/537.36 (KHTML, like Gecko; compatible; GPTBot/1.3; +https://openai.com/gptbot)"
74.7.227.180 - - [06/Feb/2026:07:33:57 -0500] "GET /ctg/search/similarImageSearchResultView/?ctgItemCd=5839354087 HTTP/1.1" 404 1251 "https://blog.newkolkata.in/getidm899/54087jahtitems.htm" "Mozilla/5.0 AppleWebKit/537.36 (KHTML, like Gecko; compatible; GPTBot/1.3; +https://openai.com/gptbot)"
74.7.227.180 - - [06/Feb/2026:07:34:01 -0500] "GET /ctg/search/similarImageSearchResultView/?ctgItemCd=5170947484 HTTP/1.1" 404 1251 "https://blog.newkolkata.in/items/47484ulgptidm759.html" "Mozilla/5.0 AppleWebKit/537.36 (KHTML, like Gecko; compatible; GPTBot/1.3; +https://openai.com/gptbot)"
185.191.171.6 - - [06/Feb/2026:07:34:02 -0500] "GET /get/247342sejmitems HTTP/1.1" 404 1251 "-" "Mozilla/5.0 (compatible; SemrushBot/7~bl; +http://www.semrush.com/bot.html)"
74.7.227.180 - - [06/Feb/2026:07:34:04 -0500] "GET /ctg/search/similarImageSearchResultView/?ctgItemCd=5314849456 HTTP/1.1" 404 1251 "https://blog.newkolkata.in/getid/49456mvrvitems" "Mozilla/5.0 AppleWebKit/537.36 (KHTML, like Gecko; compatible; GPTBot/1.3; +https://openai.com/gptbot)"
74.7.227.180 - - [06/Feb/2026:07:34:07 -0500] "GET /ctg/search/similarImageSearchResultView/?ctgItemCd=7246069007 HTTP/1.1" 404 1251 "https://blog.newkolkata.in/get/69007sejmitems" "Mozilla/5.0 AppleWebKit/537.36 (KHTML, like Gecko; compatible; GPTBot/1.3; +https://openai.com/gptbot)"
74.7.227.180 - - [06/Feb/2026:07:34:10 -0500] "GET /ctg/search/similarImageSearchResultView/?ctgItemCd=3858234621 HTTP/1.1" 404 1251 "https://blog.newkolkata.in/getidm5547/34621cejpitems" "Mozilla/5.0 AppleWebKit/537.36 (KHTML, like Gecko; compatible; GPTBot/1.3; +https://openai.com/gptbot)"
185.191.171.5 - - [06/Feb/2026:07:34:13 -0500] "GET /getidm/137769zslyitems.htm HTTP/1.1" 404 1251 "-" "Mozilla/5.0 (compatible; SemrushBot/7~bl; +http://www.semrush.com/bot.html)"
74.7.227.180 - - [06/Feb/2026:07:34:13 -0500] "GET /ctg/search/similarImageSearchResultView/?ctgItemCd=5179547810 HTTP/1.1" 404 1251 "https://blog.newkolkata.in/ite/47810tjvftidm415.html" "Mozilla/5.0 AppleWebKit/537.36 (KHTML, like Gecko; compatible; GPTBot/1.3; +https://openai.com/gptbot)"
185.191.171.2 - - [06/Feb/2026:07:34:15 -0500] "GET /getid/280552mvrvitems HTTP/1.1" 404 1251 "-" "Mozilla/5.0 (compatible; SemrushBot/7~bl; +http://www.semrush.com/bot.html)"
74.7.227.180 - - [06/Feb/2026:07:34:17 -0500] "GET /ctg/search/similarImageSearchResultView/?ctgItemCd=4977546231 HTTP/1.1" 404 1251 "https://blog.newkolkata.in/geti/46231kairitems" "Mozilla/5.0 AppleWebKit/537.36 (KHTML, like Gecko; compatible; GPTBot/1.3; +https://openai.com/gptbot)"
74.7.227.180 - - [06/Feb/2026:07:34:20 -0500] "GET /ctg/search/similarImageSearchResultView/?ctgItemCd=2414820034 HTTP/1.1" 404 1251 "https://blog.newkolkata.in/items/20034mvrvtidm5.html" "Mozilla/5.0 AppleWebKit/537.36 (KHTML, like Gecko; compatible; GPTBot/1.3; +https://openai.com/gptbot)"
185.191.171.6 - - [06/Feb/2026:07:34:22 -0500] "GET /ite/180215jahttidm.html HTTP/1.1" 404 1251 "-" "Mozilla/5.0 (compatible; SemrushBot/7~bl; +http://www.semrush.com/bot.html)"
74.7.227.180 - - [06/Feb/2026:07:34:23 -0500] "GET /ctg/search/similarImageSearchResultView/?ctgItemCd=5618152106 HTTP/1.1" 404 1251 "https://blog.newkolkata.in/item/52106cejptidm795.html" "Mozilla/5.0 AppleWebKit/537.36 (KHTML, like Gecko; compatible; GPTBot/1.3; +https://openai.com/gptbot)"
74.7.227.180 - - [06/Feb/2026:07:34:26 -0500] "GET /ctg/search/similarImageSearchResultView/?ctgItemCd=5008545986 HTTP/1.1" 404 1251 "https://blog.newkolkata.in/item/45986kairtidm877.html" "Mozilla/5.0 AppleWebKit/537.36 (KHTML, like Gecko; compatible; GPTBot/1.3; +https://openai.com/gptbot)"
74.7.227.180 - - [06/Feb/2026:07:34:29 -0500] "GET /ctg/search/similarImageSearchResultView/?ctgItemCd=7798674431 HTTP/1.1" 404 1251 "https://blog.newkolkata.in/geti/74431sejmitems" "Mozilla/5.0 AppleWebKit/537.36 (KHTML, like Gecko; compatible; GPTBot/1.3; +https://openai.com/gptbot)"
74.7.227.180 - - [06/Feb/2026:07:34:32 -0500] "GET /ctg/search/similarImageSearchResultView/?ctgItemCd=4008536323 HTTP/1.1" 404 1251 "https://blog.newkolkata.in/getidm/36323sejmitems" "Mozilla/5.0 AppleWebKit/537.36 (KHTML, like Gecko; compatible; GPTBot/1.3; +https://openai.com/gptbot)"
74.7.227.180 - - [06/Feb/2026:07:34:36 -0500] "GET /ctg/search/similarImageSearchResultView/?ctgItemCd=6851064485 HTTP/1.1" 404 1251 "https://blog.newkolkata.in/getid/64485cejpitems.htm" "Mozilla/5.0 AppleWebKit/537.36 (KHTML, like Gecko; compatible; GPTBot/1.3; +https://openai.com/gptbot)"
85.208.96.206 - - [06/Feb/2026:07:34:37 -0500] "GET /geti/280879tjvfitems HTTP/1.1" 404 1251 "-" "Mozilla/5.0 (compatible; SemrushBot/7~bl; +http://www.semrush.com/bot.html)"
74.7.227.180 - - [06/Feb/2026:07:34:39 -0500] "GET /ctg/search/similarImageSearchResultView/?ctgItemCd=3021325905 HTTP/1.1" 404 1251 "https://blog.newkolkata.in/getidm798/25905ccoyitems.htm" "Mozilla/5.0 AppleWebKit/537.36 (KHTML, like Gecko; compatible; GPTBot/1.3; +https://openai.com/gptbot)"
185.191.171.2 - - [06/Feb/2026:07:34:39 -0500] "GET /item/81566kairtid.html HTTP/1.1" 404 1251 "-" "Mozilla/5.0 (compatible; SemrushBot/7~bl; +http://www.semrush.com/bot.html)"
74.7.227.180 - - [06/Feb/2026:07:34:42 -0500] "GET /ctg/search/similarImageSearchResultView/?ctgItemCd=3054926726 HTTP/1.1" 404 1251 "https://blog.newkolkata.in/item/26726sejmtid.html" "Mozilla/5.0 AppleWebKit/537.36 (KHTML, like Gecko; compatible; GPTBot/1.3; +https://openai.com/gptbot)"
74.7.227.180 - - [06/Feb/2026:07:34:45 -0500] "GET /ctg/search/similarImageSearchResultView/?ctgItemCd=6723563089 HTTP/1.1" 404 1251 "https://blog.newkolkata.in/items/63089cejptidm94.html" "Mozilla/5.0 AppleWebKit/537.36 (KHTML, like Gecko; compatible; GPTBot/1.3; +https://openai.com/gptbot)"
74.7.227.180 - - [06/Feb/2026:07:34:48 -0500] "GET /ctg/search/similarImageSearchResultView/?ctgItemCd=1819514216 HTTP/1.1" 404 1251 "https://blog.newkolkata.in/item/14216sejmtidm8.html" "Mozilla/5.0 AppleWebKit/537.36 (KHTML, like Gecko; compatible; GPTBot/1.3; +https://openai.com/gptbot)"
