114.119.137.153 - - [06/Feb/2026:09:52:41 -0500] "GET /items/77651jahttidm760805.html HTTP/1.1" 404 1251 "https://blog.newkolkata.in/sitemap226.xml" "Mozilla/5.0 (Linux; Android 7.0;) AppleWebKit/537.36 (KHTML, like Gecko) Mobile Safari/537.36 (compatible; PetalBot;+https://webmaster.petalsearch.com/site/petalbot)"
74.7.227.180 - - [06/Feb/2026:09:52:43 -0500] "GET /ctg/search/similarImageSearchResultView/?ctgItemCd=9307389503 HTTP/1.1" 404 1251 "https://blog.newkolkata.in/geti/89503ulgpitems" "Mozilla/5.0 AppleWebKit/537.36 (KHTML, like Gecko; compatible; GPTBot/1.3; +https://openai.com/gptbot)"
185.191.171.18 - - [06/Feb/2026:09:52:46 -0500] "GET /item/127406zslytid.html HTTP/1.1" 404 1251 "-" "Mozilla/5.0 (compatible; SemrushBot/7~bl; +http://www.semrush.com/bot.html)"
74.7.227.180 - - [06/Feb/2026:09:52:46 -0500] "GET /ctg/search/similarImageSearchResultView/?ctgItemCd=6480961342 HTTP/1.1" 404 1251 "https://blog.newkolkata.in/get/61342pcywitems" "Mozilla/5.0 AppleWebKit/537.36 (KHTML, like Gecko; compatible; GPTBot/1.3; +https://openai.com/gptbot)"
85.208.96.202 - - [06/Feb/2026:09:52:48 -0500] "GET /geti/50085cejpitems.htm HTTP/1.1" 404 1251 "-" "Mozilla/5.0 (compatible; SemrushBot/7~bl; +http://www.semrush.com/bot.html)"
185.191.171.8 - - [06/Feb/2026:09:52:49 -0500] "GET /geti/223759cejpitems HTTP/1.1" 404 1251 "-" "Mozilla/5.0 (compatible; SemrushBot/7~bl; +http://www.semrush.com/bot.html)"
74.7.227.180 - - [06/Feb/2026:09:52:50 -0500] "GET /ctg/search/similarImageSearchResultView/?ctgItemCd=7639472068 HTTP/1.1" 404 1251 "https://blog.newkolkata.in/items/72068tjvftidm78472.html" "Mozilla/5.0 AppleWebKit/537.36 (KHTML, like Gecko; compatible; GPTBot/1.3; +https://openai.com/gptbot)"
74.7.227.180 - - [06/Feb/2026:09:52:53 -0500] "GET /ctg/search/similarImageSearchResultView/?ctgItemCd=4044636519 HTTP/1.1" 404 1251 "https://blog.newkolkata.in/geti/36519kairitems.htm" "Mozilla/5.0 AppleWebKit/537.36 (KHTML, like Gecko; compatible; GPTBot/1.3; +https://openai.com/gptbot)"
85.208.96.193 - - [06/Feb/2026:09:52:54 -0500] "GET /get/237096mvrvitems.htm HTTP/1.1" 404 1251 "-" "Mozilla/5.0 (compatible; SemrushBot/7~bl; +http://www.semrush.com/bot.html)"
74.7.227.180 - - [06/Feb/2026:09:52:56 -0500] "GET /ctg/search/similarImageSearchResultView/?ctgItemCd=8541781549 HTTP/1.1" 404 1251 "https://blog.newkolkata.in/get/81549zslyitems.htm" "Mozilla/5.0 AppleWebKit/537.36 (KHTML, like Gecko; compatible; GPTBot/1.3; +https://openai.com/gptbot)"
74.7.227.180 - - [06/Feb/2026:09:52:59 -0500] "GET /ctg/search/similarImageSearchResultView/?ctgItemCd=4230738277 HTTP/1.1" 404 1251 "https://blog.newkolkata.in/getid/38277kairitems.htm" "Mozilla/5.0 AppleWebKit/537.36 (KHTML, like Gecko; compatible; GPTBot/1.3; +https://openai.com/gptbot)"
74.7.227.180 - - [06/Feb/2026:09:53:02 -0500] "GET /ctg/search/similarImageSearchResultView/?ctgItemCd=3431530477 HTTP/1.1" 404 1251 "https://blog.newkolkata.in/get/30477tjvfitems.htm" "Mozilla/5.0 AppleWebKit/537.36 (KHTML, like Gecko; compatible; GPTBot/1.3; +https://openai.com/gptbot)"
185.191.171.2 - - [06/Feb/2026:09:53:04 -0500] "GET /getidm7/251434zslyitems HTTP/1.1" 404 1251 "-" "Mozilla/5.0 (compatible; SemrushBot/7~bl; +http://www.semrush.com/bot.html)"
74.7.227.180 - - [06/Feb/2026:09:53:05 -0500] "GET /ctg/search/similarImageSearchResultView/?ctgItemCd=9304688716 HTTP/1.1" 404 1251 "https://blog.newkolkata.in/getidm404/88716mvrvitems.htm" "Mozilla/5.0 AppleWebKit/537.36 (KHTML, like Gecko; compatible; GPTBot/1.3; +https://openai.com/gptbot)"
74.7.227.180 - - [06/Feb/2026:09:53:08 -0500] "GET /ctg/search/similarImageSearchResultView/?ctgItemCd=1704013125 HTTP/1.1" 404 1251 "https://blog.newkolkata.in/geti/13125kairitems.htm" "Mozilla/5.0 AppleWebKit/537.36 (KHTML, like Gecko; compatible; GPTBot/1.3; +https://openai.com/gptbot)"
74.7.227.180 - - [06/Feb/2026:09:53:12 -0500] "GET /ctg/search/similarImageSearchResultView/?ctgItemCd=1894414903 HTTP/1.1" 404 1251 "https://blog.newkolkata.in/items/14903sejmtidm.html" "Mozilla/5.0 AppleWebKit/537.36 (KHTML, like Gecko; compatible; GPTBot/1.3; +https://openai.com/gptbot)"
74.7.227.180 - - [06/Feb/2026:09:53:15 -0500] "GET /ctg/search/similarImageSearchResultView/?ctgItemCd=6174657814 HTTP/1.1" 404 1251 "https://blog.newkolkata.in/items/57814jahttid.html" "Mozilla/5.0 AppleWebKit/537.36 (KHTML, like Gecko; compatible; GPTBot/1.3; +https://openai.com/gptbot)"
74.7.227.180 - - [06/Feb/2026:09:53:18 -0500] "GET /ctg/search/similarImageSearchResultView/?ctgItemCd=3453830486 HTTP/1.1" 404 1251 "https://blog.newkolkata.in/getid/30486pcywitems.htm" "Mozilla/5.0 AppleWebKit/537.36 (KHTML, like Gecko; compatible; GPTBot/1.3; +https://openai.com/gptbot)"
74.7.227.180 - - [06/Feb/2026:09:53:21 -0500] "GET /ctg/search/similarImageSearchResultView/?ctgItemCd=5529651048 HTTP/1.1" 404 1251 "https://blog.newkolkata.in/getidm69/51048ccoyitems.htm" "Mozilla/5.0 AppleWebKit/537.36 (KHTML, like Gecko; compatible; GPTBot/1.3; +https://openai.com/gptbot)"
74.7.227.180 - - [06/Feb/2026:09:53:25 -0500] "GET /ctg/search/similarImageSearchResultView/?ctgItemCd=5634552473 HTTP/1.1" 404 1251 "https://blog.newkolkata.in/getidm83/52473ccoyitems" "Mozilla/5.0 AppleWebKit/537.36 (KHTML, like Gecko; compatible; GPTBot/1.3; +https://openai.com/gptbot)"
74.7.227.180 - - [06/Feb/2026:09:53:28 -0500] "GET /ctg/search/similarImageSearchResultView/?ctgItemCd=9829394723 HTTP/1.1" 404 1251 "https://blog.newkolkata.in/geti/94723ulgpitems" "Mozilla/5.0 AppleWebKit/537.36 (KHTML, like Gecko; compatible; GPTBot/1.3; +https://openai.com/gptbot)"
74.7.227.180 - - [06/Feb/2026:09:53:31 -0500] "GET /ctg/search/similarImageSearchResultView/?ctgItemCd=3295428656 HTTP/1.1" 404 1251 "https://blog.newkolkata.in/getidm929/28656cejpitems.htm" "Mozilla/5.0 AppleWebKit/537.36 (KHTML, like Gecko; compatible; GPTBot/1.3; +https://openai.com/gptbot)"
85.208.96.212 - - [06/Feb/2026:09:53:33 -0500] "GET /get/195726zslyitems.htm HTTP/1.1" 404 1251 "-" "Mozilla/5.0 (compatible; SemrushBot/7~bl; +http://www.semrush.com/bot.html)"
74.7.227.180 - - [06/Feb/2026:09:53:34 -0500] "GET /ctg/search/similarImageSearchResultView/?ctgItemCd=5131947454 HTTP/1.1" 404 1251 "https://blog.newkolkata.in/get/47454zslyitems.htm" "Mozilla/5.0 AppleWebKit/537.36 (KHTML, like Gecko; compatible; GPTBot/1.3; +https://openai.com/gptbot)"
185.191.171.9 - - [06/Feb/2026:09:53:36 -0500] "GET /item/75926pcywtid.html HTTP/1.1" 404 1251 "-" "Mozilla/5.0 (compatible; SemrushBot/7~bl; +http://www.semrush.com/bot.html)"
74.7.227.180 - - [06/Feb/2026:09:53:37 -0500] "GET /ctg/search/similarImageSearchResultView/?ctgItemCd=1417310615 HTTP/1.1" 404 1251 "https://blog.newkolkata.in/geti/10615ulgpitems" "Mozilla/5.0 AppleWebKit/537.36 (KHTML, like Gecko; compatible; GPTBot/1.3; +https://openai.com/gptbot)"
74.7.227.180 - - [06/Feb/2026:09:53:41 -0500] "GET /ctg/search/similarImageSearchResultView/?ctgItemCd=4367439861 HTTP/1.1" 404 1251 "https://blog.newkolkata.in/getidm6/39861cejpitems" "Mozilla/5.0 AppleWebKit/537.36 (KHTML, like Gecko; compatible; GPTBot/1.3; +https://openai.com/gptbot)"
185.191.171.14 - - [06/Feb/2026:09:53:43 -0500] "GET /robots.txt HTTP/1.1" 200 281 "-" "Mozilla/5.0 (compatible; SemrushBot/7~bl; +http://www.semrush.com/bot.html)"
85.208.96.195 - - [06/Feb/2026:09:53:43 -0500] "GET /getidm/201577cejpitems HTTP/1.1" 404 1251 "-" "Mozilla/5.0 (compatible; SemrushBot/7~bl; +http://www.semrush.com/bot.html)"
74.7.227.180 - - [06/Feb/2026:09:53:44 -0500] "GET /ctg/search/similarImageSearchResultView/?ctgItemCd=6203157720 HTTP/1.1" 404 1251 "https://blog.newkolkata.in/getidm836/57720ulgpitems.htm" "Mozilla/5.0 AppleWebKit/537.36 (KHTML, like Gecko; compatible; GPTBot/1.3; +https://openai.com/gptbot)"
185.191.171.4 - - [06/Feb/2026:09:53:45 -0500] "GET /get/21646kairitems HTTP/1.1" 404 1251 "-" "Mozilla/5.0 (compatible; SemrushBot/7~bl; +http://www.semrush.com/bot.html)"
74.7.227.180 - - [06/Feb/2026:09:53:47 -0500] "GET /ctg/search/similarImageSearchResultView/?ctgItemCd=6282458995 HTTP/1.1" 404 1251 "https://blog.newkolkata.in/get/58995cejpitems.htm" "Mozilla/5.0 AppleWebKit/537.36 (KHTML, like Gecko; compatible; GPTBot/1.3; +https://openai.com/gptbot)"
74.7.227.180 - - [06/Feb/2026:09:53:50 -0500] "GET /ctg/search/similarImageSearchResultView/?ctgItemCd=2452920379 HTTP/1.1" 404 1251 "https://blog.newkolkata.in/getidm/20379ulgpitems.htm" "Mozilla/5.0 AppleWebKit/537.36 (KHTML, like Gecko; compatible; GPTBot/1.3; +https://openai.com/gptbot)"
74.7.227.180 - - [06/Feb/2026:09:53:53 -0500] "GET /ctg/search/similarImageSearchResultView/?ctgItemCd=7485171089 HTTP/1.1" 404 1251 "https://blog.newkolkata.in/getidm/71089kairitems" "Mozilla/5.0 AppleWebKit/537.36 (KHTML, like Gecko; compatible; GPTBot/1.3; +https://openai.com/gptbot)"
185.191.171.9 - - [06/Feb/2026:09:53:55 -0500] "GET /getidm/141025cejpitems HTTP/1.1" 404 1251 "-" "Mozilla/5.0 (compatible; SemrushBot/7~bl; +http://www.semrush.com/bot.html)"
74.7.227.180 - - [06/Feb/2026:09:53:56 -0500] "GET /ctg/search/similarImageSearchResultView/?ctgItemCd=8176977648 HTTP/1.1" 404 1251 "https://blog.newkolkata.in/items/77648tjvftidm6.html" "Mozilla/5.0 AppleWebKit/537.36 (KHTML, like Gecko; compatible; GPTBot/1.3; +https://openai.com/gptbot)"
74.7.227.180 - - [06/Feb/2026:09:54:00 -0500] "GET /ctg/search/similarImageSearchResultView/?ctgItemCd=4692543375 HTTP/1.1" 404 1251 "https://blog.newkolkata.in/geti/43375kairitems" "Mozilla/5.0 AppleWebKit/537.36 (KHTML, like Gecko; compatible; GPTBot/1.3; +https://openai.com/gptbot)"
74.7.227.180 - - [06/Feb/2026:09:54:03 -0500] "GET /ctg/search/similarImageSearchResultView/?ctgItemCd=1762613760 HTTP/1.1" 404 1251 "https://blog.newkolkata.in/ite/13760jahttidm9.html" "Mozilla/5.0 AppleWebKit/537.36 (KHTML, like Gecko; compatible; GPTBot/1.3; +https://openai.com/gptbot)"
114.119.132.207 - - [06/Feb/2026:09:54:05 -0500] "GET /getidm257/86079pcywitems.htm HTTP/1.1" 404 1251 "https://blog.newkolkata.in/sitemap77.xml" "Mozilla/5.0 (Linux; Android 7.0;) AppleWebKit/537.36 (KHTML, like Gecko) Mobile Safari/537.36 (compatible; PetalBot;+https://webmaster.petalsearch.com/site/petalbot)"
74.7.227.180 - - [06/Feb/2026:09:54:06 -0500] "GET /ctg/search/similarImageSearchResultView/?ctgItemCd=9907195354 HTTP/1.1" 404 1251 "https://blog.newkolkata.in/ite/95354sejmtid.html" "Mozilla/5.0 AppleWebKit/537.36 (KHTML, like Gecko; compatible; GPTBot/1.3; +https://openai.com/gptbot)"
74.7.227.180 - - [06/Feb/2026:09:54:09 -0500] "GET /ctg/search/similarImageSearchResultView/?ctgItemCd=8116277236 HTTP/1.1" 404 1251 "https://blog.newkolkata.in/getidm578/77236jahtitems" "Mozilla/5.0 AppleWebKit/537.36 (KHTML, like Gecko; compatible; GPTBot/1.3; +https://openai.com/gptbot)"
74.7.227.180 - - [06/Feb/2026:09:54:12 -0500] "GET /ctg/search/similarImageSearchResultView/?ctgItemCd=2599022161 HTTP/1.1" 404 1251 "https://blog.newkolkata.in/get/22161tjvfitems.htm" "Mozilla/5.0 AppleWebKit/537.36 (KHTML, like Gecko; compatible; GPTBot/1.3; +https://openai.com/gptbot)"
74.7.227.180 - - [06/Feb/2026:09:54:15 -0500] "GET /ctg/search/similarImageSearchResultView/?ctgItemCd=3264628721 HTTP/1.1" 404 1251 "https://blog.newkolkata.in/getidm232/28721ulgpitems" "Mozilla/5.0 AppleWebKit/537.36 (KHTML, like Gecko; compatible; GPTBot/1.3; +https://openai.com/gptbot)"
74.7.227.180 - - [06/Feb/2026:09:54:18 -0500] "GET /ctg/search/similarImageSearchResultView/?ctgItemCd=7512171283 HTTP/1.1" 404 1251 "https://blog.newkolkata.in/get/71283tjvfitems.htm" "Mozilla/5.0 AppleWebKit/537.36 (KHTML, like Gecko; compatible; GPTBot/1.3; +https://openai.com/gptbot)"
74.7.227.180 - - [06/Feb/2026:09:54:22 -0500] "GET /ctg/search/similarImageSearchResultView/?ctgItemCd=4486041120 HTTP/1.1" 404 1251 "https://blog.newkolkata.in/getidm/41120cejpitems" "Mozilla/5.0 AppleWebKit/537.36 (KHTML, like Gecko; compatible; GPTBot/1.3; +https://openai.com/gptbot)"
185.191.171.3 - - [06/Feb/2026:09:54:24 -0500] "GET /getidm/175921ccoyitems HTTP/1.1" 404 1251 "-" "Mozilla/5.0 (compatible; SemrushBot/7~bl; +http://www.semrush.com/bot.html)"
74.7.227.180 - - [06/Feb/2026:09:54:25 -0500] "GET /ctg/search/similarImageSearchResultView/?ctgItemCd=5254548377 HTTP/1.1" 404 1251 "https://blog.newkolkata.in/items/48377tjvftidm44.html" "Mozilla/5.0 AppleWebKit/537.36 (KHTML, like Gecko; compatible; GPTBot/1.3; +https://openai.com/gptbot)"
74.7.227.180 - - [06/Feb/2026:09:54:28 -0500] "GET /ctg/search/similarImageSearchResultView/?ctgItemCd=2687723064 HTTP/1.1" 404 1251 "https://blog.newkolkata.in/get/23064kairitems.htm" "Mozilla/5.0 AppleWebKit/537.36 (KHTML, like Gecko; compatible; GPTBot/1.3; +https://openai.com/gptbot)"
74.7.227.180 - - [06/Feb/2026:09:54:31 -0500] "GET /ctg/search/similarImageSearchResultView/?ctgItemCd=6991965721 HTTP/1.1" 404 1251 "https://blog.newkolkata.in/getidm9/65721sejmitems.htm" "Mozilla/5.0 AppleWebKit/537.36 (KHTML, like Gecko; compatible; GPTBot/1.3; +https://openai.com/gptbot)"
74.7.227.180 - - [06/Feb/2026:09:54:34 -0500] "GET /ctg/search/similarImageSearchResultView/?ctgItemCd=2214718207 HTTP/1.1" 404 1251 "https://blog.newkolkata.in/geti/18207tjvfitems.htm" "Mozilla/5.0 AppleWebKit/537.36 (KHTML, like Gecko; compatible; GPTBot/1.3; +https://openai.com/gptbot)"
74.7.227.180 - - [06/Feb/2026:09:54:37 -0500] "GET /ctg/search/similarImageSearchResultView/?ctgItemCd=4267138552 HTTP/1.1" 404 1251 "https://blog.newkolkata.in/items/38552pcywtidm4.html" "Mozilla/5.0 AppleWebKit/537.36 (KHTML, like Gecko; compatible; GPTBot/1.3; +https://openai.com/gptbot)"
52.167.144.159 - - [06/Feb/2026:09:54:38 -0500] "GET /ite/75495ulgptidm158.html HTTP/1.1" 404 1251 "-" "Mozilla/5.0 AppleWebKit/537.36 (KHTML, like Gecko; compatible; bingbot/2.0; +http://www.bing.com/bingbot.htm) Chrome/116.0.1938.76 Safari/537.36"
74.7.227.180 - - [06/Feb/2026:09:54:41 -0500] "GET /ctg/search/similarImageSearchResultView/?ctgItemCd=5469750847 HTTP/1.1" 404 1251 "https://blog.newkolkata.in/get/50847pcywitems.htm" "Mozilla/5.0 AppleWebKit/537.36 (KHTML, like Gecko; compatible; GPTBot/1.3; +https://openai.com/gptbot)"
74.7.227.180 - - [06/Feb/2026:09:54:44 -0500] "GET /ctg/search/similarImageSearchResultView/?ctgItemCd=8459580391 HTTP/1.1" 404 1251 "https://blog.newkolkata.in/getidm6/80391ulgpitems.htm" "Mozilla/5.0 AppleWebKit/537.36 (KHTML, like Gecko; compatible; GPTBot/1.3; +https://openai.com/gptbot)"
74.7.227.180 - - [06/Feb/2026:09:54:47 -0500] "GET /ctg/search/similarImageSearchResultView/?ctgItemCd=1678012832 HTTP/1.1" 404 1251 "https://blog.newkolkata.in/getidm332/12832zslyitems" "Mozilla/5.0 AppleWebKit/537.36 (KHTML, like Gecko; compatible; GPTBot/1.3; +https://openai.com/gptbot)"
74.7.227.180 - - [06/Feb/2026:09:54:50 -0500] "GET /ctg/search/similarImageSearchResultView/?ctgItemCd=7246968800 HTTP/1.1" 404 1251 "https://blog.newkolkata.in/getid/68800tjvfitems" "Mozilla/5.0 AppleWebKit/537.36 (KHTML, like Gecko; compatible; GPTBot/1.3; +https://openai.com/gptbot)"
74.7.227.180 - - [06/Feb/2026:09:54:53 -0500] "GET /ctg/search/similarImageSearchResultView/?ctgItemCd=5831054300 HTTP/1.1" 404 1251 "https://blog.newkolkata.in/getid/54300cejpitems.htm" "Mozilla/5.0 AppleWebKit/537.36 (KHTML, like Gecko; compatible; GPTBot/1.3; +https://openai.com/gptbot)"
74.7.227.180 - - [06/Feb/2026:09:54:56 -0500] "GET /ctg/search/similarImageSearchResultView/?ctgItemCd=9871594780 HTTP/1.1" 404 1251 "https://blog.newkolkata.in/items/94780jahttid.html" "Mozilla/5.0 AppleWebKit/537.36 (KHTML, like Gecko; compatible; GPTBot/1.3; +https://openai.com/gptbot)"
74.7.227.180 - - [06/Feb/2026:09:55:00 -0500] "GET /ctg/search/similarImageSearchResultView/?ctgItemCd=2486120937 HTTP/1.1" 404 1251 "https://blog.newkolkata.in/geti/20937jahtitems.htm" "Mozilla/5.0 AppleWebKit/537.36 (KHTML, like Gecko; compatible; GPTBot/1.3; +https://openai.com/gptbot)"
74.7.227.180 - - [06/Feb/2026:09:55:03 -0500] "GET /ctg/search/similarImageSearchResultView/?ctgItemCd=5326849678 HTTP/1.1" 404 1251 "https://blog.newkolkata.in/geti/49678pcywitems" "Mozilla/5.0 AppleWebKit/537.36 (KHTML, like Gecko; compatible; GPTBot/1.3; +https://openai.com/gptbot)"
74.7.227.180 - - [06/Feb/2026:09:55:06 -0500] "GET /ctg/search/similarImageSearchResultView/?ctgItemCd=6203657806 HTTP/1.1" 404 1251 "https://blog.newkolkata.in/items/57806pcywtidm736.html" "Mozilla/5.0 AppleWebKit/537.36 (KHTML, like Gecko; compatible; GPTBot/1.3; +https://openai.com/gptbot)"
74.7.227.180 - - [06/Feb/2026:09:55:09 -0500] "GET /ctg/search/similarImageSearchResultView/?ctgItemCd=4972145620 HTTP/1.1" 404 1251 "https://blog.newkolkata.in/ite/45620pcywtidm61782.html" "Mozilla/5.0 AppleWebKit/537.36 (KHTML, like Gecko; compatible; GPTBot/1.3; +https://openai.com/gptbot)"
74.7.227.180 - - [06/Feb/2026:09:55:12 -0500] "GET /ctg/search/similarImageSearchResultView/?ctgItemCd=5397650068 HTTP/1.1" 404 1251 "https://blog.newkolkata.in/getidm602/50068jahtitems" "Mozilla/5.0 AppleWebKit/537.36 (KHTML, like Gecko; compatible; GPTBot/1.3; +https://openai.com/gptbot)"
74.7.227.180 - - [06/Feb/2026:09:55:15 -0500] "GET /ctg/search/similarImageSearchResultView/?ctgItemCd=1908214984 HTTP/1.1" 404 1251 "https://blog.newkolkata.in/items/14984kairtidm8.html" "Mozilla/5.0 AppleWebKit/537.36 (KHTML, like Gecko; compatible; GPTBot/1.3; +https://openai.com/gptbot)"
74.7.227.180 - - [06/Feb/2026:09:55:18 -0500] "GET /ctg/search/similarImageSearchResultView/?ctgItemCd=6387360097 HTTP/1.1" 404 1251 "https://blog.newkolkata.in/getidm/60097ulgpitems" "Mozilla/5.0 AppleWebKit/537.36 (KHTML, like Gecko; compatible; GPTBot/1.3; +https://openai.com/gptbot)"
74.7.227.180 - - [06/Feb/2026:09:55:21 -0500] "GET /ctg/search/similarImageSearchResultView/?ctgItemCd=3365529828 HTTP/1.1" 404 1251 "https://blog.newkolkata.in/get/29828jahtitems.htm" "Mozilla/5.0 AppleWebKit/537.36 (KHTML, like Gecko; compatible; GPTBot/1.3; +https://openai.com/gptbot)"
185.191.171.19 - - [06/Feb/2026:09:55:21 -0500] "GET /get/20590cejpitems HTTP/1.1" 404 1251 "-" "Mozilla/5.0 (compatible; SemrushBot/7~bl; +http://www.semrush.com/bot.html)"
74.7.227.180 - - [06/Feb/2026:09:55:25 -0500] "GET /ctg/search/similarImageSearchResultView/?ctgItemCd=5839254625 HTTP/1.1" 404 1251 "https://blog.newkolkata.in/getidm/54625sejmitems" "Mozilla/5.0 AppleWebKit/537.36 (KHTML, like Gecko; compatible; GPTBot/1.3; +https://openai.com/gptbot)"
114.119.141.228 - - [06/Feb/2026:09:55:27 -0500] "GET /get/158077pcywitems HTTP/1.1" 404 1251 "https://blog.newkolkata.in/sitemap406.xml" "Mozilla/5.0 (Linux; Android 7.0;) AppleWebKit/537.36 (KHTML, like Gecko) Mobile Safari/537.36 (compatible; PetalBot;+https://webmaster.petalsearch.com/site/petalbot)"
74.7.227.180 - - [06/Feb/2026:09:55:28 -0500] "GET /ctg/search/similarImageSearchResultView/?ctgItemCd=8694082783 HTTP/1.1" 404 1251 "https://blog.newkolkata.in/items/82783ccoytidm82.html" "Mozilla/5.0 AppleWebKit/537.36 (KHTML, like Gecko; compatible; GPTBot/1.3; +https://openai.com/gptbot)"
74.7.227.180 - - [06/Feb/2026:09:55:31 -0500] "GET /ctg/search/similarImageSearchResultView/?ctgItemCd=3698132832 HTTP/1.1" 404 1251 "https://blog.newkolkata.in/getidm/32832tjvfitems.htm" "Mozilla/5.0 AppleWebKit/537.36 (KHTML, like Gecko; compatible; GPTBot/1.3; +https://openai.com/gptbot)"
74.7.227.180 - - [06/Feb/2026:09:55:34 -0500] "GET /ctg/search/similarImageSearchResultView/?ctgItemCd=5377549814 HTTP/1.1" 404 1251 "https://blog.newkolkata.in/items/49814pcywtid.html" "Mozilla/5.0 AppleWebKit/537.36 (KHTML, like Gecko; compatible; GPTBot/1.3; +https://openai.com/gptbot)"
74.7.227.180 - - [06/Feb/2026:09:55:37 -0500] "GET /ctg/search/similarImageSearchResultView/?ctgItemCd=9067686372 HTTP/1.1" 404 1251 "https://blog.newkolkata.in/getidm644/86372sejmitems.htm" "Mozilla/5.0 AppleWebKit/537.36 (KHTML, like Gecko; compatible; GPTBot/1.3; +https://openai.com/gptbot)"
74.7.227.180 - - [06/Feb/2026:09:55:40 -0500] "GET /ctg/search/similarImageSearchResultView/?ctgItemCd=9040586312 HTTP/1.1" 404 1251 "https://blog.newkolkata.in/items/86312kairtidm9.html" "Mozilla/5.0 AppleWebKit/537.36 (KHTML, like Gecko; compatible; GPTBot/1.3; +https://openai.com/gptbot)"
74.7.227.180 - - [06/Feb/2026:09:55:43 -0500] "GET /ctg/search/similarImageSearchResultView/?ctgItemCd=7614271993 HTTP/1.1" 404 1251 "https://blog.newkolkata.in/items/71993jahttidm53.html" "Mozilla/5.0 AppleWebKit/537.36 (KHTML, like Gecko; compatible; GPTBot/1.3; +https://openai.com/gptbot)"
185.191.171.2 - - [06/Feb/2026:09:55:46 -0500] "GET /get/243018jahtitems.htm HTTP/1.1" 404 1251 "-" "Mozilla/5.0 (compatible; SemrushBot/7~bl; +http://www.semrush.com/bot.html)"
74.7.227.180 - - [06/Feb/2026:09:55:47 -0500] "GET /ctg/search/similarImageSearchResultView/?ctgItemCd=7533771404 HTTP/1.1" 404 1251 "https://blog.newkolkata.in/getidm701/71404pcywitems" "Mozilla/5.0 AppleWebKit/537.36 (KHTML, like Gecko; compatible; GPTBot/1.3; +https://openai.com/gptbot)"
74.7.227.180 - - [06/Feb/2026:09:55:50 -0500] "GET /ctg/search/similarImageSearchResultView/?ctgItemCd=7653072189 HTTP/1.1" 404 1251 "https://blog.newkolkata.in/getidm598/72189mvrvitems.htm" "Mozilla/5.0 AppleWebKit/537.36 (KHTML, like Gecko; compatible; GPTBot/1.3; +https://openai.com/gptbot)"
74.7.227.180 - - [06/Feb/2026:09:55:53 -0500] "GET /ctg/search/similarImageSearchResultView/?ctgItemCd=9657193118 HTTP/1.1" 404 1251 "https://blog.newkolkata.in/get/93118sejmitems" "Mozilla/5.0 AppleWebKit/537.36 (KHTML, like Gecko; compatible; GPTBot/1.3; +https://openai.com/gptbot)"
74.7.227.180 - - [06/Feb/2026:09:55:56 -0500] "GET /ctg/search/similarImageSearchResultView/?ctgItemCd=2994925818 HTTP/1.1" 404 1251 "https://blog.newkolkata.in/getidm/25818cejpitems.htm" "Mozilla/5.0 AppleWebKit/537.36 (KHTML, like Gecko; compatible; GPTBot/1.3; +https://openai.com/gptbot)"
185.191.171.9 - - [06/Feb/2026:09:55:59 -0500] "GET /getidm/148626jahtitems.htm HTTP/1.1" 404 1251 "-" "Mozilla/5.0 (compatible; SemrushBot/7~bl; +http://www.semrush.com/bot.html)"
74.7.227.180 - - [06/Feb/2026:09:55:59 -0500] "GET /ctg/search/similarImageSearchResultView/?ctgItemCd=5248748386 HTTP/1.1" 404 1251 "https://blog.newkolkata.in/item/48386sejmtidm568.html" "Mozilla/5.0 AppleWebKit/537.36 (KHTML, like Gecko; compatible; GPTBot/1.3; +https://openai.com/gptbot)"
74.7.227.180 - - [06/Feb/2026:09:56:02 -0500] "GET /ctg/search/similarImageSearchResultView/?ctgItemCd=8653482475 HTTP/1.1" 404 1251 "https://blog.newkolkata.in/ite/82475mvrvtidm5008.html" "Mozilla/5.0 AppleWebKit/537.36 (KHTML, like Gecko; compatible; GPTBot/1.3; +https://openai.com/gptbot)"
74.7.227.180 - - [06/Feb/2026:09:56:05 -0500] "GET /ctg/search/similarImageSearchResultView/?ctgItemCd=3275728791 HTTP/1.1" 404 1251 "https://blog.newkolkata.in/geti/28791mvrvitems.htm" "Mozilla/5.0 AppleWebKit/537.36 (KHTML, like Gecko; compatible; GPTBot/1.3; +https://openai.com/gptbot)"
74.7.227.180 - - [06/Feb/2026:09:56:09 -0500] "GET /ctg/search/similarImageSearchResultView/?ctgItemCd=3077426451 HTTP/1.1" 404 1251 "https://blog.newkolkata.in/getidm580/26451mvrvitems.htm" "Mozilla/5.0 AppleWebKit/537.36 (KHTML, like Gecko; compatible; GPTBot/1.3; +https://openai.com/gptbot)"
74.7.227.180 - - [06/Feb/2026:09:56:12 -0500] "GET /ctg/search/similarImageSearchResultView/?ctgItemCd=9128586952 HTTP/1.1" 404 1251 "https://blog.newkolkata.in/getidm614/86952mvrvitems.htm" "Mozilla/5.0 AppleWebKit/537.36 (KHTML, like Gecko; compatible; GPTBot/1.3; +https://openai.com/gptbot)"
85.208.96.201 - - [06/Feb/2026:09:56:15 -0500] "GET /geti/95571mvrvitems.htm HTTP/1.1" 404 1251 "-" "Mozilla/5.0 (compatible; SemrushBot/7~bl; +http://www.semrush.com/bot.html)"
74.7.227.180 - - [06/Feb/2026:09:56:15 -0500] "GET /ctg/search/similarImageSearchResultView/?ctgItemCd=3116327307 HTTP/1.1" 404 1251 "https://blog.newkolkata.in/getidm22/27307kairitems" "Mozilla/5.0 AppleWebKit/537.36 (KHTML, like Gecko; compatible; GPTBot/1.3; +https://openai.com/gptbot)"
74.7.227.180 - - [06/Feb/2026:09:56:18 -0500] "GET /ctg/search/similarImageSearchResultView/?ctgItemCd=3945335209 HTTP/1.1" 404 1251 "https://blog.newkolkata.in/items/35209kairtidm8090.html" "Mozilla/5.0 AppleWebKit/537.36 (KHTML, like Gecko; compatible; GPTBot/1.3; +https://openai.com/gptbot)"
74.7.227.180 - - [06/Feb/2026:09:56:21 -0500] "GET /ctg/search/similarImageSearchResultView/?ctgItemCd=8360679266 HTTP/1.1" 404 1251 "https://blog.newkolkata.in/getidm425/79266zslyitems.htm" "Mozilla/5.0 AppleWebKit/537.36 (KHTML, like Gecko; compatible; GPTBot/1.3; +https://openai.com/gptbot)"
74.7.227.180 - - [06/Feb/2026:09:56:24 -0500] "GET /ctg/search/similarImageSearchResultView/?ctgItemCd=2790623677 HTTP/1.1" 404 1251 "https://blog.newkolkata.in/getidm8/23677mvrvitems.htm" "Mozilla/5.0 AppleWebKit/537.36 (KHTML, like Gecko; compatible; GPTBot/1.3; +https://openai.com/gptbot)"
74.7.227.180 - - [06/Feb/2026:09:56:28 -0500] "GET /ctg/search/similarImageSearchResultView/?ctgItemCd=3093627376 HTTP/1.1" 404 1251 "https://blog.newkolkata.in/geti/27376ccoyitems" "Mozilla/5.0 AppleWebKit/537.36 (KHTML, like Gecko; compatible; GPTBot/1.3; +https://openai.com/gptbot)"
85.208.96.208 - - [06/Feb/2026:09:56:30 -0500] "GET /getid/99366zslyitems.htm HTTP/1.1" 404 1251 "-" "Mozilla/5.0 (compatible; SemrushBot/7~bl; +http://www.semrush.com/bot.html)"
74.7.227.180 - - [06/Feb/2026:09:56:31 -0500] "GET /ctg/search/similarImageSearchResultView/?ctgItemCd=6320759172 HTTP/1.1" 404 1251 "https://blog.newkolkata.in/getid/59172sejmitems.htm" "Mozilla/5.0 AppleWebKit/537.36 (KHTML, like Gecko; compatible; GPTBot/1.3; +https://openai.com/gptbot)"
74.7.227.180 - - [06/Feb/2026:09:56:34 -0500] "GET /ctg/search/similarImageSearchResultView/?ctgItemCd=3376729538 HTTP/1.1" 404 1251 "https://blog.newkolkata.in/getidm6/29538mvrvitems.htm" "Mozilla/5.0 AppleWebKit/537.36 (KHTML, like Gecko; compatible; GPTBot/1.3; +https://openai.com/gptbot)"
185.191.171.18 - - [06/Feb/2026:09:56:34 -0500] "GET /getid/72328ccoyitems HTTP/1.1" 404 1251 "-" "Mozilla/5.0 (compatible; SemrushBot/7~bl; +http://www.semrush.com/bot.html)"
185.191.171.2 - - [06/Feb/2026:09:56:37 -0500] "GET /getid/98536jahtitems HTTP/1.1" 404 1251 "-" "Mozilla/5.0 (compatible; SemrushBot/7~bl; +http://www.semrush.com/bot.html)"
74.7.227.180 - - [06/Feb/2026:09:56:37 -0500] "GET /ctg/search/similarImageSearchResultView/?ctgItemCd=8443080475 HTTP/1.1" 404 1251 "https://blog.newkolkata.in/geti/80475pcywitems.htm" "Mozilla/5.0 AppleWebKit/537.36 (KHTML, like Gecko; compatible; GPTBot/1.3; +https://openai.com/gptbot)"
74.7.227.180 - - [06/Feb/2026:09:56:40 -0500] "GET /ctg/search/similarImageSearchResultView/?ctgItemCd=2859424506 HTTP/1.1" 404 1251 "https://blog.newkolkata.in/item/24506ccoytidm478.html" "Mozilla/5.0 AppleWebKit/537.36 (KHTML, like Gecko; compatible; GPTBot/1.3; +https://openai.com/gptbot)"
85.208.96.197 - - [06/Feb/2026:09:56:43 -0500] "GET /getid/173152cejpitems HTTP/1.1" 404 1251 "-" "Mozilla/5.0 (compatible; SemrushBot/7~bl; +http://www.semrush.com/bot.html)"
74.7.227.180 - - [06/Feb/2026:09:56:43 -0500] "GET /ctg/search/similarImageSearchResultView/?ctgItemCd=5726253431 HTTP/1.1" 404 1251 "https://blog.newkolkata.in/get/53431ulgpitems.htm" "Mozilla/5.0 AppleWebKit/537.36 (KHTML, like Gecko; compatible; GPTBot/1.3; +https://openai.com/gptbot)"
185.191.171.17 - - [06/Feb/2026:09:56:46 -0500] "GET /getidm33/33739zslyitems HTTP/1.1" 404 1251 "-" "Mozilla/5.0 (compatible; SemrushBot/7~bl; +http://www.semrush.com/bot.html)"
74.7.227.180 - - [06/Feb/2026:09:56:46 -0500] "GET /ctg/search/similarImageSearchResultView/?ctgItemCd=6343159201 HTTP/1.1" 404 1251 "https://blog.newkolkata.in/items/59201zslytidm802.html" "Mozilla/5.0 AppleWebKit/537.36 (KHTML, like Gecko; compatible; GPTBot/1.3; +https://openai.com/gptbot)"
85.208.96.197 - - [06/Feb/2026:09:56:47 -0500] "GET /getidm/117567mvrvitems.htm HTTP/1.1" 404 1251 "-" "Mozilla/5.0 (compatible; SemrushBot/7~bl; +http://www.semrush.com/bot.html)"
85.208.96.198 - - [06/Feb/2026:09:56:48 -0500] "GET /geti/107839tjvfitems HTTP/1.1" 404 1251 "-" "Mozilla/5.0 (compatible; SemrushBot/7~bl; +http://www.semrush.com/bot.html)"
74.7.227.180 - - [06/Feb/2026:09:56:49 -0500] "GET /ctg/search/similarImageSearchResultView/?ctgItemCd=7541571288 HTTP/1.1" 404 1251 "https://blog.newkolkata.in/items/71288mvrvtidm1.html" "Mozilla/5.0 AppleWebKit/537.36 (KHTML, like Gecko; compatible; GPTBot/1.3; +https://openai.com/gptbot)"
85.208.96.197 - - [06/Feb/2026:09:56:50 -0500] "GET /getidm/149905jahtitems HTTP/1.1" 404 1251 "-" "Mozilla/5.0 (compatible; SemrushBot/7~bl; +http://www.semrush.com/bot.html)"
74.7.227.180 - - [06/Feb/2026:09:56:52 -0500] "GET /ctg/search/similarImageSearchResultView/?ctgItemCd=9202187653 HTTP/1.1" 404 1251 "https://blog.newkolkata.in/items/87653tjvftidm403603.html" "Mozilla/5.0 AppleWebKit/537.36 (KHTML, like Gecko; compatible; GPTBot/1.3; +https://openai.com/gptbot)"
74.7.227.180 - - [06/Feb/2026:09:56:56 -0500] "GET /ctg/search/similarImageSearchResultView/?ctgItemCd=7845774600 HTTP/1.1" 404 1251 "https://blog.newkolkata.in/ite/74600cejptidm5.html" "Mozilla/5.0 AppleWebKit/537.36 (KHTML, like Gecko; compatible; GPTBot/1.3; +https://openai.com/gptbot)"
74.7.227.180 - - [06/Feb/2026:09:56:59 -0500] "GET /ctg/search/similarImageSearchResultView/?ctgItemCd=5317248858 HTTP/1.1" 404 1251 "https://blog.newkolkata.in/getidm369/48858ccoyitems.htm" "Mozilla/5.0 AppleWebKit/537.36 (KHTML, like Gecko; compatible; GPTBot/1.3; +https://openai.com/gptbot)"
74.7.227.180 - - [06/Feb/2026:09:57:02 -0500] "GET /ctg/search/similarImageSearchResultView/?ctgItemCd=2014815773 HTTP/1.1" 404 1251 "https://blog.newkolkata.in/items/15773pcywtidm350057.html" "Mozilla/5.0 AppleWebKit/537.36 (KHTML, like Gecko; compatible; GPTBot/1.3; +https://openai.com/gptbot)"
74.7.227.180 - - [06/Feb/2026:09:57:05 -0500] "GET /ctg/search/similarImageSearchResultView/?ctgItemCd=1437010188 HTTP/1.1" 404 1251 "https://blog.newkolkata.in/getidm4/10188jahtitems.htm" "Mozilla/5.0 AppleWebKit/537.36 (KHTML, like Gecko; compatible; GPTBot/1.3; +https://openai.com/gptbot)"
85.208.96.198 - - [06/Feb/2026:09:57:07 -0500] "GET /get/97089cejpitems.htm HTTP/1.1" 404 1251 "-" "Mozilla/5.0 (compatible; SemrushBot/7~bl; +http://www.semrush.com/bot.html)"
74.7.227.180 - - [06/Feb/2026:09:57:08 -0500] "GET /ctg/search/similarImageSearchResultView/?ctgItemCd=1660112450 HTTP/1.1" 404 1251 "https://blog.newkolkata.in/ite/12450mvrvtidm822740.html" "Mozilla/5.0 AppleWebKit/537.36 (KHTML, like Gecko; compatible; GPTBot/1.3; +https://openai.com/gptbot)"
85.208.96.212 - - [06/Feb/2026:09:57:09 -0500] "GET /geti/276895kairitems HTTP/1.1" 404 1251 "-" "Mozilla/5.0 (compatible; SemrushBot/7~bl; +http://www.semrush.com/bot.html)"
74.7.227.180 - - [06/Feb/2026:09:57:11 -0500] "GET /ctg/search/similarImageSearchResultView/?ctgItemCd=9365789605 HTTP/1.1" 404 1251 "https://blog.newkolkata.in/items/89605sejmtidm.html" "Mozilla/5.0 AppleWebKit/537.36 (KHTML, like Gecko; compatible; GPTBot/1.3; +https://openai.com/gptbot)"
74.7.227.180 - - [06/Feb/2026:09:57:14 -0500] "GET /ctg/search/similarImageSearchResultView/?ctgItemCd=3468030427 HTTP/1.1" 404 1251 "https://blog.newkolkata.in/item/30427tjvftidm802199.html" "Mozilla/5.0 AppleWebKit/537.36 (KHTML, like Gecko; compatible; GPTBot/1.3; +https://openai.com/gptbot)"
74.7.227.180 - - [06/Feb/2026:09:57:18 -0500] "GET /ctg/search/similarImageSearchResultView/?ctgItemCd=4891845086 HTTP/1.1" 404 1251 "https://blog.newkolkata.in/item/45086ulgptid.html" "Mozilla/5.0 AppleWebKit/537.36 (KHTML, like Gecko; compatible; GPTBot/1.3; +https://openai.com/gptbot)"
74.7.227.180 - - [06/Feb/2026:09:57:21 -0500] "GET /ctg/search/similarImageSearchResultView/?ctgItemCd=7254968202 HTTP/1.1" 404 1251 "https://blog.newkolkata.in/items/68202kairtidm434329.html" "Mozilla/5.0 AppleWebKit/537.36 (KHTML, like Gecko; compatible; GPTBot/1.3; +https://openai.com/gptbot)"
74.7.227.180 - - [06/Feb/2026:09:57:24 -0500] "GET /ctg/search/similarImageSearchResultView/?ctgItemCd=7516971232 HTTP/1.1" 404 1251 "https://blog.newkolkata.in/geti/71232tjvfitems.htm" "Mozilla/5.0 AppleWebKit/537.36 (KHTML, like Gecko; compatible; GPTBot/1.3; +https://openai.com/gptbot)"
185.191.171.5 - - [06/Feb/2026:09:57:26 -0500] "GET /ite/203615jahttidm.html HTTP/1.1" 404 1251 "-" "Mozilla/5.0 (compatible; SemrushBot/7~bl; +http://www.semrush.com/bot.html)"
74.7.227.180 - - [06/Feb/2026:09:57:27 -0500] "GET /ctg/search/similarImageSearchResultView/?ctgItemCd=3908935150 HTTP/1.1" 404 1251 "https://blog.newkolkata.in/getidm970/35150pcywitems" "Mozilla/5.0 AppleWebKit/537.36 (KHTML, like Gecko; compatible; GPTBot/1.3; +https://openai.com/gptbot)"
85.208.96.194 - - [06/Feb/2026:09:57:30 -0500] "GET /getidm/215238sejmitems.htm HTTP/1.1" 404 1251 "-" "Mozilla/5.0 (compatible; SemrushBot/7~bl; +http://www.semrush.com/bot.html)"
74.7.227.180 - - [06/Feb/2026:09:57:30 -0500] "GET /ctg/search/similarImageSearchResultView/?ctgItemCd=8234078054 HTTP/1.1" 404 1251 "https://blog.newkolkata.in/getidm65/78054zslyitems.htm" "Mozilla/5.0 AppleWebKit/537.36 (KHTML, like Gecko; compatible; GPTBot/1.3; +https://openai.com/gptbot)"
74.7.227.180 - - [06/Feb/2026:09:57:33 -0500] "GET /ctg/search/similarImageSearchResultView/?ctgItemCd=7893374930 HTTP/1.1" 404 1251 "https://blog.newkolkata.in/ite/74930pcywtidm961.html" "Mozilla/5.0 AppleWebKit/537.36 (KHTML, like Gecko; compatible; GPTBot/1.3; +https://openai.com/gptbot)"
74.7.227.180 - - [06/Feb/2026:09:57:36 -0500] "GET /ctg/search/similarImageSearchResultView/?ctgItemCd=8180277860 HTTP/1.1" 404 1251 "https://blog.newkolkata.in/getidm950/77860tjvfitems" "Mozilla/5.0 AppleWebKit/537.36 (KHTML, like Gecko; compatible; GPTBot/1.3; +https://openai.com/gptbot)"
74.7.227.180 - - [06/Feb/2026:09:57:40 -0500] "GET /ctg/search/similarImageSearchResultView/?ctgItemCd=5680752838 HTTP/1.1" 404 1251 "https://blog.newkolkata.in/items/52838mvrvtid.html" "Mozilla/5.0 AppleWebKit/537.36 (KHTML, like Gecko; compatible; GPTBot/1.3; +https://openai.com/gptbot)"
85.208.96.202 - - [06/Feb/2026:09:57:42 -0500] "GET /getidm/601tjvfitems HTTP/1.1" 404 1251 "-" "Mozilla/5.0 (compatible; SemrushBot/7~bl; +http://www.semrush.com/bot.html)"
74.7.227.180 - - [06/Feb/2026:09:57:43 -0500] "GET /ctg/search/similarImageSearchResultView/?ctgItemCd=8135677431 HTTP/1.1" 404 1251 "https://blog.newkolkata.in/geti/77431kairitems.htm" "Mozilla/5.0 AppleWebKit/537.36 (KHTML, like Gecko; compatible; GPTBot/1.3; +https://openai.com/gptbot)"
85.208.96.197 - - [06/Feb/2026:09:57:45 -0500] "GET /ite/215270mvrvtid.html HTTP/1.1" 404 1251 "-" "Mozilla/5.0 (compatible; SemrushBot/7~bl; +http://www.semrush.com/bot.html)"
74.7.227.180 - - [06/Feb/2026:09:57:46 -0500] "GET /ctg/search/similarImageSearchResultView/?ctgItemCd=1896014864 HTTP/1.1" 404 1251 "https://blog.newkolkata.in/items/14864sejmtidm1.html" "Mozilla/5.0 AppleWebKit/537.36 (KHTML, like Gecko; compatible; GPTBot/1.3; +https://openai.com/gptbot)"
74.7.227.180 - - [06/Feb/2026:09:57:49 -0500] "GET /ctg/search/similarImageSearchResultView/?ctgItemCd=2603921944 HTTP/1.1" 404 1251 "https://blog.newkolkata.in/items/21944sejmtidm3.html" "Mozilla/5.0 AppleWebKit/537.36 (KHTML, like Gecko; compatible; GPTBot/1.3; +https://openai.com/gptbot)"
74.7.227.180 - - [06/Feb/2026:09:57:52 -0500] "GET /ctg/search/similarImageSearchResultView/?ctgItemCd=7499771120 HTTP/1.1" 404 1251 "https://blog.newkolkata.in/ite/71120ulgptidm9.html" "Mozilla/5.0 AppleWebKit/537.36 (KHTML, like Gecko; compatible; GPTBot/1.3; +https://openai.com/gptbot)"
74.7.227.180 - - [06/Feb/2026:09:57:55 -0500] "GET /ctg/search/similarImageSearchResultView/?ctgItemCd=9782793581 HTTP/1.1" 404 1251 "https://blog.newkolkata.in/getidm14/93581ccoyitems.htm" "Mozilla/5.0 AppleWebKit/537.36 (KHTML, like Gecko; compatible; GPTBot/1.3; +https://openai.com/gptbot)"
74.7.227.180 - - [06/Feb/2026:09:57:59 -0500] "GET /ctg/search/similarImageSearchResultView/?ctgItemCd=2048416885 HTTP/1.1" 404 1251 "https://blog.newkolkata.in/geti/16885zslyitems" "Mozilla/5.0 AppleWebKit/537.36 (KHTML, like Gecko; compatible; GPTBot/1.3; +https://openai.com/gptbot)"
74.7.227.180 - - [06/Feb/2026:09:58:02 -0500] "GET /ctg/search/similarImageSearchResultView/?ctgItemCd=7585471618 HTTP/1.1" 404 1251 "https://blog.newkolkata.in/items/71618zslytidm307.html" "Mozilla/5.0 AppleWebKit/537.36 (KHTML, like Gecko; compatible; GPTBot/1.3; +https://openai.com/gptbot)"
74.7.227.180 - - [06/Feb/2026:09:58:05 -0500] "GET /ctg/search/similarImageSearchResultView/?ctgItemCd=7512671087 HTTP/1.1" 404 1251 "https://blog.newkolkata.in/items/71087kairtidm.html" "Mozilla/5.0 AppleWebKit/537.36 (KHTML, like Gecko; compatible; GPTBot/1.3; +https://openai.com/gptbot)"
74.7.227.180 - - [06/Feb/2026:09:58:08 -0500] "GET /ctg/search/similarImageSearchResultView/?ctgItemCd=6847564289 HTTP/1.1" 404 1251 "https://blog.newkolkata.in/items/64289mvrvtidm72.html" "Mozilla/5.0 AppleWebKit/537.36 (KHTML, like Gecko; compatible; GPTBot/1.3; +https://openai.com/gptbot)"
74.7.227.180 - - [06/Feb/2026:09:58:11 -0500] "GET /ctg/search/similarImageSearchResultView/?ctgItemCd=9870794529 HTTP/1.1" 404 1251 "https://blog.newkolkata.in/items/94529pcywtidm18.html" "Mozilla/5.0 AppleWebKit/537.36 (KHTML, like Gecko; compatible; GPTBot/1.3; +https://openai.com/gptbot)"
185.191.171.19 - - [06/Feb/2026:09:58:13 -0500] "GET /getidm40/62395tjvfitems HTTP/1.1" 404 1251 "-" "Mozilla/5.0 (compatible; SemrushBot/7~bl; +http://www.semrush.com/bot.html)"
74.7.227.180 - - [06/Feb/2026:09:58:14 -0500] "GET /ctg/search/similarImageSearchResultView/?ctgItemCd=6187957674 HTTP/1.1" 404 1251 "https://blog.newkolkata.in/items/57674kairtidm457.html" "Mozilla/5.0 AppleWebKit/537.36 (KHTML, like Gecko; compatible; GPTBot/1.3; +https://openai.com/gptbot)"
74.7.227.180 - - [06/Feb/2026:09:58:18 -0500] "GET /ctg/search/similarImageSearchResultView/?ctgItemCd=5356049801 HTTP/1.1" 404 1251 "https://blog.newkolkata.in/getidm/49801jahtitems" "Mozilla/5.0 AppleWebKit/537.36 (KHTML, like Gecko; compatible; GPTBot/1.3; +https://openai.com/gptbot)"
74.7.227.180 - - [06/Feb/2026:09:58:21 -0500] "GET /ctg/search/similarImageSearchResultView/?ctgItemCd=4278338798 HTTP/1.1" 404 1251 "https://blog.newkolkata.in/items/38798zslytid.html" "Mozilla/5.0 AppleWebKit/537.36 (KHTML, like Gecko; compatible; GPTBot/1.3; +https://openai.com/gptbot)"
74.7.227.180 - - [06/Feb/2026:09:58:24 -0500] "GET /ctg/search/similarImageSearchResultView/?ctgItemCd=8661083023 HTTP/1.1" 404 1251 "https://blog.newkolkata.in/geti/83023zslyitems" "Mozilla/5.0 AppleWebKit/537.36 (KHTML, like Gecko; compatible; GPTBot/1.3; +https://openai.com/gptbot)"
185.191.171.18 - - [06/Feb/2026:09:58:27 -0500] "GET /getid/119320sejmitems HTTP/1.1" 404 1251 "-" "Mozilla/5.0 (compatible; SemrushBot/7~bl; +http://www.semrush.com/bot.html)"
74.7.227.180 - - [06/Feb/2026:09:58:27 -0500] "GET /ctg/search/similarImageSearchResultView/?ctgItemCd=7558671378 HTTP/1.1" 404 1251 "https://blog.newkolkata.in/items/71378kairtidm778.html" "Mozilla/5.0 AppleWebKit/537.36 (KHTML, like Gecko; compatible; GPTBot/1.3; +https://openai.com/gptbot)"
74.7.227.180 - - [06/Feb/2026:09:58:30 -0500] "GET /ctg/search/similarImageSearchResultView/?ctgItemCd=2467620483 HTTP/1.1" 404 1251 "https://blog.newkolkata.in/getidm8/20483sejmitems.htm" "Mozilla/5.0 AppleWebKit/537.36 (KHTML, like Gecko; compatible; GPTBot/1.3; +https://openai.com/gptbot)"
74.7.227.180 - - [06/Feb/2026:09:58:33 -0500] "GET /ctg/search/similarImageSearchResultView/?ctgItemCd=8345479618 HTTP/1.1" 404 1251 "https://blog.newkolkata.in/getidm1/79618tjvfitems" "Mozilla/5.0 AppleWebKit/537.36 (KHTML, like Gecko; compatible; GPTBot/1.3; +https://openai.com/gptbot)"
74.7.227.180 - - [06/Feb/2026:09:58:36 -0500] "GET /ctg/search/similarImageSearchResultView/?ctgItemCd=2065416544 HTTP/1.1" 404 1251 "https://blog.newkolkata.in/items/16544tjvftidm7.html" "Mozilla/5.0 AppleWebKit/537.36 (KHTML, like Gecko; compatible; GPTBot/1.3; +https://openai.com/gptbot)"
74.7.227.180 - - [06/Feb/2026:09:58:39 -0500] "GET /ctg/search/similarImageSearchResultView/?ctgItemCd=4708643132 HTTP/1.1" 404 1251 "https://blog.newkolkata.in/getidm557/43132zslyitems" "Mozilla/5.0 AppleWebKit/537.36 (KHTML, like Gecko; compatible; GPTBot/1.3; +https://openai.com/gptbot)"
74.7.227.180 - - [06/Feb/2026:09:58:43 -0500] "GET /ctg/search/similarImageSearchResultView/?ctgItemCd=2319818895 HTTP/1.1" 404 1251 "https://blog.newkolkata.in/items/18895jahttidm24334.html" "Mozilla/5.0 AppleWebKit/537.36 (KHTML, like Gecko; compatible; GPTBot/1.3; +https://openai.com/gptbot)"
74.7.227.180 - - [06/Feb/2026:09:58:46 -0500] "GET /ctg/search/similarImageSearchResultView/?ctgItemCd=5370649751 HTTP/1.1" 404 1251 "https://blog.newkolkata.in/item/49751pcywtidm.html" "Mozilla/5.0 AppleWebKit/537.36 (KHTML, like Gecko; compatible; GPTBot/1.3; +https://openai.com/gptbot)"
74.7.227.180 - - [06/Feb/2026:09:58:49 -0500] "GET /ctg/search/similarImageSearchResultView/?ctgItemCd=2711023094 HTTP/1.1" 404 1251 "https://blog.newkolkata.in/getid/23094cejpitems.htm" "Mozilla/5.0 AppleWebKit/537.36 (KHTML, like Gecko; compatible; GPTBot/1.3; +https://openai.com/gptbot)"
74.7.227.180 - - [06/Feb/2026:09:58:52 -0500] "GET /ctg/search/similarImageSearchResultView/?ctgItemCd=6072856675 HTTP/1.1" 404 1251 "https://blog.newkolkata.in/ite/56675tjvftidm9309.html" "Mozilla/5.0 AppleWebKit/537.36 (KHTML, like Gecko; compatible; GPTBot/1.3; +https://openai.com/gptbot)"
74.7.227.180 - - [06/Feb/2026:09:58:55 -0500] "GET /ctg/search/similarImageSearchResultView/?ctgItemCd=6208057827 HTTP/1.1" 404 1251 "https://blog.newkolkata.in/items/57827cejptidm9633.html" "Mozilla/5.0 AppleWebKit/537.36 (KHTML, like Gecko; compatible; GPTBot/1.3; +https://openai.com/gptbot)"
74.7.227.180 - - [06/Feb/2026:09:58:58 -0500] "GET /ctg/search/similarImageSearchResultView/?ctgItemCd=4347939654 HTTP/1.1" 404 1251 "https://blog.newkolkata.in/get/39654kairitems.htm" "Mozilla/5.0 AppleWebKit/537.36 (KHTML, like Gecko; compatible; GPTBot/1.3; +https://openai.com/gptbot)"
74.7.227.180 - - [06/Feb/2026:09:59:01 -0500] "GET /ctg/search/similarImageSearchResultView/?ctgItemCd=8534981377 HTTP/1.1" 404 1251 "https://blog.newkolkata.in/geti/81377zslyitems.htm" "Mozilla/5.0 AppleWebKit/537.36 (KHTML, like Gecko; compatible; GPTBot/1.3; +https://openai.com/gptbot)"
74.7.227.180 - - [06/Feb/2026:09:59:04 -0500] "GET /ctg/search/similarImageSearchResultView/?ctgItemCd=2115316890 HTTP/1.1" 404 1251 "https://blog.newkolkata.in/getidm68/16890ulgpitems.htm" "Mozilla/5.0 AppleWebKit/537.36 (KHTML, like Gecko; compatible; GPTBot/1.3; +https://openai.com/gptbot)"
74.7.227.180 - - [06/Feb/2026:09:59:07 -0500] "GET /ctg/search/similarImageSearchResultView/?ctgItemCd=4086136689 HTTP/1.1" 404 1251 "https://blog.newkolkata.in/items/36689tjvftidm54.html" "Mozilla/5.0 AppleWebKit/537.36 (KHTML, like Gecko; compatible; GPTBot/1.3; +https://openai.com/gptbot)"
74.7.227.180 - - [06/Feb/2026:09:59:11 -0500] "GET /ctg/search/similarImageSearchResultView/?ctgItemCd=2371019423 HTTP/1.1" 404 1251 "https://blog.newkolkata.in/getidm629/19423cejpitems.htm" "Mozilla/5.0 AppleWebKit/537.36 (KHTML, like Gecko; compatible; GPTBot/1.3; +https://openai.com/gptbot)"
74.7.227.180 - - [06/Feb/2026:09:59:14 -0500] "GET /ctg/search/similarImageSearchResultView/?ctgItemCd=1557611378 HTTP/1.1" 404 1251 "https://blog.newkolkata.in/items/11378kairtidm495.html" "Mozilla/5.0 AppleWebKit/537.36 (KHTML, like Gecko; compatible; GPTBot/1.3; +https://openai.com/gptbot)"
74.7.227.180 - - [06/Feb/2026:09:59:17 -0500] "GET /ctg/search/similarImageSearchResultView/?ctgItemCd=9171887690 HTTP/1.1" 404 1251 "https://blog.newkolkata.in/getid/87690cejpitems.htm" "Mozilla/5.0 AppleWebKit/537.36 (KHTML, like Gecko; compatible; GPTBot/1.3; +https://openai.com/gptbot)"
74.7.227.180 - - [06/Feb/2026:09:59:20 -0500] "GET /ctg/search/similarImageSearchResultView/?ctgItemCd=3920535163 HTTP/1.1" 404 1251 "https://blog.newkolkata.in/item/35163tjvftidm53.html" "Mozilla/5.0 AppleWebKit/537.36 (KHTML, like Gecko; compatible; GPTBot/1.3; +https://openai.com/gptbot)"
74.7.227.180 - - [06/Feb/2026:09:59:23 -0500] "GET /ctg/search/similarImageSearchResultView/?ctgItemCd=9354989310 HTTP/1.1" 404 1251 "https://blog.newkolkata.in/getidm82/89310jahtitems.htm" "Mozilla/5.0 AppleWebKit/537.36 (KHTML, like Gecko; compatible; GPTBot/1.3; +https://openai.com/gptbot)"
185.191.171.12 - - [06/Feb/2026:09:59:23 -0500] "GET /ite/98390mvrvtid.html HTTP/1.1" 404 1251 "-" "Mozilla/5.0 (compatible; SemrushBot/7~bl; +http://www.semrush.com/bot.html)"
74.7.227.180 - - [06/Feb/2026:09:59:26 -0500] "GET /ctg/search/similarImageSearchResultView/?ctgItemCd=2103816928 HTTP/1.1" 404 1251 "https://blog.newkolkata.in/items/16928ulgptidm3.html" "Mozilla/5.0 AppleWebKit/537.36 (KHTML, like Gecko; compatible; GPTBot/1.3; +https://openai.com/gptbot)"
74.7.227.180 - - [06/Feb/2026:09:59:29 -0500] "GET /ctg/search/similarImageSearchResultView/?ctgItemCd=8471181064 HTTP/1.1" 404 1251 "https://blog.newkolkata.in/getid/81064jahtitems" "Mozilla/5.0 AppleWebKit/537.36 (KHTML, like Gecko; compatible; GPTBot/1.3; +https://openai.com/gptbot)"
85.208.96.193 - - [06/Feb/2026:09:59:31 -0500] "GET /getidm/183486cejpitems.htm HTTP/1.1" 404 1251 "-" "Mozilla/5.0 (compatible; SemrushBot/7~bl; +http://www.semrush.com/bot.html)"
74.7.227.180 - - [06/Feb/2026:09:59:32 -0500] "GET /ctg/search/similarImageSearchResultView/?ctgItemCd=1976215709 HTTP/1.1" 404 1251 "https://blog.newkolkata.in/getid/15709pcywitems.htm" "Mozilla/5.0 AppleWebKit/537.36 (KHTML, like Gecko; compatible; GPTBot/1.3; +https://openai.com/gptbot)"
74.7.227.180 - - [06/Feb/2026:09:59:35 -0500] "GET /ctg/search/similarImageSearchResultView/?ctgItemCd=9298688730 HTTP/1.1" 404 1251 "https://blog.newkolkata.in/items/88730sejmtidm4712.html" "Mozilla/5.0 AppleWebKit/537.36 (KHTML, like Gecko; compatible; GPTBot/1.3; +https://openai.com/gptbot)"
74.7.227.180 - - [06/Feb/2026:09:59:39 -0500] "GET /ctg/search/similarImageSearchResultView/?ctgItemCd=5470450690 HTTP/1.1" 404 1251 "https://blog.newkolkata.in/ite/50690zslytidm591.html" "Mozilla/5.0 AppleWebKit/537.36 (KHTML, like Gecko; compatible; GPTBot/1.3; +https://openai.com/gptbot)"
74.7.227.180 - - [06/Feb/2026:09:59:42 -0500] "GET /ctg/search/similarImageSearchResultView/?ctgItemCd=6082656801 HTTP/1.1" 404 1251 "https://blog.newkolkata.in/item/56801jahttidm71.html" "Mozilla/5.0 AppleWebKit/537.36 (KHTML, like Gecko; compatible; GPTBot/1.3; +https://openai.com/gptbot)"
85.208.96.194 - - [06/Feb/2026:09:59:44 -0500] "GET /getidm10/20731zslyitems HTTP/1.1" 404 1251 "-" "Mozilla/5.0 (compatible; SemrushBot/7~bl; +http://www.semrush.com/bot.html)"
74.7.227.180 - - [06/Feb/2026:09:59:45 -0500] "GET /ctg/search/similarImageSearchResultView/?ctgItemCd=4084436899 HTTP/1.1" 404 1251 "https://blog.newkolkata.in/geti/36899ccoyitems.htm" "Mozilla/5.0 AppleWebKit/537.36 (KHTML, like Gecko; compatible; GPTBot/1.3; +https://openai.com/gptbot)"
74.7.227.180 - - [06/Feb/2026:09:59:48 -0500] "GET /ctg/search/similarImageSearchResultView/?ctgItemCd=2733123516 HTTP/1.1" 404 1251 "https://blog.newkolkata.in/getidm6/23516ccoyitems" "Mozilla/5.0 AppleWebKit/537.36 (KHTML, like Gecko; compatible; GPTBot/1.3; +https://openai.com/gptbot)"
74.7.227.180 - - [06/Feb/2026:09:59:52 -0500] "GET /ctg/search/similarImageSearchResultView/?ctgItemCd=6911464874 HTTP/1.1" 404 1251 "https://blog.newkolkata.in/items/64874zslytidm251.html" "Mozilla/5.0 AppleWebKit/537.36 (KHTML, like Gecko; compatible; GPTBot/1.3; +https://openai.com/gptbot)"
74.7.227.180 - - [06/Feb/2026:09:59:55 -0500] "GET /ctg/search/similarImageSearchResultView/?ctgItemCd=2336819807 HTTP/1.1" 404 1251 "https://blog.newkolkata.in/geti/19807sejmitems" "Mozilla/5.0 AppleWebKit/537.36 (KHTML, like Gecko; compatible; GPTBot/1.3; +https://openai.com/gptbot)"
74.7.227.180 - - [06/Feb/2026:09:59:58 -0500] "GET /ctg/search/similarImageSearchResultView/?ctgItemCd=4648942339 HTTP/1.1" 404 1251 "https://blog.newkolkata.in/items/42339sejmtidm63.html" "Mozilla/5.0 AppleWebKit/537.36 (KHTML, like Gecko; compatible; GPTBot/1.3; +https://openai.com/gptbot)"
74.7.227.180 - - [06/Feb/2026:10:00:01 -0500] "GET /ctg/search/similarImageSearchResultView/?ctgItemCd=8659082665 HTTP/1.1" 404 1251 "https://blog.newkolkata.in/geti/82665cejpitems.htm" "Mozilla/5.0 AppleWebKit/537.36 (KHTML, like Gecko; compatible; GPTBot/1.3; +https://openai.com/gptbot)"
74.7.227.180 - - [06/Feb/2026:10:00:04 -0500] "GET /ctg/search/similarImageSearchResultView/?ctgItemCd=9327589619 HTTP/1.1" 404 1251 "https://blog.newkolkata.in/getid/89619cejpitems" "Mozilla/5.0 AppleWebKit/537.36 (KHTML, like Gecko; compatible; GPTBot/1.3; +https://openai.com/gptbot)"
74.7.227.180 - - [06/Feb/2026:10:00:07 -0500] "GET /ctg/search/similarImageSearchResultView/?ctgItemCd=6395460488 HTTP/1.1" 404 1251 "https://blog.newkolkata.in/get/60488ulgpitems" "Mozilla/5.0 AppleWebKit/537.36 (KHTML, like Gecko; compatible; GPTBot/1.3; +https://openai.com/gptbot)"
74.7.227.180 - - [06/Feb/2026:10:00:10 -0500] "GET /ctg/search/similarImageSearchResultView/?ctgItemCd=9135187522 HTTP/1.1" 404 1251 "https://blog.newkolkata.in/get/87522ccoyitems.htm" "Mozilla/5.0 AppleWebKit/537.36 (KHTML, like Gecko; compatible; GPTBot/1.3; +https://openai.com/gptbot)"
74.7.227.180 - - [06/Feb/2026:10:00:14 -0500] "GET /ctg/search/similarImageSearchResultView/?ctgItemCd=5031046358 HTTP/1.1" 404 1251 "https://blog.newkolkata.in/items/46358tjvftid.html" "Mozilla/5.0 AppleWebKit/537.36 (KHTML, like Gecko; compatible; GPTBot/1.3; +https://openai.com/gptbot)"
74.7.227.180 - - [06/Feb/2026:10:00:17 -0500] "GET /ctg/search/similarImageSearchResultView/?ctgItemCd=6604161889 HTTP/1.1" 404 1251 "https://blog.newkolkata.in/items/61889jahttidm17.html" "Mozilla/5.0 AppleWebKit/537.36 (KHTML, like Gecko; compatible; GPTBot/1.3; +https://openai.com/gptbot)"
