74.7.227.180 - - [06/Feb/2026:07:07:35 -0500] "GET /ctg/search/similarImageSearchResultView/?ctgItemCd=6943765476 HTTP/1.1" 404 1251 "https://blog.newkolkata.in/getidm718/65476mvrvitems" "Mozilla/5.0 AppleWebKit/537.36 (KHTML, like Gecko; compatible; GPTBot/1.3; +https://openai.com/gptbot)"
198.54.126.162 - - [06/Feb/2026:07:07:41 -0500] "POST /wp-cron.php?doing_wp_cron=1770379660.8033990859985351562500 HTTP/1.1" 200 0 "-" "WordPress/6.9.1; https://blog.newkolkata.in"
37.120.155.18 - - [06/Feb/2026:07:07:28 -0500] "POST /wp-admin/admin-ajax.php HTTP/1.1" 200 98 "https://blog.newkolkata.in/wp-admin/post-new.php" "Mozilla/5.0 (Windows NT 10.0; Win64; x64) AppleWebKit/537.36 (KHTML, like Gecko) Chrome/143.0.0.0 Safari/537.36"
37.120.155.18 - - [06/Feb/2026:07:07:42 -0500] "POST /wp-admin/admin-ajax.php HTTP/1.1" 200 98 "https://blog.newkolkata.in/wp-admin/post-new.php" "Mozilla/5.0 (Windows NT 10.0; Win64; x64) AppleWebKit/537.36 (KHTML, like Gecko) Chrome/143.0.0.0 Safari/537.36"
66.249.66.11 - - [06/Feb/2026:07:08:03 -0500] "GET /products.php?shop/interpolant/rimless66786336692.html HTTP/1.1" 404 1251 "-" "Mozilla/5.0 (Linux; Android 6.0.1; Nexus 5X Build/MMB29P) AppleWebKit/537.36 (KHTML, like Gecko) Chrome/144.0.7559.132 Mobile Safari/537.36 (compatible; Googlebot/2.1; +http://www.google.com/bot.html)"
185.191.171.18 - - [06/Feb/2026:07:08:05 -0500] "GET /getid/81201ulgpitems.htm HTTP/1.1" 404 1251 "-" "Mozilla/5.0 (compatible; SemrushBot/7~bl; +http://www.semrush.com/bot.html)"
37.120.155.18 - - [06/Feb/2026:07:07:53 -0500] "POST /wp-admin/admin-ajax.php HTTP/1.1" 200 98 "https://blog.newkolkata.in/wp-admin/post-new.php" "Mozilla/5.0 (Windows NT 10.0; Win64; x64) AppleWebKit/537.36 (KHTML, like Gecko) Chrome/143.0.0.0 Safari/537.36"
74.7.227.180 - - [06/Feb/2026:07:08:10 -0500] "GET /ctg/search/similarImageSearchResultView/?ctgItemCd=5228348260 HTTP/1.1" 404 1251 "https://blog.newkolkata.in/getid/48260jahtitems.htm" "Mozilla/5.0 AppleWebKit/537.36 (KHTML, like Gecko; compatible; GPTBot/1.3; +https://openai.com/gptbot)"
66.249.66.75 - - [06/Feb/2026:07:08:18 -0500] "GET /detail.php?products/13639172929 HTTP/1.1" 404 1251 "-" "Mozilla/5.0 (Linux; Android 6.0.1; Nexus 5X Build/MMB29P) AppleWebKit/537.36 (KHTML, like Gecko) Chrome/144.0.7559.132 Mobile Safari/537.36 (compatible; Googlebot/2.1; +http://www.google.com/bot.html)"
37.120.155.18 - - [06/Feb/2026:07:08:10 -0500] "POST /wp-admin/admin-ajax.php HTTP/1.1" 200 98 "https://blog.newkolkata.in/wp-admin/post-new.php" "Mozilla/5.0 (Windows NT 10.0; Win64; x64) AppleWebKit/537.36 (KHTML, like Gecko) Chrome/143.0.0.0 Safari/537.36"
74.7.227.180 - - [06/Feb/2026:07:08:29 -0500] "GET /ctg/search/similarImageSearchResultView/?ctgItemCd=6678562514 HTTP/1.1" 404 1251 "https://blog.newkolkata.in/getidm27/62514mvrvitems.htm" "Mozilla/5.0 AppleWebKit/537.36 (KHTML, like Gecko; compatible; GPTBot/1.3; +https://openai.com/gptbot)"
37.120.155.18 - - [06/Feb/2026:07:08:21 -0500] "POST /wp-admin/admin-ajax.php HTTP/1.1" 200 98 "https://blog.newkolkata.in/wp-admin/post-new.php" "Mozilla/5.0 (Windows NT 10.0; Win64; x64) AppleWebKit/537.36 (KHTML, like Gecko) Chrome/143.0.0.0 Safari/537.36"
74.7.227.180 - - [06/Feb/2026:07:08:34 -0500] "GET /ctg/search/similarImageSearchResultView/?ctgItemCd=4559041298 HTTP/1.1" 404 1251 "https://blog.newkolkata.in/getidm273/41298jahtitems.htm" "Mozilla/5.0 AppleWebKit/537.36 (KHTML, like Gecko; compatible; GPTBot/1.3; +https://openai.com/gptbot)"
85.208.96.209 - - [06/Feb/2026:07:08:35 -0500] "GET /getidm/96889zslyitems HTTP/1.1" 404 1251 "-" "Mozilla/5.0 (compatible; SemrushBot/7~bl; +http://www.semrush.com/bot.html)"
74.7.227.180 - - [06/Feb/2026:07:08:36 -0500] "GET /ctg/search/similarImageSearchResultView/?ctgItemCd=2248518380 HTTP/1.1" 404 1251 "https://blog.newkolkata.in/ite/18380pcywtidm75940.html" "Mozilla/5.0 AppleWebKit/537.36 (KHTML, like Gecko; compatible; GPTBot/1.3; +https://openai.com/gptbot)"
74.7.227.180 - - [06/Feb/2026:07:08:38 -0500] "GET /ctg/search/similarImageSearchResultView/?ctgItemCd=6937265442 HTTP/1.1" 404 1251 "https://blog.newkolkata.in/getidm668/65442sejmitems" "Mozilla/5.0 AppleWebKit/537.36 (KHTML, like Gecko; compatible; GPTBot/1.3; +https://openai.com/gptbot)"
198.54.126.162 - - [06/Feb/2026:07:08:40 -0500] "POST /wp-cron.php?doing_wp_cron=1770379719.9146339893341064453125 HTTP/1.1" 200 0 "-" "WordPress/6.9.1; https://blog.newkolkata.in"
37.120.155.18 - - [06/Feb/2026:07:08:31 -0500] "POST /wp-admin/admin-ajax.php HTTP/1.1" 200 98 "https://blog.newkolkata.in/wp-admin/post-new.php" "Mozilla/5.0 (Windows NT 10.0; Win64; x64) AppleWebKit/537.36 (KHTML, like Gecko) Chrome/143.0.0.0 Safari/537.36"
74.7.227.180 - - [06/Feb/2026:07:08:40 -0500] "GET /ctg/search/similarImageSearchResultView/?ctgItemCd=3191227839 HTTP/1.1" 404 1251 "https://blog.newkolkata.in/items/27839pcywtidm.html" "Mozilla/5.0 AppleWebKit/537.36 (KHTML, like Gecko; compatible; GPTBot/1.3; +https://openai.com/gptbot)"
185.191.171.4 - - [06/Feb/2026:07:08:40 -0500] "GET /geti/307015pcywitems HTTP/1.1" 404 1251 "-" "Mozilla/5.0 (compatible; SemrushBot/7~bl; +http://www.semrush.com/bot.html)"
37.120.155.18 - - [06/Feb/2026:07:08:41 -0500] "POST /wp-admin/admin-ajax.php HTTP/1.1" 200 98 "https://blog.newkolkata.in/wp-admin/post-new.php" "Mozilla/5.0 (Windows NT 10.0; Win64; x64) AppleWebKit/537.36 (KHTML, like Gecko) Chrome/143.0.0.0 Safari/537.36"
85.208.96.208 - - [06/Feb/2026:07:08:42 -0500] "GET /getidm/169437ccoyitems.htm HTTP/1.1" 404 1251 "-" "Mozilla/5.0 (compatible; SemrushBot/7~bl; +http://www.semrush.com/bot.html)"
74.7.227.180 - - [06/Feb/2026:07:08:43 -0500] "GET /ctg/search/similarImageSearchResultView/?ctgItemCd=5829353961 HTTP/1.1" 404 1251 "https://blog.newkolkata.in/getidm621/53961zslyitems.htm" "Mozilla/5.0 AppleWebKit/537.36 (KHTML, like Gecko; compatible; GPTBot/1.3; +https://openai.com/gptbot)"
85.208.96.210 - - [06/Feb/2026:07:08:45 -0500] "GET /get/107134ulgpitems HTTP/1.1" 404 1251 "-" "Mozilla/5.0 (compatible; SemrushBot/7~bl; +http://www.semrush.com/bot.html)"
74.7.227.180 - - [06/Feb/2026:07:08:46 -0500] "GET /ctg/search/similarImageSearchResultView/?ctgItemCd=3538931464 HTTP/1.1" 404 1251 "https://blog.newkolkata.in/items/31464jahttid.html" "Mozilla/5.0 AppleWebKit/537.36 (KHTML, like Gecko; compatible; GPTBot/1.3; +https://openai.com/gptbot)"
74.7.227.180 - - [06/Feb/2026:07:08:49 -0500] "GET /ctg/search/similarImageSearchResultView/?ctgItemCd=9030186356 HTTP/1.1" 404 1251 "https://blog.newkolkata.in/getidm674/86356tjvfitems" "Mozilla/5.0 AppleWebKit/537.36 (KHTML, like Gecko; compatible; GPTBot/1.3; +https://openai.com/gptbot)"
37.120.155.18 - - [06/Feb/2026:07:08:51 -0500] "POST /wp-admin/admin-ajax.php HTTP/1.1" 200 98 "https://blog.newkolkata.in/wp-admin/post-new.php" "Mozilla/5.0 (Windows NT 10.0; Win64; x64) AppleWebKit/537.36 (KHTML, like Gecko) Chrome/143.0.0.0 Safari/537.36"
74.7.227.180 - - [06/Feb/2026:07:08:52 -0500] "GET /ctg/search/similarImageSearchResultView/?ctgItemCd=7543071752 HTTP/1.1" 404 1251 "https://blog.newkolkata.in/getid/71752pcywitems" "Mozilla/5.0 AppleWebKit/537.36 (KHTML, like Gecko; compatible; GPTBot/1.3; +https://openai.com/gptbot)"
74.7.227.180 - - [06/Feb/2026:07:08:56 -0500] "GET /ctg/search/similarImageSearchResultView/?ctgItemCd=3884734697 HTTP/1.1" 404 1251 "https://blog.newkolkata.in/items/34697jahttidm72.html" "Mozilla/5.0 AppleWebKit/537.36 (KHTML, like Gecko; compatible; GPTBot/1.3; +https://openai.com/gptbot)"
74.7.227.180 - - [06/Feb/2026:07:08:59 -0500] "GET /ctg/search/similarImageSearchResultView/?ctgItemCd=2696322817 HTTP/1.1" 404 1251 "https://blog.newkolkata.in/items/22817kairtidm86.html" "Mozilla/5.0 AppleWebKit/537.36 (KHTML, like Gecko; compatible; GPTBot/1.3; +https://openai.com/gptbot)"
37.120.155.18 - - [06/Feb/2026:07:09:01 -0500] "POST /wp-admin/admin-ajax.php HTTP/1.1" 200 98 "https://blog.newkolkata.in/wp-admin/post-new.php" "Mozilla/5.0 (Windows NT 10.0; Win64; x64) AppleWebKit/537.36 (KHTML, like Gecko) Chrome/143.0.0.0 Safari/537.36"
74.7.227.180 - - [06/Feb/2026:07:09:02 -0500] "GET /ctg/search/similarImageSearchResultView/?ctgItemCd=9534091858 HTTP/1.1" 404 1251 "https://blog.newkolkata.in/get/91858pcywitems" "Mozilla/5.0 AppleWebKit/537.36 (KHTML, like Gecko; compatible; GPTBot/1.3; +https://openai.com/gptbot)"
66.249.66.13 - - [06/Feb/2026:07:09:02 -0500] "GET /products.php?shop/birdshots/illeck66786225354.html HTTP/1.1" 404 1251 "-" "Mozilla/5.0 (Linux; Android 6.0.1; Nexus 5X Build/MMB29P) AppleWebKit/537.36 (KHTML, like Gecko) Chrome/144.0.7559.132 Mobile Safari/537.36 (compatible; Googlebot/2.1; +http://www.google.com/bot.html)"
185.191.171.4 - - [06/Feb/2026:07:09:02 -0500] "GET /getid/151096ccoyitems HTTP/1.1" 404 1251 "-" "Mozilla/5.0 (compatible; SemrushBot/7~bl; +http://www.semrush.com/bot.html)"
74.7.227.180 - - [06/Feb/2026:07:09:05 -0500] "GET /ctg/search/similarImageSearchResultView/?ctgItemCd=6453860407 HTTP/1.1" 404 1251 "https://blog.newkolkata.in/items/60407kairtidm20.html" "Mozilla/5.0 AppleWebKit/537.36 (KHTML, like Gecko; compatible; GPTBot/1.3; +https://openai.com/gptbot)"
74.7.227.180 - - [06/Feb/2026:07:09:08 -0500] "GET /ctg/search/similarImageSearchResultView/?ctgItemCd=3449030667 HTTP/1.1" 404 1251 "https://blog.newkolkata.in/getidm9/30667ccoyitems" "Mozilla/5.0 AppleWebKit/537.36 (KHTML, like Gecko; compatible; GPTBot/1.3; +https://openai.com/gptbot)"
74.7.227.180 - - [06/Feb/2026:07:09:11 -0500] "GET /ctg/search/similarImageSearchResultView/?ctgItemCd=9001586174 HTTP/1.1" 404 1251 "https://blog.newkolkata.in/get/86174ulgpitems.htm" "Mozilla/5.0 AppleWebKit/537.36 (KHTML, like Gecko; compatible; GPTBot/1.3; +https://openai.com/gptbot)"
185.191.171.17 - - [06/Feb/2026:07:09:11 -0500] "GET /geti/103663cejpitems HTTP/1.1" 404 1251 "-" "Mozilla/5.0 (compatible; SemrushBot/7~bl; +http://www.semrush.com/bot.html)"
74.7.227.180 - - [06/Feb/2026:07:09:14 -0500] "GET /ctg/search/similarImageSearchResultView/?ctgItemCd=6082256657 HTTP/1.1" 404 1251 "https://blog.newkolkata.in/items/56657sejmtidm88.html" "Mozilla/5.0 AppleWebKit/537.36 (KHTML, like Gecko; compatible; GPTBot/1.3; +https://openai.com/gptbot)"
37.120.155.18 - - [06/Feb/2026:07:09:11 -0500] "POST /wp-admin/admin-ajax.php HTTP/1.1" 200 98 "https://blog.newkolkata.in/wp-admin/post-new.php" "Mozilla/5.0 (Windows NT 10.0; Win64; x64) AppleWebKit/537.36 (KHTML, like Gecko) Chrome/143.0.0.0 Safari/537.36"
66.249.66.11 - - [06/Feb/2026:07:09:17 -0500] "GET /detail.php?products/70990167934 HTTP/1.1" 404 1251 "-" "Mozilla/5.0 (Linux; Android 6.0.1; Nexus 5X Build/MMB29P) AppleWebKit/537.36 (KHTML, like Gecko) Chrome/144.0.7559.132 Mobile Safari/537.36 (compatible; Googlebot/2.1; +http://www.google.com/bot.html)"
85.208.96.198 - - [06/Feb/2026:07:09:17 -0500] "GET /get/30622kairitems HTTP/1.1" 404 1251 "-" "Mozilla/5.0 (compatible; SemrushBot/7~bl; +http://www.semrush.com/bot.html)"
74.7.227.180 - - [06/Feb/2026:07:09:18 -0500] "GET /ctg/search/similarImageSearchResultView/?ctgItemCd=9023086410 HTTP/1.1" 404 1251 "https://blog.newkolkata.in/getidm8/86410sejmitems" "Mozilla/5.0 AppleWebKit/537.36 (KHTML, like Gecko; compatible; GPTBot/1.3; +https://openai.com/gptbot)"
74.7.227.180 - - [06/Feb/2026:07:09:21 -0500] "GET /ctg/search/similarImageSearchResultView/?ctgItemCd=4750243816 HTTP/1.1" 404 1251 "https://blog.newkolkata.in/getid/43816mvrvitems" "Mozilla/5.0 AppleWebKit/537.36 (KHTML, like Gecko; compatible; GPTBot/1.3; +https://openai.com/gptbot)"
74.7.227.180 - - [06/Feb/2026:07:09:24 -0500] "GET /ctg/search/similarImageSearchResultView/?ctgItemCd=4822544660 HTTP/1.1" 404 1251 "https://blog.newkolkata.in/geti/44660ulgpitems" "Mozilla/5.0 AppleWebKit/537.36 (KHTML, like Gecko; compatible; GPTBot/1.3; +https://openai.com/gptbot)"
74.7.227.180 - - [06/Feb/2026:07:09:27 -0500] "GET /ctg/search/similarImageSearchResultView/?ctgItemCd=7558071631 HTTP/1.1" 404 1251 "https://blog.newkolkata.in/geti/71631pcywitems.htm" "Mozilla/5.0 AppleWebKit/537.36 (KHTML, like Gecko; compatible; GPTBot/1.3; +https://openai.com/gptbot)"
74.7.227.180 - - [06/Feb/2026:07:09:30 -0500] "GET /ctg/search/similarImageSearchResultView/?ctgItemCd=7868174421 HTTP/1.1" 404 1251 "https://blog.newkolkata.in/getidm60/74421pcywitems.htm" "Mozilla/5.0 AppleWebKit/537.36 (KHTML, like Gecko; compatible; GPTBot/1.3; +https://openai.com/gptbot)"
185.191.171.8 - - [06/Feb/2026:07:09:30 -0500] "GET /getid/94528kairitems HTTP/1.1" 404 1251 "-" "Mozilla/5.0 (compatible; SemrushBot/7~bl; +http://www.semrush.com/bot.html)"
74.7.227.180 - - [06/Feb/2026:07:09:33 -0500] "GET /ctg/search/similarImageSearchResultView/?ctgItemCd=7218968216 HTTP/1.1" 404 1251 "https://blog.newkolkata.in/item/68216kairtidm1.html" "Mozilla/5.0 AppleWebKit/537.36 (KHTML, like Gecko; compatible; GPTBot/1.3; +https://openai.com/gptbot)"
74.7.227.180 - - [06/Feb/2026:07:09:36 -0500] "GET /ctg/search/similarImageSearchResultView/?ctgItemCd=4391139875 HTTP/1.1" 404 1251 "https://blog.newkolkata.in/ite/39875kairtidm4169.html" "Mozilla/5.0 AppleWebKit/537.36 (KHTML, like Gecko; compatible; GPTBot/1.3; +https://openai.com/gptbot)"
185.191.171.16 - - [06/Feb/2026:07:09:37 -0500] "GET /getidm/14688zslyitems.htm HTTP/1.1" 404 1251 "-" "Mozilla/5.0 (compatible; SemrushBot/7~bl; +http://www.semrush.com/bot.html)"
198.54.126.162 - - [06/Feb/2026:07:09:38 -0500] "POST /wp-cron.php?doing_wp_cron=1770379776.8043720722198486328125 HTTP/1.1" 200 0 "-" "WordPress/6.9.1; https://blog.newkolkata.in"
37.120.155.18 - - [06/Feb/2026:07:09:21 -0500] "POST /wp-admin/admin-ajax.php HTTP/1.1" 200 98 "https://blog.newkolkata.in/wp-admin/post-new.php" "Mozilla/5.0 (Windows NT 10.0; Win64; x64) AppleWebKit/537.36 (KHTML, like Gecko) Chrome/143.0.0.0 Safari/537.36"
74.7.227.180 - - [06/Feb/2026:07:09:39 -0500] "GET /ctg/search/similarImageSearchResultView/?ctgItemCd=2215518017 HTTP/1.1" 404 1251 "https://blog.newkolkata.in/items/18017kairtidm18.html" "Mozilla/5.0 AppleWebKit/537.36 (KHTML, like Gecko; compatible; GPTBot/1.3; +https://openai.com/gptbot)"
74.7.227.180 - - [06/Feb/2026:07:09:43 -0500] "GET /ctg/search/similarImageSearchResultView/?ctgItemCd=5223748009 HTTP/1.1" 404 1251 "https://blog.newkolkata.in/getidm4/48009zslyitems.htm" "Mozilla/5.0 AppleWebKit/537.36 (KHTML, like Gecko; compatible; GPTBot/1.3; +https://openai.com/gptbot)"
85.208.96.198 - - [06/Feb/2026:07:09:44 -0500] "GET /get/123507mvrvitems.htm HTTP/1.1" 404 1251 "-" "Mozilla/5.0 (compatible; SemrushBot/7~bl; +http://www.semrush.com/bot.html)"
74.7.227.180 - - [06/Feb/2026:07:09:46 -0500] "GET /ctg/search/similarImageSearchResultView/?ctgItemCd=5491850664 HTTP/1.1" 404 1251 "https://blog.newkolkata.in/items/50664ccoytidm7461.html" "Mozilla/5.0 AppleWebKit/537.36 (KHTML, like Gecko; compatible; GPTBot/1.3; +https://openai.com/gptbot)"
74.7.227.180 - - [06/Feb/2026:07:09:49 -0500] "GET /ctg/search/similarImageSearchResultView/?ctgItemCd=3241128068 HTTP/1.1" 404 1251 "https://blog.newkolkata.in/getidm974/28068zslyitems.htm" "Mozilla/5.0 AppleWebKit/537.36 (KHTML, like Gecko; compatible; GPTBot/1.3; +https://openai.com/gptbot)"
85.208.96.206 - - [06/Feb/2026:07:09:51 -0500] "GET /getidm/204553zslyitems HTTP/1.1" 404 1251 "-" "Mozilla/5.0 (compatible; SemrushBot/7~bl; +http://www.semrush.com/bot.html)"
74.7.227.180 - - [06/Feb/2026:07:09:52 -0500] "GET /ctg/search/similarImageSearchResultView/?ctgItemCd=4640742934 HTTP/1.1" 404 1251 "https://blog.newkolkata.in/get/42934pcywitems" "Mozilla/5.0 AppleWebKit/537.36 (KHTML, like Gecko; compatible; GPTBot/1.3; +https://openai.com/gptbot)"
185.191.171.18 - - [06/Feb/2026:07:09:54 -0500] "GET /get/299214pcywitems.htm HTTP/1.1" 404 1251 "-" "Mozilla/5.0 (compatible; SemrushBot/7~bl; +http://www.semrush.com/bot.html)"
74.7.227.180 - - [06/Feb/2026:07:09:55 -0500] "GET /ctg/search/similarImageSearchResultView/?ctgItemCd=8078076852 HTTP/1.1" 404 1251 "https://blog.newkolkata.in/getidm570/76852ccoyitems" "Mozilla/5.0 AppleWebKit/537.36 (KHTML, like Gecko; compatible; GPTBot/1.3; +https://openai.com/gptbot)"
185.191.171.17 - - [06/Feb/2026:07:09:56 -0500] "GET /get/129598jahtitems HTTP/1.1" 404 1251 "-" "Mozilla/5.0 (compatible; SemrushBot/7~bl; +http://www.semrush.com/bot.html)"
37.120.155.18 - - [06/Feb/2026:07:09:44 -0500] "POST /wp-admin/admin-ajax.php HTTP/1.1" 200 98 "https://blog.newkolkata.in/wp-admin/post-new.php" "Mozilla/5.0 (Windows NT 10.0; Win64; x64) AppleWebKit/537.36 (KHTML, like Gecko) Chrome/143.0.0.0 Safari/537.36"
74.7.227.180 - - [06/Feb/2026:07:09:58 -0500] "GET /ctg/search/similarImageSearchResultView/?ctgItemCd=8928785274 HTTP/1.1" 404 1251 "https://blog.newkolkata.in/getidm4899/85274pcywitems" "Mozilla/5.0 AppleWebKit/537.36 (KHTML, like Gecko; compatible; GPTBot/1.3; +https://openai.com/gptbot)"
74.7.227.180 - - [06/Feb/2026:07:10:01 -0500] "GET /ctg/search/similarImageSearchResultView/?ctgItemCd=6209658149 HTTP/1.1" 404 1251 "https://blog.newkolkata.in/geti/58149ulgpitems.htm" "Mozilla/5.0 AppleWebKit/537.36 (KHTML, like Gecko; compatible; GPTBot/1.3; +https://openai.com/gptbot)"
66.249.66.202 - - [06/Feb/2026:07:10:02 -0500] "GET /products.php?shop/willingness/touchdowns75132305880.html HTTP/1.1" 404 1251 "-" "Mozilla/5.0 (Linux; Android 6.0.1; Nexus 5X Build/MMB29P) AppleWebKit/537.36 (KHTML, like Gecko) Chrome/144.0.7559.132 Mobile Safari/537.36 (compatible; Googlebot/2.1; +http://www.google.com/bot.html)"
37.120.155.18 - - [06/Feb/2026:07:09:58 -0500] "POST /wp-admin/admin-ajax.php HTTP/1.1" 200 98 "https://blog.newkolkata.in/wp-admin/post-new.php" "Mozilla/5.0 (Windows NT 10.0; Win64; x64) AppleWebKit/537.36 (KHTML, like Gecko) Chrome/143.0.0.0 Safari/537.36"
74.7.227.180 - - [06/Feb/2026:07:10:05 -0500] "GET /ctg/search/similarImageSearchResultView/?ctgItemCd=6520861250 HTTP/1.1" 404 1251 "https://blog.newkolkata.in/ite/61250cejptidm616.html" "Mozilla/5.0 AppleWebKit/537.36 (KHTML, like Gecko; compatible; GPTBot/1.3; +https://openai.com/gptbot)"
74.7.227.180 - - [06/Feb/2026:07:10:08 -0500] "GET /ctg/search/similarImageSearchResultView/?ctgItemCd=2635822193 HTTP/1.1" 404 1251 "https://blog.newkolkata.in/items/22193tjvftidm98.html" "Mozilla/5.0 AppleWebKit/537.36 (KHTML, like Gecko; compatible; GPTBot/1.3; +https://openai.com/gptbot)"
74.7.227.180 - - [06/Feb/2026:07:10:11 -0500] "GET /ctg/search/similarImageSearchResultView/?ctgItemCd=7010566081 HTTP/1.1" 404 1251 "https://blog.newkolkata.in/getid/66081kairitems.htm" "Mozilla/5.0 AppleWebKit/537.36 (KHTML, like Gecko; compatible; GPTBot/1.3; +https://openai.com/gptbot)"
74.7.227.180 - - [06/Feb/2026:07:10:14 -0500] "GET /ctg/search/similarImageSearchResultView/?ctgItemCd=2484920619 HTTP/1.1" 404 1251 "https://blog.newkolkata.in/getidm18/20619cejpitems.htm" "Mozilla/5.0 AppleWebKit/537.36 (KHTML, like Gecko; compatible; GPTBot/1.3; +https://openai.com/gptbot)"
37.120.155.18 - - [06/Feb/2026:07:10:08 -0500] "POST /wp-admin/admin-ajax.php HTTP/1.1" 200 98 "https://blog.newkolkata.in/wp-admin/post-new.php" "Mozilla/5.0 (Windows NT 10.0; Win64; x64) AppleWebKit/537.36 (KHTML, like Gecko) Chrome/143.0.0.0 Safari/537.36"
66.249.66.44 - - [06/Feb/2026:07:10:17 -0500] "GET /detail.php?products/57279142946 HTTP/1.1" 404 1251 "-" "Mozilla/5.0 (Linux; Android 6.0.1; Nexus 5X Build/MMB29P) AppleWebKit/537.36 (KHTML, like Gecko) Chrome/144.0.7559.132 Mobile Safari/537.36 (compatible; Googlebot/2.1; +http://www.google.com/bot.html)"
74.7.227.180 - - [06/Feb/2026:07:10:17 -0500] "GET /ctg/search/similarImageSearchResultView/?ctgItemCd=8436680402 HTTP/1.1" 404 1251 "https://blog.newkolkata.in/getidm6431/80402ccoyitems" "Mozilla/5.0 AppleWebKit/537.36 (KHTML, like Gecko; compatible; GPTBot/1.3; +https://openai.com/gptbot)"
185.191.171.15 - - [06/Feb/2026:07:10:19 -0500] "GET /ite/285590pcywtid.html HTTP/1.1" 404 1251 "-" "Mozilla/5.0 (compatible; SemrushBot/7~bl; +http://www.semrush.com/bot.html)"
74.7.227.180 - - [06/Feb/2026:07:10:20 -0500] "GET /ctg/search/similarImageSearchResultView/?ctgItemCd=6465461087 HTTP/1.1" 404 1251 "https://blog.newkolkata.in/geti/61087ulgpitems" "Mozilla/5.0 AppleWebKit/537.36 (KHTML, like Gecko; compatible; GPTBot/1.3; +https://openai.com/gptbot)"
74.7.227.180 - - [06/Feb/2026:07:10:24 -0500] "GET /ctg/search/similarImageSearchResultView/?ctgItemCd=4989345674 HTTP/1.1" 404 1251 "https://blog.newkolkata.in/items/45674tjvftidm752.html" "Mozilla/5.0 AppleWebKit/537.36 (KHTML, like Gecko; compatible; GPTBot/1.3; +https://openai.com/gptbot)"
37.120.155.18 - - [06/Feb/2026:07:10:18 -0500] "POST /wp-admin/admin-ajax.php HTTP/1.1" 200 98 "https://blog.newkolkata.in/wp-admin/post-new.php" "Mozilla/5.0 (Windows NT 10.0; Win64; x64) AppleWebKit/537.36 (KHTML, like Gecko) Chrome/143.0.0.0 Safari/537.36"
74.7.227.180 - - [06/Feb/2026:07:10:27 -0500] "GET /ctg/search/similarImageSearchResultView/?ctgItemCd=4566241711 HTTP/1.1" 404 1251 "https://blog.newkolkata.in/item/41711mvrvtidm.html" "Mozilla/5.0 AppleWebKit/537.36 (KHTML, like Gecko; compatible; GPTBot/1.3; +https://openai.com/gptbot)"
185.191.171.19 - - [06/Feb/2026:07:10:27 -0500] "GET /getidm/17250zslyitems.htm HTTP/1.1" 404 1251 "-" "Mozilla/5.0 (compatible; SemrushBot/7~bl; +http://www.semrush.com/bot.html)"
74.7.227.180 - - [06/Feb/2026:07:10:30 -0500] "GET /ctg/search/similarImageSearchResultView/?ctgItemCd=2607621986 HTTP/1.1" 404 1251 "https://blog.newkolkata.in/item/21986ccoytidm372.html" "Mozilla/5.0 AppleWebKit/537.36 (KHTML, like Gecko; compatible; GPTBot/1.3; +https://openai.com/gptbot)"
74.7.227.180 - - [06/Feb/2026:07:10:33 -0500] "GET /ctg/search/similarImageSearchResultView/?ctgItemCd=8206878041 HTTP/1.1" 404 1251 "https://blog.newkolkata.in/item/78041jahttidm37.html" "Mozilla/5.0 AppleWebKit/537.36 (KHTML, like Gecko; compatible; GPTBot/1.3; +https://openai.com/gptbot)"
37.120.155.18 - - [06/Feb/2026:07:10:28 -0500] "POST /wp-admin/admin-ajax.php HTTP/1.1" 200 98 "https://blog.newkolkata.in/wp-admin/post-new.php" "Mozilla/5.0 (Windows NT 10.0; Win64; x64) AppleWebKit/537.36 (KHTML, like Gecko) Chrome/143.0.0.0 Safari/537.36"
74.7.227.180 - - [06/Feb/2026:07:10:36 -0500] "GET /ctg/search/similarImageSearchResultView/?ctgItemCd=1807313874 HTTP/1.1" 404 1251 "https://blog.newkolkata.in/items/13874sejmtidm161.html" "Mozilla/5.0 AppleWebKit/537.36 (KHTML, like Gecko; compatible; GPTBot/1.3; +https://openai.com/gptbot)"
37.120.155.18 - - [06/Feb/2026:07:10:36 -0500] "POST /wp-json/wp/v2/posts/9358?_locale=user HTTP/1.1" 404 1251 "https://blog.newkolkata.in/wp-admin/post-new.php" "Mozilla/5.0 (Windows NT 10.0; Win64; x64) AppleWebKit/537.36 (KHTML, like Gecko) Chrome/143.0.0.0 Safari/537.36"
85.208.96.196 - - [06/Feb/2026:07:10:39 -0500] "GET /getid/244120ccoyitems HTTP/1.1" 404 1251 "-" "Mozilla/5.0 (compatible; SemrushBot/7~bl; +http://www.semrush.com/bot.html)"
74.7.227.180 - - [06/Feb/2026:07:10:39 -0500] "GET /ctg/search/similarImageSearchResultView/?ctgItemCd=4265439079 HTTP/1.1" 404 1251 "https://blog.newkolkata.in/geti/39079tjvfitems" "Mozilla/5.0 AppleWebKit/537.36 (KHTML, like Gecko; compatible; GPTBot/1.3; +https://openai.com/gptbot)"
74.7.227.180 - - [06/Feb/2026:07:10:43 -0500] "GET /ctg/search/similarImageSearchResultView/?ctgItemCd=3279428852 HTTP/1.1" 404 1251 "https://blog.newkolkata.in/getidm107/28852pcywitems" "Mozilla/5.0 AppleWebKit/537.36 (KHTML, like Gecko; compatible; GPTBot/1.3; +https://openai.com/gptbot)"
185.191.171.1 - - [06/Feb/2026:07:10:46 -0500] "GET /geti/60249sejmitems.htm HTTP/1.1" 404 1251 "-" "Mozilla/5.0 (compatible; SemrushBot/7~bl; +http://www.semrush.com/bot.html)"
74.7.227.180 - - [06/Feb/2026:07:10:46 -0500] "GET /ctg/search/similarImageSearchResultView/?ctgItemCd=1978415937 HTTP/1.1" 404 1251 "https://blog.newkolkata.in/getidm9/15937pcywitems" "Mozilla/5.0 AppleWebKit/537.36 (KHTML, like Gecko; compatible; GPTBot/1.3; +https://openai.com/gptbot)"
37.120.155.18 - - [06/Feb/2026:07:10:38 -0500] "POST /wp-admin/admin-ajax.php HTTP/1.1" 200 98 "https://blog.newkolkata.in/wp-admin/post-new.php" "Mozilla/5.0 (Windows NT 10.0; Win64; x64) AppleWebKit/537.36 (KHTML, like Gecko) Chrome/143.0.0.0 Safari/537.36"
85.208.96.209 - - [06/Feb/2026:07:10:47 -0500] "GET /getidm42/63547tjvfitems HTTP/1.1" 404 1251 "-" "Mozilla/5.0 (compatible; SemrushBot/7~bl; +http://www.semrush.com/bot.html)"
74.7.227.180 - - [06/Feb/2026:07:10:49 -0500] "GET /ctg/search/similarImageSearchResultView/?ctgItemCd=1942815649 HTTP/1.1" 404 1251 "https://blog.newkolkata.in/getidm/15649ulgpitems" "Mozilla/5.0 AppleWebKit/537.36 (KHTML, like Gecko; compatible; GPTBot/1.3; +https://openai.com/gptbot)"
185.191.171.8 - - [06/Feb/2026:07:10:51 -0500] "GET /getid/68811kairitems.htm HTTP/1.1" 404 1251 "-" "Mozilla/5.0 (compatible; SemrushBot/7~bl; +http://www.semrush.com/bot.html)"
74.7.227.180 - - [06/Feb/2026:07:10:52 -0500] "GET /ctg/search/similarImageSearchResultView/?ctgItemCd=9593591744 HTTP/1.1" 404 1251 "https://blog.newkolkata.in/items/91744cejptidm830.html" "Mozilla/5.0 AppleWebKit/537.36 (KHTML, like Gecko; compatible; GPTBot/1.3; +https://openai.com/gptbot)"
74.7.227.180 - - [06/Feb/2026:07:10:55 -0500] "GET /ctg/search/similarImageSearchResultView/?ctgItemCd=6114457196 HTTP/1.1" 404 1251 "https://blog.newkolkata.in/getidm488/57196tjvfitems" "Mozilla/5.0 AppleWebKit/537.36 (KHTML, like Gecko; compatible; GPTBot/1.3; +https://openai.com/gptbot)"
74.7.227.180 - - [06/Feb/2026:07:10:59 -0500] "GET /ctg/search/similarImageSearchResultView/?ctgItemCd=9659692402 HTTP/1.1" 404 1251 "https://blog.newkolkata.in/items/92402sejmtidm441.html" "Mozilla/5.0 AppleWebKit/537.36 (KHTML, like Gecko; compatible; GPTBot/1.3; +https://openai.com/gptbot)"
66.249.66.43 - - [06/Feb/2026:07:11:01 -0500] "GET /products.php?shop/indevotional/tropyl6678631360.html HTTP/1.1" 404 1251 "-" "Mozilla/5.0 (Linux; Android 6.0.1; Nexus 5X Build/MMB29P) AppleWebKit/537.36 (KHTML, like Gecko) Chrome/144.0.7559.132 Mobile Safari/537.36 (compatible; Googlebot/2.1; +http://www.google.com/bot.html)"
74.7.227.180 - - [06/Feb/2026:07:11:02 -0500] "GET /ctg/search/similarImageSearchResultView/?ctgItemCd=3484231255 HTTP/1.1" 404 1251 "https://blog.newkolkata.in/geti/31255zslyitems" "Mozilla/5.0 AppleWebKit/537.36 (KHTML, like Gecko; compatible; GPTBot/1.3; +https://openai.com/gptbot)"
37.120.155.18 - - [06/Feb/2026:07:10:48 -0500] "POST /wp-admin/admin-ajax.php HTTP/1.1" 200 98 "https://blog.newkolkata.in/wp-admin/post-new.php" "Mozilla/5.0 (Windows NT 10.0; Win64; x64) AppleWebKit/537.36 (KHTML, like Gecko) Chrome/143.0.0.0 Safari/537.36"
74.7.227.180 - - [06/Feb/2026:07:11:05 -0500] "GET /ctg/search/similarImageSearchResultView/?ctgItemCd=4561841480 HTTP/1.1" 404 1251 "https://blog.newkolkata.in/items/41480jahttidm36.html" "Mozilla/5.0 AppleWebKit/537.36 (KHTML, like Gecko; compatible; GPTBot/1.3; +https://openai.com/gptbot)"
74.7.227.180 - - [06/Feb/2026:07:11:08 -0500] "GET /ctg/search/similarImageSearchResultView/?ctgItemCd=8605681944 HTTP/1.1" 404 1251 "https://blog.newkolkata.in/items/81944tjvftidm3.html" "Mozilla/5.0 AppleWebKit/537.36 (KHTML, like Gecko; compatible; GPTBot/1.3; +https://openai.com/gptbot)"
74.7.227.180 - - [06/Feb/2026:07:11:11 -0500] "GET /ctg/search/similarImageSearchResultView/?ctgItemCd=9886095185 HTTP/1.1" 404 1251 "https://blog.newkolkata.in/getid/95185tjvfitems" "Mozilla/5.0 AppleWebKit/537.36 (KHTML, like Gecko; compatible; GPTBot/1.3; +https://openai.com/gptbot)"
74.7.227.180 - - [06/Feb/2026:07:11:14 -0500] "GET /ctg/search/similarImageSearchResultView/?ctgItemCd=6232658512 HTTP/1.1" 404 1251 "https://blog.newkolkata.in/get/58512cejpitems.htm" "Mozilla/5.0 AppleWebKit/537.36 (KHTML, like Gecko; compatible; GPTBot/1.3; +https://openai.com/gptbot)"
37.120.155.18 - - [06/Feb/2026:07:11:03 -0500] "POST /wp-admin/admin-ajax.php HTTP/1.1" 200 98 "https://blog.newkolkata.in/wp-admin/post-new.php" "Mozilla/5.0 (Windows NT 10.0; Win64; x64) AppleWebKit/537.36 (KHTML, like Gecko) Chrome/143.0.0.0 Safari/537.36"
66.249.66.44 - - [06/Feb/2026:07:11:16 -0500] "GET /detail.php?products/13639284208 HTTP/1.1" 404 1251 "-" "Mozilla/5.0 (Linux; Android 6.0.1; Nexus 5X Build/MMB29P) AppleWebKit/537.36 (KHTML, like Gecko) Chrome/144.0.7559.132 Mobile Safari/537.36 (compatible; Googlebot/2.1; +http://www.google.com/bot.html)"
74.7.227.180 - - [06/Feb/2026:07:11:18 -0500] "GET /ctg/search/similarImageSearchResultView/?ctgItemCd=8597781629 HTTP/1.1" 404 1251 "https://blog.newkolkata.in/items/81629kairtidm360216.html" "Mozilla/5.0 AppleWebKit/537.36 (KHTML, like Gecko; compatible; GPTBot/1.3; +https://openai.com/gptbot)"
74.7.227.180 - - [06/Feb/2026:07:11:21 -0500] "GET /ctg/search/similarImageSearchResultView/?ctgItemCd=3088127133 HTTP/1.1" 404 1251 "https://blog.newkolkata.in/getidm/27133cejpitems" "Mozilla/5.0 AppleWebKit/537.36 (KHTML, like Gecko; compatible; GPTBot/1.3; +https://openai.com/gptbot)"
74.7.227.180 - - [06/Feb/2026:07:11:24 -0500] "GET /ctg/search/similarImageSearchResultView/?ctgItemCd=5746253412 HTTP/1.1" 404 1251 "https://blog.newkolkata.in/items/53412tjvftidm.html" "Mozilla/5.0 AppleWebKit/537.36 (KHTML, like Gecko; compatible; GPTBot/1.3; +https://openai.com/gptbot)"
37.120.155.18 - - [06/Feb/2026:07:11:15 -0500] "POST /wp-admin/admin-ajax.php HTTP/1.1" 200 98 "https://blog.newkolkata.in/wp-admin/post-new.php" "Mozilla/5.0 (Windows NT 10.0; Win64; x64) AppleWebKit/537.36 (KHTML, like Gecko) Chrome/143.0.0.0 Safari/537.36"
74.7.227.180 - - [06/Feb/2026:07:11:27 -0500] "GET /ctg/search/similarImageSearchResultView/?ctgItemCd=9481291342 HTTP/1.1" 404 1251 "https://blog.newkolkata.in/get/91342pcywitems" "Mozilla/5.0 AppleWebKit/537.36 (KHTML, like Gecko; compatible; GPTBot/1.3; +https://openai.com/gptbot)"
74.7.227.180 - - [06/Feb/2026:07:11:30 -0500] "GET /ctg/search/similarImageSearchResultView/?ctgItemCd=2898424714 HTTP/1.1" 404 1251 "https://blog.newkolkata.in/getidm44/24714mvrvitems.htm" "Mozilla/5.0 AppleWebKit/537.36 (KHTML, like Gecko; compatible; GPTBot/1.3; +https://openai.com/gptbot)"
74.7.227.180 - - [06/Feb/2026:07:11:33 -0500] "GET /ctg/search/similarImageSearchResultView/?ctgItemCd=6981265760 HTTP/1.1" 404 1251 "https://blog.newkolkata.in/item/65760ulgptidm86.html" "Mozilla/5.0 AppleWebKit/537.36 (KHTML, like Gecko; compatible; GPTBot/1.3; +https://openai.com/gptbot)"
37.120.155.18 - - [06/Feb/2026:07:11:34 -0500] "POST /wp-json/wp/v2/posts/9358/autosaves?_locale=user HTTP/1.1" 404 1251 "https://blog.newkolkata.in/wp-admin/post-new.php" "Mozilla/5.0 (Windows NT 10.0; Win64; x64) AppleWebKit/537.36 (KHTML, like Gecko) Chrome/143.0.0.0 Safari/537.36"
74.7.227.180 - - [06/Feb/2026:07:11:36 -0500] "GET /ctg/search/similarImageSearchResultView/?ctgItemCd=4091936988 HTTP/1.1" 404 1251 "https://blog.newkolkata.in/getidm466/36988jahtitems" "Mozilla/5.0 AppleWebKit/537.36 (KHTML, like Gecko; compatible; GPTBot/1.3; +https://openai.com/gptbot)"
74.7.227.180 - - [06/Feb/2026:07:11:40 -0500] "GET /ctg/search/similarImageSearchResultView/?ctgItemCd=9263688960 HTTP/1.1" 404 1251 "https://blog.newkolkata.in/getid/88960ulgpitems" "Mozilla/5.0 AppleWebKit/537.36 (KHTML, like Gecko; compatible; GPTBot/1.3; +https://openai.com/gptbot)"
198.54.126.162 - - [06/Feb/2026:07:11:40 -0500] "POST /wp-cron.php?doing_wp_cron=1770379900.3034200668334960937500 HTTP/1.1" 200 0 "-" "WordPress/6.9.1; https://blog.newkolkata.in"
37.120.155.18 - - [06/Feb/2026:07:11:27 -0500] "POST /wp-admin/admin-ajax.php HTTP/1.1" 200 98 "https://blog.newkolkata.in/wp-admin/post-new.php" "Mozilla/5.0 (Windows NT 10.0; Win64; x64) AppleWebKit/537.36 (KHTML, like Gecko) Chrome/143.0.0.0 Safari/537.36"
74.7.227.180 - - [06/Feb/2026:07:11:43 -0500] "GET /ctg/search/similarImageSearchResultView/?ctgItemCd=4922545146 HTTP/1.1" 404 1251 "https://blog.newkolkata.in/item/45146kairtidm248.html" "Mozilla/5.0 AppleWebKit/537.36 (KHTML, like Gecko; compatible; GPTBot/1.3; +https://openai.com/gptbot)"
74.7.227.180 - - [06/Feb/2026:07:11:46 -0500] "GET /ctg/search/similarImageSearchResultView/?ctgItemCd=9040386437 HTTP/1.1" 404 1251 "https://blog.newkolkata.in/getidm3263/86437cejpitems" "Mozilla/5.0 AppleWebKit/537.36 (KHTML, like Gecko; compatible; GPTBot/1.3; +https://openai.com/gptbot)"
66.249.66.74 - - [06/Feb/2026:07:11:46 -0500] "GET /products.php?shop/pennystone/jayvees66786127971.html HTTP/1.1" 404 1251 "-" "Mozilla/5.0 (Linux; Android 6.0.1; Nexus 5X Build/MMB29P) AppleWebKit/537.36 (KHTML, like Gecko) Chrome/144.0.7559.132 Mobile Safari/537.36 (compatible; Googlebot/2.1; +http://www.google.com/bot.html)"
74.7.227.180 - - [06/Feb/2026:07:11:49 -0500] "GET /ctg/search/similarImageSearchResultView/?ctgItemCd=9403989874 HTTP/1.1" 404 1251 "https://blog.newkolkata.in/getidm/89874ulgpitems.htm" "Mozilla/5.0 AppleWebKit/537.36 (KHTML, like Gecko; compatible; GPTBot/1.3; +https://openai.com/gptbot)"
37.120.155.18 - - [06/Feb/2026:07:11:41 -0500] "POST /wp-admin/admin-ajax.php HTTP/1.1" 200 98 "https://blog.newkolkata.in/wp-admin/post-new.php" "Mozilla/5.0 (Windows NT 10.0; Win64; x64) AppleWebKit/537.36 (KHTML, like Gecko) Chrome/143.0.0.0 Safari/537.36"
74.7.227.180 - - [06/Feb/2026:07:11:52 -0500] "GET /ctg/search/similarImageSearchResultView/?ctgItemCd=2818724219 HTTP/1.1" 404 1251 "https://blog.newkolkata.in/items/24219zslytid.html" "Mozilla/5.0 AppleWebKit/537.36 (KHTML, like Gecko; compatible; GPTBot/1.3; +https://openai.com/gptbot)"
74.7.227.180 - - [06/Feb/2026:07:11:55 -0500] "GET /ctg/search/similarImageSearchResultView/?ctgItemCd=5059946296 HTTP/1.1" 404 1251 "https://blog.newkolkata.in/getidm488/46296kairitems.htm" "Mozilla/5.0 AppleWebKit/537.36 (KHTML, like Gecko; compatible; GPTBot/1.3; +https://openai.com/gptbot)"
74.7.227.180 - - [06/Feb/2026:07:11:58 -0500] "GET /ctg/search/similarImageSearchResultView/?ctgItemCd=4046236650 HTTP/1.1" 404 1251 "https://blog.newkolkata.in/item/36650kairtid.html" "Mozilla/5.0 AppleWebKit/537.36 (KHTML, like Gecko; compatible; GPTBot/1.3; +https://openai.com/gptbot)"
66.249.66.12 - - [06/Feb/2026:07:12:01 -0500] "GET /detail.php?products/13639258115 HTTP/1.1" 404 1251 "-" "Mozilla/5.0 (Linux; Android 6.0.1; Nexus 5X Build/MMB29P) AppleWebKit/537.36 (KHTML, like Gecko) Chrome/144.0.7559.132 Mobile Safari/537.36 (compatible; Googlebot/2.1; +http://www.google.com/bot.html)"
74.7.227.180 - - [06/Feb/2026:07:12:01 -0500] "GET /ctg/search/similarImageSearchResultView/?ctgItemCd=4909744882 HTTP/1.1" 404 1251 "https://blog.newkolkata.in/items/44882ulgptidm129.html" "Mozilla/5.0 AppleWebKit/537.36 (KHTML, like Gecko; compatible; GPTBot/1.3; +https://openai.com/gptbot)"
37.120.155.18 - - [06/Feb/2026:07:11:51 -0500] "POST /wp-admin/admin-ajax.php HTTP/1.1" 200 98 "https://blog.newkolkata.in/wp-admin/post-new.php" "Mozilla/5.0 (Windows NT 10.0; Win64; x64) AppleWebKit/537.36 (KHTML, like Gecko) Chrome/143.0.0.0 Safari/537.36"
74.7.227.180 - - [06/Feb/2026:07:12:04 -0500] "GET /ctg/search/similarImageSearchResultView/?ctgItemCd=1967316087 HTTP/1.1" 404 1251 "https://blog.newkolkata.in/geti/16087mvrvitems" "Mozilla/5.0 AppleWebKit/537.36 (KHTML, like Gecko; compatible; GPTBot/1.3; +https://openai.com/gptbot)"
85.208.96.200 - - [06/Feb/2026:07:12:05 -0500] "GET /getidm/170256sejmitems.htm HTTP/1.1" 404 1251 "-" "Mozilla/5.0 (compatible; SemrushBot/7~bl; +http://www.semrush.com/bot.html)"
37.120.155.18 - - [06/Feb/2026:07:12:02 -0500] "POST /wp-admin/admin-ajax.php HTTP/1.1" 200 98 "https://blog.newkolkata.in/wp-admin/post-new.php" "Mozilla/5.0 (Windows NT 10.0; Win64; x64) AppleWebKit/537.36 (KHTML, like Gecko) Chrome/143.0.0.0 Safari/537.36"
74.7.227.180 - - [06/Feb/2026:07:12:08 -0500] "GET /ctg/search/similarImageSearchResultView/?ctgItemCd=7221667980 HTTP/1.1" 404 1251 "https://blog.newkolkata.in/getidm3/67980zslyitems.htm" "Mozilla/5.0 AppleWebKit/537.36 (KHTML, like Gecko; compatible; GPTBot/1.3; +https://openai.com/gptbot)"
74.7.227.180 - - [06/Feb/2026:07:12:11 -0500] "GET /ctg/search/similarImageSearchResultView/?ctgItemCd=5160147378 HTTP/1.1" 404 1251 "https://blog.newkolkata.in/items/47378pcywtidm303.html" "Mozilla/5.0 AppleWebKit/537.36 (KHTML, like Gecko; compatible; GPTBot/1.3; +https://openai.com/gptbot)"
74.7.227.180 - - [06/Feb/2026:07:12:14 -0500] "GET /ctg/search/similarImageSearchResultView/?ctgItemCd=7864074697 HTTP/1.1" 404 1251 "https://blog.newkolkata.in/geti/74697ccoyitems.htm" "Mozilla/5.0 AppleWebKit/537.36 (KHTML, like Gecko; compatible; GPTBot/1.3; +https://openai.com/gptbot)"
74.7.227.180 - - [06/Feb/2026:07:12:17 -0500] "GET /ctg/search/similarImageSearchResultView/?ctgItemCd=4761143680 HTTP/1.1" 404 1251 "https://blog.newkolkata.in/geti/43680ccoyitems.htm" "Mozilla/5.0 AppleWebKit/537.36 (KHTML, like Gecko; compatible; GPTBot/1.3; +https://openai.com/gptbot)"
74.7.227.180 - - [06/Feb/2026:07:12:20 -0500] "GET /ctg/search/similarImageSearchResultView/?ctgItemCd=6702563071 HTTP/1.1" 404 1251 "https://blog.newkolkata.in/item/63071mvrvtidm.html" "Mozilla/5.0 AppleWebKit/537.36 (KHTML, like Gecko; compatible; GPTBot/1.3; +https://openai.com/gptbot)"
74.7.227.180 - - [06/Feb/2026:07:12:23 -0500] "GET /ctg/search/similarImageSearchResultView/?ctgItemCd=3627131970 HTTP/1.1" 404 1251 "https://blog.newkolkata.in/items/31970zslytidm8895.html" "Mozilla/5.0 AppleWebKit/537.36 (KHTML, like Gecko; compatible; GPTBot/1.3; +https://openai.com/gptbot)"
37.120.155.18 - - [06/Feb/2026:07:12:12 -0500] "POST /wp-admin/admin-ajax.php HTTP/1.1" 200 98 "https://blog.newkolkata.in/wp-admin/post-new.php" "Mozilla/5.0 (Windows NT 10.0; Win64; x64) AppleWebKit/537.36 (KHTML, like Gecko) Chrome/143.0.0.0 Safari/537.36"
185.191.171.6 - - [06/Feb/2026:07:12:26 -0500] "GET /ite/233510cejptid.html HTTP/1.1" 404 1251 "-" "Mozilla/5.0 (compatible; SemrushBot/7~bl; +http://www.semrush.com/bot.html)"
74.7.227.180 - - [06/Feb/2026:07:12:26 -0500] "GET /ctg/search/similarImageSearchResultView/?ctgItemCd=5045246097 HTTP/1.1" 404 1251 "https://blog.newkolkata.in/items/46097kairtidm216871.html" "Mozilla/5.0 AppleWebKit/537.36 (KHTML, like Gecko; compatible; GPTBot/1.3; +https://openai.com/gptbot)"
74.7.227.180 - - [06/Feb/2026:07:12:29 -0500] "GET /ctg/search/similarImageSearchResultView/?ctgItemCd=4023436091 HTTP/1.1" 404 1251 "https://blog.newkolkata.in/ite/36091ulgptidm349524.html" "Mozilla/5.0 AppleWebKit/537.36 (KHTML, like Gecko; compatible; GPTBot/1.3; +https://openai.com/gptbot)"
66.249.66.165 - - [06/Feb/2026:07:12:31 -0500] "GET /products.php?shop/smeary/inconceivabilities42743259351.html HTTP/1.1" 404 1251 "-" "Mozilla/5.0 (Linux; Android 6.0.1; Nexus 5X Build/MMB29P) AppleWebKit/537.36 (KHTML, like Gecko) Chrome/144.0.7559.132 Mobile Safari/537.36 (compatible; Googlebot/2.1; +http://www.google.com/bot.html)"
74.7.227.180 - - [06/Feb/2026:07:12:33 -0500] "GET /ctg/search/similarImageSearchResultView/?ctgItemCd=1623012084 HTTP/1.1" 404 1251 "https://blog.newkolkata.in/getidm/12084tjvfitems.htm" "Mozilla/5.0 AppleWebKit/537.36 (KHTML, like Gecko; compatible; GPTBot/1.3; +https://openai.com/gptbot)"
198.54.126.162 - - [06/Feb/2026:07:12:35 -0500] "POST /wp-cron.php?doing_wp_cron=1770379955.0096170902252197265625 HTTP/1.1" 200 0 "-" "WordPress/6.9.1; https://blog.newkolkata.in"
37.120.155.18 - - [06/Feb/2026:07:12:25 -0500] "POST /wp-admin/admin-ajax.php HTTP/1.1" 200 98 "https://blog.newkolkata.in/wp-admin/post-new.php" "Mozilla/5.0 (Windows NT 10.0; Win64; x64) AppleWebKit/537.36 (KHTML, like Gecko) Chrome/143.0.0.0 Safari/537.36"
74.7.227.180 - - [06/Feb/2026:07:12:36 -0500] "GET /ctg/search/similarImageSearchResultView/?ctgItemCd=6815764214 HTTP/1.1" 404 1251 "https://blog.newkolkata.in/items/64214tjvftid.html" "Mozilla/5.0 AppleWebKit/537.36 (KHTML, like Gecko; compatible; GPTBot/1.3; +https://openai.com/gptbot)"
74.7.227.180 - - [06/Feb/2026:07:12:39 -0500] "GET /ctg/search/similarImageSearchResultView/?ctgItemCd=1824314269 HTTP/1.1" 404 1251 "https://blog.newkolkata.in/getidm4137/14269sejmitems" "Mozilla/5.0 AppleWebKit/537.36 (KHTML, like Gecko; compatible; GPTBot/1.3; +https://openai.com/gptbot)"
85.208.96.208 - - [06/Feb/2026:07:12:41 -0500] "GET /geti/234295zslyitems HTTP/1.1" 404 1251 "-" "Mozilla/5.0 (compatible; SemrushBot/7~bl; +http://www.semrush.com/bot.html)"
74.7.227.180 - - [06/Feb/2026:07:12:42 -0500] "GET /ctg/search/similarImageSearchResultView/?ctgItemCd=9327789806 HTTP/1.1" 404 1251 "https://blog.newkolkata.in/get/89806ulgpitems" "Mozilla/5.0 AppleWebKit/537.36 (KHTML, like Gecko; compatible; GPTBot/1.3; +https://openai.com/gptbot)"
37.120.155.18 - - [06/Feb/2026:07:12:36 -0500] "POST /wp-admin/admin-ajax.php HTTP/1.1" 200 98 "https://blog.newkolkata.in/wp-admin/post-new.php" "Mozilla/5.0 (Windows NT 10.0; Win64; x64) AppleWebKit/537.36 (KHTML, like Gecko) Chrome/143.0.0.0 Safari/537.36"
74.7.227.180 - - [06/Feb/2026:07:12:45 -0500] "GET /ctg/search/similarImageSearchResultView/?ctgItemCd=3785934055 HTTP/1.1" 404 1251 "https://blog.newkolkata.in/ite/34055cejptidm.html" "Mozilla/5.0 AppleWebKit/537.36 (KHTML, like Gecko; compatible; GPTBot/1.3; +https://openai.com/gptbot)"
66.249.66.11 - - [06/Feb/2026:07:12:46 -0500] "GET /detail.php?products/57279140037 HTTP/1.1" 404 1251 "-" "Mozilla/5.0 (Linux; Android 6.0.1; Nexus 5X Build/MMB29P) AppleWebKit/537.36 (KHTML, like Gecko) Chrome/144.0.7559.132 Mobile Safari/537.36 (compatible; Googlebot/2.1; +http://www.google.com/bot.html)"
74.7.227.180 - - [06/Feb/2026:07:12:49 -0500] "GET /ctg/search/similarImageSearchResultView/?ctgItemCd=6574562087 HTTP/1.1" 404 1251 "https://blog.newkolkata.in/getid/62087ccoyitems" "Mozilla/5.0 AppleWebKit/537.36 (KHTML, like Gecko; compatible; GPTBot/1.3; +https://openai.com/gptbot)"
85.208.96.201 - - [06/Feb/2026:07:12:49 -0500] "GET /getidm5/23962ulgpitems HTTP/1.1" 404 1251 "-" "Mozilla/5.0 (compatible; SemrushBot/7~bl; +http://www.semrush.com/bot.html)"
157.55.39.58 - - [06/Feb/2026:07:12:50 -0500] "GET /getid/149833ccoyitems HTTP/1.1" 404 1251 "-" "Mozilla/5.0 AppleWebKit/537.36 (KHTML, like Gecko; compatible; bingbot/2.0; +http://www.bing.com/bingbot.htm) Chrome/116.0.1938.76 Safari/537.36"
74.7.227.180 - - [06/Feb/2026:07:12:52 -0500] "GET /ctg/search/similarImageSearchResultView/?ctgItemCd=7381669510 HTTP/1.1" 404 1251 "https://blog.newkolkata.in/getidm174/69510ulgpitems.htm" "Mozilla/5.0 AppleWebKit/537.36 (KHTML, like Gecko; compatible; GPTBot/1.3; +https://openai.com/gptbot)"
74.7.227.180 - - [06/Feb/2026:07:12:55 -0500] "GET /ctg/search/similarImageSearchResultView/?ctgItemCd=4906645134 HTTP/1.1" 404 1251 "https://blog.newkolkata.in/items/45134sejmtid.html" "Mozilla/5.0 AppleWebKit/537.36 (KHTML, like Gecko; compatible; GPTBot/1.3; +https://openai.com/gptbot)"
74.7.227.180 - - [06/Feb/2026:07:12:58 -0500] "GET /ctg/search/similarImageSearchResultView/?ctgItemCd=1836114496 HTTP/1.1" 404 1251 "https://blog.newkolkata.in/get/14496zslyitems.htm" "Mozilla/5.0 AppleWebKit/537.36 (KHTML, like Gecko; compatible; GPTBot/1.3; +https://openai.com/gptbot)"
37.120.155.18 - - [06/Feb/2026:07:12:46 -0500] "POST /wp-admin/admin-ajax.php HTTP/1.1" 200 98 "https://blog.newkolkata.in/wp-admin/post-new.php" "Mozilla/5.0 (Windows NT 10.0; Win64; x64) AppleWebKit/537.36 (KHTML, like Gecko) Chrome/143.0.0.0 Safari/537.36"
74.7.227.180 - - [06/Feb/2026:07:13:01 -0500] "GET /ctg/search/similarImageSearchResultView/?ctgItemCd=5011046533 HTTP/1.1" 404 1251 "https://blog.newkolkata.in/geti/46533pcywitems" "Mozilla/5.0 AppleWebKit/537.36 (KHTML, like Gecko; compatible; GPTBot/1.3; +https://openai.com/gptbot)"
85.208.96.211 - - [06/Feb/2026:07:13:03 -0500] "GET /get/23638zslyitems HTTP/1.1" 404 1251 "-" "Mozilla/5.0 (compatible; SemrushBot/7~bl; +http://www.semrush.com/bot.html)"
74.7.227.180 - - [06/Feb/2026:07:13:05 -0500] "GET /ctg/search/similarImageSearchResultView/?ctgItemCd=3009426305 HTTP/1.1" 404 1251 "https://blog.newkolkata.in/getidm/26305mvrvitems" "Mozilla/5.0 AppleWebKit/537.36 (KHTML, like Gecko; compatible; GPTBot/1.3; +https://openai.com/gptbot)"
37.120.155.18 - - [06/Feb/2026:07:13:00 -0500] "POST /wp-admin/admin-ajax.php HTTP/1.1" 200 98 "https://blog.newkolkata.in/wp-admin/post-new.php" "Mozilla/5.0 (Windows NT 10.0; Win64; x64) AppleWebKit/537.36 (KHTML, like Gecko) Chrome/143.0.0.0 Safari/537.36"
74.7.227.180 - - [06/Feb/2026:07:13:08 -0500] "GET /ctg/search/similarImageSearchResultView/?ctgItemCd=8496380748 HTTP/1.1" 404 1251 "https://blog.newkolkata.in/getidm9/80748tjvfitems.htm" "Mozilla/5.0 AppleWebKit/537.36 (KHTML, like Gecko; compatible; GPTBot/1.3; +https://openai.com/gptbot)"
74.7.227.180 - - [06/Feb/2026:07:13:11 -0500] "GET /ctg/search/similarImageSearchResultView/?ctgItemCd=9090486945 HTTP/1.1" 404 1251 "https://blog.newkolkata.in/ite/86945pcywtidm56.html" "Mozilla/5.0 AppleWebKit/537.36 (KHTML, like Gecko; compatible; GPTBot/1.3; +https://openai.com/gptbot)"
74.7.227.180 - - [06/Feb/2026:07:13:14 -0500] "GET /ctg/search/similarImageSearchResultView/?ctgItemCd=9932695506 HTTP/1.1" 404 1251 "https://blog.newkolkata.in/getidm2/95506sejmitems" "Mozilla/5.0 AppleWebKit/537.36 (KHTML, like Gecko; compatible; GPTBot/1.3; +https://openai.com/gptbot)"
74.7.227.180 - - [06/Feb/2026:07:13:17 -0500] "GET /ctg/search/similarImageSearchResultView/?ctgItemCd=8325479317 HTTP/1.1" 404 1251 "https://blog.newkolkata.in/geti/79317ccoyitems.htm" "Mozilla/5.0 AppleWebKit/537.36 (KHTML, like Gecko; compatible; GPTBot/1.3; +https://openai.com/gptbot)"
85.208.96.209 - - [06/Feb/2026:07:13:18 -0500] "GET /ite/268655tjvftidm.html HTTP/1.1" 404 1251 "-" "Mozilla/5.0 (compatible; SemrushBot/7~bl; +http://www.semrush.com/bot.html)"
74.7.227.180 - - [06/Feb/2026:07:13:20 -0500] "GET /ctg/search/similarImageSearchResultView/?ctgItemCd=1914815024 HTTP/1.1" 404 1251 "https://blog.newkolkata.in/getidm/15024kairitems.htm" "Mozilla/5.0 AppleWebKit/537.36 (KHTML, like Gecko; compatible; GPTBot/1.3; +https://openai.com/gptbot)"
37.120.155.18 - - [06/Feb/2026:07:13:10 -0500] "POST /wp-admin/admin-ajax.php HTTP/1.1" 200 98 "https://blog.newkolkata.in/wp-admin/post-new.php" "Mozilla/5.0 (Windows NT 10.0; Win64; x64) AppleWebKit/537.36 (KHTML, like Gecko) Chrome/143.0.0.0 Safari/537.36"
74.7.227.180 - - [06/Feb/2026:07:13:24 -0500] "GET /ctg/search/similarImageSearchResultView/?ctgItemCd=2024916489 HTTP/1.1" 404 1251 "https://blog.newkolkata.in/getidm/16489cejpitems" "Mozilla/5.0 AppleWebKit/537.36 (KHTML, like Gecko; compatible; GPTBot/1.3; +https://openai.com/gptbot)"
85.208.96.204 - - [06/Feb/2026:07:13:26 -0500] "GET /getid/146992pcywitems HTTP/1.1" 404 1251 "-" "Mozilla/5.0 (compatible; SemrushBot/7~bl; +http://www.semrush.com/bot.html)"
74.7.227.180 - - [06/Feb/2026:07:13:27 -0500] "GET /ctg/search/similarImageSearchResultView/?ctgItemCd=4768243452 HTTP/1.1" 404 1251 "https://blog.newkolkata.in/getidm9/43452zslyitems.htm" "Mozilla/5.0 AppleWebKit/537.36 (KHTML, like Gecko; compatible; GPTBot/1.3; +https://openai.com/gptbot)"
66.249.66.167 - - [06/Feb/2026:07:13:27 -0500] "GET /products.php?shop/lacunosis/sharpener42743171028.html HTTP/1.1" 404 1251 "-" "Mozilla/5.0 (Linux; Android 6.0.1; Nexus 5X Build/MMB29P) AppleWebKit/537.36 (KHTML, like Gecko) Chrome/144.0.7559.132 Mobile Safari/537.36 (compatible; Googlebot/2.1; +http://www.google.com/bot.html)"
85.208.96.212 - - [06/Feb/2026:07:13:30 -0500] "GET /ite/241655ccoytidm.html HTTP/1.1" 404 1251 "-" "Mozilla/5.0 (compatible; SemrushBot/7~bl; +http://www.semrush.com/bot.html)"
74.7.227.180 - - [06/Feb/2026:07:13:30 -0500] "GET /ctg/search/similarImageSearchResultView/?ctgItemCd=8075177302 HTTP/1.1" 404 1251 "https://blog.newkolkata.in/get/77302ccoyitems" "Mozilla/5.0 AppleWebKit/537.36 (KHTML, like Gecko; compatible; GPTBot/1.3; +https://openai.com/gptbot)"
74.7.227.180 - - [06/Feb/2026:07:13:33 -0500] "GET /ctg/search/similarImageSearchResultView/?ctgItemCd=3374929522 HTTP/1.1" 404 1251 "https://blog.newkolkata.in/items/29522mvrvtidm326.html" "Mozilla/5.0 AppleWebKit/537.36 (KHTML, like Gecko; compatible; GPTBot/1.3; +https://openai.com/gptbot)"
66.249.66.44 - - [06/Feb/2026:07:13:35 -0500] "GET /detail.php?products/97779292408 HTTP/1.1" 404 1251 "-" "Mozilla/5.0 (Linux; Android 6.0.1; Nexus 5X Build/MMB29P) AppleWebKit/537.36 (KHTML, like Gecko) Chrome/144.0.7559.132 Mobile Safari/537.36 (compatible; Googlebot/2.1; +http://www.google.com/bot.html)"
74.7.227.180 - - [06/Feb/2026:07:13:36 -0500] "GET /ctg/search/similarImageSearchResultView/?ctgItemCd=4961245675 HTTP/1.1" 404 1251 "https://blog.newkolkata.in/geti/45675ccoyitems.htm" "Mozilla/5.0 AppleWebKit/537.36 (KHTML, like Gecko; compatible; GPTBot/1.3; +https://openai.com/gptbot)"
198.54.126.162 - - [06/Feb/2026:07:13:37 -0500] "POST /wp-cron.php?doing_wp_cron=1770380016.7103610038757324218750 HTTP/1.1" 200 0 "-" "WordPress/6.9.1; https://blog.newkolkata.in"
37.120.155.18 - - [06/Feb/2026:07:13:24 -0500] "POST /wp-admin/admin-ajax.php HTTP/1.1" 200 98 "https://blog.newkolkata.in/wp-admin/post-new.php" "Mozilla/5.0 (Windows NT 10.0; Win64; x64) AppleWebKit/537.36 (KHTML, like Gecko) Chrome/143.0.0.0 Safari/537.36"
74.7.227.180 - - [06/Feb/2026:07:13:39 -0500] "GET /ctg/search/similarImageSearchResultView/?ctgItemCd=9171587489 HTTP/1.1" 404 1251 "https://blog.newkolkata.in/getidm2/87489pcywitems.htm" "Mozilla/5.0 AppleWebKit/537.36 (KHTML, like Gecko; compatible; GPTBot/1.3; +https://openai.com/gptbot)"
185.191.171.16 - - [06/Feb/2026:07:13:41 -0500] "GET /getidm/138409ulgpitems HTTP/1.1" 404 1251 "-" "Mozilla/5.0 (compatible; SemrushBot/7~bl; +http://www.semrush.com/bot.html)"
74.7.227.180 - - [06/Feb/2026:07:13:43 -0500] "GET /ctg/search/similarImageSearchResultView/?ctgItemCd=4196737996 HTTP/1.1" 404 1251 "https://blog.newkolkata.in/getidm398/37996mvrvitems" "Mozilla/5.0 AppleWebKit/537.36 (KHTML, like Gecko; compatible; GPTBot/1.3; +https://openai.com/gptbot)"
52.167.144.214 - - [06/Feb/2026:07:13:43 -0500] "GET /products.php?shop/octacolic/wasco74126354297.html HTTP/1.1" 404 1251 "-" "Mozilla/5.0 AppleWebKit/537.36 (KHTML, like Gecko; compatible; bingbot/2.0; +http://www.bing.com/bingbot.htm) Chrome/116.0.1938.76 Safari/537.36"
