74.7.227.180 - - [06/Feb/2026:08:05:18 -0500] "GET /ctg/search/similarImageSearchResultView/?ctgItemCd=8089176682 HTTP/1.1" 404 1251 "https://blog.newkolkata.in/items/76682jahttidm776.html" "Mozilla/5.0 AppleWebKit/537.36 (KHTML, like Gecko; compatible; GPTBot/1.3; +https://openai.com/gptbot)"
74.7.227.180 - - [06/Feb/2026:08:05:22 -0500] "GET /ctg/search/similarImageSearchResultView/?ctgItemCd=9954095412 HTTP/1.1" 404 1251 "https://blog.newkolkata.in/getidm/95412cejpitems.htm" "Mozilla/5.0 AppleWebKit/537.36 (KHTML, like Gecko; compatible; GPTBot/1.3; +https://openai.com/gptbot)"
74.7.227.180 - - [06/Feb/2026:08:05:25 -0500] "GET /ctg/search/similarImageSearchResultView/?ctgItemCd=2389319841 HTTP/1.1" 404 1251 "https://blog.newkolkata.in/item/19841ulgptidm78.html" "Mozilla/5.0 AppleWebKit/537.36 (KHTML, like Gecko; compatible; GPTBot/1.3; +https://openai.com/gptbot)"
74.7.227.180 - - [06/Feb/2026:08:05:28 -0500] "GET /ctg/search/similarImageSearchResultView/?ctgItemCd=1706413495 HTTP/1.1" 404 1251 "https://blog.newkolkata.in/geti/13495tjvfitems" "Mozilla/5.0 AppleWebKit/537.36 (KHTML, like Gecko; compatible; GPTBot/1.3; +https://openai.com/gptbot)"
185.191.171.3 - - [06/Feb/2026:08:05:29 -0500] "GET /get/85822tjvfitems HTTP/1.1" 404 1251 "-" "Mozilla/5.0 (compatible; SemrushBot/7~bl; +http://www.semrush.com/bot.html)"
74.7.227.180 - - [06/Feb/2026:08:05:31 -0500] "GET /ctg/search/similarImageSearchResultView/?ctgItemCd=2075216828 HTTP/1.1" 404 1251 "https://blog.newkolkata.in/getidm613/16828sejmitems" "Mozilla/5.0 AppleWebKit/537.36 (KHTML, like Gecko; compatible; GPTBot/1.3; +https://openai.com/gptbot)"
74.7.227.180 - - [06/Feb/2026:08:05:34 -0500] "GET /ctg/search/similarImageSearchResultView/?ctgItemCd=9369089754 HTTP/1.1" 404 1251 "https://blog.newkolkata.in/geti/89754jahtitems.htm" "Mozilla/5.0 AppleWebKit/537.36 (KHTML, like Gecko; compatible; GPTBot/1.3; +https://openai.com/gptbot)"
74.7.227.180 - - [06/Feb/2026:08:05:37 -0500] "GET /ctg/search/similarImageSearchResultView/?ctgItemCd=6852264575 HTTP/1.1" 404 1251 "https://blog.newkolkata.in/geti/64575ulgpitems.htm" "Mozilla/5.0 AppleWebKit/537.36 (KHTML, like Gecko; compatible; GPTBot/1.3; +https://openai.com/gptbot)"
74.7.227.180 - - [06/Feb/2026:08:05:40 -0500] "GET /ctg/search/similarImageSearchResultView/?ctgItemCd=8946985540 HTTP/1.1" 404 1251 "https://blog.newkolkata.in/items/85540jahttid.html" "Mozilla/5.0 AppleWebKit/537.36 (KHTML, like Gecko; compatible; GPTBot/1.3; +https://openai.com/gptbot)"
74.7.227.180 - - [06/Feb/2026:08:05:43 -0500] "GET /ctg/search/similarImageSearchResultView/?ctgItemCd=1657012830 HTTP/1.1" 404 1251 "https://blog.newkolkata.in/ite/12830zslytid.html" "Mozilla/5.0 AppleWebKit/537.36 (KHTML, like Gecko; compatible; GPTBot/1.3; +https://openai.com/gptbot)"
74.7.227.180 - - [06/Feb/2026:08:05:47 -0500] "GET /ctg/search/similarImageSearchResultView/?ctgItemCd=9909394815 HTTP/1.1" 404 1251 "https://blog.newkolkata.in/getidm34/94815mvrvitems.htm" "Mozilla/5.0 AppleWebKit/537.36 (KHTML, like Gecko; compatible; GPTBot/1.3; +https://openai.com/gptbot)"
74.7.227.180 - - [06/Feb/2026:08:05:50 -0500] "GET /ctg/search/similarImageSearchResultView/?ctgItemCd=9978395609 HTTP/1.1" 404 1251 "https://blog.newkolkata.in/items/95609tjvftidm95.html" "Mozilla/5.0 AppleWebKit/537.36 (KHTML, like Gecko; compatible; GPTBot/1.3; +https://openai.com/gptbot)"
74.7.227.180 - - [06/Feb/2026:08:05:53 -0500] "GET /ctg/search/similarImageSearchResultView/?ctgItemCd=7763273559 HTTP/1.1" 404 1251 "https://blog.newkolkata.in/items/73559pcywtidm.html" "Mozilla/5.0 AppleWebKit/537.36 (KHTML, like Gecko; compatible; GPTBot/1.3; +https://openai.com/gptbot)"
74.7.227.180 - - [06/Feb/2026:08:05:56 -0500] "GET /ctg/search/similarImageSearchResultView/?ctgItemCd=7642672143 HTTP/1.1" 404 1251 "https://blog.newkolkata.in/items/72143zslytidm6126.html" "Mozilla/5.0 AppleWebKit/537.36 (KHTML, like Gecko; compatible; GPTBot/1.3; +https://openai.com/gptbot)"
85.208.96.211 - - [06/Feb/2026:08:05:56 -0500] "GET /geti/43113tjvfitems.htm HTTP/1.1" 404 1251 "-" "Mozilla/5.0 (compatible; SemrushBot/7~bl; +http://www.semrush.com/bot.html)"
74.7.227.180 - - [06/Feb/2026:08:05:59 -0500] "GET /ctg/search/similarImageSearchResultView/?ctgItemCd=5367050230 HTTP/1.1" 404 1251 "https://blog.newkolkata.in/get/50230ccoyitems" "Mozilla/5.0 AppleWebKit/537.36 (KHTML, like Gecko; compatible; GPTBot/1.3; +https://openai.com/gptbot)"
74.7.227.180 - - [06/Feb/2026:08:06:02 -0500] "GET /ctg/search/similarImageSearchResultView/?ctgItemCd=9787393752 HTTP/1.1" 404 1251 "https://blog.newkolkata.in/items/93752pcywtidm3.html" "Mozilla/5.0 AppleWebKit/537.36 (KHTML, like Gecko; compatible; GPTBot/1.3; +https://openai.com/gptbot)"
74.7.227.180 - - [06/Feb/2026:08:06:05 -0500] "GET /ctg/search/similarImageSearchResultView/?ctgItemCd=8084676978 HTTP/1.1" 404 1251 "https://blog.newkolkata.in/getidm3/76978zslyitems" "Mozilla/5.0 AppleWebKit/537.36 (KHTML, like Gecko; compatible; GPTBot/1.3; +https://openai.com/gptbot)"
185.191.171.16 - - [06/Feb/2026:08:06:08 -0500] "GET /getidm5/145090pcywitems HTTP/1.1" 404 1251 "-" "Mozilla/5.0 (compatible; SemrushBot/7~bl; +http://www.semrush.com/bot.html)"
74.7.227.180 - - [06/Feb/2026:08:06:09 -0500] "GET /ctg/search/similarImageSearchResultView/?ctgItemCd=7395369875 HTTP/1.1" 404 1251 "https://blog.newkolkata.in/ite/69875zslytidm8224.html" "Mozilla/5.0 AppleWebKit/537.36 (KHTML, like Gecko; compatible; GPTBot/1.3; +https://openai.com/gptbot)"
85.208.96.198 - - [06/Feb/2026:08:06:10 -0500] "GET /ite/72320mvrvtidm5.html HTTP/1.1" 404 1251 "-" "Mozilla/5.0 (compatible; SemrushBot/7~bl; +http://www.semrush.com/bot.html)"
74.7.227.180 - - [06/Feb/2026:08:06:12 -0500] "GET /ctg/search/similarImageSearchResultView/?ctgItemCd=8579181776 HTTP/1.1" 404 1251 "https://blog.newkolkata.in/item/81776mvrvtidm1.html" "Mozilla/5.0 AppleWebKit/537.36 (KHTML, like Gecko; compatible; GPTBot/1.3; +https://openai.com/gptbot)"
74.7.227.180 - - [06/Feb/2026:08:06:15 -0500] "GET /ctg/search/similarImageSearchResultView/?ctgItemCd=1807414305 HTTP/1.1" 404 1251 "https://blog.newkolkata.in/getidm/14305tjvfitems" "Mozilla/5.0 AppleWebKit/537.36 (KHTML, like Gecko; compatible; GPTBot/1.3; +https://openai.com/gptbot)"
74.7.227.180 - - [06/Feb/2026:08:06:18 -0500] "GET /ctg/search/similarImageSearchResultView/?ctgItemCd=9412290306 HTTP/1.1" 404 1251 "https://blog.newkolkata.in/get/90306jahtitems.htm" "Mozilla/5.0 AppleWebKit/537.36 (KHTML, like Gecko; compatible; GPTBot/1.3; +https://openai.com/gptbot)"
185.191.171.14 - - [06/Feb/2026:08:06:21 -0500] "GET /geti/78330kairitems.htm HTTP/1.1" 404 1251 "-" "Mozilla/5.0 (compatible; SemrushBot/7~bl; +http://www.semrush.com/bot.html)"
74.7.227.180 - - [06/Feb/2026:08:06:21 -0500] "GET /ctg/search/similarImageSearchResultView/?ctgItemCd=5426350360 HTTP/1.1" 404 1251 "https://blog.newkolkata.in/ite/50360zslytidm6.html" "Mozilla/5.0 AppleWebKit/537.36 (KHTML, like Gecko; compatible; GPTBot/1.3; +https://openai.com/gptbot)"
85.208.96.202 - - [06/Feb/2026:08:06:23 -0500] "GET /getidm/161065cejpitems HTTP/1.1" 404 1251 "-" "Mozilla/5.0 (compatible; SemrushBot/7~bl; +http://www.semrush.com/bot.html)"
74.7.227.180 - - [06/Feb/2026:08:06:24 -0500] "GET /ctg/search/similarImageSearchResultView/?ctgItemCd=7669472410 HTTP/1.1" 404 1251 "https://blog.newkolkata.in/items/72410cejptidm10765.html" "Mozilla/5.0 AppleWebKit/537.36 (KHTML, like Gecko; compatible; GPTBot/1.3; +https://openai.com/gptbot)"
74.7.227.180 - - [06/Feb/2026:08:06:28 -0500] "GET /ctg/search/similarImageSearchResultView/?ctgItemCd=7145567137 HTTP/1.1" 404 1251 "https://blog.newkolkata.in/items/67137tjvftidm28018.html" "Mozilla/5.0 AppleWebKit/537.36 (KHTML, like Gecko; compatible; GPTBot/1.3; +https://openai.com/gptbot)"
74.7.227.180 - - [06/Feb/2026:08:06:31 -0500] "GET /ctg/search/similarImageSearchResultView/?ctgItemCd=7233668496 HTTP/1.1" 404 1251 "https://blog.newkolkata.in/getidm3/68496tjvfitems" "Mozilla/5.0 AppleWebKit/537.36 (KHTML, like Gecko; compatible; GPTBot/1.3; +https://openai.com/gptbot)"
85.208.96.206 - - [06/Feb/2026:08:06:32 -0500] "GET /item/71231ccoytidm.html HTTP/1.1" 404 1251 "-" "Mozilla/5.0 (compatible; SemrushBot/7~bl; +http://www.semrush.com/bot.html)"
74.7.227.180 - - [06/Feb/2026:08:06:34 -0500] "GET /ctg/search/similarImageSearchResultView/?ctgItemCd=4650143054 HTTP/1.1" 404 1251 "https://blog.newkolkata.in/get/43054sejmitems" "Mozilla/5.0 AppleWebKit/537.36 (KHTML, like Gecko; compatible; GPTBot/1.3; +https://openai.com/gptbot)"
85.208.96.193 - - [06/Feb/2026:08:06:34 -0500] "GET /getidm/13249pcywitems HTTP/1.1" 404 1251 "-" "Mozilla/5.0 (compatible; SemrushBot/7~bl; +http://www.semrush.com/bot.html)"
74.7.227.180 - - [06/Feb/2026:08:06:37 -0500] "GET /ctg/search/similarImageSearchResultView/?ctgItemCd=9083786967 HTTP/1.1" 404 1251 "https://blog.newkolkata.in/get/86967mvrvitems.htm" "Mozilla/5.0 AppleWebKit/537.36 (KHTML, like Gecko; compatible; GPTBot/1.3; +https://openai.com/gptbot)"
85.208.96.196 - - [06/Feb/2026:08:06:39 -0500] "GET /getid/81642pcywitems.htm HTTP/1.1" 404 1251 "-" "Mozilla/5.0 (compatible; SemrushBot/7~bl; +http://www.semrush.com/bot.html)"
85.208.96.202 - - [06/Feb/2026:08:06:40 -0500] "GET /get/42334mvrvitems HTTP/1.1" 404 1251 "-" "Mozilla/5.0 (compatible; SemrushBot/7~bl; +http://www.semrush.com/bot.html)"
74.7.227.180 - - [06/Feb/2026:08:06:40 -0500] "GET /ctg/search/similarImageSearchResultView/?ctgItemCd=8035676568 HTTP/1.1" 404 1251 "https://blog.newkolkata.in/getidm/76568tjvfitems" "Mozilla/5.0 AppleWebKit/537.36 (KHTML, like Gecko; compatible; GPTBot/1.3; +https://openai.com/gptbot)"
85.208.96.197 - - [06/Feb/2026:08:06:42 -0500] "GET /getidm/195204zslyitems.htm HTTP/1.1" 404 1251 "-" "Mozilla/5.0 (compatible; SemrushBot/7~bl; +http://www.semrush.com/bot.html)"
74.7.227.180 - - [06/Feb/2026:08:06:43 -0500] "GET /ctg/search/similarImageSearchResultView/?ctgItemCd=5156847538 HTTP/1.1" 404 1251 "https://blog.newkolkata.in/getid/47538kairitems.htm" "Mozilla/5.0 AppleWebKit/537.36 (KHTML, like Gecko; compatible; GPTBot/1.3; +https://openai.com/gptbot)"
74.7.227.180 - - [06/Feb/2026:08:06:46 -0500] "GET /ctg/search/similarImageSearchResultView/?ctgItemCd=9292489005 HTTP/1.1" 404 1251 "https://blog.newkolkata.in/getidm350/89005sejmitems" "Mozilla/5.0 AppleWebKit/537.36 (KHTML, like Gecko; compatible; GPTBot/1.3; +https://openai.com/gptbot)"
74.7.227.180 - - [06/Feb/2026:08:06:49 -0500] "GET /ctg/search/similarImageSearchResultView/?ctgItemCd=3126827252 HTTP/1.1" 404 1251 "https://blog.newkolkata.in/getid/27252cejpitems.htm" "Mozilla/5.0 AppleWebKit/537.36 (KHTML, like Gecko; compatible; GPTBot/1.3; +https://openai.com/gptbot)"
74.7.227.180 - - [06/Feb/2026:08:06:52 -0500] "GET /ctg/search/similarImageSearchResultView/?ctgItemCd=9770093874 HTTP/1.1" 404 1251 "https://blog.newkolkata.in/getidm2/93874sejmitems" "Mozilla/5.0 AppleWebKit/537.36 (KHTML, like Gecko; compatible; GPTBot/1.3; +https://openai.com/gptbot)"
74.7.227.180 - - [06/Feb/2026:08:06:56 -0500] "GET /ctg/search/similarImageSearchResultView/?ctgItemCd=8140077580 HTTP/1.1" 404 1251 "https://blog.newkolkata.in/get/77580cejpitems.htm" "Mozilla/5.0 AppleWebKit/537.36 (KHTML, like Gecko; compatible; GPTBot/1.3; +https://openai.com/gptbot)"
74.7.227.180 - - [06/Feb/2026:08:06:59 -0500] "GET /ctg/search/similarImageSearchResultView/?ctgItemCd=3153327580 HTTP/1.1" 404 1251 "https://blog.newkolkata.in/getidm770/27580mvrvitems" "Mozilla/5.0 AppleWebKit/537.36 (KHTML, like Gecko; compatible; GPTBot/1.3; +https://openai.com/gptbot)"
74.7.227.180 - - [06/Feb/2026:08:07:02 -0500] "GET /ctg/search/similarImageSearchResultView/?ctgItemCd=5778653672 HTTP/1.1" 404 1251 "https://blog.newkolkata.in/items/53672tjvftidm8.html" "Mozilla/5.0 AppleWebKit/537.36 (KHTML, like Gecko; compatible; GPTBot/1.3; +https://openai.com/gptbot)"
74.7.227.180 - - [06/Feb/2026:08:07:05 -0500] "GET /ctg/search/similarImageSearchResultView/?ctgItemCd=6216658591 HTTP/1.1" 404 1251 "https://blog.newkolkata.in/geti/58591tjvfitems" "Mozilla/5.0 AppleWebKit/537.36 (KHTML, like Gecko; compatible; GPTBot/1.3; +https://openai.com/gptbot)"
74.7.227.180 - - [06/Feb/2026:08:07:08 -0500] "GET /ctg/search/similarImageSearchResultView/?ctgItemCd=9292588769 HTTP/1.1" 404 1251 "https://blog.newkolkata.in/items/88769cejptidm47.html" "Mozilla/5.0 AppleWebKit/537.36 (KHTML, like Gecko; compatible; GPTBot/1.3; +https://openai.com/gptbot)"
74.7.227.180 - - [06/Feb/2026:08:07:11 -0500] "GET /ctg/search/similarImageSearchResultView/?ctgItemCd=1836614303 HTTP/1.1" 404 1251 "https://blog.newkolkata.in/items/14303mvrvtidm.html" "Mozilla/5.0 AppleWebKit/537.36 (KHTML, like Gecko; compatible; GPTBot/1.3; +https://openai.com/gptbot)"
74.7.227.180 - - [06/Feb/2026:08:07:15 -0500] "GET /ctg/search/similarImageSearchResultView/?ctgItemCd=9105786742 HTTP/1.1" 404 1251 "https://blog.newkolkata.in/getidm889/86742ccoyitems.htm" "Mozilla/5.0 AppleWebKit/537.36 (KHTML, like Gecko; compatible; GPTBot/1.3; +https://openai.com/gptbot)"
74.7.227.180 - - [06/Feb/2026:08:07:18 -0500] "GET /ctg/search/similarImageSearchResultView/?ctgItemCd=2027816187 HTTP/1.1" 404 1251 "https://blog.newkolkata.in/ite/16187ulgptidm60544.html" "Mozilla/5.0 AppleWebKit/537.36 (KHTML, like Gecko; compatible; GPTBot/1.3; +https://openai.com/gptbot)"
74.7.227.180 - - [06/Feb/2026:08:07:21 -0500] "GET /ctg/search/similarImageSearchResultView/?ctgItemCd=3125727065 HTTP/1.1" 404 1251 "https://blog.newkolkata.in/items/27065kairtidm336.html" "Mozilla/5.0 AppleWebKit/537.36 (KHTML, like Gecko; compatible; GPTBot/1.3; +https://openai.com/gptbot)"
74.7.227.180 - - [06/Feb/2026:08:07:24 -0500] "GET /ctg/search/similarImageSearchResultView/?ctgItemCd=5793454230 HTTP/1.1" 404 1251 "https://blog.newkolkata.in/ite/54230ccoytid.html" "Mozilla/5.0 AppleWebKit/537.36 (KHTML, like Gecko; compatible; GPTBot/1.3; +https://openai.com/gptbot)"
74.7.227.180 - - [06/Feb/2026:08:07:28 -0500] "GET /ctg/search/similarImageSearchResultView/?ctgItemCd=9748494006 HTTP/1.1" 404 1251 "https://blog.newkolkata.in/get/94006mvrvitems" "Mozilla/5.0 AppleWebKit/537.36 (KHTML, like Gecko; compatible; GPTBot/1.3; +https://openai.com/gptbot)"
185.191.171.7 - - [06/Feb/2026:08:07:30 -0500] "GET /getidm3/194506jahtitems HTTP/1.1" 404 1251 "-" "Mozilla/5.0 (compatible; SemrushBot/7~bl; +http://www.semrush.com/bot.html)"
52.167.144.208 - - [06/Feb/2026:08:07:31 -0500] "GET /get/207679kairitems HTTP/1.1" 404 1251 "-" "Mozilla/5.0 AppleWebKit/537.36 (KHTML, like Gecko; compatible; bingbot/2.0; +http://www.bing.com/bingbot.htm) Chrome/116.0.1938.76 Safari/537.36"
74.7.227.180 - - [06/Feb/2026:08:07:31 -0500] "GET /ctg/search/similarImageSearchResultView/?ctgItemCd=8162077430 HTTP/1.1" 404 1251 "https://blog.newkolkata.in/getidm9/77430kairitems.htm" "Mozilla/5.0 AppleWebKit/537.36 (KHTML, like Gecko; compatible; GPTBot/1.3; +https://openai.com/gptbot)"
85.208.96.195 - - [06/Feb/2026:08:07:32 -0500] "GET /geti/97524tjvfitems.htm HTTP/1.1" 404 1251 "-" "Mozilla/5.0 (compatible; SemrushBot/7~bl; +http://www.semrush.com/bot.html)"
74.7.227.180 - - [06/Feb/2026:08:07:34 -0500] "GET /ctg/search/similarImageSearchResultView/?ctgItemCd=8003176558 HTTP/1.1" 404 1251 "https://blog.newkolkata.in/get/76558tjvfitems" "Mozilla/5.0 AppleWebKit/537.36 (KHTML, like Gecko; compatible; GPTBot/1.3; +https://openai.com/gptbot)"
185.191.171.14 - - [06/Feb/2026:08:07:34 -0500] "GET /geti/5815ulgpitems HTTP/1.1" 404 1251 "-" "Mozilla/5.0 (compatible; SemrushBot/7~bl; +http://www.semrush.com/bot.html)"
74.7.227.180 - - [06/Feb/2026:08:07:37 -0500] "GET /ctg/search/similarImageSearchResultView/?ctgItemCd=2599822016 HTTP/1.1" 404 1251 "https://blog.newkolkata.in/item/22016ulgptidm5.html" "Mozilla/5.0 AppleWebKit/537.36 (KHTML, like Gecko; compatible; GPTBot/1.3; +https://openai.com/gptbot)"
74.7.227.180 - - [06/Feb/2026:08:07:40 -0500] "GET /ctg/search/similarImageSearchResultView/?ctgItemCd=7007665793 HTTP/1.1" 404 1251 "https://blog.newkolkata.in/getidm36/65793mvrvitems.htm" "Mozilla/5.0 AppleWebKit/537.36 (KHTML, like Gecko; compatible; GPTBot/1.3; +https://openai.com/gptbot)"
74.7.227.180 - - [06/Feb/2026:08:07:43 -0500] "GET /ctg/search/similarImageSearchResultView/?ctgItemCd=7440370185 HTTP/1.1" 404 1251 "https://blog.newkolkata.in/getidm9/70185pcywitems.htm" "Mozilla/5.0 AppleWebKit/537.36 (KHTML, like Gecko; compatible; GPTBot/1.3; +https://openai.com/gptbot)"
85.208.96.202 - - [06/Feb/2026:08:07:45 -0500] "GET /getidm/242953tjvfitems HTTP/1.1" 404 1251 "-" "Mozilla/5.0 (compatible; SemrushBot/7~bl; +http://www.semrush.com/bot.html)"
74.7.227.180 - - [06/Feb/2026:08:07:46 -0500] "GET /ctg/search/similarImageSearchResultView/?ctgItemCd=3226828499 HTTP/1.1" 404 1251 "https://blog.newkolkata.in/getidm/28499kairitems" "Mozilla/5.0 AppleWebKit/537.36 (KHTML, like Gecko; compatible; GPTBot/1.3; +https://openai.com/gptbot)"
74.7.227.180 - - [06/Feb/2026:08:07:49 -0500] "GET /ctg/search/similarImageSearchResultView/?ctgItemCd=3796534414 HTTP/1.1" 404 1251 "https://blog.newkolkata.in/geti/34414ccoyitems" "Mozilla/5.0 AppleWebKit/537.36 (KHTML, like Gecko; compatible; GPTBot/1.3; +https://openai.com/gptbot)"
74.7.227.180 - - [06/Feb/2026:08:07:52 -0500] "GET /ctg/search/similarImageSearchResultView/?ctgItemCd=7139867720 HTTP/1.1" 404 1251 "https://blog.newkolkata.in/getid/67720pcywitems" "Mozilla/5.0 AppleWebKit/537.36 (KHTML, like Gecko; compatible; GPTBot/1.3; +https://openai.com/gptbot)"
74.7.227.180 - - [06/Feb/2026:08:07:55 -0500] "GET /ctg/search/similarImageSearchResultView/?ctgItemCd=5265048851 HTTP/1.1" 404 1251 "https://blog.newkolkata.in/getidm/48851mvrvitems" "Mozilla/5.0 AppleWebKit/537.36 (KHTML, like Gecko; compatible; GPTBot/1.3; +https://openai.com/gptbot)"
74.7.227.180 - - [06/Feb/2026:08:07:58 -0500] "GET /ctg/search/similarImageSearchResultView/?ctgItemCd=5744253121 HTTP/1.1" 404 1251 "https://blog.newkolkata.in/getidm296/53121mvrvitems.htm" "Mozilla/5.0 AppleWebKit/537.36 (KHTML, like Gecko; compatible; GPTBot/1.3; +https://openai.com/gptbot)"
74.7.227.180 - - [06/Feb/2026:08:08:02 -0500] "GET /ctg/search/similarImageSearchResultView/?ctgItemCd=9320689033 HTTP/1.1" 404 1251 "https://blog.newkolkata.in/items/89033pcywtidm37.html" "Mozilla/5.0 AppleWebKit/537.36 (KHTML, like Gecko; compatible; GPTBot/1.3; +https://openai.com/gptbot)"
74.7.227.180 - - [06/Feb/2026:08:08:05 -0500] "GET /ctg/search/similarImageSearchResultView/?ctgItemCd=9679092836 HTTP/1.1" 404 1251 "https://blog.newkolkata.in/getidm737/92836pcywitems" "Mozilla/5.0 AppleWebKit/537.36 (KHTML, like Gecko; compatible; GPTBot/1.3; +https://openai.com/gptbot)"
74.7.227.180 - - [06/Feb/2026:08:08:08 -0500] "GET /ctg/search/similarImageSearchResultView/?ctgItemCd=3801334471 HTTP/1.1" 404 1251 "https://blog.newkolkata.in/geti/34471cejpitems" "Mozilla/5.0 AppleWebKit/537.36 (KHTML, like Gecko; compatible; GPTBot/1.3; +https://openai.com/gptbot)"
52.167.144.208 - - [06/Feb/2026:08:08:11 -0500] "GET /items/268541pcywtidm.html HTTP/1.1" 404 1251 "-" "Mozilla/5.0 AppleWebKit/537.36 (KHTML, like Gecko; compatible; bingbot/2.0; +http://www.bing.com/bingbot.htm) Chrome/116.0.1938.76 Safari/537.36"
74.7.227.180 - - [06/Feb/2026:08:08:11 -0500] "GET /ctg/search/similarImageSearchResultView/?ctgItemCd=4309039151 HTTP/1.1" 404 1251 "https://blog.newkolkata.in/item/39151tjvftidm.html" "Mozilla/5.0 AppleWebKit/537.36 (KHTML, like Gecko; compatible; GPTBot/1.3; +https://openai.com/gptbot)"
74.7.227.180 - - [06/Feb/2026:08:08:14 -0500] "GET /ctg/search/similarImageSearchResultView/?ctgItemCd=6752363695 HTTP/1.1" 404 1251 "https://blog.newkolkata.in/ite/63695ccoytidm.html" "Mozilla/5.0 AppleWebKit/537.36 (KHTML, like Gecko; compatible; GPTBot/1.3; +https://openai.com/gptbot)"
85.208.96.209 - - [06/Feb/2026:08:08:15 -0500] "GET /getidm/234505tjvfitems HTTP/1.1" 404 1251 "-" "Mozilla/5.0 (compatible; SemrushBot/7~bl; +http://www.semrush.com/bot.html)"
74.7.227.180 - - [06/Feb/2026:08:08:18 -0500] "GET /ctg/search/similarImageSearchResultView/?ctgItemCd=3419330155 HTTP/1.1" 404 1251 "https://blog.newkolkata.in/ite/30155ulgptidm4766.html" "Mozilla/5.0 AppleWebKit/537.36 (KHTML, like Gecko; compatible; GPTBot/1.3; +https://openai.com/gptbot)"
74.7.227.180 - - [06/Feb/2026:08:08:21 -0500] "GET /ctg/search/similarImageSearchResultView/?ctgItemCd=4084736940 HTTP/1.1" 404 1251 "https://blog.newkolkata.in/getidm400/36940jahtitems" "Mozilla/5.0 AppleWebKit/537.36 (KHTML, like Gecko; compatible; GPTBot/1.3; +https://openai.com/gptbot)"
74.7.227.180 - - [06/Feb/2026:08:08:24 -0500] "GET /ctg/search/similarImageSearchResultView/?ctgItemCd=6291258643 HTTP/1.1" 404 1251 "https://blog.newkolkata.in/items/58643tjvftidm9223.html" "Mozilla/5.0 AppleWebKit/537.36 (KHTML, like Gecko; compatible; GPTBot/1.3; +https://openai.com/gptbot)"
74.7.227.180 - - [06/Feb/2026:08:08:27 -0500] "GET /ctg/search/similarImageSearchResultView/?ctgItemCd=7259768189 HTTP/1.1" 404 1251 "https://blog.newkolkata.in/items/68189zslytidm638237.html" "Mozilla/5.0 AppleWebKit/537.36 (KHTML, like Gecko; compatible; GPTBot/1.3; +https://openai.com/gptbot)"
74.7.227.180 - - [06/Feb/2026:08:08:30 -0500] "GET /ctg/search/similarImageSearchResultView/?ctgItemCd=6978466142 HTTP/1.1" 404 1251 "https://blog.newkolkata.in/getid/66142cejpitems" "Mozilla/5.0 AppleWebKit/537.36 (KHTML, like Gecko; compatible; GPTBot/1.3; +https://openai.com/gptbot)"
74.7.227.180 - - [06/Feb/2026:08:08:33 -0500] "GET /ctg/search/similarImageSearchResultView/?ctgItemCd=4893145042 HTTP/1.1" 404 1251 "https://blog.newkolkata.in/ite/45042pcywtidm6.html" "Mozilla/5.0 AppleWebKit/537.36 (KHTML, like Gecko; compatible; GPTBot/1.3; +https://openai.com/gptbot)"
74.7.227.180 - - [06/Feb/2026:08:08:36 -0500] "GET /ctg/search/similarImageSearchResultView/?ctgItemCd=4943645306 HTTP/1.1" 404 1251 "https://blog.newkolkata.in/getidm/45306jahtitems.htm" "Mozilla/5.0 AppleWebKit/537.36 (KHTML, like Gecko; compatible; GPTBot/1.3; +https://openai.com/gptbot)"
85.208.96.211 - - [06/Feb/2026:08:08:38 -0500] "GET /getidm/189786tjvfitems.htm HTTP/1.1" 404 1251 "-" "Mozilla/5.0 (compatible; SemrushBot/7~bl; +http://www.semrush.com/bot.html)"
74.7.227.180 - - [06/Feb/2026:08:08:40 -0500] "GET /ctg/search/similarImageSearchResultView/?ctgItemCd=8175577624 HTTP/1.1" 404 1251 "https://blog.newkolkata.in/items/77624mvrvtidm5.html" "Mozilla/5.0 AppleWebKit/537.36 (KHTML, like Gecko; compatible; GPTBot/1.3; +https://openai.com/gptbot)"
74.7.227.180 - - [06/Feb/2026:08:08:43 -0500] "GET /ctg/search/similarImageSearchResultView/?ctgItemCd=7291169081 HTTP/1.1" 404 1251 "https://blog.newkolkata.in/get/69081sejmitems.htm" "Mozilla/5.0 AppleWebKit/537.36 (KHTML, like Gecko; compatible; GPTBot/1.3; +https://openai.com/gptbot)"
74.7.227.180 - - [06/Feb/2026:08:08:46 -0500] "GET /ctg/search/similarImageSearchResultView/?ctgItemCd=8422480061 HTTP/1.1" 404 1251 "https://blog.newkolkata.in/getidm/80061mvrvitems.htm" "Mozilla/5.0 AppleWebKit/537.36 (KHTML, like Gecko; compatible; GPTBot/1.3; +https://openai.com/gptbot)"
74.7.227.180 - - [06/Feb/2026:08:08:49 -0500] "GET /ctg/search/similarImageSearchResultView/?ctgItemCd=7387769543 HTTP/1.1" 404 1251 "https://blog.newkolkata.in/getidm887/69543pcywitems.htm" "Mozilla/5.0 AppleWebKit/537.36 (KHTML, like Gecko; compatible; GPTBot/1.3; +https://openai.com/gptbot)"
74.7.227.180 - - [06/Feb/2026:08:08:52 -0500] "GET /ctg/search/similarImageSearchResultView/?ctgItemCd=2956525448 HTTP/1.1" 404 1251 "https://blog.newkolkata.in/items/25448pcywtidm2.html" "Mozilla/5.0 AppleWebKit/537.36 (KHTML, like Gecko; compatible; GPTBot/1.3; +https://openai.com/gptbot)"
74.7.227.180 - - [06/Feb/2026:08:08:56 -0500] "GET /ctg/search/similarImageSearchResultView/?ctgItemCd=4302938819 HTTP/1.1" 404 1251 "https://blog.newkolkata.in/getidm4/38819ulgpitems.htm" "Mozilla/5.0 AppleWebKit/537.36 (KHTML, like Gecko; compatible; GPTBot/1.3; +https://openai.com/gptbot)"
74.7.227.180 - - [06/Feb/2026:08:08:59 -0500] "GET /ctg/search/similarImageSearchResultView/?ctgItemCd=8997285685 HTTP/1.1" 404 1251 "https://blog.newkolkata.in/getidm65/85685mvrvitems.htm" "Mozilla/5.0 AppleWebKit/537.36 (KHTML, like Gecko; compatible; GPTBot/1.3; +https://openai.com/gptbot)"
74.7.227.180 - - [06/Feb/2026:08:09:02 -0500] "GET /ctg/search/similarImageSearchResultView/?ctgItemCd=3067026346 HTTP/1.1" 404 1251 "https://blog.newkolkata.in/getidm623/26346mvrvitems.htm" "Mozilla/5.0 AppleWebKit/537.36 (KHTML, like Gecko; compatible; GPTBot/1.3; +https://openai.com/gptbot)"
74.7.227.180 - - [06/Feb/2026:08:09:05 -0500] "GET /ctg/search/similarImageSearchResultView/?ctgItemCd=5738853466 HTTP/1.1" 404 1251 "https://blog.newkolkata.in/geti/53466cejpitems.htm" "Mozilla/5.0 AppleWebKit/537.36 (KHTML, like Gecko; compatible; GPTBot/1.3; +https://openai.com/gptbot)"
74.7.227.180 - - [06/Feb/2026:08:09:08 -0500] "GET /ctg/search/similarImageSearchResultView/?ctgItemCd=3014926009 HTTP/1.1" 404 1251 "https://blog.newkolkata.in/items/26009jahttidm74.html" "Mozilla/5.0 AppleWebKit/537.36 (KHTML, like Gecko; compatible; GPTBot/1.3; +https://openai.com/gptbot)"
74.7.227.180 - - [06/Feb/2026:08:09:11 -0500] "GET /ctg/search/similarImageSearchResultView/?ctgItemCd=5874054632 HTTP/1.1" 404 1251 "https://blog.newkolkata.in/items/54632ulgptidm7.html" "Mozilla/5.0 AppleWebKit/537.36 (KHTML, like Gecko; compatible; GPTBot/1.3; +https://openai.com/gptbot)"
185.191.171.3 - - [06/Feb/2026:08:09:11 -0500] "GET /robots.txt HTTP/1.1" 200 281 "-" "Mozilla/5.0 (compatible; SemrushBot/7~bl; +http://www.semrush.com/bot.html)"
85.208.96.194 - - [06/Feb/2026:08:09:12 -0500] "GET /getidm/216981kairitems.htm HTTP/1.1" 404 1251 "-" "Mozilla/5.0 (compatible; SemrushBot/7~bl; +http://www.semrush.com/bot.html)"
85.208.96.211 - - [06/Feb/2026:08:09:13 -0500] "GET /geti/119599ulgpitems HTTP/1.1" 404 1251 "-" "Mozilla/5.0 (compatible; SemrushBot/7~bl; +http://www.semrush.com/bot.html)"
74.7.227.180 - - [06/Feb/2026:08:09:14 -0500] "GET /ctg/search/similarImageSearchResultView/?ctgItemCd=1853114267 HTTP/1.1" 404 1251 "https://blog.newkolkata.in/items/14267ulgptidm4375.html" "Mozilla/5.0 AppleWebKit/537.36 (KHTML, like Gecko; compatible; GPTBot/1.3; +https://openai.com/gptbot)"
85.208.96.206 - - [06/Feb/2026:08:09:17 -0500] "GET /getidm4/119842tjvfitems HTTP/1.1" 404 1251 "-" "Mozilla/5.0 (compatible; SemrushBot/7~bl; +http://www.semrush.com/bot.html)"
74.7.227.180 - - [06/Feb/2026:08:09:17 -0500] "GET /ctg/search/similarImageSearchResultView/?ctgItemCd=8564181512 HTTP/1.1" 404 1251 "https://blog.newkolkata.in/items/81512zslytidm5.html" "Mozilla/5.0 AppleWebKit/537.36 (KHTML, like Gecko; compatible; GPTBot/1.3; +https://openai.com/gptbot)"
74.7.227.180 - - [06/Feb/2026:08:09:21 -0500] "GET /ctg/search/similarImageSearchResultView/?ctgItemCd=7762973758 HTTP/1.1" 404 1251 "https://blog.newkolkata.in/get/73758zslyitems.htm" "Mozilla/5.0 AppleWebKit/537.36 (KHTML, like Gecko; compatible; GPTBot/1.3; +https://openai.com/gptbot)"
74.7.227.180 - - [06/Feb/2026:08:09:24 -0500] "GET /ctg/search/similarImageSearchResultView/?ctgItemCd=8380779664 HTTP/1.1" 404 1251 "https://blog.newkolkata.in/items/79664zslytidm4.html" "Mozilla/5.0 AppleWebKit/537.36 (KHTML, like Gecko; compatible; GPTBot/1.3; +https://openai.com/gptbot)"
74.7.227.180 - - [06/Feb/2026:08:09:27 -0500] "GET /ctg/search/similarImageSearchResultView/?ctgItemCd=7515571048 HTTP/1.1" 404 1251 "https://blog.newkolkata.in/items/71048tjvftidm4.html" "Mozilla/5.0 AppleWebKit/537.36 (KHTML, like Gecko; compatible; GPTBot/1.3; +https://openai.com/gptbot)"
74.7.227.180 - - [06/Feb/2026:08:09:30 -0500] "GET /ctg/search/similarImageSearchResultView/?ctgItemCd=2062416855 HTTP/1.1" 404 1251 "https://blog.newkolkata.in/getidm/16855ccoyitems" "Mozilla/5.0 AppleWebKit/537.36 (KHTML, like Gecko; compatible; GPTBot/1.3; +https://openai.com/gptbot)"
85.208.96.209 - - [06/Feb/2026:08:09:31 -0500] "GET /ite/164390sejmtid.html HTTP/1.1" 404 1251 "-" "Mozilla/5.0 (compatible; SemrushBot/7~bl; +http://www.semrush.com/bot.html)"
74.7.227.180 - - [06/Feb/2026:08:09:33 -0500] "GET /ctg/search/similarImageSearchResultView/?ctgItemCd=3251828790 HTTP/1.1" 404 1251 "https://blog.newkolkata.in/ite/28790tjvftid.html" "Mozilla/5.0 AppleWebKit/537.36 (KHTML, like Gecko; compatible; GPTBot/1.3; +https://openai.com/gptbot)"
74.7.227.180 - - [06/Feb/2026:08:09:36 -0500] "GET /ctg/search/similarImageSearchResultView/?ctgItemCd=5641752520 HTTP/1.1" 404 1251 "https://blog.newkolkata.in/ite/52520mvrvtidm7.html" "Mozilla/5.0 AppleWebKit/537.36 (KHTML, like Gecko; compatible; GPTBot/1.3; +https://openai.com/gptbot)"
74.7.227.180 - - [06/Feb/2026:08:09:40 -0500] "GET /ctg/search/similarImageSearchResultView/?ctgItemCd=9397890328 HTTP/1.1" 404 1251 "https://blog.newkolkata.in/getid/90328kairitems" "Mozilla/5.0 AppleWebKit/537.36 (KHTML, like Gecko; compatible; GPTBot/1.3; +https://openai.com/gptbot)"
74.7.227.180 - - [06/Feb/2026:08:09:43 -0500] "GET /ctg/search/similarImageSearchResultView/?ctgItemCd=8657082635 HTTP/1.1" 404 1251 "https://blog.newkolkata.in/geti/82635sejmitems.htm" "Mozilla/5.0 AppleWebKit/537.36 (KHTML, like Gecko; compatible; GPTBot/1.3; +https://openai.com/gptbot)"
74.7.227.180 - - [06/Feb/2026:08:09:46 -0500] "GET /ctg/search/similarImageSearchResultView/?ctgItemCd=5914255369 HTTP/1.1" 404 1251 "https://blog.newkolkata.in/getidm/55369sejmitems" "Mozilla/5.0 AppleWebKit/537.36 (KHTML, like Gecko; compatible; GPTBot/1.3; +https://openai.com/gptbot)"
74.7.227.180 - - [06/Feb/2026:08:09:49 -0500] "GET /ctg/search/similarImageSearchResultView/?ctgItemCd=7807274140 HTTP/1.1" 404 1251 "https://blog.newkolkata.in/getidm304/74140pcywitems" "Mozilla/5.0 AppleWebKit/537.36 (KHTML, like Gecko; compatible; GPTBot/1.3; +https://openai.com/gptbot)"
74.7.227.180 - - [06/Feb/2026:08:09:52 -0500] "GET /ctg/search/similarImageSearchResultView/?ctgItemCd=7908675158 HTTP/1.1" 404 1251 "https://blog.newkolkata.in/items/75158cejptid.html" "Mozilla/5.0 AppleWebKit/537.36 (KHTML, like Gecko; compatible; GPTBot/1.3; +https://openai.com/gptbot)"
74.7.227.180 - - [06/Feb/2026:08:09:55 -0500] "GET /ctg/search/similarImageSearchResultView/?ctgItemCd=2767623460 HTTP/1.1" 404 1251 "https://blog.newkolkata.in/getidm5/23460mvrvitems.htm" "Mozilla/5.0 AppleWebKit/537.36 (KHTML, like Gecko; compatible; GPTBot/1.3; +https://openai.com/gptbot)"
74.7.227.180 - - [06/Feb/2026:08:09:58 -0500] "GET /ctg/search/similarImageSearchResultView/?ctgItemCd=8745583800 HTTP/1.1" 404 1251 "https://blog.newkolkata.in/getid/83800sejmitems" "Mozilla/5.0 AppleWebKit/537.36 (KHTML, like Gecko; compatible; GPTBot/1.3; +https://openai.com/gptbot)"
74.7.227.180 - - [06/Feb/2026:08:10:02 -0500] "GET /ctg/search/similarImageSearchResultView/?ctgItemCd=9511291054 HTTP/1.1" 404 1251 "https://blog.newkolkata.in/getid/91054mvrvitems.htm" "Mozilla/5.0 AppleWebKit/537.36 (KHTML, like Gecko; compatible; GPTBot/1.3; +https://openai.com/gptbot)"
74.7.227.180 - - [06/Feb/2026:08:10:05 -0500] "GET /ctg/search/similarImageSearchResultView/?ctgItemCd=2580021713 HTTP/1.1" 404 1251 "https://blog.newkolkata.in/items/21713jahttidm9.html" "Mozilla/5.0 AppleWebKit/537.36 (KHTML, like Gecko; compatible; GPTBot/1.3; +https://openai.com/gptbot)"
74.7.227.180 - - [06/Feb/2026:08:10:08 -0500] "GET /ctg/search/similarImageSearchResultView/?ctgItemCd=8612182130 HTTP/1.1" 404 1251 "https://blog.newkolkata.in/ite/82130tjvftidm697.html" "Mozilla/5.0 AppleWebKit/537.36 (KHTML, like Gecko; compatible; GPTBot/1.3; +https://openai.com/gptbot)"
74.7.227.180 - - [06/Feb/2026:08:10:11 -0500] "GET /ctg/search/similarImageSearchResultView/?ctgItemCd=2509021158 HTTP/1.1" 404 1251 "https://blog.newkolkata.in/items/21158sejmtid.html" "Mozilla/5.0 AppleWebKit/537.36 (KHTML, like Gecko; compatible; GPTBot/1.3; +https://openai.com/gptbot)"
185.191.171.9 - - [06/Feb/2026:08:10:13 -0500] "GET /getidm/188883sejmitems.htm HTTP/1.1" 404 1251 "-" "Mozilla/5.0 (compatible; SemrushBot/7~bl; +http://www.semrush.com/bot.html)"
74.7.227.180 - - [06/Feb/2026:08:10:14 -0500] "GET /ctg/search/similarImageSearchResultView/?ctgItemCd=2877325183 HTTP/1.1" 404 1251 "https://blog.newkolkata.in/geti/25183zslyitems" "Mozilla/5.0 AppleWebKit/537.36 (KHTML, like Gecko; compatible; GPTBot/1.3; +https://openai.com/gptbot)"
85.208.96.208 - - [06/Feb/2026:08:10:17 -0500] "GET /get/69117jahtitems.htm HTTP/1.1" 404 1251 "-" "Mozilla/5.0 (compatible; SemrushBot/7~bl; +http://www.semrush.com/bot.html)"
74.7.227.180 - - [06/Feb/2026:08:10:17 -0500] "GET /ctg/search/similarImageSearchResultView/?ctgItemCd=2152417355 HTTP/1.1" 404 1251 "https://blog.newkolkata.in/getidm/17355mvrvitems.htm" "Mozilla/5.0 AppleWebKit/537.36 (KHTML, like Gecko; compatible; GPTBot/1.3; +https://openai.com/gptbot)"
74.7.227.180 - - [06/Feb/2026:08:10:20 -0500] "GET /ctg/search/similarImageSearchResultView/?ctgItemCd=7525271318 HTTP/1.1" 404 1251 "https://blog.newkolkata.in/items/71318ccoytid.html" "Mozilla/5.0 AppleWebKit/537.36 (KHTML, like Gecko; compatible; GPTBot/1.3; +https://openai.com/gptbot)"
85.208.96.202 - - [06/Feb/2026:08:10:21 -0500] "GET /getidm8/45538jahtitems HTTP/1.1" 404 1251 "-" "Mozilla/5.0 (compatible; SemrushBot/7~bl; +http://www.semrush.com/bot.html)"
185.191.171.4 - - [06/Feb/2026:08:10:23 -0500] "GET /getid/220384jahtitems HTTP/1.1" 404 1251 "-" "Mozilla/5.0 (compatible; SemrushBot/7~bl; +http://www.semrush.com/bot.html)"
74.7.227.180 - - [06/Feb/2026:08:10:23 -0500] "GET /ctg/search/similarImageSearchResultView/?ctgItemCd=6345259563 HTTP/1.1" 404 1251 "https://blog.newkolkata.in/getidm54/59563tjvfitems" "Mozilla/5.0 AppleWebKit/537.36 (KHTML, like Gecko; compatible; GPTBot/1.3; +https://openai.com/gptbot)"
74.7.227.180 - - [06/Feb/2026:08:10:26 -0500] "GET /ctg/search/similarImageSearchResultView/?ctgItemCd=5017646218 HTTP/1.1" 404 1251 "https://blog.newkolkata.in/getidm652/46218zslyitems" "Mozilla/5.0 AppleWebKit/537.36 (KHTML, like Gecko; compatible; GPTBot/1.3; +https://openai.com/gptbot)"
74.7.227.180 - - [06/Feb/2026:08:10:29 -0500] "GET /ctg/search/similarImageSearchResultView/?ctgItemCd=6197458022 HTTP/1.1" 404 1251 "https://blog.newkolkata.in/items/58022pcywtid.html" "Mozilla/5.0 AppleWebKit/537.36 (KHTML, like Gecko; compatible; GPTBot/1.3; +https://openai.com/gptbot)"
74.7.227.180 - - [06/Feb/2026:08:10:33 -0500] "GET /ctg/search/similarImageSearchResultView/?ctgItemCd=6849965062 HTTP/1.1" 404 1251 "https://blog.newkolkata.in/get/65062cejpitems" "Mozilla/5.0 AppleWebKit/537.36 (KHTML, like Gecko; compatible; GPTBot/1.3; +https://openai.com/gptbot)"
185.191.171.3 - - [06/Feb/2026:08:10:34 -0500] "GET /geti/226327zslyitems HTTP/1.1" 404 1251 "-" "Mozilla/5.0 (compatible; SemrushBot/7~bl; +http://www.semrush.com/bot.html)"
74.7.227.180 - - [06/Feb/2026:08:10:36 -0500] "GET /ctg/search/similarImageSearchResultView/?ctgItemCd=8743283312 HTTP/1.1" 404 1251 "https://blog.newkolkata.in/items/83312mvrvtidm3.html" "Mozilla/5.0 AppleWebKit/537.36 (KHTML, like Gecko; compatible; GPTBot/1.3; +https://openai.com/gptbot)"
85.208.96.208 - - [06/Feb/2026:08:10:38 -0500] "GET /getid/185536pcywitems HTTP/1.1" 404 1251 "-" "Mozilla/5.0 (compatible; SemrushBot/7~bl; +http://www.semrush.com/bot.html)"
74.7.227.180 - - [06/Feb/2026:08:10:39 -0500] "GET /ctg/search/similarImageSearchResultView/?ctgItemCd=8618782100 HTTP/1.1" 404 1251 "https://blog.newkolkata.in/ite/82100tjvftidm43765.html" "Mozilla/5.0 AppleWebKit/537.36 (KHTML, like Gecko; compatible; GPTBot/1.3; +https://openai.com/gptbot)"
85.208.96.208 - - [06/Feb/2026:08:10:41 -0500] "GET /getidm15/26251ulgpitems HTTP/1.1" 404 1251 "-" "Mozilla/5.0 (compatible; SemrushBot/7~bl; +http://www.semrush.com/bot.html)"
74.7.227.180 - - [06/Feb/2026:08:10:42 -0500] "GET /ctg/search/similarImageSearchResultView/?ctgItemCd=8101976714 HTTP/1.1" 404 1251 "https://blog.newkolkata.in/items/76714jahttidm75039.html" "Mozilla/5.0 AppleWebKit/537.36 (KHTML, like Gecko; compatible; GPTBot/1.3; +https://openai.com/gptbot)"
74.7.227.180 - - [06/Feb/2026:08:10:45 -0500] "GET /ctg/search/similarImageSearchResultView/?ctgItemCd=5880954829 HTTP/1.1" 404 1251 "https://blog.newkolkata.in/getidm4892/54829jahtitems" "Mozilla/5.0 AppleWebKit/537.36 (KHTML, like Gecko; compatible; GPTBot/1.3; +https://openai.com/gptbot)"
74.7.227.180 - - [06/Feb/2026:08:10:48 -0500] "GET /ctg/search/similarImageSearchResultView/?ctgItemCd=8464780316 HTTP/1.1" 404 1251 "https://blog.newkolkata.in/getidm176/80316zslyitems.htm" "Mozilla/5.0 AppleWebKit/537.36 (KHTML, like Gecko; compatible; GPTBot/1.3; +https://openai.com/gptbot)"
74.7.227.180 - - [06/Feb/2026:08:10:52 -0500] "GET /ctg/search/similarImageSearchResultView/?ctgItemCd=3004726013 HTTP/1.1" 404 1251 "https://blog.newkolkata.in/getid/26013tjvfitems.htm" "Mozilla/5.0 AppleWebKit/537.36 (KHTML, like Gecko; compatible; GPTBot/1.3; +https://openai.com/gptbot)"
74.7.227.180 - - [06/Feb/2026:08:10:55 -0500] "GET /ctg/search/similarImageSearchResultView/?ctgItemCd=6072956583 HTTP/1.1" 404 1251 "https://blog.newkolkata.in/getidm/56583ccoyitems.htm" "Mozilla/5.0 AppleWebKit/537.36 (KHTML, like Gecko; compatible; GPTBot/1.3; +https://openai.com/gptbot)"
185.191.171.4 - - [06/Feb/2026:08:10:56 -0500] "GET /get/76572pcywitems.htm HTTP/1.1" 404 1251 "-" "Mozilla/5.0 (compatible; SemrushBot/7~bl; +http://www.semrush.com/bot.html)"
74.7.227.180 - - [06/Feb/2026:08:10:58 -0500] "GET /ctg/search/similarImageSearchResultView/?ctgItemCd=5229348602 HTTP/1.1" 404 1251 "https://blog.newkolkata.in/getid/48602zslyitems" "Mozilla/5.0 AppleWebKit/537.36 (KHTML, like Gecko; compatible; GPTBot/1.3; +https://openai.com/gptbot)"
85.208.96.206 - - [06/Feb/2026:08:11:00 -0500] "GET /ite/30935zslytidm.html HTTP/1.1" 404 1251 "-" "Mozilla/5.0 (compatible; SemrushBot/7~bl; +http://www.semrush.com/bot.html)"
74.7.227.180 - - [06/Feb/2026:08:11:01 -0500] "GET /ctg/search/similarImageSearchResultView/?ctgItemCd=6861064571 HTTP/1.1" 404 1251 "https://blog.newkolkata.in/items/64571kairtidm.html" "Mozilla/5.0 AppleWebKit/537.36 (KHTML, like Gecko; compatible; GPTBot/1.3; +https://openai.com/gptbot)"
74.7.227.180 - - [06/Feb/2026:08:11:04 -0500] "GET /ctg/search/similarImageSearchResultView/?ctgItemCd=6065156334 HTTP/1.1" 404 1251 "https://blog.newkolkata.in/getidm426/56334pcywitems.htm" "Mozilla/5.0 AppleWebKit/537.36 (KHTML, like Gecko; compatible; GPTBot/1.3; +https://openai.com/gptbot)"
185.191.171.11 - - [06/Feb/2026:08:11:07 -0500] "GET /get/262534pcywitems HTTP/1.1" 404 1251 "-" "Mozilla/5.0 (compatible; SemrushBot/7~bl; +http://www.semrush.com/bot.html)"
74.7.227.180 - - [06/Feb/2026:08:11:08 -0500] "GET /ctg/search/similarImageSearchResultView/?ctgItemCd=3821834085 HTTP/1.1" 404 1251 "https://blog.newkolkata.in/ite/34085cejptidm426899.html" "Mozilla/5.0 AppleWebKit/537.36 (KHTML, like Gecko; compatible; GPTBot/1.3; +https://openai.com/gptbot)"
74.7.227.180 - - [06/Feb/2026:08:11:11 -0500] "GET /ctg/search/similarImageSearchResultView/?ctgItemCd=7309469042 HTTP/1.1" 404 1251 "https://blog.newkolkata.in/getid/69042pcywitems.htm" "Mozilla/5.0 AppleWebKit/537.36 (KHTML, like Gecko; compatible; GPTBot/1.3; +https://openai.com/gptbot)"
85.208.96.205 - - [06/Feb/2026:08:11:13 -0500] "GET /getid/83112tjvfitems.htm HTTP/1.1" 404 1251 "-" "Mozilla/5.0 (compatible; SemrushBot/7~bl; +http://www.semrush.com/bot.html)"
74.7.227.180 - - [06/Feb/2026:08:11:14 -0500] "GET /ctg/search/similarImageSearchResultView/?ctgItemCd=2472420663 HTTP/1.1" 404 1251 "https://blog.newkolkata.in/items/20663pcywtidm.html" "Mozilla/5.0 AppleWebKit/537.36 (KHTML, like Gecko; compatible; GPTBot/1.3; +https://openai.com/gptbot)"
74.7.227.180 - - [06/Feb/2026:08:11:17 -0500] "GET /ctg/search/similarImageSearchResultView/?ctgItemCd=2164017416 HTTP/1.1" 404 1251 "https://blog.newkolkata.in/getidm9/17416mvrvitems.htm" "Mozilla/5.0 AppleWebKit/537.36 (KHTML, like Gecko; compatible; GPTBot/1.3; +https://openai.com/gptbot)"
74.7.227.180 - - [06/Feb/2026:08:11:20 -0500] "GET /ctg/search/similarImageSearchResultView/?ctgItemCd=4788143935 HTTP/1.1" 404 1251 "https://blog.newkolkata.in/getidm670/43935pcywitems" "Mozilla/5.0 AppleWebKit/537.36 (KHTML, like Gecko; compatible; GPTBot/1.3; +https://openai.com/gptbot)"
74.7.227.180 - - [06/Feb/2026:08:11:24 -0500] "GET /ctg/search/similarImageSearchResultView/?ctgItemCd=9027485965 HTTP/1.1" 404 1251 "https://blog.newkolkata.in/getidm992/85965kairitems.htm" "Mozilla/5.0 AppleWebKit/537.36 (KHTML, like Gecko; compatible; GPTBot/1.3; +https://openai.com/gptbot)"
74.7.227.180 - - [06/Feb/2026:08:11:27 -0500] "GET /ctg/search/similarImageSearchResultView/?ctgItemCd=6526861400 HTTP/1.1" 404 1251 "https://blog.newkolkata.in/ite/61400sejmtidm9.html" "Mozilla/5.0 AppleWebKit/537.36 (KHTML, like Gecko; compatible; GPTBot/1.3; +https://openai.com/gptbot)"
74.7.227.180 - - [06/Feb/2026:08:11:30 -0500] "GET /ctg/search/similarImageSearchResultView/?ctgItemCd=2042116361 HTTP/1.1" 404 1251 "https://blog.newkolkata.in/item/16361zslytidm30.html" "Mozilla/5.0 AppleWebKit/537.36 (KHTML, like Gecko; compatible; GPTBot/1.3; +https://openai.com/gptbot)"
85.208.96.209 - - [06/Feb/2026:08:11:31 -0500] "GET /getidm30/20707cejpitems HTTP/1.1" 404 1251 "-" "Mozilla/5.0 (compatible; SemrushBot/7~bl; +http://www.semrush.com/bot.html)"
74.7.227.180 - - [06/Feb/2026:08:11:33 -0500] "GET /ctg/search/similarImageSearchResultView/?ctgItemCd=8028376614 HTTP/1.1" 404 1251 "https://blog.newkolkata.in/getid/76614ulgpitems" "Mozilla/5.0 AppleWebKit/537.36 (KHTML, like Gecko; compatible; GPTBot/1.3; +https://openai.com/gptbot)"
85.208.96.208 - - [06/Feb/2026:08:11:34 -0500] "GET /get/173214cejpitems.htm HTTP/1.1" 404 1251 "-" "Mozilla/5.0 (compatible; SemrushBot/7~bl; +http://www.semrush.com/bot.html)"
74.7.227.180 - - [06/Feb/2026:08:11:36 -0500] "GET /ctg/search/similarImageSearchResultView/?ctgItemCd=5337049720 HTTP/1.1" 404 1251 "https://blog.newkolkata.in/getid/49720jahtitems" "Mozilla/5.0 AppleWebKit/537.36 (KHTML, like Gecko; compatible; GPTBot/1.3; +https://openai.com/gptbot)"
74.7.227.180 - - [06/Feb/2026:08:11:39 -0500] "GET /ctg/search/similarImageSearchResultView/?ctgItemCd=5377149930 HTTP/1.1" 404 1251 "https://blog.newkolkata.in/getidm3/49930pcywitems" "Mozilla/5.0 AppleWebKit/537.36 (KHTML, like Gecko; compatible; GPTBot/1.3; +https://openai.com/gptbot)"
74.7.227.180 - - [06/Feb/2026:08:11:42 -0500] "GET /ctg/search/similarImageSearchResultView/?ctgItemCd=1630612098 HTTP/1.1" 404 1251 "https://blog.newkolkata.in/items/12098tjvftidm117.html" "Mozilla/5.0 AppleWebKit/537.36 (KHTML, like Gecko; compatible; GPTBot/1.3; +https://openai.com/gptbot)"
74.7.227.180 - - [06/Feb/2026:08:11:45 -0500] "GET /ctg/search/similarImageSearchResultView/?ctgItemCd=8543881512 HTTP/1.1" 404 1251 "https://blog.newkolkata.in/item/81512sejmtidm.html" "Mozilla/5.0 AppleWebKit/537.36 (KHTML, like Gecko; compatible; GPTBot/1.3; +https://openai.com/gptbot)"
85.208.96.208 - - [06/Feb/2026:08:11:46 -0500] "GET /get/19536cejpitems.htm HTTP/1.1" 404 1251 "-" "Mozilla/5.0 (compatible; SemrushBot/7~bl; +http://www.semrush.com/bot.html)"
74.7.227.180 - - [06/Feb/2026:08:11:49 -0500] "GET /ctg/search/similarImageSearchResultView/?ctgItemCd=9294488667 HTTP/1.1" 404 1251 "https://blog.newkolkata.in/items/88667ulgptidm3545.html" "Mozilla/5.0 AppleWebKit/537.36 (KHTML, like Gecko; compatible; GPTBot/1.3; +https://openai.com/gptbot)"
74.7.227.180 - - [06/Feb/2026:08:11:52 -0500] "GET /ctg/search/similarImageSearchResultView/?ctgItemCd=5853454967 HTTP/1.1" 404 1251 "https://blog.newkolkata.in/geti/54967sejmitems" "Mozilla/5.0 AppleWebKit/537.36 (KHTML, like Gecko; compatible; GPTBot/1.3; +https://openai.com/gptbot)"
74.7.227.180 - - [06/Feb/2026:08:11:55 -0500] "GET /ctg/search/similarImageSearchResultView/?ctgItemCd=8150677441 HTTP/1.1" 404 1251 "https://blog.newkolkata.in/item/77441mvrvtidm36.html" "Mozilla/5.0 AppleWebKit/537.36 (KHTML, like Gecko; compatible; GPTBot/1.3; +https://openai.com/gptbot)"
74.7.227.180 - - [06/Feb/2026:08:11:58 -0500] "GET /ctg/search/similarImageSearchResultView/?ctgItemCd=9121187095 HTTP/1.1" 404 1251 "https://blog.newkolkata.in/items/87095ulgptidm6.html" "Mozilla/5.0 AppleWebKit/537.36 (KHTML, like Gecko; compatible; GPTBot/1.3; +https://openai.com/gptbot)"
74.7.227.180 - - [06/Feb/2026:08:12:01 -0500] "GET /ctg/search/similarImageSearchResultView/?ctgItemCd=3726032919 HTTP/1.1" 404 1251 "https://blog.newkolkata.in/getidm468/32919zslyitems.htm" "Mozilla/5.0 AppleWebKit/537.36 (KHTML, like Gecko; compatible; GPTBot/1.3; +https://openai.com/gptbot)"
74.7.227.180 - - [06/Feb/2026:08:12:04 -0500] "GET /ctg/search/similarImageSearchResultView/?ctgItemCd=2976125464 HTTP/1.1" 404 1251 "https://blog.newkolkata.in/getidm157/25464ccoyitems.htm" "Mozilla/5.0 AppleWebKit/537.36 (KHTML, like Gecko; compatible; GPTBot/1.3; +https://openai.com/gptbot)"
74.7.227.180 - - [06/Feb/2026:08:12:07 -0500] "GET /ctg/search/similarImageSearchResultView/?ctgItemCd=4070336889 HTTP/1.1" 404 1251 "https://blog.newkolkata.in/getidm/36889zslyitems" "Mozilla/5.0 AppleWebKit/537.36 (KHTML, like Gecko; compatible; GPTBot/1.3; +https://openai.com/gptbot)"
74.7.227.180 - - [06/Feb/2026:08:12:11 -0500] "GET /ctg/search/similarImageSearchResultView/?ctgItemCd=6278459215 HTTP/1.1" 404 1251 "https://blog.newkolkata.in/geti/59215tjvfitems" "Mozilla/5.0 AppleWebKit/537.36 (KHTML, like Gecko; compatible; GPTBot/1.3; +https://openai.com/gptbot)"
74.7.227.180 - - [06/Feb/2026:08:12:14 -0500] "GET /ctg/search/similarImageSearchResultView/?ctgItemCd=1972015419 HTTP/1.1" 404 1251 "https://blog.newkolkata.in/items/15419zslytidm6789.html" "Mozilla/5.0 AppleWebKit/537.36 (KHTML, like Gecko; compatible; GPTBot/1.3; +https://openai.com/gptbot)"
74.7.227.180 - - [06/Feb/2026:08:12:17 -0500] "GET /ctg/search/similarImageSearchResultView/?ctgItemCd=4330339275 HTTP/1.1" 404 1251 "https://blog.newkolkata.in/ite/39275cejptidm4667.html" "Mozilla/5.0 AppleWebKit/537.36 (KHTML, like Gecko; compatible; GPTBot/1.3; +https://openai.com/gptbot)"
74.7.227.180 - - [06/Feb/2026:08:12:20 -0500] "GET /ctg/search/similarImageSearchResultView/?ctgItemCd=3898035518 HTTP/1.1" 404 1251 "https://blog.newkolkata.in/get/35518ulgpitems" "Mozilla/5.0 AppleWebKit/537.36 (KHTML, like Gecko; compatible; GPTBot/1.3; +https://openai.com/gptbot)"
74.7.227.180 - - [06/Feb/2026:08:12:24 -0500] "GET /ctg/search/similarImageSearchResultView/?ctgItemCd=1509611075 HTTP/1.1" 404 1251 "https://blog.newkolkata.in/ite/11075ccoytidm8026.html" "Mozilla/5.0 AppleWebKit/537.36 (KHTML, like Gecko; compatible; GPTBot/1.3; +https://openai.com/gptbot)"
74.7.227.180 - - [06/Feb/2026:08:12:27 -0500] "GET /ctg/search/similarImageSearchResultView/?ctgItemCd=7465770885 HTTP/1.1" 404 1251 "https://blog.newkolkata.in/getidm/70885ccoyitems" "Mozilla/5.0 AppleWebKit/537.36 (KHTML, like Gecko; compatible; GPTBot/1.3; +https://openai.com/gptbot)"
74.7.227.180 - - [06/Feb/2026:08:12:30 -0500] "GET /ctg/search/similarImageSearchResultView/?ctgItemCd=4243738615 HTTP/1.1" 404 1251 "https://blog.newkolkata.in/ite/38615ccoytidm.html" "Mozilla/5.0 AppleWebKit/537.36 (KHTML, like Gecko; compatible; GPTBot/1.3; +https://openai.com/gptbot)"
74.7.227.180 - - [06/Feb/2026:08:12:33 -0500] "GET /ctg/search/similarImageSearchResultView/?ctgItemCd=4630842074 HTTP/1.1" 404 1251 "https://blog.newkolkata.in/items/42074zslytidm707.html" "Mozilla/5.0 AppleWebKit/537.36 (KHTML, like Gecko; compatible; GPTBot/1.3; +https://openai.com/gptbot)"
74.7.227.180 - - [06/Feb/2026:08:12:36 -0500] "GET /ctg/search/similarImageSearchResultView/?ctgItemCd=3129627590 HTTP/1.1" 404 1251 "https://blog.newkolkata.in/ite/27590kairtid.html" "Mozilla/5.0 AppleWebKit/537.36 (KHTML, like Gecko; compatible; GPTBot/1.3; +https://openai.com/gptbot)"
85.208.96.208 - - [06/Feb/2026:08:12:38 -0500] "GET /geti/10311mvrvitems.htm HTTP/1.1" 404 1251 "-" "Mozilla/5.0 (compatible; SemrushBot/7~bl; +http://www.semrush.com/bot.html)"
74.7.227.180 - - [06/Feb/2026:08:12:39 -0500] "GET /ctg/search/similarImageSearchResultView/?ctgItemCd=5562951449 HTTP/1.1" 404 1251 "https://blog.newkolkata.in/items/51449mvrvtidm45.html" "Mozilla/5.0 AppleWebKit/537.36 (KHTML, like Gecko; compatible; GPTBot/1.3; +https://openai.com/gptbot)"
74.7.227.180 - - [06/Feb/2026:08:12:42 -0500] "GET /ctg/search/similarImageSearchResultView/?ctgItemCd=4612841813 HTTP/1.1" 404 1251 "https://blog.newkolkata.in/items/41813pcywtidm26411.html" "Mozilla/5.0 AppleWebKit/537.36 (KHTML, like Gecko; compatible; GPTBot/1.3; +https://openai.com/gptbot)"
74.7.227.180 - - [06/Feb/2026:08:12:46 -0500] "GET /ctg/search/similarImageSearchResultView/?ctgItemCd=5700853067 HTTP/1.1" 404 1251 "https://blog.newkolkata.in/geti/53067ulgpitems.htm" "Mozilla/5.0 AppleWebKit/537.36 (KHTML, like Gecko; compatible; GPTBot/1.3; +https://openai.com/gptbot)"
74.7.227.180 - - [06/Feb/2026:08:12:49 -0500] "GET /ctg/search/similarImageSearchResultView/?ctgItemCd=9087486960 HTTP/1.1" 404 1251 "https://blog.newkolkata.in/ite/86960zslytidm2.html" "Mozilla/5.0 AppleWebKit/537.36 (KHTML, like Gecko; compatible; GPTBot/1.3; +https://openai.com/gptbot)"
74.7.227.180 - - [06/Feb/2026:08:12:52 -0500] "GET /ctg/search/similarImageSearchResultView/?ctgItemCd=8877185120 HTTP/1.1" 404 1251 "https://blog.newkolkata.in/getid/85120ccoyitems" "Mozilla/5.0 AppleWebKit/537.36 (KHTML, like Gecko; compatible; GPTBot/1.3; +https://openai.com/gptbot)"
66.249.66.13 - - [06/Feb/2026:08:12:55 -0500] "GET /products.php?shop/arrayed/uncumbered82245233395.html HTTP/1.1" 404 1251 "-" "Mozilla/5.0 (Linux; Android 6.0.1; Nexus 5X Build/MMB29P) AppleWebKit/537.36 (KHTML, like Gecko) Chrome/144.0.7559.132 Mobile Safari/537.36 (compatible; Googlebot/2.1; +http://www.google.com/bot.html)"
74.7.227.180 - - [06/Feb/2026:08:12:55 -0500] "GET /ctg/search/similarImageSearchResultView/?ctgItemCd=1927815592 HTTP/1.1" 404 1251 "https://blog.newkolkata.in/getid/15592mvrvitems" "Mozilla/5.0 AppleWebKit/537.36 (KHTML, like Gecko; compatible; GPTBot/1.3; +https://openai.com/gptbot)"
