85.208.96.197 - - [06/Feb/2026:09:22:37 -0500] "GET /getidm/45793jahtitems HTTP/1.1" 404 1251 "-" "Mozilla/5.0 (compatible; SemrushBot/7~bl; +http://www.semrush.com/bot.html)"
74.7.227.180 - - [06/Feb/2026:09:22:38 -0500] "GET /ctg/search/similarImageSearchResultView/?ctgItemCd=9441290575 HTTP/1.1" 404 1251 "https://blog.newkolkata.in/ite/90575tjvftidm.html" "Mozilla/5.0 AppleWebKit/537.36 (KHTML, like Gecko; compatible; GPTBot/1.3; +https://openai.com/gptbot)"
74.7.227.180 - - [06/Feb/2026:09:22:42 -0500] "GET /ctg/search/similarImageSearchResultView/?ctgItemCd=5166047740 HTTP/1.1" 404 1251 "https://blog.newkolkata.in/getidm845/47740jahtitems" "Mozilla/5.0 AppleWebKit/537.36 (KHTML, like Gecko; compatible; GPTBot/1.3; +https://openai.com/gptbot)"
85.208.96.205 - - [06/Feb/2026:09:22:42 -0500] "GET /getidm/243457sejmitems HTTP/1.1" 404 1251 "-" "Mozilla/5.0 (compatible; SemrushBot/7~bl; +http://www.semrush.com/bot.html)"
74.7.227.180 - - [06/Feb/2026:09:22:45 -0500] "GET /ctg/search/similarImageSearchResultView/?ctgItemCd=6753463619 HTTP/1.1" 404 1251 "https://blog.newkolkata.in/getidm801/63619kairitems" "Mozilla/5.0 AppleWebKit/537.36 (KHTML, like Gecko; compatible; GPTBot/1.3; +https://openai.com/gptbot)"
74.7.227.180 - - [06/Feb/2026:09:22:48 -0500] "GET /ctg/search/similarImageSearchResultView/?ctgItemCd=4139837942 HTTP/1.1" 404 1251 "https://blog.newkolkata.in/get/37942sejmitems" "Mozilla/5.0 AppleWebKit/537.36 (KHTML, like Gecko; compatible; GPTBot/1.3; +https://openai.com/gptbot)"
74.7.227.180 - - [06/Feb/2026:09:22:51 -0500] "GET /ctg/search/similarImageSearchResultView/?ctgItemCd=3928334960 HTTP/1.1" 404 1251 "https://blog.newkolkata.in/getidm296/34960pcywitems.htm" "Mozilla/5.0 AppleWebKit/537.36 (KHTML, like Gecko; compatible; GPTBot/1.3; +https://openai.com/gptbot)"
74.7.227.180 - - [06/Feb/2026:09:22:54 -0500] "GET /ctg/search/similarImageSearchResultView/?ctgItemCd=6394360280 HTTP/1.1" 404 1251 "https://blog.newkolkata.in/getid/60280tjvfitems" "Mozilla/5.0 AppleWebKit/537.36 (KHTML, like Gecko; compatible; GPTBot/1.3; +https://openai.com/gptbot)"
74.7.227.180 - - [06/Feb/2026:09:22:57 -0500] "GET /ctg/search/similarImageSearchResultView/?ctgItemCd=9124387412 HTTP/1.1" 404 1251 "https://blog.newkolkata.in/item/87412ulgptid.html" "Mozilla/5.0 AppleWebKit/537.36 (KHTML, like Gecko; compatible; GPTBot/1.3; +https://openai.com/gptbot)"
74.7.227.180 - - [06/Feb/2026:09:23:01 -0500] "GET /ctg/search/similarImageSearchResultView/?ctgItemCd=4893845095 HTTP/1.1" 404 1251 "https://blog.newkolkata.in/ite/45095pcywtidm.html" "Mozilla/5.0 AppleWebKit/537.36 (KHTML, like Gecko; compatible; GPTBot/1.3; +https://openai.com/gptbot)"
74.7.227.180 - - [06/Feb/2026:09:23:04 -0500] "GET /ctg/search/similarImageSearchResultView/?ctgItemCd=3281328764 HTTP/1.1" 404 1251 "https://blog.newkolkata.in/getid/28764tjvfitems.htm" "Mozilla/5.0 AppleWebKit/537.36 (KHTML, like Gecko; compatible; GPTBot/1.3; +https://openai.com/gptbot)"
74.7.227.180 - - [06/Feb/2026:09:23:07 -0500] "GET /ctg/search/similarImageSearchResultView/?ctgItemCd=6987865736 HTTP/1.1" 404 1251 "https://blog.newkolkata.in/items/65736jahttidm30.html" "Mozilla/5.0 AppleWebKit/537.36 (KHTML, like Gecko; compatible; GPTBot/1.3; +https://openai.com/gptbot)"
74.7.227.180 - - [06/Feb/2026:09:23:10 -0500] "GET /ctg/search/similarImageSearchResultView/?ctgItemCd=3545831226 HTTP/1.1" 404 1251 "https://blog.newkolkata.in/items/31226cejptidm8304.html" "Mozilla/5.0 AppleWebKit/537.36 (KHTML, like Gecko; compatible; GPTBot/1.3; +https://openai.com/gptbot)"
74.7.227.180 - - [06/Feb/2026:09:23:13 -0500] "GET /ctg/search/similarImageSearchResultView/?ctgItemCd=7149567467 HTTP/1.1" 404 1251 "https://blog.newkolkata.in/getid/67467cejpitems.htm" "Mozilla/5.0 AppleWebKit/537.36 (KHTML, like Gecko; compatible; GPTBot/1.3; +https://openai.com/gptbot)"
85.208.96.203 - - [06/Feb/2026:09:23:16 -0500] "GET /getidm/251353ulgpitems HTTP/1.1" 404 1251 "-" "Mozilla/5.0 (compatible; SemrushBot/7~bl; +http://www.semrush.com/bot.html)"
74.7.227.180 - - [06/Feb/2026:09:23:17 -0500] "GET /ctg/search/similarImageSearchResultView/?ctgItemCd=5698452817 HTTP/1.1" 404 1251 "https://blog.newkolkata.in/items/52817pcywtidm22.html" "Mozilla/5.0 AppleWebKit/537.36 (KHTML, like Gecko; compatible; GPTBot/1.3; +https://openai.com/gptbot)"
74.7.227.180 - - [06/Feb/2026:09:23:20 -0500] "GET /ctg/search/similarImageSearchResultView/?ctgItemCd=6276458906 HTTP/1.1" 404 1251 "https://blog.newkolkata.in/getidm2/58906zslyitems" "Mozilla/5.0 AppleWebKit/537.36 (KHTML, like Gecko; compatible; GPTBot/1.3; +https://openai.com/gptbot)"
74.7.227.180 - - [06/Feb/2026:09:23:23 -0500] "GET /ctg/search/similarImageSearchResultView/?ctgItemCd=7358069449 HTTP/1.1" 404 1251 "https://blog.newkolkata.in/items/69449pcywtidm7.html" "Mozilla/5.0 AppleWebKit/537.36 (KHTML, like Gecko; compatible; GPTBot/1.3; +https://openai.com/gptbot)"
74.7.227.180 - - [06/Feb/2026:09:23:26 -0500] "GET /ctg/search/similarImageSearchResultView/?ctgItemCd=2905224894 HTTP/1.1" 404 1251 "https://blog.newkolkata.in/getidm/24894tjvfitems.htm" "Mozilla/5.0 AppleWebKit/537.36 (KHTML, like Gecko; compatible; GPTBot/1.3; +https://openai.com/gptbot)"
74.7.227.180 - - [06/Feb/2026:09:23:29 -0500] "GET /ctg/search/similarImageSearchResultView/?ctgItemCd=7158868143 HTTP/1.1" 404 1251 "https://blog.newkolkata.in/get/68143jahtitems" "Mozilla/5.0 AppleWebKit/537.36 (KHTML, like Gecko; compatible; GPTBot/1.3; +https://openai.com/gptbot)"
85.208.96.194 - - [06/Feb/2026:09:23:31 -0500] "GET /getidm/226033tjvfitems HTTP/1.1" 404 1251 "-" "Mozilla/5.0 (compatible; SemrushBot/7~bl; +http://www.semrush.com/bot.html)"
74.7.227.180 - - [06/Feb/2026:09:23:32 -0500] "GET /ctg/search/similarImageSearchResultView/?ctgItemCd=2586921911 HTTP/1.1" 404 1251 "https://blog.newkolkata.in/item/21911zslytidm.html" "Mozilla/5.0 AppleWebKit/537.36 (KHTML, like Gecko; compatible; GPTBot/1.3; +https://openai.com/gptbot)"
74.7.227.180 - - [06/Feb/2026:09:23:36 -0500] "GET /ctg/search/similarImageSearchResultView/?ctgItemCd=8204578231 HTTP/1.1" 404 1251 "https://blog.newkolkata.in/get/78231cejpitems.htm" "Mozilla/5.0 AppleWebKit/537.36 (KHTML, like Gecko; compatible; GPTBot/1.3; +https://openai.com/gptbot)"
85.208.96.199 - - [06/Feb/2026:09:23:36 -0500] "GET /getidm/188161mvrvitems HTTP/1.1" 404 1251 "-" "Mozilla/5.0 (compatible; SemrushBot/7~bl; +http://www.semrush.com/bot.html)"
74.7.227.180 - - [06/Feb/2026:09:23:39 -0500] "GET /ctg/search/similarImageSearchResultView/?ctgItemCd=5258548764 HTTP/1.1" 404 1251 "https://blog.newkolkata.in/item/48764kairtid.html" "Mozilla/5.0 AppleWebKit/537.36 (KHTML, like Gecko; compatible; GPTBot/1.3; +https://openai.com/gptbot)"
185.191.171.17 - - [06/Feb/2026:09:23:39 -0500] "GET /geti/176311ulgpitems HTTP/1.1" 404 1251 "-" "Mozilla/5.0 (compatible; SemrushBot/7~bl; +http://www.semrush.com/bot.html)"
74.7.227.180 - - [06/Feb/2026:09:23:42 -0500] "GET /ctg/search/similarImageSearchResultView/?ctgItemCd=9078586641 HTTP/1.1" 404 1251 "https://blog.newkolkata.in/getidm/86641ccoyitems.htm" "Mozilla/5.0 AppleWebKit/537.36 (KHTML, like Gecko; compatible; GPTBot/1.3; +https://openai.com/gptbot)"
74.7.227.180 - - [06/Feb/2026:09:23:45 -0500] "GET /ctg/search/similarImageSearchResultView/?ctgItemCd=2984525914 HTTP/1.1" 404 1251 "https://blog.newkolkata.in/geti/25914ccoyitems.htm" "Mozilla/5.0 AppleWebKit/537.36 (KHTML, like Gecko; compatible; GPTBot/1.3; +https://openai.com/gptbot)"
74.7.227.180 - - [06/Feb/2026:09:23:48 -0500] "GET /ctg/search/similarImageSearchResultView/?ctgItemCd=7412970678 HTTP/1.1" 404 1251 "https://blog.newkolkata.in/get/70678kairitems" "Mozilla/5.0 AppleWebKit/537.36 (KHTML, like Gecko; compatible; GPTBot/1.3; +https://openai.com/gptbot)"
185.191.171.13 - - [06/Feb/2026:09:23:49 -0500] "GET /geti/34903tjvfitems HTTP/1.1" 404 1251 "-" "Mozilla/5.0 (compatible; SemrushBot/7~bl; +http://www.semrush.com/bot.html)"
74.7.227.180 - - [06/Feb/2026:09:23:51 -0500] "GET /ctg/search/similarImageSearchResultView/?ctgItemCd=2735823070 HTTP/1.1" 404 1251 "https://blog.newkolkata.in/getidm929/23070kairitems.htm" "Mozilla/5.0 AppleWebKit/537.36 (KHTML, like Gecko; compatible; GPTBot/1.3; +https://openai.com/gptbot)"
185.191.171.17 - - [06/Feb/2026:09:23:53 -0500] "GET /getidm/229129zslyitems HTTP/1.1" 404 1251 "-" "Mozilla/5.0 (compatible; SemrushBot/7~bl; +http://www.semrush.com/bot.html)"
74.7.227.180 - - [06/Feb/2026:09:23:54 -0500] "GET /ctg/search/similarImageSearchResultView/?ctgItemCd=6724563413 HTTP/1.1" 404 1251 "https://blog.newkolkata.in/get/63413ulgpitems.htm" "Mozilla/5.0 AppleWebKit/537.36 (KHTML, like Gecko; compatible; GPTBot/1.3; +https://openai.com/gptbot)"
85.208.96.199 - - [06/Feb/2026:09:23:55 -0500] "GET /get/241695pcywitems.htm HTTP/1.1" 404 1251 "-" "Mozilla/5.0 (compatible; SemrushBot/7~bl; +http://www.semrush.com/bot.html)"
66.249.66.11 - - [06/Feb/2026:09:23:57 -0500] "GET /get/245979tjvfitems.htm HTTP/1.1" 404 1251 "-" "Mozilla/5.0 (Linux; Android 6.0.1; Nexus 5X Build/MMB29P) AppleWebKit/537.36 (KHTML, like Gecko) Chrome/144.0.7559.132 Mobile Safari/537.36 (compatible; Googlebot/2.1; +http://www.google.com/bot.html)"
74.7.227.180 - - [06/Feb/2026:09:23:58 -0500] "GET /ctg/search/similarImageSearchResultView/?ctgItemCd=8542681279 HTTP/1.1" 404 1251 "https://blog.newkolkata.in/getidm/81279sejmitems.htm" "Mozilla/5.0 AppleWebKit/537.36 (KHTML, like Gecko; compatible; GPTBot/1.3; +https://openai.com/gptbot)"
74.7.227.180 - - [06/Feb/2026:09:24:01 -0500] "GET /ctg/search/similarImageSearchResultView/?ctgItemCd=3618232055 HTTP/1.1" 404 1251 "https://blog.newkolkata.in/getidm/32055kairitems.htm" "Mozilla/5.0 AppleWebKit/537.36 (KHTML, like Gecko; compatible; GPTBot/1.3; +https://openai.com/gptbot)"
74.7.227.180 - - [06/Feb/2026:09:24:04 -0500] "GET /ctg/search/similarImageSearchResultView/?ctgItemCd=7368869635 HTTP/1.1" 404 1251 "https://blog.newkolkata.in/ite/69635tjvftidm9327.html" "Mozilla/5.0 AppleWebKit/537.36 (KHTML, like Gecko; compatible; GPTBot/1.3; +https://openai.com/gptbot)"
74.7.227.180 - - [06/Feb/2026:09:24:07 -0500] "GET /ctg/search/similarImageSearchResultView/?ctgItemCd=5697652845 HTTP/1.1" 404 1251 "https://blog.newkolkata.in/getidm/52845cejpitems.htm" "Mozilla/5.0 AppleWebKit/537.36 (KHTML, like Gecko; compatible; GPTBot/1.3; +https://openai.com/gptbot)"
74.7.227.180 - - [06/Feb/2026:09:24:10 -0500] "GET /ctg/search/similarImageSearchResultView/?ctgItemCd=7164167495 HTTP/1.1" 404 1251 "https://blog.newkolkata.in/items/67495kairtidm30.html" "Mozilla/5.0 AppleWebKit/537.36 (KHTML, like Gecko; compatible; GPTBot/1.3; +https://openai.com/gptbot)"
74.7.227.180 - - [06/Feb/2026:09:24:13 -0500] "GET /ctg/search/similarImageSearchResultView/?ctgItemCd=2489720951 HTTP/1.1" 404 1251 "https://blog.newkolkata.in/item/20951pcywtidm.html" "Mozilla/5.0 AppleWebKit/537.36 (KHTML, like Gecko; compatible; GPTBot/1.3; +https://openai.com/gptbot)"
198.54.126.162 - - [06/Feb/2026:09:24:13 -0500] "POST /wp-cron.php?doing_wp_cron=1770387853.4165489673614501953125 HTTP/1.1" 200 0 "-" "WordPress/6.9.1; https://blog.newkolkata.in"
89.0.208.100 - - [06/Feb/2026:09:24:02 -0500] "POST /wp-admin/admin-ajax.php?action=sm_ping HTTP/1.1" 400 21 "-" "Mozilla/5.0 (Windows NT 10.0; Win64; x64) AppleWebKit/537.36 (KHTML, like Gecko) Chrome/120.0.0.0 Safari/537.36"
74.7.227.180 - - [06/Feb/2026:09:24:16 -0500] "GET /ctg/search/similarImageSearchResultView/?ctgItemCd=2385819673 HTTP/1.1" 404 1251 "https://blog.newkolkata.in/items/19673zslytidm40.html" "Mozilla/5.0 AppleWebKit/537.36 (KHTML, like Gecko; compatible; GPTBot/1.3; +https://openai.com/gptbot)"
89.0.208.100 - - [06/Feb/2026:09:24:15 -0500] "POST /wp-admin/admin-ajax.php?action=hnpt_ping HTTP/1.1" 400 21 "-" "Mozilla/5.0 (Windows NT 10.0; Win64; x64) AppleWebKit/537.36 (KHTML, like Gecko) Chrome/120.0.0.0 Safari/537.36"
74.7.227.180 - - [06/Feb/2026:09:24:20 -0500] "GET /ctg/search/similarImageSearchResultView/?ctgItemCd=8105576673 HTTP/1.1" 404 1251 "https://blog.newkolkata.in/items/76673ulgptidm658580.html" "Mozilla/5.0 AppleWebKit/537.36 (KHTML, like Gecko; compatible; GPTBot/1.3; +https://openai.com/gptbot)"
74.7.227.180 - - [06/Feb/2026:09:24:23 -0500] "GET /ctg/search/similarImageSearchResultView/?ctgItemCd=3262028595 HTTP/1.1" 404 1251 "https://blog.newkolkata.in/ite/28595cejptidm3662.html" "Mozilla/5.0 AppleWebKit/537.36 (KHTML, like Gecko; compatible; GPTBot/1.3; +https://openai.com/gptbot)"
85.208.96.203 - - [06/Feb/2026:09:24:23 -0500] "GET /getidm3/88330ccoyitems HTTP/1.1" 404 1251 "-" "Mozilla/5.0 (compatible; SemrushBot/7~bl; +http://www.semrush.com/bot.html)"
74.7.227.180 - - [06/Feb/2026:09:24:26 -0500] "GET /ctg/search/similarImageSearchResultView/?ctgItemCd=8913784903 HTTP/1.1" 404 1251 "https://blog.newkolkata.in/items/84903mvrvtidm617.html" "Mozilla/5.0 AppleWebKit/537.36 (KHTML, like Gecko; compatible; GPTBot/1.3; +https://openai.com/gptbot)"
74.7.227.180 - - [06/Feb/2026:09:24:29 -0500] "GET /ctg/search/similarImageSearchResultView/?ctgItemCd=3232428191 HTTP/1.1" 404 1251 "https://blog.newkolkata.in/getidm/28191jahtitems.htm" "Mozilla/5.0 AppleWebKit/537.36 (KHTML, like Gecko; compatible; GPTBot/1.3; +https://openai.com/gptbot)"
85.208.96.195 - - [06/Feb/2026:09:24:31 -0500] "GET /getidm/161646sejmitems.htm HTTP/1.1" 404 1251 "-" "Mozilla/5.0 (compatible; SemrushBot/7~bl; +http://www.semrush.com/bot.html)"
74.7.227.180 - - [06/Feb/2026:09:24:33 -0500] "GET /ctg/search/similarImageSearchResultView/?ctgItemCd=6793463642 HTTP/1.1" 404 1251 "https://blog.newkolkata.in/getidm992/63642cejpitems.htm" "Mozilla/5.0 AppleWebKit/537.36 (KHTML, like Gecko; compatible; GPTBot/1.3; +https://openai.com/gptbot)"
85.208.96.207 - - [06/Feb/2026:09:24:33 -0500] "GET /getidm94/56707pcywitems HTTP/1.1" 404 1251 "-" "Mozilla/5.0 (compatible; SemrushBot/7~bl; +http://www.semrush.com/bot.html)"
85.208.96.203 - - [06/Feb/2026:09:24:35 -0500] "GET /items/9734cejptid.html HTTP/1.1" 404 1251 "-" "Mozilla/5.0 (compatible; SemrushBot/7~bl; +http://www.semrush.com/bot.html)"
74.7.227.180 - - [06/Feb/2026:09:24:36 -0500] "GET /ctg/search/similarImageSearchResultView/?ctgItemCd=5238448341 HTTP/1.1" 404 1251 "https://blog.newkolkata.in/items/48341ccoytidm.html" "Mozilla/5.0 AppleWebKit/537.36 (KHTML, like Gecko; compatible; GPTBot/1.3; +https://openai.com/gptbot)"
85.208.96.194 - - [06/Feb/2026:09:24:37 -0500] "GET /getidm/46945ulgpitems HTTP/1.1" 404 1251 "-" "Mozilla/5.0 (compatible; SemrushBot/7~bl; +http://www.semrush.com/bot.html)"
74.7.227.180 - - [06/Feb/2026:09:24:39 -0500] "GET /ctg/search/similarImageSearchResultView/?ctgItemCd=5891554612 HTTP/1.1" 404 1251 "https://blog.newkolkata.in/getidm316/54612tjvfitems.htm" "Mozilla/5.0 AppleWebKit/537.36 (KHTML, like Gecko; compatible; GPTBot/1.3; +https://openai.com/gptbot)"
74.7.227.180 - - [06/Feb/2026:09:24:42 -0500] "GET /ctg/search/similarImageSearchResultView/?ctgItemCd=1397710124 HTTP/1.1" 404 1251 "https://blog.newkolkata.in/ite/10124jahttidm5.html" "Mozilla/5.0 AppleWebKit/537.36 (KHTML, like Gecko; compatible; GPTBot/1.3; +https://openai.com/gptbot)"
74.7.227.180 - - [06/Feb/2026:09:24:45 -0500] "GET /ctg/search/similarImageSearchResultView/?ctgItemCd=2713323076 HTTP/1.1" 404 1251 "https://blog.newkolkata.in/getid/23076mvrvitems.htm" "Mozilla/5.0 AppleWebKit/537.36 (KHTML, like Gecko; compatible; GPTBot/1.3; +https://openai.com/gptbot)"
85.208.96.203 - - [06/Feb/2026:09:24:46 -0500] "GET /getidm4/2722sejmitems HTTP/1.1" 404 1251 "-" "Mozilla/5.0 (compatible; SemrushBot/7~bl; +http://www.semrush.com/bot.html)"
74.7.227.180 - - [06/Feb/2026:09:24:48 -0500] "GET /ctg/search/similarImageSearchResultView/?ctgItemCd=6256358722 HTTP/1.1" 404 1251 "https://blog.newkolkata.in/get/58722tjvfitems.htm" "Mozilla/5.0 AppleWebKit/537.36 (KHTML, like Gecko; compatible; GPTBot/1.3; +https://openai.com/gptbot)"
74.7.227.180 - - [06/Feb/2026:09:24:51 -0500] "GET /ctg/search/similarImageSearchResultView/?ctgItemCd=7715473306 HTTP/1.1" 404 1251 "https://blog.newkolkata.in/getidm1/73306zslyitems" "Mozilla/5.0 AppleWebKit/537.36 (KHTML, like Gecko; compatible; GPTBot/1.3; +https://openai.com/gptbot)"
185.191.171.15 - - [06/Feb/2026:09:24:52 -0500] "GET /getidm4/227122pcywitems HTTP/1.1" 404 1251 "-" "Mozilla/5.0 (compatible; SemrushBot/7~bl; +http://www.semrush.com/bot.html)"
74.7.227.180 - - [06/Feb/2026:09:24:54 -0500] "GET /ctg/search/similarImageSearchResultView/?ctgItemCd=3045726592 HTTP/1.1" 404 1251 "https://blog.newkolkata.in/get/26592zslyitems.htm" "Mozilla/5.0 AppleWebKit/537.36 (KHTML, like Gecko; compatible; GPTBot/1.3; +https://openai.com/gptbot)"
74.7.227.180 - - [06/Feb/2026:09:24:58 -0500] "GET /ctg/search/similarImageSearchResultView/?ctgItemCd=7759073876 HTTP/1.1" 404 1251 "https://blog.newkolkata.in/ite/73876jahttid.html" "Mozilla/5.0 AppleWebKit/537.36 (KHTML, like Gecko; compatible; GPTBot/1.3; +https://openai.com/gptbot)"
85.208.96.198 - - [06/Feb/2026:09:25:00 -0500] "GET /getidm/221401sejmitems HTTP/1.1" 404 1251 "-" "Mozilla/5.0 (compatible; SemrushBot/7~bl; +http://www.semrush.com/bot.html)"
74.7.227.180 - - [06/Feb/2026:09:25:01 -0500] "GET /ctg/search/similarImageSearchResultView/?ctgItemCd=4186037697 HTTP/1.1" 404 1251 "https://blog.newkolkata.in/items/37697sejmtidm38.html" "Mozilla/5.0 AppleWebKit/537.36 (KHTML, like Gecko; compatible; GPTBot/1.3; +https://openai.com/gptbot)"
185.191.171.16 - - [06/Feb/2026:09:25:02 -0500] "GET /getid/115768jahtitems HTTP/1.1" 404 1251 "-" "Mozilla/5.0 (compatible; SemrushBot/7~bl; +http://www.semrush.com/bot.html)"
74.7.227.180 - - [06/Feb/2026:09:25:04 -0500] "GET /ctg/search/similarImageSearchResultView/?ctgItemCd=2518421104 HTTP/1.1" 404 1251 "https://blog.newkolkata.in/items/21104kairtidm8.html" "Mozilla/5.0 AppleWebKit/537.36 (KHTML, like Gecko; compatible; GPTBot/1.3; +https://openai.com/gptbot)"
74.7.227.180 - - [06/Feb/2026:09:25:07 -0500] "GET /ctg/search/similarImageSearchResultView/?ctgItemCd=9784593853 HTTP/1.1" 404 1251 "https://blog.newkolkata.in/getidm6073/93853tjvfitems" "Mozilla/5.0 AppleWebKit/537.36 (KHTML, like Gecko; compatible; GPTBot/1.3; +https://openai.com/gptbot)"
74.7.227.180 - - [06/Feb/2026:09:25:10 -0500] "GET /ctg/search/similarImageSearchResultView/?ctgItemCd=4114937237 HTTP/1.1" 404 1251 "https://blog.newkolkata.in/getidm419/37237cejpitems" "Mozilla/5.0 AppleWebKit/537.36 (KHTML, like Gecko; compatible; GPTBot/1.3; +https://openai.com/gptbot)"
74.7.227.180 - - [06/Feb/2026:09:25:13 -0500] "GET /ctg/search/similarImageSearchResultView/?ctgItemCd=4915045220 HTTP/1.1" 404 1251 "https://blog.newkolkata.in/getidm478/45220ulgpitems" "Mozilla/5.0 AppleWebKit/537.36 (KHTML, like Gecko; compatible; GPTBot/1.3; +https://openai.com/gptbot)"
74.7.227.180 - - [06/Feb/2026:09:25:17 -0500] "GET /ctg/search/similarImageSearchResultView/?ctgItemCd=5060946392 HTTP/1.1" 404 1251 "https://blog.newkolkata.in/getidm5/46392pcywitems.htm" "Mozilla/5.0 AppleWebKit/537.36 (KHTML, like Gecko; compatible; GPTBot/1.3; +https://openai.com/gptbot)"
74.7.227.180 - - [06/Feb/2026:09:25:20 -0500] "GET /ctg/search/similarImageSearchResultView/?ctgItemCd=6169457861 HTTP/1.1" 404 1251 "https://blog.newkolkata.in/get/57861sejmitems.htm" "Mozilla/5.0 AppleWebKit/537.36 (KHTML, like Gecko; compatible; GPTBot/1.3; +https://openai.com/gptbot)"
74.7.227.180 - - [06/Feb/2026:09:25:23 -0500] "GET /ctg/search/similarImageSearchResultView/?ctgItemCd=8175077926 HTTP/1.1" 404 1251 "https://blog.newkolkata.in/getidm1/77926ccoyitems" "Mozilla/5.0 AppleWebKit/537.36 (KHTML, like Gecko; compatible; GPTBot/1.3; +https://openai.com/gptbot)"
185.191.171.17 - - [06/Feb/2026:09:25:24 -0500] "GET /getidm/61177sejmitems HTTP/1.1" 404 1251 "-" "Mozilla/5.0 (compatible; SemrushBot/7~bl; +http://www.semrush.com/bot.html)"
74.7.227.180 - - [06/Feb/2026:09:25:26 -0500] "GET /ctg/search/similarImageSearchResultView/?ctgItemCd=7972175461 HTTP/1.1" 404 1251 "https://blog.newkolkata.in/item/75461sejmtidm696649.html" "Mozilla/5.0 AppleWebKit/537.36 (KHTML, like Gecko; compatible; GPTBot/1.3; +https://openai.com/gptbot)"
74.7.227.180 - - [06/Feb/2026:09:25:29 -0500] "GET /ctg/search/similarImageSearchResultView/?ctgItemCd=7408969842 HTTP/1.1" 404 1251 "https://blog.newkolkata.in/items/69842zslytidm483.html" "Mozilla/5.0 AppleWebKit/537.36 (KHTML, like Gecko; compatible; GPTBot/1.3; +https://openai.com/gptbot)"
74.7.227.180 - - [06/Feb/2026:09:25:32 -0500] "GET /ctg/search/similarImageSearchResultView/?ctgItemCd=3941535476 HTTP/1.1" 404 1251 "https://blog.newkolkata.in/getidm592/35476ulgpitems" "Mozilla/5.0 AppleWebKit/537.36 (KHTML, like Gecko; compatible; GPTBot/1.3; +https://openai.com/gptbot)"
74.7.227.180 - - [06/Feb/2026:09:25:36 -0500] "GET /ctg/search/similarImageSearchResultView/?ctgItemCd=3056826411 HTTP/1.1" 404 1251 "https://blog.newkolkata.in/item/26411mvrvtidm8132.html" "Mozilla/5.0 AppleWebKit/537.36 (KHTML, like Gecko; compatible; GPTBot/1.3; +https://openai.com/gptbot)"
74.7.227.180 - - [06/Feb/2026:09:25:39 -0500] "GET /ctg/search/similarImageSearchResultView/?ctgItemCd=3878034954 HTTP/1.1" 404 1251 "https://blog.newkolkata.in/getidm9/34954ccoyitems" "Mozilla/5.0 AppleWebKit/537.36 (KHTML, like Gecko; compatible; GPTBot/1.3; +https://openai.com/gptbot)"
74.7.227.180 - - [06/Feb/2026:09:25:42 -0500] "GET /ctg/search/similarImageSearchResultView/?ctgItemCd=8479180776 HTTP/1.1" 404 1251 "https://blog.newkolkata.in/ite/80776pcywtidm968.html" "Mozilla/5.0 AppleWebKit/537.36 (KHTML, like Gecko; compatible; GPTBot/1.3; +https://openai.com/gptbot)"
74.7.227.180 - - [06/Feb/2026:09:25:45 -0500] "GET /ctg/search/similarImageSearchResultView/?ctgItemCd=4193837991 HTTP/1.1" 404 1251 "https://blog.newkolkata.in/item/37991ulgptidm.html" "Mozilla/5.0 AppleWebKit/537.36 (KHTML, like Gecko; compatible; GPTBot/1.3; +https://openai.com/gptbot)"
74.7.227.180 - - [06/Feb/2026:09:25:48 -0500] "GET /ctg/search/similarImageSearchResultView/?ctgItemCd=6928465423 HTTP/1.1" 404 1251 "https://blog.newkolkata.in/get/65423zslyitems.htm" "Mozilla/5.0 AppleWebKit/537.36 (KHTML, like Gecko; compatible; GPTBot/1.3; +https://openai.com/gptbot)"
74.7.227.180 - - [06/Feb/2026:09:25:51 -0500] "GET /ctg/search/similarImageSearchResultView/?ctgItemCd=6153957354 HTTP/1.1" 404 1251 "https://blog.newkolkata.in/getidm1/57354jahtitems.htm" "Mozilla/5.0 AppleWebKit/537.36 (KHTML, like Gecko; compatible; GPTBot/1.3; +https://openai.com/gptbot)"
74.7.227.180 - - [06/Feb/2026:09:25:55 -0500] "GET /ctg/search/similarImageSearchResultView/?ctgItemCd=9667192604 HTTP/1.1" 404 1251 "https://blog.newkolkata.in/getid/92604zslyitems.htm" "Mozilla/5.0 AppleWebKit/537.36 (KHTML, like Gecko; compatible; GPTBot/1.3; +https://openai.com/gptbot)"
74.7.227.180 - - [06/Feb/2026:09:25:58 -0500] "GET /ctg/search/similarImageSearchResultView/?ctgItemCd=8102176961 HTTP/1.1" 404 1251 "https://blog.newkolkata.in/getid/76961pcywitems.htm" "Mozilla/5.0 AppleWebKit/537.36 (KHTML, like Gecko; compatible; GPTBot/1.3; +https://openai.com/gptbot)"
74.7.227.180 - - [06/Feb/2026:09:26:01 -0500] "GET /ctg/search/similarImageSearchResultView/?ctgItemCd=7922575128 HTTP/1.1" 404 1251 "https://blog.newkolkata.in/items/75128sejmtidm2.html" "Mozilla/5.0 AppleWebKit/537.36 (KHTML, like Gecko; compatible; GPTBot/1.3; +https://openai.com/gptbot)"
74.7.227.180 - - [06/Feb/2026:09:26:04 -0500] "GET /ctg/search/similarImageSearchResultView/?ctgItemCd=4831644560 HTTP/1.1" 404 1251 "https://blog.newkolkata.in/getidm/44560jahtitems" "Mozilla/5.0 AppleWebKit/537.36 (KHTML, like Gecko; compatible; GPTBot/1.3; +https://openai.com/gptbot)"
74.7.227.180 - - [06/Feb/2026:09:26:07 -0500] "GET /ctg/search/similarImageSearchResultView/?ctgItemCd=1639612108 HTTP/1.1" 404 1251 "https://blog.newkolkata.in/getidm193/12108ccoyitems.htm" "Mozilla/5.0 AppleWebKit/537.36 (KHTML, like Gecko; compatible; GPTBot/1.3; +https://openai.com/gptbot)"
74.7.227.180 - - [06/Feb/2026:09:26:10 -0500] "GET /ctg/search/similarImageSearchResultView/?ctgItemCd=3559131407 HTTP/1.1" 404 1251 "https://blog.newkolkata.in/getidm1/31407sejmitems.htm" "Mozilla/5.0 AppleWebKit/537.36 (KHTML, like Gecko; compatible; GPTBot/1.3; +https://openai.com/gptbot)"
74.7.227.180 - - [06/Feb/2026:09:26:13 -0500] "GET /ctg/search/similarImageSearchResultView/?ctgItemCd=2911024953 HTTP/1.1" 404 1251 "https://blog.newkolkata.in/items/24953ccoytidm69.html" "Mozilla/5.0 AppleWebKit/537.36 (KHTML, like Gecko; compatible; GPTBot/1.3; +https://openai.com/gptbot)"
74.7.227.180 - - [06/Feb/2026:09:26:17 -0500] "GET /ctg/search/similarImageSearchResultView/?ctgItemCd=7275969214 HTTP/1.1" 404 1251 "https://blog.newkolkata.in/geti/69214cejpitems" "Mozilla/5.0 AppleWebKit/537.36 (KHTML, like Gecko; compatible; GPTBot/1.3; +https://openai.com/gptbot)"
74.7.227.180 - - [06/Feb/2026:09:26:20 -0500] "GET /ctg/search/similarImageSearchResultView/?ctgItemCd=4429940735 HTTP/1.1" 404 1251 "https://blog.newkolkata.in/geti/40735ulgpitems" "Mozilla/5.0 AppleWebKit/537.36 (KHTML, like Gecko; compatible; GPTBot/1.3; +https://openai.com/gptbot)"
85.208.96.198 - - [06/Feb/2026:09:26:20 -0500] "GET /getidm83/48427ulgpitems HTTP/1.1" 404 1251 "-" "Mozilla/5.0 (compatible; SemrushBot/7~bl; +http://www.semrush.com/bot.html)"
74.7.227.180 - - [06/Feb/2026:09:26:23 -0500] "GET /ctg/search/similarImageSearchResultView/?ctgItemCd=2668022984 HTTP/1.1" 404 1251 "https://blog.newkolkata.in/getid/22984zslyitems" "Mozilla/5.0 AppleWebKit/537.36 (KHTML, like Gecko; compatible; GPTBot/1.3; +https://openai.com/gptbot)"
74.7.227.180 - - [06/Feb/2026:09:26:26 -0500] "GET /ctg/search/similarImageSearchResultView/?ctgItemCd=7239268264 HTTP/1.1" 404 1251 "https://blog.newkolkata.in/items/68264mvrvtidm2.html" "Mozilla/5.0 AppleWebKit/537.36 (KHTML, like Gecko; compatible; GPTBot/1.3; +https://openai.com/gptbot)"
74.7.227.180 - - [06/Feb/2026:09:26:29 -0500] "GET /ctg/search/similarImageSearchResultView/?ctgItemCd=5067147032 HTTP/1.1" 404 1251 "https://blog.newkolkata.in/getid/47032cejpitems" "Mozilla/5.0 AppleWebKit/537.36 (KHTML, like Gecko; compatible; GPTBot/1.3; +https://openai.com/gptbot)"
74.7.227.180 - - [06/Feb/2026:09:26:32 -0500] "GET /ctg/search/similarImageSearchResultView/?ctgItemCd=4126437241 HTTP/1.1" 404 1251 "https://blog.newkolkata.in/item/37241jahttidm18.html" "Mozilla/5.0 AppleWebKit/537.36 (KHTML, like Gecko; compatible; GPTBot/1.3; +https://openai.com/gptbot)"
74.7.227.180 - - [06/Feb/2026:09:26:35 -0500] "GET /ctg/search/similarImageSearchResultView/?ctgItemCd=5569351584 HTTP/1.1" 404 1251 "https://blog.newkolkata.in/items/51584ulgptidm5.html" "Mozilla/5.0 AppleWebKit/537.36 (KHTML, like Gecko; compatible; GPTBot/1.3; +https://openai.com/gptbot)"
74.7.227.180 - - [06/Feb/2026:09:26:39 -0500] "GET /ctg/search/similarImageSearchResultView/?ctgItemCd=7954875510 HTTP/1.1" 404 1251 "https://blog.newkolkata.in/getid/75510ulgpitems.htm" "Mozilla/5.0 AppleWebKit/537.36 (KHTML, like Gecko; compatible; GPTBot/1.3; +https://openai.com/gptbot)"
74.7.227.180 - - [06/Feb/2026:09:26:42 -0500] "GET /ctg/search/similarImageSearchResultView/?ctgItemCd=6236858217 HTTP/1.1" 404 1251 "https://blog.newkolkata.in/items/58217ccoytidm54.html" "Mozilla/5.0 AppleWebKit/537.36 (KHTML, like Gecko; compatible; GPTBot/1.3; +https://openai.com/gptbot)"
74.7.227.180 - - [06/Feb/2026:09:26:45 -0500] "GET /ctg/search/similarImageSearchResultView/?ctgItemCd=2291418830 HTTP/1.1" 404 1251 "https://blog.newkolkata.in/item/18830kairtidm784.html" "Mozilla/5.0 AppleWebKit/537.36 (KHTML, like Gecko; compatible; GPTBot/1.3; +https://openai.com/gptbot)"
74.7.227.180 - - [06/Feb/2026:09:26:48 -0500] "GET /ctg/search/similarImageSearchResultView/?ctgItemCd=8977885694 HTTP/1.1" 404 1251 "https://blog.newkolkata.in/items/85694mvrvtidm.html" "Mozilla/5.0 AppleWebKit/537.36 (KHTML, like Gecko; compatible; GPTBot/1.3; +https://openai.com/gptbot)"
85.208.96.199 - - [06/Feb/2026:09:26:49 -0500] "GET /getidm/267937cejpitems HTTP/1.1" 404 1251 "-" "Mozilla/5.0 (compatible; SemrushBot/7~bl; +http://www.semrush.com/bot.html)"
74.7.227.180 - - [06/Feb/2026:09:26:51 -0500] "GET /ctg/search/similarImageSearchResultView/?ctgItemCd=7414270552 HTTP/1.1" 404 1251 "https://blog.newkolkata.in/geti/70552zslyitems" "Mozilla/5.0 AppleWebKit/537.36 (KHTML, like Gecko; compatible; GPTBot/1.3; +https://openai.com/gptbot)"
74.7.227.180 - - [06/Feb/2026:09:26:54 -0500] "GET /ctg/search/similarImageSearchResultView/?ctgItemCd=9303488785 HTTP/1.1" 404 1251 "https://blog.newkolkata.in/getidm41/88785jahtitems.htm" "Mozilla/5.0 AppleWebKit/537.36 (KHTML, like Gecko; compatible; GPTBot/1.3; +https://openai.com/gptbot)"
74.7.227.180 - - [06/Feb/2026:09:26:57 -0500] "GET /ctg/search/similarImageSearchResultView/?ctgItemCd=9287789056 HTTP/1.1" 404 1251 "https://blog.newkolkata.in/getidm8/89056kairitems" "Mozilla/5.0 AppleWebKit/537.36 (KHTML, like Gecko; compatible; GPTBot/1.3; +https://openai.com/gptbot)"
85.208.96.193 - - [06/Feb/2026:09:26:57 -0500] "GET /get/152529ccoyitems.htm HTTP/1.1" 404 1251 "-" "Mozilla/5.0 (compatible; SemrushBot/7~bl; +http://www.semrush.com/bot.html)"
74.7.227.180 - - [06/Feb/2026:09:27:00 -0500] "GET /ctg/search/similarImageSearchResultView/?ctgItemCd=5021946250 HTTP/1.1" 404 1251 "https://blog.newkolkata.in/ite/46250jahttidm493.html" "Mozilla/5.0 AppleWebKit/537.36 (KHTML, like Gecko; compatible; GPTBot/1.3; +https://openai.com/gptbot)"
74.7.227.180 - - [06/Feb/2026:09:27:03 -0500] "GET /ctg/search/similarImageSearchResultView/?ctgItemCd=2231818486 HTTP/1.1" 404 1251 "https://blog.newkolkata.in/get/18486ccoyitems.htm" "Mozilla/5.0 AppleWebKit/537.36 (KHTML, like Gecko; compatible; GPTBot/1.3; +https://openai.com/gptbot)"
74.7.227.180 - - [06/Feb/2026:09:27:07 -0500] "GET /ctg/search/similarImageSearchResultView/?ctgItemCd=4082236531 HTTP/1.1" 404 1251 "https://blog.newkolkata.in/getidm621/36531sejmitems.htm" "Mozilla/5.0 AppleWebKit/537.36 (KHTML, like Gecko; compatible; GPTBot/1.3; +https://openai.com/gptbot)"
74.7.227.180 - - [06/Feb/2026:09:27:10 -0500] "GET /ctg/search/similarImageSearchResultView/?ctgItemCd=6320659425 HTTP/1.1" 404 1251 "https://blog.newkolkata.in/getidm/59425tjvfitems" "Mozilla/5.0 AppleWebKit/537.36 (KHTML, like Gecko; compatible; GPTBot/1.3; +https://openai.com/gptbot)"
74.7.227.180 - - [06/Feb/2026:09:27:13 -0500] "GET /ctg/search/similarImageSearchResultView/?ctgItemCd=1497810817 HTTP/1.1" 404 1251 "https://blog.newkolkata.in/items/10817ulgptidm78.html" "Mozilla/5.0 AppleWebKit/537.36 (KHTML, like Gecko; compatible; GPTBot/1.3; +https://openai.com/gptbot)"
74.7.227.180 - - [06/Feb/2026:09:27:16 -0500] "GET /ctg/search/similarImageSearchResultView/?ctgItemCd=6373259784 HTTP/1.1" 404 1251 "https://blog.newkolkata.in/items/59784sejmtid.html" "Mozilla/5.0 AppleWebKit/537.36 (KHTML, like Gecko; compatible; GPTBot/1.3; +https://openai.com/gptbot)"
74.7.227.180 - - [06/Feb/2026:09:27:19 -0500] "GET /ctg/search/similarImageSearchResultView/?ctgItemCd=8058476414 HTTP/1.1" 404 1251 "https://blog.newkolkata.in/getidm/76414mvrvitems.htm" "Mozilla/5.0 AppleWebKit/537.36 (KHTML, like Gecko; compatible; GPTBot/1.3; +https://openai.com/gptbot)"
85.208.96.194 - - [06/Feb/2026:09:27:21 -0500] "GET /getidm/241993ccoyitems HTTP/1.1" 404 1251 "-" "Mozilla/5.0 (compatible; SemrushBot/7~bl; +http://www.semrush.com/bot.html)"
74.7.227.180 - - [06/Feb/2026:09:27:22 -0500] "GET /ctg/search/similarImageSearchResultView/?ctgItemCd=4044036257 HTTP/1.1" 404 1251 "https://blog.newkolkata.in/items/36257mvrvtidm93.html" "Mozilla/5.0 AppleWebKit/537.36 (KHTML, like Gecko; compatible; GPTBot/1.3; +https://openai.com/gptbot)"
74.7.227.180 - - [06/Feb/2026:09:27:25 -0500] "GET /ctg/search/similarImageSearchResultView/?ctgItemCd=3095426921 HTTP/1.1" 404 1251 "https://blog.newkolkata.in/item/26921kairtidm79.html" "Mozilla/5.0 AppleWebKit/537.36 (KHTML, like Gecko; compatible; GPTBot/1.3; +https://openai.com/gptbot)"
74.7.227.180 - - [06/Feb/2026:09:27:29 -0500] "GET /ctg/search/similarImageSearchResultView/?ctgItemCd=1874014694 HTTP/1.1" 404 1251 "https://blog.newkolkata.in/getid/14694tjvfitems.htm" "Mozilla/5.0 AppleWebKit/537.36 (KHTML, like Gecko; compatible; GPTBot/1.3; +https://openai.com/gptbot)"
74.7.227.180 - - [06/Feb/2026:09:27:32 -0500] "GET /ctg/search/similarImageSearchResultView/?ctgItemCd=8453580959 HTTP/1.1" 404 1251 "https://blog.newkolkata.in/geti/80959ulgpitems" "Mozilla/5.0 AppleWebKit/537.36 (KHTML, like Gecko; compatible; GPTBot/1.3; +https://openai.com/gptbot)"
74.7.227.180 - - [06/Feb/2026:09:27:35 -0500] "GET /ctg/search/similarImageSearchResultView/?ctgItemCd=6621761892 HTTP/1.1" 404 1251 "https://blog.newkolkata.in/items/61892ulgptidm65618.html" "Mozilla/5.0 AppleWebKit/537.36 (KHTML, like Gecko; compatible; GPTBot/1.3; +https://openai.com/gptbot)"
74.7.227.180 - - [06/Feb/2026:09:27:38 -0500] "GET /ctg/search/similarImageSearchResultView/?ctgItemCd=6647062615 HTTP/1.1" 404 1251 "https://blog.newkolkata.in/ite/62615zslytidm.html" "Mozilla/5.0 AppleWebKit/537.36 (KHTML, like Gecko; compatible; GPTBot/1.3; +https://openai.com/gptbot)"
193.24.211.70 - - [06/Feb/2026:09:27:40 -0500] "GET / HTTP/1.1" 200 1969 "-" "Mozilla/5.0 (Macintosh; Intel Mac OS X 10_15_7) AppleWebKit/537.36 (KHTML, like Gecko) Chrome/120.0.0.0 Safari/537.36"
74.7.227.180 - - [06/Feb/2026:09:27:41 -0500] "GET /ctg/search/similarImageSearchResultView/?ctgItemCd=2704923479 HTTP/1.1" 404 1251 "https://blog.newkolkata.in/geti/23479ulgpitems" "Mozilla/5.0 AppleWebKit/537.36 (KHTML, like Gecko; compatible; GPTBot/1.3; +https://openai.com/gptbot)"
74.7.227.180 - - [06/Feb/2026:09:27:44 -0500] "GET /ctg/search/similarImageSearchResultView/?ctgItemCd=7055266399 HTTP/1.1" 404 1251 "https://blog.newkolkata.in/getidm/66399sejmitems.htm" "Mozilla/5.0 AppleWebKit/537.36 (KHTML, like Gecko; compatible; GPTBot/1.3; +https://openai.com/gptbot)"
185.191.171.11 - - [06/Feb/2026:09:27:46 -0500] "GET /getid/204760jahtitems HTTP/1.1" 404 1251 "-" "Mozilla/5.0 (compatible; SemrushBot/7~bl; +http://www.semrush.com/bot.html)"
74.7.227.180 - - [06/Feb/2026:09:27:48 -0500] "GET /ctg/search/similarImageSearchResultView/?ctgItemCd=2470120499 HTTP/1.1" 404 1251 "https://blog.newkolkata.in/getidm1/20499ulgpitems.htm" "Mozilla/5.0 AppleWebKit/537.36 (KHTML, like Gecko; compatible; GPTBot/1.3; +https://openai.com/gptbot)"
85.208.96.200 - - [06/Feb/2026:09:27:48 -0500] "GET /get/29217jahtitems.htm HTTP/1.1" 404 1251 "-" "Mozilla/5.0 (compatible; SemrushBot/7~bl; +http://www.semrush.com/bot.html)"
74.7.227.180 - - [06/Feb/2026:09:27:51 -0500] "GET /ctg/search/similarImageSearchResultView/?ctgItemCd=5100947270 HTTP/1.1" 404 1251 "https://blog.newkolkata.in/ite/47270mvrvtid.html" "Mozilla/5.0 AppleWebKit/537.36 (KHTML, like Gecko; compatible; GPTBot/1.3; +https://openai.com/gptbot)"
185.191.171.13 - - [06/Feb/2026:09:27:53 -0500] "GET /get/182254mvrvitems HTTP/1.1" 404 1251 "-" "Mozilla/5.0 (compatible; SemrushBot/7~bl; +http://www.semrush.com/bot.html)"
74.7.227.180 - - [06/Feb/2026:09:27:54 -0500] "GET /ctg/search/similarImageSearchResultView/?ctgItemCd=3585932060 HTTP/1.1" 404 1251 "https://blog.newkolkata.in/getidm8/32060cejpitems" "Mozilla/5.0 AppleWebKit/537.36 (KHTML, like Gecko; compatible; GPTBot/1.3; +https://openai.com/gptbot)"
85.208.96.211 - - [06/Feb/2026:09:27:55 -0500] "GET /getidm1/249754jahtitems HTTP/1.1" 404 1251 "-" "Mozilla/5.0 (compatible; SemrushBot/7~bl; +http://www.semrush.com/bot.html)"
74.7.227.180 - - [06/Feb/2026:09:27:57 -0500] "GET /ctg/search/similarImageSearchResultView/?ctgItemCd=9987096319 HTTP/1.1" 404 1251 "https://blog.newkolkata.in/geti/96319cejpitems" "Mozilla/5.0 AppleWebKit/537.36 (KHTML, like Gecko; compatible; GPTBot/1.3; +https://openai.com/gptbot)"
185.191.171.5 - - [06/Feb/2026:09:27:57 -0500] "GET /getid/24544mvrvitems HTTP/1.1" 404 1251 "-" "Mozilla/5.0 (compatible; SemrushBot/7~bl; +http://www.semrush.com/bot.html)"
185.191.171.3 - - [06/Feb/2026:09:28:00 -0500] "GET /getid/9352cejpitems HTTP/1.1" 404 1251 "-" "Mozilla/5.0 (compatible; SemrushBot/7~bl; +http://www.semrush.com/bot.html)"
74.7.227.180 - - [06/Feb/2026:09:28:00 -0500] "GET /ctg/search/similarImageSearchResultView/?ctgItemCd=8124976914 HTTP/1.1" 404 1251 "https://blog.newkolkata.in/getidm621/76914zslyitems.htm" "Mozilla/5.0 AppleWebKit/537.36 (KHTML, like Gecko; compatible; GPTBot/1.3; +https://openai.com/gptbot)"
74.7.227.180 - - [06/Feb/2026:09:28:03 -0500] "GET /ctg/search/similarImageSearchResultView/?ctgItemCd=7484370626 HTTP/1.1" 404 1251 "https://blog.newkolkata.in/getidm8/70626pcywitems.htm" "Mozilla/5.0 AppleWebKit/537.36 (KHTML, like Gecko; compatible; GPTBot/1.3; +https://openai.com/gptbot)"
74.7.227.180 - - [06/Feb/2026:09:28:07 -0500] "GET /ctg/search/similarImageSearchResultView/?ctgItemCd=3157927730 HTTP/1.1" 404 1251 "https://blog.newkolkata.in/getidm9/27730mvrvitems" "Mozilla/5.0 AppleWebKit/537.36 (KHTML, like Gecko; compatible; GPTBot/1.3; +https://openai.com/gptbot)"
74.7.227.180 - - [06/Feb/2026:09:28:10 -0500] "GET /ctg/search/similarImageSearchResultView/?ctgItemCd=6435960072 HTTP/1.1" 404 1251 "https://blog.newkolkata.in/getidm498/60072cejpitems.htm" "Mozilla/5.0 AppleWebKit/537.36 (KHTML, like Gecko; compatible; GPTBot/1.3; +https://openai.com/gptbot)"
74.7.227.180 - - [06/Feb/2026:09:28:13 -0500] "GET /ctg/search/similarImageSearchResultView/?ctgItemCd=5727353318 HTTP/1.1" 404 1251 "https://blog.newkolkata.in/items/53318pcywtid.html" "Mozilla/5.0 AppleWebKit/537.36 (KHTML, like Gecko; compatible; GPTBot/1.3; +https://openai.com/gptbot)"
74.7.227.180 - - [06/Feb/2026:09:28:16 -0500] "GET /ctg/search/similarImageSearchResultView/?ctgItemCd=9068786489 HTTP/1.1" 404 1251 "https://blog.newkolkata.in/items/86489zslytidm53.html" "Mozilla/5.0 AppleWebKit/537.36 (KHTML, like Gecko; compatible; GPTBot/1.3; +https://openai.com/gptbot)"
74.7.227.180 - - [06/Feb/2026:09:28:19 -0500] "GET /ctg/search/similarImageSearchResultView/?ctgItemCd=9795794303 HTTP/1.1" 404 1251 "https://blog.newkolkata.in/getid/94303ccoyitems" "Mozilla/5.0 AppleWebKit/537.36 (KHTML, like Gecko; compatible; GPTBot/1.3; +https://openai.com/gptbot)"
74.7.227.180 - - [06/Feb/2026:09:28:22 -0500] "GET /ctg/search/similarImageSearchResultView/?ctgItemCd=6863064595 HTTP/1.1" 404 1251 "https://blog.newkolkata.in/ite/64595ccoytidm3363.html" "Mozilla/5.0 AppleWebKit/537.36 (KHTML, like Gecko; compatible; GPTBot/1.3; +https://openai.com/gptbot)"
85.208.96.210 - - [06/Feb/2026:09:28:22 -0500] "GET /items/98918cejptid.html HTTP/1.1" 404 1251 "-" "Mozilla/5.0 (compatible; SemrushBot/7~bl; +http://www.semrush.com/bot.html)"
74.7.227.180 - - [06/Feb/2026:09:28:25 -0500] "GET /ctg/search/similarImageSearchResultView/?ctgItemCd=7500371233 HTTP/1.1" 404 1251 "https://blog.newkolkata.in/getidm/71233ulgpitems" "Mozilla/5.0 AppleWebKit/537.36 (KHTML, like Gecko; compatible; GPTBot/1.3; +https://openai.com/gptbot)"
74.7.227.180 - - [06/Feb/2026:09:28:29 -0500] "GET /ctg/search/similarImageSearchResultView/?ctgItemCd=9006786407 HTTP/1.1" 404 1251 "https://blog.newkolkata.in/getid/86407ccoyitems" "Mozilla/5.0 AppleWebKit/537.36 (KHTML, like Gecko; compatible; GPTBot/1.3; +https://openai.com/gptbot)"
85.208.96.194 - - [06/Feb/2026:09:28:29 -0500] "GET /geti/252415ulgpitems HTTP/1.1" 404 1251 "-" "Mozilla/5.0 (compatible; SemrushBot/7~bl; +http://www.semrush.com/bot.html)"
74.7.227.180 - - [06/Feb/2026:09:28:32 -0500] "GET /ctg/search/similarImageSearchResultView/?ctgItemCd=4080336920 HTTP/1.1" 404 1251 "https://blog.newkolkata.in/ite/36920ulgptidm6.html" "Mozilla/5.0 AppleWebKit/537.36 (KHTML, like Gecko; compatible; GPTBot/1.3; +https://openai.com/gptbot)"
74.7.227.180 - - [06/Feb/2026:09:28:35 -0500] "GET /ctg/search/similarImageSearchResultView/?ctgItemCd=4586142319 HTTP/1.1" 404 1251 "https://blog.newkolkata.in/geti/42319cejpitems" "Mozilla/5.0 AppleWebKit/537.36 (KHTML, like Gecko; compatible; GPTBot/1.3; +https://openai.com/gptbot)"
74.7.227.180 - - [06/Feb/2026:09:28:38 -0500] "GET /ctg/search/similarImageSearchResultView/?ctgItemCd=8699182637 HTTP/1.1" 404 1251 "https://blog.newkolkata.in/items/82637kairtidm712248.html" "Mozilla/5.0 AppleWebKit/537.36 (KHTML, like Gecko; compatible; GPTBot/1.3; +https://openai.com/gptbot)"
185.191.171.19 - - [06/Feb/2026:09:28:39 -0500] "GET /geti/8599zslyitems HTTP/1.1" 404 1251 "-" "Mozilla/5.0 (compatible; SemrushBot/7~bl; +http://www.semrush.com/bot.html)"
74.7.227.180 - - [06/Feb/2026:09:28:42 -0500] "GET /ctg/search/similarImageSearchResultView/?ctgItemCd=3164027806 HTTP/1.1" 404 1251 "https://blog.newkolkata.in/item/27806tjvftid.html" "Mozilla/5.0 AppleWebKit/537.36 (KHTML, like Gecko; compatible; GPTBot/1.3; +https://openai.com/gptbot)"
185.191.171.12 - - [06/Feb/2026:09:28:42 -0500] "GET /get/108406ulgpitems HTTP/1.1" 404 1251 "-" "Mozilla/5.0 (compatible; SemrushBot/7~bl; +http://www.semrush.com/bot.html)"
74.7.227.180 - - [06/Feb/2026:09:28:45 -0500] "GET /ctg/search/similarImageSearchResultView/?ctgItemCd=9280388770 HTTP/1.1" 404 1251 "https://blog.newkolkata.in/getid/88770kairitems.htm" "Mozilla/5.0 AppleWebKit/537.36 (KHTML, like Gecko; compatible; GPTBot/1.3; +https://openai.com/gptbot)"
74.7.227.180 - - [06/Feb/2026:09:28:48 -0500] "GET /ctg/search/similarImageSearchResultView/?ctgItemCd=4366739748 HTTP/1.1" 404 1251 "https://blog.newkolkata.in/getidm205/39748jahtitems" "Mozilla/5.0 AppleWebKit/537.36 (KHTML, like Gecko; compatible; GPTBot/1.3; +https://openai.com/gptbot)"
85.208.96.206 - - [06/Feb/2026:09:28:48 -0500] "GET /get/185734sejmitems HTTP/1.1" 404 1251 "-" "Mozilla/5.0 (compatible; SemrushBot/7~bl; +http://www.semrush.com/bot.html)"
185.191.171.16 - - [06/Feb/2026:09:28:51 -0500] "GET /getidm5/161266pcywitems HTTP/1.1" 404 1251 "-" "Mozilla/5.0 (compatible; SemrushBot/7~bl; +http://www.semrush.com/bot.html)"
74.7.227.180 - - [06/Feb/2026:09:28:51 -0500] "GET /ctg/search/similarImageSearchResultView/?ctgItemCd=4152637640 HTTP/1.1" 404 1251 "https://blog.newkolkata.in/ite/37640tjvftidm7.html" "Mozilla/5.0 AppleWebKit/537.36 (KHTML, like Gecko; compatible; GPTBot/1.3; +https://openai.com/gptbot)"
74.7.227.180 - - [06/Feb/2026:09:28:54 -0500] "GET /ctg/search/similarImageSearchResultView/?ctgItemCd=5175947798 HTTP/1.1" 404 1251 "https://blog.newkolkata.in/items/47798tjvftid.html" "Mozilla/5.0 AppleWebKit/537.36 (KHTML, like Gecko; compatible; GPTBot/1.3; +https://openai.com/gptbot)"
74.7.227.180 - - [06/Feb/2026:09:28:57 -0500] "GET /ctg/search/similarImageSearchResultView/?ctgItemCd=8366779583 HTTP/1.1" 404 1251 "https://blog.newkolkata.in/items/79583mvrvtidm.html" "Mozilla/5.0 AppleWebKit/537.36 (KHTML, like Gecko; compatible; GPTBot/1.3; +https://openai.com/gptbot)"
74.7.227.180 - - [06/Feb/2026:09:29:00 -0500] "GET /ctg/search/similarImageSearchResultView/?ctgItemCd=4761643569 HTTP/1.1" 404 1251 "https://blog.newkolkata.in/getid/43569ulgpitems.htm" "Mozilla/5.0 AppleWebKit/537.36 (KHTML, like Gecko; compatible; GPTBot/1.3; +https://openai.com/gptbot)"
185.191.171.12 - - [06/Feb/2026:09:29:03 -0500] "GET /getid/7848ulgpitems.htm HTTP/1.1" 404 1251 "-" "Mozilla/5.0 (compatible; SemrushBot/7~bl; +http://www.semrush.com/bot.html)"
74.7.227.180 - - [06/Feb/2026:09:29:03 -0500] "GET /ctg/search/similarImageSearchResultView/?ctgItemCd=1958715396 HTTP/1.1" 404 1251 "https://blog.newkolkata.in/getidm7/15396kairitems.htm" "Mozilla/5.0 AppleWebKit/537.36 (KHTML, like Gecko; compatible; GPTBot/1.3; +https://openai.com/gptbot)"
185.191.171.11 - - [06/Feb/2026:09:29:05 -0500] "GET /getidm/173973jahtitems.htm HTTP/1.1" 404 1251 "-" "Mozilla/5.0 (compatible; SemrushBot/7~bl; +http://www.semrush.com/bot.html)"
74.7.227.180 - - [06/Feb/2026:09:29:06 -0500] "GET /ctg/search/similarImageSearchResultView/?ctgItemCd=5316749252 HTTP/1.1" 404 1251 "https://blog.newkolkata.in/getidm426/49252kairitems" "Mozilla/5.0 AppleWebKit/537.36 (KHTML, like Gecko; compatible; GPTBot/1.3; +https://openai.com/gptbot)"
74.7.227.180 - - [06/Feb/2026:09:29:09 -0500] "GET /ctg/search/similarImageSearchResultView/?ctgItemCd=6214558218 HTTP/1.1" 404 1251 "https://blog.newkolkata.in/geti/58218jahtitems.htm" "Mozilla/5.0 AppleWebKit/537.36 (KHTML, like Gecko; compatible; GPTBot/1.3; +https://openai.com/gptbot)"
74.7.227.180 - - [06/Feb/2026:09:29:13 -0500] "GET /ctg/search/similarImageSearchResultView/?ctgItemCd=8776083822 HTTP/1.1" 404 1251 "https://blog.newkolkata.in/items/83822sejmtid.html" "Mozilla/5.0 AppleWebKit/537.36 (KHTML, like Gecko; compatible; GPTBot/1.3; +https://openai.com/gptbot)"
74.7.227.180 - - [06/Feb/2026:09:29:16 -0500] "GET /ctg/search/similarImageSearchResultView/?ctgItemCd=8671182529 HTTP/1.1" 404 1251 "https://blog.newkolkata.in/items/82529mvrvtidm44.html" "Mozilla/5.0 AppleWebKit/537.36 (KHTML, like Gecko; compatible; GPTBot/1.3; +https://openai.com/gptbot)"
74.7.227.180 - - [06/Feb/2026:09:29:19 -0500] "GET /ctg/search/similarImageSearchResultView/?ctgItemCd=7184667547 HTTP/1.1" 404 1251 "https://blog.newkolkata.in/items/67547zslytidm3763.html" "Mozilla/5.0 AppleWebKit/537.36 (KHTML, like Gecko; compatible; GPTBot/1.3; +https://openai.com/gptbot)"
74.7.227.180 - - [06/Feb/2026:09:29:22 -0500] "GET /ctg/search/similarImageSearchResultView/?ctgItemCd=7267568484 HTTP/1.1" 404 1251 "https://blog.newkolkata.in/getidm6/68484cejpitems.htm" "Mozilla/5.0 AppleWebKit/537.36 (KHTML, like Gecko; compatible; GPTBot/1.3; +https://openai.com/gptbot)"
185.191.171.8 - - [06/Feb/2026:09:29:22 -0500] "GET /ite/246830kairtid.html HTTP/1.1" 404 1251 "-" "Mozilla/5.0 (compatible; SemrushBot/7~bl; +http://www.semrush.com/bot.html)"
85.208.96.199 - - [06/Feb/2026:09:29:24 -0500] "GET /geti/126223cejpitems HTTP/1.1" 404 1251 "-" "Mozilla/5.0 (compatible; SemrushBot/7~bl; +http://www.semrush.com/bot.html)"
74.7.227.180 - - [06/Feb/2026:09:29:25 -0500] "GET /ctg/search/similarImageSearchResultView/?ctgItemCd=2374020056 HTTP/1.1" 404 1251 "https://blog.newkolkata.in/getid/20056zslyitems" "Mozilla/5.0 AppleWebKit/537.36 (KHTML, like Gecko; compatible; GPTBot/1.3; +https://openai.com/gptbot)"
74.7.227.180 - - [06/Feb/2026:09:29:28 -0500] "GET /ctg/search/similarImageSearchResultView/?ctgItemCd=4923345311 HTTP/1.1" 404 1251 "https://blog.newkolkata.in/item/45311ccoytidm.html" "Mozilla/5.0 AppleWebKit/537.36 (KHTML, like Gecko; compatible; GPTBot/1.3; +https://openai.com/gptbot)"
74.7.227.180 - - [06/Feb/2026:09:29:32 -0500] "GET /ctg/search/similarImageSearchResultView/?ctgItemCd=3792634438 HTTP/1.1" 404 1251 "https://blog.newkolkata.in/get/34438zslyitems" "Mozilla/5.0 AppleWebKit/537.36 (KHTML, like Gecko; compatible; GPTBot/1.3; +https://openai.com/gptbot)"
74.7.227.180 - - [06/Feb/2026:09:29:35 -0500] "GET /ctg/search/similarImageSearchResultView/?ctgItemCd=4142137478 HTTP/1.1" 404 1251 "https://blog.newkolkata.in/items/37478ccoytid.html" "Mozilla/5.0 AppleWebKit/537.36 (KHTML, like Gecko; compatible; GPTBot/1.3; +https://openai.com/gptbot)"
74.7.227.180 - - [06/Feb/2026:09:29:38 -0500] "GET /ctg/search/similarImageSearchResultView/?ctgItemCd=9526991400 HTTP/1.1" 404 1251 "https://blog.newkolkata.in/ite/91400sejmtidm7.html" "Mozilla/5.0 AppleWebKit/537.36 (KHTML, like Gecko; compatible; GPTBot/1.3; +https://openai.com/gptbot)"
74.7.227.180 - - [06/Feb/2026:09:29:41 -0500] "GET /ctg/search/similarImageSearchResultView/?ctgItemCd=6327359294 HTTP/1.1" 404 1251 "https://blog.newkolkata.in/items/59294zslytid.html" "Mozilla/5.0 AppleWebKit/537.36 (KHTML, like Gecko; compatible; GPTBot/1.3; +https://openai.com/gptbot)"
74.7.227.180 - - [06/Feb/2026:09:29:44 -0500] "GET /ctg/search/similarImageSearchResultView/?ctgItemCd=3104326979 HTTP/1.1" 404 1251 "https://blog.newkolkata.in/getid/26979pcywitems.htm" "Mozilla/5.0 AppleWebKit/537.36 (KHTML, like Gecko; compatible; GPTBot/1.3; +https://openai.com/gptbot)"
74.7.227.180 - - [06/Feb/2026:09:29:47 -0500] "GET /ctg/search/similarImageSearchResultView/?ctgItemCd=7209068527 HTTP/1.1" 404 1251 "https://blog.newkolkata.in/geti/68527ccoyitems" "Mozilla/5.0 AppleWebKit/537.36 (KHTML, like Gecko; compatible; GPTBot/1.3; +https://openai.com/gptbot)"
74.7.227.180 - - [06/Feb/2026:09:29:50 -0500] "GET /ctg/search/similarImageSearchResultView/?ctgItemCd=6623062397 HTTP/1.1" 404 1251 "https://blog.newkolkata.in/get/62397sejmitems.htm" "Mozilla/5.0 AppleWebKit/537.36 (KHTML, like Gecko; compatible; GPTBot/1.3; +https://openai.com/gptbot)"
74.7.227.180 - - [06/Feb/2026:09:29:53 -0500] "GET /ctg/search/similarImageSearchResultView/?ctgItemCd=4802043947 HTTP/1.1" 404 1251 "https://blog.newkolkata.in/getid/43947zslyitems.htm" "Mozilla/5.0 AppleWebKit/537.36 (KHTML, like Gecko; compatible; GPTBot/1.3; +https://openai.com/gptbot)"
74.7.227.180 - - [06/Feb/2026:09:29:57 -0500] "GET /ctg/search/similarImageSearchResultView/?ctgItemCd=6459860691 HTTP/1.1" 404 1251 "https://blog.newkolkata.in/getidm45/60691zslyitems" "Mozilla/5.0 AppleWebKit/537.36 (KHTML, like Gecko; compatible; GPTBot/1.3; +https://openai.com/gptbot)"
74.7.227.180 - - [06/Feb/2026:09:30:00 -0500] "GET /ctg/search/similarImageSearchResultView/?ctgItemCd=8066876713 HTTP/1.1" 404 1251 "https://blog.newkolkata.in/geti/76713pcywitems.htm" "Mozilla/5.0 AppleWebKit/537.36 (KHTML, like Gecko; compatible; GPTBot/1.3; +https://openai.com/gptbot)"
74.7.227.180 - - [06/Feb/2026:09:30:03 -0500] "GET /ctg/search/similarImageSearchResultView/?ctgItemCd=7192167845 HTTP/1.1" 404 1251 "https://blog.newkolkata.in/getid/67845zslyitems.htm" "Mozilla/5.0 AppleWebKit/537.36 (KHTML, like Gecko; compatible; GPTBot/1.3; +https://openai.com/gptbot)"
74.7.227.180 - - [06/Feb/2026:09:30:06 -0500] "GET /ctg/search/similarImageSearchResultView/?ctgItemCd=2393819659 HTTP/1.1" 404 1251 "https://blog.newkolkata.in/getidm32/19659mvrvitems.htm" "Mozilla/5.0 AppleWebKit/537.36 (KHTML, like Gecko; compatible; GPTBot/1.3; +https://openai.com/gptbot)"
