103.59.75.232 - - [06/Feb/2026:13:10:09 -0500] "GET /wp-content/plugins/gravityforms/js/jquery.json.min.js?ver=2.9.26 HTTP/1.1" 200 839 "https://www.e-marketing.io/?utm_medium=paid&utm_source=ig&utm_id=120238583898620186&utm_content=120238583898630186&utm_term=120238583898650186&utm_campaign=120238583898620186" "Mozilla/5.0 (Linux; Android 15; motorola edge 50 neo Build/V1UIS35H.11-39-28-5; wv) AppleWebKit/537.36 (KHTML, like Gecko) Version/4.0 Chrome/144.0.7559.114 Mobile Safari/537.36 Instagram 415.0.0.36.76 Android (35/15; 450dpi; 1200x2670; motorola; motorola edge 50 neo; vienna; mt6878; en_IN; 874816577; IABMV/1)"
103.59.75.232 - - [06/Feb/2026:13:10:09 -0500] "GET /wp-content/plugins/gravityforms/js/gravityforms.min.js?ver=2.9.26 HTTP/1.1" 200 12655 "https://www.e-marketing.io/?utm_medium=paid&utm_source=ig&utm_id=120238583898620186&utm_content=120238583898630186&utm_term=120238583898650186&utm_campaign=120238583898620186" "Mozilla/5.0 (Linux; Android 15; motorola edge 50 neo Build/V1UIS35H.11-39-28-5; wv) AppleWebKit/537.36 (KHTML, like Gecko) Version/4.0 Chrome/144.0.7559.114 Mobile Safari/537.36 Instagram 415.0.0.36.76 Android (35/15; 450dpi; 1200x2670; motorola; motorola edge 50 neo; vienna; mt6878; en_IN; 874816577; IABMV/1)"
103.59.75.232 - - [06/Feb/2026:13:10:09 -0500] "GET /wp-content/plugins/elementor/assets/lib/font-awesome/webfonts/fa-solid-900.woff2 HTTP/1.1" 200 78196 "https://www.e-marketing.io/wp-content/plugins/elementor/assets/lib/font-awesome/css/solid.min.css?ver=5.15.3" "Mozilla/5.0 (Linux; Android 15; motorola edge 50 neo Build/V1UIS35H.11-39-28-5; wv) AppleWebKit/537.36 (KHTML, like Gecko) Version/4.0 Chrome/144.0.7559.114 Mobile Safari/537.36 Instagram 415.0.0.36.76 Android (35/15; 450dpi; 1200x2670; motorola; motorola edge 50 neo; vienna; mt6878; en_IN; 874816577; IABMV/1)"
103.59.75.232 - - [06/Feb/2026:13:10:09 -0500] "GET /wp-content/uploads/2022/06/WhatsApp.png HTTP/1.1" 200 15930 "https://www.e-marketing.io/?utm_medium=paid&utm_source=ig&utm_id=120238583898620186&utm_content=120238583898630186&utm_term=120238583898650186&utm_campaign=120238583898620186" "Mozilla/5.0 (Linux; Android 15; motorola edge 50 neo Build/V1UIS35H.11-39-28-5; wv) AppleWebKit/537.36 (KHTML, like Gecko) Version/4.0 Chrome/144.0.7559.114 Mobile Safari/537.36 Instagram 415.0.0.36.76 Android (35/15; 450dpi; 1200x2670; motorola; motorola edge 50 neo; vienna; mt6878; en_IN; 874816577; IABMV/1)"
103.59.75.232 - - [06/Feb/2026:13:10:09 -0500] "GET /wp-content/plugins/gravityforms/js/conditional_logic.min.js?ver=2.9.26 HTTP/1.1" 200 3054 "https://www.e-marketing.io/?utm_medium=paid&utm_source=ig&utm_id=120238583898620186&utm_content=120238583898630186&utm_term=120238583898650186&utm_campaign=120238583898620186" "Mozilla/5.0 (Linux; Android 15; motorola edge 50 neo Build/V1UIS35H.11-39-28-5; wv) AppleWebKit/537.36 (KHTML, like Gecko) Version/4.0 Chrome/144.0.7559.114 Mobile Safari/537.36 Instagram 415.0.0.36.76 Android (35/15; 450dpi; 1200x2670; motorola; motorola edge 50 neo; vienna; mt6878; en_IN; 874816577; IABMV/1)"
103.59.75.232 - - [06/Feb/2026:13:10:09 -0500] "GET /wp-content/plugins/gravityforms/assets/js/dist/utils.min.js?ver=48a3755090e76a154853db28fc254681 HTTP/1.1" 200 16371 "https://www.e-marketing.io/?utm_medium=paid&utm_source=ig&utm_id=120238583898620186&utm_content=120238583898630186&utm_term=120238583898650186&utm_campaign=120238583898620186" "Mozilla/5.0 (Linux; Android 15; motorola edge 50 neo Build/V1UIS35H.11-39-28-5; wv) AppleWebKit/537.36 (KHTML, like Gecko) Version/4.0 Chrome/144.0.7559.114 Mobile Safari/537.36 Instagram 415.0.0.36.76 Android (35/15; 450dpi; 1200x2670; motorola; motorola edge 50 neo; vienna; mt6878; en_IN; 874816577; IABMV/1)"
103.59.75.232 - - [06/Feb/2026:13:10:09 -0500] "GET /wp-content/uploads/2022/10/9.png HTTP/1.1" 200 49948 "https://www.e-marketing.io/?utm_medium=paid&utm_source=ig&utm_id=120238583898620186&utm_content=120238583898630186&utm_term=120238583898650186&utm_campaign=120238583898620186" "Mozilla/5.0 (Linux; Android 15; motorola edge 50 neo Build/V1UIS35H.11-39-28-5; wv) AppleWebKit/537.36 (KHTML, like Gecko) Version/4.0 Chrome/144.0.7559.114 Mobile Safari/537.36 Instagram 415.0.0.36.76 Android (35/15; 450dpi; 1200x2670; motorola; motorola edge 50 neo; vienna; mt6878; en_IN; 874816577; IABMV/1)"
103.59.75.232 - - [06/Feb/2026:13:10:09 -0500] "GET /wp-content/plugins/wp-contact-slider/img/delete-sign.png HTTP/1.1" 200 838 "https://www.e-marketing.io/?utm_medium=paid&utm_source=ig&utm_id=120238583898620186&utm_content=120238583898630186&utm_term=120238583898650186&utm_campaign=120238583898620186" "Mozilla/5.0 (Linux; Android 15; motorola edge 50 neo Build/V1UIS35H.11-39-28-5; wv) AppleWebKit/537.36 (KHTML, like Gecko) Version/4.0 Chrome/144.0.7559.114 Mobile Safari/537.36 Instagram 415.0.0.36.76 Android (35/15; 450dpi; 1200x2670; motorola; motorola edge 50 neo; vienna; mt6878; en_IN; 874816577; IABMV/1)"
103.59.75.232 - - [06/Feb/2026:13:10:09 -0500] "GET /wp-content/themes/emarketing/assets/js/minified/frontend.min.js?ver=3.7.9 HTTP/1.1" 200 3672 "https://www.e-marketing.io/?utm_medium=paid&utm_source=ig&utm_id=120238583898620186&utm_content=120238583898630186&utm_term=120238583898650186&utm_campaign=120238583898620186" "Mozilla/5.0 (Linux; Android 15; motorola edge 50 neo Build/V1UIS35H.11-39-28-5; wv) AppleWebKit/537.36 (KHTML, like Gecko) Version/4.0 Chrome/144.0.7559.114 Mobile Safari/537.36 Instagram 415.0.0.36.76 Android (35/15; 450dpi; 1200x2670; motorola; motorola edge 50 neo; vienna; mt6878; en_IN; 874816577; IABMV/1)"
103.59.75.232 - - [06/Feb/2026:13:10:09 -0500] "GET /wp-content/plugins/revslider/sr6/assets/js/rbtools.min.js?ver=6.7.18 HTTP/1.1" 200 59937 "https://www.e-marketing.io/?utm_medium=paid&utm_source=ig&utm_id=120238583898620186&utm_content=120238583898630186&utm_term=120238583898650186&utm_campaign=120238583898620186" "Mozilla/5.0 (Linux; Android 15; motorola edge 50 neo Build/V1UIS35H.11-39-28-5; wv) AppleWebKit/537.36 (KHTML, like Gecko) Version/4.0 Chrome/144.0.7559.114 Mobile Safari/537.36 Instagram 415.0.0.36.76 Android (35/15; 450dpi; 1200x2670; motorola; motorola edge 50 neo; vienna; mt6878; en_IN; 874816577; IABMV/1)"
103.59.75.232 - - [06/Feb/2026:13:10:09 -0500] "GET /wp-content/plugins/revslider/sr6/assets/js/rs6.min.js?ver=6.7.18 HTTP/1.1" 200 104520 "https://www.e-marketing.io/?utm_medium=paid&utm_source=ig&utm_id=120238583898620186&utm_content=120238583898630186&utm_term=120238583898650186&utm_campaign=120238583898620186" "Mozilla/5.0 (Linux; Android 15; motorola edge 50 neo Build/V1UIS35H.11-39-28-5; wv) AppleWebKit/537.36 (KHTML, like Gecko) Version/4.0 Chrome/144.0.7559.114 Mobile Safari/537.36 Instagram 415.0.0.36.76 Android (35/15; 450dpi; 1200x2670; motorola; motorola edge 50 neo; vienna; mt6878; en_IN; 874816577; IABMV/1)"
103.59.75.232 - - [06/Feb/2026:13:10:09 -0500] "GET /wp-content/plugins/gravityforms/js/placeholders.jquery.min.js?ver=2.9.26 HTTP/1.1" 200 1604 "https://www.e-marketing.io/?utm_medium=paid&utm_source=ig&utm_id=120238583898620186&utm_content=120238583898630186&utm_term=120238583898650186&utm_campaign=120238583898620186" "Mozilla/5.0 (Linux; Android 15; motorola edge 50 neo Build/V1UIS35H.11-39-28-5; wv) AppleWebKit/537.36 (KHTML, like Gecko) Version/4.0 Chrome/144.0.7559.114 Mobile Safari/537.36 Instagram 415.0.0.36.76 Android (35/15; 450dpi; 1200x2670; motorola; motorola edge 50 neo; vienna; mt6878; en_IN; 874816577; IABMV/1)"
103.59.75.232 - - [06/Feb/2026:13:10:10 -0500] "GET /wp-content/plugins/gravityforms/assets/js/dist/vendor-theme.min.js?ver=4f8b3915c1c1e1a6800825abd64b03cb HTTP/1.1" 200 7192 "https://www.e-marketing.io/?utm_medium=paid&utm_source=ig&utm_id=120238583898620186&utm_content=120238583898630186&utm_term=120238583898650186&utm_campaign=120238583898620186" "Mozilla/5.0 (Linux; Android 15; motorola edge 50 neo Build/V1UIS35H.11-39-28-5; wv) AppleWebKit/537.36 (KHTML, like Gecko) Version/4.0 Chrome/144.0.7559.114 Mobile Safari/537.36 Instagram 415.0.0.36.76 Android (35/15; 450dpi; 1200x2670; motorola; motorola edge 50 neo; vienna; mt6878; en_IN; 874816577; IABMV/1)"
103.59.75.232 - - [06/Feb/2026:13:10:10 -0500] "GET /wp-content/cache/autoptimize/js/autoptimize_single_27405af5f1692473fafa26151a67c55d.js?ver=2.6.3 HTTP/1.1" 200 40188 "https://www.e-marketing.io/?utm_medium=paid&utm_source=ig&utm_id=120238583898620186&utm_content=120238583898630186&utm_term=120238583898650186&utm_campaign=120238583898620186" "Mozilla/5.0 (Linux; Android 15; motorola edge 50 neo Build/V1UIS35H.11-39-28-5; wv) AppleWebKit/537.36 (KHTML, like Gecko) Version/4.0 Chrome/144.0.7559.114 Mobile Safari/537.36 Instagram 415.0.0.36.76 Android (35/15; 450dpi; 1200x2670; motorola; motorola edge 50 neo; vienna; mt6878; en_IN; 874816577; IABMV/1)"
103.59.75.232 - - [06/Feb/2026:13:10:10 -0500] "GET /wp-includes/js/jquery/ui/core.min.js?ver=1.13.3 HTTP/1.1" 200 6812 "https://www.e-marketing.io/?utm_medium=paid&utm_source=ig&utm_id=120238583898620186&utm_content=120238583898630186&utm_term=120238583898650186&utm_campaign=120238583898620186" "Mozilla/5.0 (Linux; Android 15; motorola edge 50 neo Build/V1UIS35H.11-39-28-5; wv) AppleWebKit/537.36 (KHTML, like Gecko) Version/4.0 Chrome/144.0.7559.114 Mobile Safari/537.36 Instagram 415.0.0.36.76 Android (35/15; 450dpi; 1200x2670; motorola; motorola edge 50 neo; vienna; mt6878; en_IN; 874816577; IABMV/1)"
103.59.75.232 - - [06/Feb/2026:13:10:10 -0500] "GET /wp-content/plugins/elementor/assets/lib/waypoints/waypoints.min.js?ver=4.0.2 HTTP/1.1" 200 2867 "https://www.e-marketing.io/?utm_medium=paid&utm_source=ig&utm_id=120238583898620186&utm_content=120238583898630186&utm_term=120238583898650186&utm_campaign=120238583898620186" "Mozilla/5.0 (Linux; Android 15; motorola edge 50 neo Build/V1UIS35H.11-39-28-5; wv) AppleWebKit/537.36 (KHTML, like Gecko) Version/4.0 Chrome/144.0.7559.114 Mobile Safari/537.36 Instagram 415.0.0.36.76 Android (35/15; 450dpi; 1200x2670; motorola; motorola edge 50 neo; vienna; mt6878; en_IN; 874816577; IABMV/1)"
103.59.75.232 - - [06/Feb/2026:13:10:10 -0500] "GET /wp-content/cache/autoptimize/js/autoptimize_single_94d041d462db321cdb888066586f2068.js?ver=2.6.3 HTTP/1.1" 200 40 "https://www.e-marketing.io/?utm_medium=paid&utm_source=ig&utm_id=120238583898620186&utm_content=120238583898630186&utm_term=120238583898650186&utm_campaign=120238583898620186" "Mozilla/5.0 (Linux; Android 15; motorola edge 50 neo Build/V1UIS35H.11-39-28-5; wv) AppleWebKit/537.36 (KHTML, like Gecko) Version/4.0 Chrome/144.0.7559.114 Mobile Safari/537.36 Instagram 415.0.0.36.76 Android (35/15; 450dpi; 1200x2670; motorola; motorola edge 50 neo; vienna; mt6878; en_IN; 874816577; IABMV/1)"
103.59.75.232 - - [06/Feb/2026:13:10:10 -0500] "GET /wp-content/plugins/elementor-pro/assets/js/webpack-pro.runtime.min.js?ver=3.4.1 HTTP/1.1" 200 2012 "https://www.e-marketing.io/?utm_medium=paid&utm_source=ig&utm_id=120238583898620186&utm_content=120238583898630186&utm_term=120238583898650186&utm_campaign=120238583898620186" "Mozilla/5.0 (Linux; Android 15; motorola edge 50 neo Build/V1UIS35H.11-39-28-5; wv) AppleWebKit/537.36 (KHTML, like Gecko) Version/4.0 Chrome/144.0.7559.114 Mobile Safari/537.36 Instagram 415.0.0.36.76 Android (35/15; 450dpi; 1200x2670; motorola; motorola edge 50 neo; vienna; mt6878; en_IN; 874816577; IABMV/1)"
103.59.75.232 - - [06/Feb/2026:13:10:10 -0500] "GET /wp-content/plugins/elementor/assets/js/webpack.runtime.min.js?ver=3.6.5 HTTP/1.1" 200 2049 "https://www.e-marketing.io/?utm_medium=paid&utm_source=ig&utm_id=120238583898620186&utm_content=120238583898630186&utm_term=120238583898650186&utm_campaign=120238583898620186" "Mozilla/5.0 (Linux; Android 15; motorola edge 50 neo Build/V1UIS35H.11-39-28-5; wv) AppleWebKit/537.36 (KHTML, like Gecko) Version/4.0 Chrome/144.0.7559.114 Mobile Safari/537.36 Instagram 415.0.0.36.76 Android (35/15; 450dpi; 1200x2670; motorola; motorola edge 50 neo; vienna; mt6878; en_IN; 874816577; IABMV/1)"
103.59.75.232 - - [06/Feb/2026:13:10:10 -0500] "GET /wp-content/cache/autoptimize/js/autoptimize_single_20fd86f55057e9bb189b0706e6c0c688.js?defer&ver=1.21.5 HTTP/1.1" 200 17145 "https://www.e-marketing.io/?utm_medium=paid&utm_source=ig&utm_id=120238583898620186&utm_content=120238583898630186&utm_term=120238583898650186&utm_campaign=120238583898620186" "Mozilla/5.0 (Linux; Android 15; motorola edge 50 neo Build/V1UIS35H.11-39-28-5; wv) AppleWebKit/537.36 (KHTML, like Gecko) Version/4.0 Chrome/144.0.7559.114 Mobile Safari/537.36 Instagram 415.0.0.36.76 Android (35/15; 450dpi; 1200x2670; motorola; motorola edge 50 neo; vienna; mt6878; en_IN; 874816577; IABMV/1)"
103.59.75.232 - - [06/Feb/2026:13:10:10 -0500] "GET /wp-content/plugins/gravityforms/assets/js/dist/scripts-theme.min.js?ver=0183eae4c8a5f424290fa0c1616e522c HTTP/1.1" 200 11624 "https://www.e-marketing.io/?utm_medium=paid&utm_source=ig&utm_id=120238583898620186&utm_content=120238583898630186&utm_term=120238583898650186&utm_campaign=120238583898620186" "Mozilla/5.0 (Linux; Android 15; motorola edge 50 neo Build/V1UIS35H.11-39-28-5; wv) AppleWebKit/537.36 (KHTML, like Gecko) Version/4.0 Chrome/144.0.7559.114 Mobile Safari/537.36 Instagram 415.0.0.36.76 Android (35/15; 450dpi; 1200x2670; motorola; motorola edge 50 neo; vienna; mt6878; en_IN; 874816577; IABMV/1)"
103.59.75.232 - - [06/Feb/2026:13:10:10 -0500] "GET /wp-content/cache/autoptimize/js/autoptimize_single_5ab577656d48e7fb2da4071c3477d4f4.js?ver=2.6.3 HTTP/1.1" 200 389 "https://www.e-marketing.io/?utm_medium=paid&utm_source=ig&utm_id=120238583898620186&utm_content=120238583898630186&utm_term=120238583898650186&utm_campaign=120238583898620186" "Mozilla/5.0 (Linux; Android 15; motorola edge 50 neo Build/V1UIS35H.11-39-28-5; wv) AppleWebKit/537.36 (KHTML, like Gecko) Version/4.0 Chrome/144.0.7559.114 Mobile Safari/537.36 Instagram 415.0.0.36.76 Android (35/15; 450dpi; 1200x2670; motorola; motorola edge 50 neo; vienna; mt6878; en_IN; 874816577; IABMV/1)"
103.59.75.232 - - [06/Feb/2026:13:10:10 -0500] "GET /wp-content/plugins/elementor/assets/js/frontend.min.js?ver=3.6.5 HTTP/1.1" 200 10643 "https://www.e-marketing.io/?utm_medium=paid&utm_source=ig&utm_id=120238583898620186&utm_content=120238583898630186&utm_term=120238583898650186&utm_campaign=120238583898620186" "Mozilla/5.0 (Linux; Android 15; motorola edge 50 neo Build/V1UIS35H.11-39-28-5; wv) AppleWebKit/537.36 (KHTML, like Gecko) Version/4.0 Chrome/144.0.7559.114 Mobile Safari/537.36 Instagram 415.0.0.36.76 Android (35/15; 450dpi; 1200x2670; motorola; motorola edge 50 neo; vienna; mt6878; en_IN; 874816577; IABMV/1)"
103.59.75.232 - - [06/Feb/2026:13:10:10 -0500] "GET /wp-content/plugins/elementor-pro/assets/js/elements-handlers.min.js?ver=3.4.1 HTTP/1.1" 200 5105 "https://www.e-marketing.io/?utm_medium=paid&utm_source=ig&utm_id=120238583898620186&utm_content=120238583898630186&utm_term=120238583898650186&utm_campaign=120238583898620186" "Mozilla/5.0 (Linux; Android 15; motorola edge 50 neo Build/V1UIS35H.11-39-28-5; wv) AppleWebKit/537.36 (KHTML, like Gecko) Version/4.0 Chrome/144.0.7559.114 Mobile Safari/537.36 Instagram 415.0.0.36.76 Android (35/15; 450dpi; 1200x2670; motorola; motorola edge 50 neo; vienna; mt6878; en_IN; 874816577; IABMV/1)"
103.59.75.232 - - [06/Feb/2026:13:10:10 -0500] "GET /wp-content/cache/autoptimize/js/autoptimize_single_1e1f6bda57b3fe634f02092ec0f871e0.js?ver=2.6.3 HTTP/1.1" 200 4443 "https://www.e-marketing.io/?utm_medium=paid&utm_source=ig&utm_id=120238583898620186&utm_content=120238583898630186&utm_term=120238583898650186&utm_campaign=120238583898620186" "Mozilla/5.0 (Linux; Android 15; motorola edge 50 neo Build/V1UIS35H.11-39-28-5; wv) AppleWebKit/537.36 (KHTML, like Gecko) Version/4.0 Chrome/144.0.7559.114 Mobile Safari/537.36 Instagram 415.0.0.36.76 Android (35/15; 450dpi; 1200x2670; motorola; motorola edge 50 neo; vienna; mt6878; en_IN; 874816577; IABMV/1)"
103.59.75.232 - - [06/Feb/2026:13:10:10 -0500] "GET /wp-content/plugins/elementor/assets/lib/swiper/swiper.min.js?ver=2.6.3 HTTP/1.1" 200 34004 "https://www.e-marketing.io/?utm_medium=paid&utm_source=ig&utm_id=120238583898620186&utm_content=120238583898630186&utm_term=120238583898650186&utm_campaign=120238583898620186" "Mozilla/5.0 (Linux; Android 15; motorola edge 50 neo Build/V1UIS35H.11-39-28-5; wv) AppleWebKit/537.36 (KHTML, like Gecko) Version/4.0 Chrome/144.0.7559.114 Mobile Safari/537.36 Instagram 415.0.0.36.76 Android (35/15; 450dpi; 1200x2670; motorola; motorola edge 50 neo; vienna; mt6878; en_IN; 874816577; IABMV/1)"
103.59.75.232 - - [06/Feb/2026:13:10:10 -0500] "GET /wp-content/plugins/elementor-pro/assets/js/frontend.min.js?ver=3.4.1 HTTP/1.1" 200 5118 "https://www.e-marketing.io/?utm_medium=paid&utm_source=ig&utm_id=120238583898620186&utm_content=120238583898630186&utm_term=120238583898650186&utm_campaign=120238583898620186" "Mozilla/5.0 (Linux; Android 15; motorola edge 50 neo Build/V1UIS35H.11-39-28-5; wv) AppleWebKit/537.36 (KHTML, like Gecko) Version/4.0 Chrome/144.0.7559.114 Mobile Safari/537.36 Instagram 415.0.0.36.76 Android (35/15; 450dpi; 1200x2670; motorola; motorola edge 50 neo; vienna; mt6878; en_IN; 874816577; IABMV/1)"
103.59.75.232 - - [06/Feb/2026:13:10:10 -0500] "GET /wp-content/plugins/ajax-search-lite/js/min/plugin/merged/asl.min.js?ver=4777 HTTP/1.1" 200 20999 "https://www.e-marketing.io/?utm_medium=paid&utm_source=ig&utm_id=120238583898620186&utm_content=120238583898630186&utm_term=120238583898650186&utm_campaign=120238583898620186" "Mozilla/5.0 (Linux; Android 15; motorola edge 50 neo Build/V1UIS35H.11-39-28-5; wv) AppleWebKit/537.36 (KHTML, like Gecko) Version/4.0 Chrome/144.0.7559.114 Mobile Safari/537.36 Instagram 415.0.0.36.76 Android (35/15; 450dpi; 1200x2670; motorola; motorola edge 50 neo; vienna; mt6878; en_IN; 874816577; IABMV/1)"
103.59.75.232 - - [06/Feb/2026:13:10:11 -0500] "GET /wp-content/plugins/elementor/assets/js/frontend-modules.min.js?ver=3.6.5 HTTP/1.1" 200 4448 "https://www.e-marketing.io/?utm_medium=paid&utm_source=ig&utm_id=120238583898620186&utm_content=120238583898630186&utm_term=120238583898650186&utm_campaign=120238583898620186" "Mozilla/5.0 (Linux; Android 15; motorola edge 50 neo Build/V1UIS35H.11-39-28-5; wv) AppleWebKit/537.36 (KHTML, like Gecko) Version/4.0 Chrome/144.0.7559.114 Mobile Safari/537.36 Instagram 415.0.0.36.76 Android (35/15; 450dpi; 1200x2670; motorola; motorola edge 50 neo; vienna; mt6878; en_IN; 874816577; IABMV/1)"
103.59.75.232 - - [06/Feb/2026:13:10:11 -0500] "GET /wp-content/uploads/2022/04/banner-1-scaled.jpg HTTP/1.1" 200 103670 "https://www.e-marketing.io/wp-content/uploads/elementor/css/post-11.css?ver=1762166620" "Mozilla/5.0 (Linux; Android 15; motorola edge 50 neo Build/V1UIS35H.11-39-28-5; wv) AppleWebKit/537.36 (KHTML, like Gecko) Version/4.0 Chrome/144.0.7559.114 Mobile Safari/537.36 Instagram 415.0.0.36.76 Android (35/15; 450dpi; 1200x2670; motorola; motorola edge 50 neo; vienna; mt6878; en_IN; 874816577; IABMV/1)"
103.59.75.232 - - [06/Feb/2026:13:10:11 -0500] "GET /wp-content/uploads/2022/05/website-development-bg.jpg HTTP/1.1" 200 197222 "https://www.e-marketing.io/wp-content/uploads/elementor/css/post-11.css?ver=1762166620" "Mozilla/5.0 (Linux; Android 15; motorola edge 50 neo Build/V1UIS35H.11-39-28-5; wv) AppleWebKit/537.36 (KHTML, like Gecko) Version/4.0 Chrome/144.0.7559.114 Mobile Safari/537.36 Instagram 415.0.0.36.76 Android (35/15; 450dpi; 1200x2670; motorola; motorola edge 50 neo; vienna; mt6878; en_IN; 874816577; IABMV/1)"
103.59.75.232 - - [06/Feb/2026:13:10:11 -0500] "GET /wp-content/uploads/2022/05/e-marketing-business.jpg HTTP/1.1" 200 157396 "https://www.e-marketing.io/wp-content/uploads/elementor/css/post-11.css?ver=1762166620" "Mozilla/5.0 (Linux; Android 15; motorola edge 50 neo Build/V1UIS35H.11-39-28-5; wv) AppleWebKit/537.36 (KHTML, like Gecko) Version/4.0 Chrome/144.0.7559.114 Mobile Safari/537.36 Instagram 415.0.0.36.76 Android (35/15; 450dpi; 1200x2670; motorola; motorola edge 50 neo; vienna; mt6878; en_IN; 874816577; IABMV/1)"
103.59.75.232 - - [06/Feb/2026:13:10:11 -0500] "GET /wp-content/uploads/2022/05/digital-contact-image.jpg HTTP/1.1" 200 67644 "https://www.e-marketing.io/wp-content/uploads/elementor/css/post-11.css?ver=1762166620" "Mozilla/5.0 (Linux; Android 15; motorola edge 50 neo Build/V1UIS35H.11-39-28-5; wv) AppleWebKit/537.36 (KHTML, like Gecko) Version/4.0 Chrome/144.0.7559.114 Mobile Safari/537.36 Instagram 415.0.0.36.76 Android (35/15; 450dpi; 1200x2670; motorola; motorola edge 50 neo; vienna; mt6878; en_IN; 874816577; IABMV/1)"
103.59.75.232 - - [06/Feb/2026:13:10:11 -0500] "GET /wp-content/uploads/2025/02/footer-bg.webp HTTP/1.1" 200 8144 "https://www.e-marketing.io/?utm_medium=paid&utm_source=ig&utm_id=120238583898620186&utm_content=120238583898630186&utm_term=120238583898650186&utm_campaign=120238583898620186" "Mozilla/5.0 (Linux; Android 15; motorola edge 50 neo Build/V1UIS35H.11-39-28-5; wv) AppleWebKit/537.36 (KHTML, like Gecko) Version/4.0 Chrome/144.0.7559.114 Mobile Safari/537.36 Instagram 415.0.0.36.76 Android (35/15; 450dpi; 1200x2670; motorola; motorola edge 50 neo; vienna; mt6878; en_IN; 874816577; IABMV/1)"
103.59.75.232 - - [06/Feb/2026:13:10:11 -0500] "GET /wp-content/uploads/2022/05/img-banner.jpg HTTP/1.1" 200 19234 "https://www.e-marketing.io/?utm_medium=paid&utm_source=ig&utm_id=120238583898620186&utm_content=120238583898630186&utm_term=120238583898650186&utm_campaign=120238583898620186" "Mozilla/5.0 (Linux; Android 15; motorola edge 50 neo Build/V1UIS35H.11-39-28-5; wv) AppleWebKit/537.36 (KHTML, like Gecko) Version/4.0 Chrome/144.0.7559.114 Mobile Safari/537.36 Instagram 415.0.0.36.76 Android (35/15; 450dpi; 1200x2670; motorola; motorola edge 50 neo; vienna; mt6878; en_IN; 874816577; IABMV/1)"
103.59.75.232 - - [06/Feb/2026:13:10:12 -0500] "GET /wp-content/plugins/elementor/assets/js/text-editor.289ae80d76f0c5abea44.bundle.min.js HTTP/1.1" 200 596 "https://www.e-marketing.io/?utm_medium=paid&utm_source=ig&utm_id=120238583898620186&utm_content=120238583898630186&utm_term=120238583898650186&utm_campaign=120238583898620186" "Mozilla/5.0 (Linux; Android 15; motorola edge 50 neo Build/V1UIS35H.11-39-28-5; wv) AppleWebKit/537.36 (KHTML, like Gecko) Version/4.0 Chrome/144.0.7559.114 Mobile Safari/537.36 Instagram 415.0.0.36.76 Android (35/15; 450dpi; 1200x2670; motorola; motorola edge 50 neo; vienna; mt6878; en_IN; 874816577; IABMV/1)"
103.59.75.232 - - [06/Feb/2026:13:10:12 -0500] "GET /wp-content/plugins/elementor/assets/js/video.d86bfd0676264945e968.bundle.min.js HTTP/1.1" 200 1277 "https://www.e-marketing.io/?utm_medium=paid&utm_source=ig&utm_id=120238583898620186&utm_content=120238583898630186&utm_term=120238583898650186&utm_campaign=120238583898620186" "Mozilla/5.0 (Linux; Android 15; motorola edge 50 neo Build/V1UIS35H.11-39-28-5; wv) AppleWebKit/537.36 (KHTML, like Gecko) Version/4.0 Chrome/144.0.7559.114 Mobile Safari/537.36 Instagram 415.0.0.36.76 Android (35/15; 450dpi; 1200x2670; motorola; motorola edge 50 neo; vienna; mt6878; en_IN; 874816577; IABMV/1)"
103.59.75.232 - - [06/Feb/2026:13:10:12 -0500] "GET /wp-includes/js/wp-emoji-release.min.js?ver=6.9 HTTP/1.1" 200 4949 "https://www.e-marketing.io/?utm_medium=paid&utm_source=ig&utm_id=120238583898620186&utm_content=120238583898630186&utm_term=120238583898650186&utm_campaign=120238583898620186" "Mozilla/5.0 (Linux; Android 15; motorola edge 50 neo Build/V1UIS35H.11-39-28-5; wv) AppleWebKit/537.36 (KHTML, like Gecko) Version/4.0 Chrome/144.0.7559.114 Mobile Safari/537.36 Instagram 415.0.0.36.76 Android (35/15; 450dpi; 1200x2670; motorola; motorola edge 50 neo; vienna; mt6878; en_IN; 874816577; IABMV/1)"
103.59.75.232 - - [06/Feb/2026:13:10:12 -0500] "GET /wp-content/uploads/2026/01/fevicon.png HTTP/1.1" 200 1402 "https://www.e-marketing.io/?utm_medium=paid&utm_source=ig&utm_id=120238583898620186&utm_content=120238583898630186&utm_term=120238583898650186&utm_campaign=120238583898620186" "Mozilla/5.0 (Linux; Android 15; motorola edge 50 neo Build/V1UIS35H.11-39-28-5; wv) AppleWebKit/537.36 (KHTML, like Gecko) Version/4.0 Chrome/144.0.7559.114 Mobile Safari/537.36 Instagram 415.0.0.36.76 Android (35/15; 450dpi; 1200x2670; motorola; motorola edge 50 neo; vienna; mt6878; en_IN; 874816577; IABMV/1)"
103.59.75.232 - - [06/Feb/2026:13:10:27 -0500] "GET /wp-content/uploads/2022/06/e-marketing-digital-marketing-strategy.png HTTP/1.1" 200 24958 "https://www.e-marketing.io/?utm_medium=paid&utm_source=ig&utm_id=120238583898620186&utm_content=120238583898630186&utm_term=120238583898650186&utm_campaign=120238583898620186" "Mozilla/5.0 (Linux; Android 15; motorola edge 50 neo Build/V1UIS35H.11-39-28-5; wv) AppleWebKit/537.36 (KHTML, like Gecko) Version/4.0 Chrome/144.0.7559.114 Mobile Safari/537.36 Instagram 415.0.0.36.76 Android (35/15; 450dpi; 1200x2670; motorola; motorola edge 50 neo; vienna; mt6878; en_IN; 874816577; IABMV/1)"
103.59.75.232 - - [06/Feb/2026:13:11:16 -0500] "GET /wp-content/uploads/2022/05/increasing-traffic.png HTTP/1.1" 200 25663 "https://www.e-marketing.io/?utm_medium=paid&utm_source=ig&utm_id=120238583898620186&utm_content=120238583898630186&utm_term=120238583898650186&utm_campaign=120238583898620186" "Mozilla/5.0 (Linux; Android 15; motorola edge 50 neo Build/V1UIS35H.11-39-28-5; wv) AppleWebKit/537.36 (KHTML, like Gecko) Version/4.0 Chrome/144.0.7559.114 Mobile Safari/537.36 Instagram 415.0.0.36.76 Android (35/15; 450dpi; 1200x2670; motorola; motorola edge 50 neo; vienna; mt6878; en_IN; 874816577; IABMV/1)"
103.59.75.232 - - [06/Feb/2026:13:11:22 -0500] "GET /wp-content/uploads/2022/05/white-logo-footer-768x328.png HTTP/1.1" 200 28358 "https://www.e-marketing.io/?utm_medium=paid&utm_source=ig&utm_id=120238583898620186&utm_content=120238583898630186&utm_term=120238583898650186&utm_campaign=120238583898620186" "Mozilla/5.0 (Linux; Android 15; motorola edge 50 neo Build/V1UIS35H.11-39-28-5; wv) AppleWebKit/537.36 (KHTML, like Gecko) Version/4.0 Chrome/144.0.7559.114 Mobile Safari/537.36 Instagram 415.0.0.36.76 Android (35/15; 450dpi; 1200x2670; motorola; motorola edge 50 neo; vienna; mt6878; en_IN; 874816577; IABMV/1)"
103.59.75.232 - - [06/Feb/2026:13:12:06 -0500] "GET /wp-content/plugins/wp-contact-slider/img/delete-sign.png HTTP/1.1" 200 838 "-" "Instagram 415.0.0.36.76 Android (35/15; 450dpi; 1200x2670; motorola; motorola edge 50 neo; vienna; mt6878; en_IN; 874816577)"
103.59.75.232 - - [06/Feb/2026:13:12:06 -0500] "GET /wp-content/uploads/2023/03/e-marketing-jai-logo.jpg HTTP/1.1" 200 27058 "-" "Instagram 415.0.0.36.76 Android (35/15; 450dpi; 1200x2670; motorola; motorola edge 50 neo; vienna; mt6878; en_IN; 874816577)"
103.59.75.232 - - [06/Feb/2026:13:12:06 -0500] "GET /wp-content/uploads/2022/06/WhatsApp.png HTTP/1.1" 200 25713 "-" "Instagram 415.0.0.36.76 Android (35/15; 450dpi; 1200x2670; motorola; motorola edge 50 neo; vienna; mt6878; en_IN; 874816577)"
103.59.75.232 - - [06/Feb/2026:13:12:06 -0500] "GET /wp-content/uploads/2022/09/about-image.png HTTP/1.1" 200 107968 "-" "Instagram 415.0.0.36.76 Android (35/15; 450dpi; 1200x2670; motorola; motorola edge 50 neo; vienna; mt6878; en_IN; 874816577)"
103.59.75.232 - - [06/Feb/2026:13:12:07 -0500] "GET /wp-content/uploads/2022/04/idea.png HTTP/1.1" 200 17908 "-" "Instagram 415.0.0.36.76 Android (35/15; 450dpi; 1200x2670; motorola; motorola edge 50 neo; vienna; mt6878; en_IN; 874816577)"
148.252.141.222 - - [06/Feb/2026:13:13:15 -0500] "GET /wp-settings.php HTTP/1.1" 500 0 "-" "Mozilla/5.0 (Windows; U; Windows NT 6.1; en-US; rv:1.9.2.3) Gecko/20100401 Firefox/3.6.3 (.NET CLR 3.5.30729)"
66.249.66.192 - - [06/Feb/2026:13:17:47 -0500] "GET /robots.txt HTTP/1.1" 200 175 "-" "Mozilla/5.0 (compatible; Googlebot/2.1; +http://www.google.com/bot.html)"
66.249.66.192 - - [06/Feb/2026:13:17:47 -0500] "GET / HTTP/1.1" 200 61156 "-" "Mozilla/5.0 (Linux; Android 6.0.1; Nexus 5X Build/MMB29P) AppleWebKit/537.36 (KHTML, like Gecko) Chrome/144.0.7559.132 Mobile Safari/537.36 (compatible; Googlebot/2.1; +http://www.google.com/bot.html)"
51.68.111.215 - - [06/Feb/2026:13:19:02 -0500] "GET /robots.txt HTTP/1.1" 200 175 "-" "Mozilla/5.0 (compatible; MJ12bot/v2.0.4; http://mj12bot.com/)"
198.54.126.162 - - [06/Feb/2026:13:19:05 -0500] "POST /wp-cron.php?doing_wp_cron=1770401945.6347749233245849609375 HTTP/1.1" 200 0 "-" "WordPress/6.9.1; https://www.e-marketing.io"
51.68.111.215 - - [06/Feb/2026:13:19:02 -0500] "GET / HTTP/1.1" 301 0 "-" "Mozilla/5.0 (compatible; MJ12bot/v2.0.4; http://mj12bot.com/)"
51.68.111.215 - - [06/Feb/2026:13:19:06 -0500] "GET /robots.txt HTTP/1.1" 200 175 "-" "Mozilla/5.0 (compatible; MJ12bot/v2.0.4; http://mj12bot.com/)"
51.68.111.215 - - [06/Feb/2026:13:19:06 -0500] "GET / HTTP/1.1" 200 61156 "-" "Mozilla/5.0 (compatible; MJ12bot/v2.0.4; http://mj12bot.com/)"
66.249.66.4 - - [06/Feb/2026:13:20:29 -0500] "GET /robots.txt HTTP/1.1" 200 175 "-" "Mozilla/5.0 (compatible; Googlebot/2.1; +http://www.google.com/bot.html)"
198.54.126.162 - - [06/Feb/2026:13:20:32 -0500] "POST /wp-cron.php?doing_wp_cron=1770402032.3350911140441894531250 HTTP/1.1" 200 0 "-" "WordPress/6.9.1; https://www.e-marketing.io"
66.249.66.167 - - [06/Feb/2026:13:20:29 -0500] "GET / HTTP/1.1" 301 0 "-" "Mozilla/5.0 (Linux; Android 6.0.1; Nexus 5X Build/MMB29P) AppleWebKit/537.36 (KHTML, like Gecko) Chrome/144.0.7559.132 Mobile Safari/537.36 (compatible; Googlebot/2.1; +http://www.google.com/bot.html)"
66.249.66.65 - - [06/Feb/2026:13:20:35 -0500] "GET /wp-content/themes/emarketing/assets/css/minified/main.min.css?ver=3.7.9 HTTP/1.1" 200 7892 "https://www.e-marketing.io/" "Mozilla/5.0 (Linux; Android 6.0.1; Nexus 5X Build/MMB29P) AppleWebKit/537.36 (KHTML, like Gecko) Chrome/143.0.7499.192 Mobile Safari/537.36 (compatible; Googlebot/2.1; +http://www.google.com/bot.html)"
66.249.66.2 - - [06/Feb/2026:13:20:35 -0500] "GET /wp-content/plugins/elementskit-lite/modules/elementskit-icon-pack/assets/css/ekiticons.css?ver=2.6.3 HTTP/1.1" 200 11361 "https://www.e-marketing.io/" "Mozilla/5.0 (Linux; Android 6.0.1; Nexus 5X Build/MMB29P) AppleWebKit/537.36 (KHTML, like Gecko) Chrome/143.0.7499.192 Mobile Safari/537.36 (compatible; Googlebot/2.1; +http://www.google.com/bot.html)"
66.249.66.2 - - [06/Feb/2026:13:20:36 -0500] "GET /wp-content/plugins/elementor/assets/css/frontend-lite.min.css?ver=3.6.5 HTTP/1.1" 200 12889 "https://www.e-marketing.io/" "Mozilla/5.0 (Linux; Android 6.0.1; Nexus 5X Build/MMB29P) AppleWebKit/537.36 (KHTML, like Gecko) Chrome/143.0.7499.192 Mobile Safari/537.36 (compatible; Googlebot/2.1; +http://www.google.com/bot.html)"
66.249.66.166 - - [06/Feb/2026:13:20:36 -0500] "GET /wp-content/plugins/gravityforms/assets/css/dist/theme.min.css?ver=2.9.26 HTTP/1.1" 200 6494 "https://www.e-marketing.io/" "Mozilla/5.0 (Linux; Android 6.0.1; Nexus 5X Build/MMB29P) AppleWebKit/537.36 (KHTML, like Gecko) Chrome/143.0.7499.192 Mobile Safari/537.36 (compatible; Googlebot/2.1; +http://www.google.com/bot.html)"
66.249.66.2 - - [06/Feb/2026:13:20:37 -0500] "GET /wp-content/uploads/elementor/css/post-11.css?ver=1762166620 HTTP/1.1" 200 4657 "https://www.e-marketing.io/" "Mozilla/5.0 (Linux; Android 6.0.1; Nexus 5X Build/MMB29P) AppleWebKit/537.36 (KHTML, like Gecko) Chrome/143.0.7499.192 Mobile Safari/537.36 (compatible; Googlebot/2.1; +http://www.google.com/bot.html)"
66.249.66.2 - - [06/Feb/2026:13:20:37 -0500] "GET /wp-content/plugins/gravityforms/assets/css/dist/basic.min.css?ver=2.9.26 HTTP/1.1" 200 6793 "https://www.e-marketing.io/" "Mozilla/5.0 (Linux; Android 6.0.1; Nexus 5X Build/MMB29P) AppleWebKit/537.36 (KHTML, like Gecko) Chrome/143.0.7499.192 Mobile Safari/537.36 (compatible; Googlebot/2.1; +http://www.google.com/bot.html)"
66.249.66.2 - - [06/Feb/2026:13:20:38 -0500] "GET /wp-content/plugins/revslider/sr6/assets/css/rs6.css?ver=6.7.18 HTTP/1.1" 200 11961 "https://www.e-marketing.io/" "Mozilla/5.0 (Linux; Android 6.0.1; Nexus 5X Build/MMB29P) AppleWebKit/537.36 (KHTML, like Gecko) Chrome/143.0.7499.192 Mobile Safari/537.36 (compatible; Googlebot/2.1; +http://www.google.com/bot.html)"
66.249.66.2 - - [06/Feb/2026:13:20:38 -0500] "GET /wp-content/plugins/gravityforms/assets/css/dist/theme-components.min.css?ver=2.9.26 HTTP/1.1" 200 0 "https://www.e-marketing.io/" "Mozilla/5.0 (Linux; Android 6.0.1; Nexus 5X Build/MMB29P) AppleWebKit/537.36 (KHTML, like Gecko) Chrome/143.0.7499.192 Mobile Safari/537.36 (compatible; Googlebot/2.1; +http://www.google.com/bot.html)"
66.249.66.203 - - [06/Feb/2026:13:20:39 -0500] "GET /wp-content/plugins/elementor-pro/assets/css/widget-flip-box.min.css HTTP/1.1" 200 1223 "https://www.e-marketing.io/" "Mozilla/5.0 (Linux; Android 6.0.1; Nexus 5X Build/MMB29P) AppleWebKit/537.36 (KHTML, like Gecko) Chrome/143.0.7499.192 Mobile Safari/537.36 (compatible; Googlebot/2.1; +http://www.google.com/bot.html)"
66.249.66.65 - - [06/Feb/2026:13:20:39 -0500] "GET /wp-content/astra-local-fonts/astra-local-fonts.css?ver=3.7.9 HTTP/1.1" 200 1477 "https://www.e-marketing.io/" "Mozilla/5.0 (Linux; Android 6.0.1; Nexus 5X Build/MMB29P) AppleWebKit/537.36 (KHTML, like Gecko) Chrome/143.0.7499.192 Mobile Safari/537.36 (compatible; Googlebot/2.1; +http://www.google.com/bot.html)"
66.249.66.203 - - [06/Feb/2026:13:20:39 -0500] "GET /wp-content/plugins/elementor/assets/lib/eicons/css/elementor-icons.min.css?ver=5.15.0 HTTP/1.1" 200 3603 "https://www.e-marketing.io/" "Mozilla/5.0 (Linux; Android 6.0.1; Nexus 5X Build/MMB29P) AppleWebKit/537.36 (KHTML, like Gecko) Chrome/143.0.7499.192 Mobile Safari/537.36 (compatible; Googlebot/2.1; +http://www.google.com/bot.html)"
66.249.66.166 - - [06/Feb/2026:13:20:39 -0500] "GET /wp-content/plugins/elementor/assets/lib/font-awesome/css/solid.min.css?ver=5.15.3 HTTP/1.1" 200 286 "https://www.e-marketing.io/" "Mozilla/5.0 (Linux; Android 6.0.1; Nexus 5X Build/MMB29P) AppleWebKit/537.36 (KHTML, like Gecko) Chrome/143.0.7499.192 Mobile Safari/537.36 (compatible; Googlebot/2.1; +http://www.google.com/bot.html)"
66.249.66.203 - - [06/Feb/2026:13:20:40 -0500] "GET /wp-content/plugins/ajax-search-lite/css/style.basic.css?ver=4.13.2 HTTP/1.1" 200 4001 "https://www.e-marketing.io/" "Mozilla/5.0 (Linux; Android 6.0.1; Nexus 5X Build/MMB29P) AppleWebKit/537.36 (KHTML, like Gecko) Chrome/143.0.7499.192 Mobile Safari/537.36 (compatible; Googlebot/2.1; +http://www.google.com/bot.html)"
66.249.66.2 - - [06/Feb/2026:13:20:40 -0500] "GET /wp-content/plugins/elementskit-lite/widgets/init/assets/css/responsive.css?ver=2.6.3 HTTP/1.1" 200 2851 "https://www.e-marketing.io/" "Mozilla/5.0 (Linux; Android 6.0.1; Nexus 5X Build/MMB29P) AppleWebKit/537.36 (KHTML, like Gecko) Chrome/143.0.7499.192 Mobile Safari/537.36 (compatible; Googlebot/2.1; +http://www.google.com/bot.html)"
66.249.66.36 - - [06/Feb/2026:13:20:41 -0500] "GET /wp-content/plugins/gravityforms/js/gravityforms.min.js?ver=2.9.26 HTTP/1.1" 200 12655 "https://www.e-marketing.io/" "Mozilla/5.0 (Linux; Android 6.0.1; Nexus 5X Build/MMB29P) AppleWebKit/537.36 (KHTML, like Gecko) Chrome/143.0.7499.192 Mobile Safari/537.36 (compatible; Googlebot/2.1; +http://www.google.com/bot.html)"
66.249.66.65 - - [06/Feb/2026:13:20:41 -0500] "GET /wp-content/cache/autoptimize/js/autoptimize_single_94d041d462db321cdb888066586f2068.js?ver=2.6.3 HTTP/1.1" 200 40 "https://www.e-marketing.io/" "Mozilla/5.0 (Linux; Android 6.0.1; Nexus 5X Build/MMB29P) AppleWebKit/537.36 (KHTML, like Gecko) Chrome/143.0.7499.192 Mobile Safari/537.36 (compatible; Googlebot/2.1; +http://www.google.com/bot.html)"
66.249.66.65 - - [06/Feb/2026:13:20:41 -0500] "GET /wp-content/themes/emarketing/assets/js/minified/frontend.min.js?ver=3.7.9 HTTP/1.1" 200 3672 "https://www.e-marketing.io/" "Mozilla/5.0 (Linux; Android 6.0.1; Nexus 5X Build/MMB29P) AppleWebKit/537.36 (KHTML, like Gecko) Chrome/143.0.7499.192 Mobile Safari/537.36 (compatible; Googlebot/2.1; +http://www.google.com/bot.html)"
66.249.66.65 - - [06/Feb/2026:13:20:42 -0500] "GET /wp-content/plugins/elementor/assets/js/webpack.runtime.min.js?ver=3.6.5 HTTP/1.1" 200 2049 "https://www.e-marketing.io/" "Mozilla/5.0 (Linux; Android 6.0.1; Nexus 5X Build/MMB29P) AppleWebKit/537.36 (KHTML, like Gecko) Chrome/143.0.7499.192 Mobile Safari/537.36 (compatible; Googlebot/2.1; +http://www.google.com/bot.html)"
66.249.66.36 - - [06/Feb/2026:13:20:42 -0500] "GET /wp-content/cache/autoptimize/js/autoptimize_single_27405af5f1692473fafa26151a67c55d.js?ver=2.6.3 HTTP/1.1" 200 40188 "https://www.e-marketing.io/" "Mozilla/5.0 (Linux; Android 6.0.1; Nexus 5X Build/MMB29P) AppleWebKit/537.36 (KHTML, like Gecko) Chrome/143.0.7499.192 Mobile Safari/537.36 (compatible; Googlebot/2.1; +http://www.google.com/bot.html)"
66.249.66.203 - - [06/Feb/2026:13:20:43 -0500] "GET /wp-content/plugins/gravityforms/assets/js/dist/scripts-theme.min.js?ver=0183eae4c8a5f424290fa0c1616e522c HTTP/1.1" 200 11624 "https://www.e-marketing.io/" "Mozilla/5.0 (Linux; Android 6.0.1; Nexus 5X Build/MMB29P) AppleWebKit/537.36 (KHTML, like Gecko) Chrome/143.0.7499.192 Mobile Safari/537.36 (compatible; Googlebot/2.1; +http://www.google.com/bot.html)"
66.249.66.65 - - [06/Feb/2026:13:20:43 -0500] "GET /wp-content/plugins/gravityforms/assets/js/dist/utils.min.js?ver=48a3755090e76a154853db28fc254681 HTTP/1.1" 200 16371 "https://www.e-marketing.io/" "Mozilla/5.0 (Linux; Android 6.0.1; Nexus 5X Build/MMB29P) AppleWebKit/537.36 (KHTML, like Gecko) Chrome/143.0.7499.192 Mobile Safari/537.36 (compatible; Googlebot/2.1; +http://www.google.com/bot.html)"
66.249.66.2 - - [06/Feb/2026:13:20:43 -0500] "GET /wp-content/plugins/elementor-pro/assets/js/frontend.min.js?ver=3.4.1 HTTP/1.1" 200 5118 "https://www.e-marketing.io/" "Mozilla/5.0 (Linux; Android 6.0.1; Nexus 5X Build/MMB29P) AppleWebKit/537.36 (KHTML, like Gecko) Chrome/143.0.7499.192 Mobile Safari/537.36 (compatible; Googlebot/2.1; +http://www.google.com/bot.html)"
66.249.66.2 - - [06/Feb/2026:13:20:44 -0500] "GET /wp-content/plugins/gravityforms/js/placeholders.jquery.min.js?ver=2.9.26 HTTP/1.1" 200 1604 "https://www.e-marketing.io/" "Mozilla/5.0 (Linux; Android 6.0.1; Nexus 5X Build/MMB29P) AppleWebKit/537.36 (KHTML, like Gecko) Chrome/143.0.7499.192 Mobile Safari/537.36 (compatible; Googlebot/2.1; +http://www.google.com/bot.html)"
66.249.66.2 - - [06/Feb/2026:13:20:44 -0500] "GET /wp-content/plugins/elementor-pro/assets/js/webpack-pro.runtime.min.js?ver=3.4.1 HTTP/1.1" 200 2012 "https://www.e-marketing.io/" "Mozilla/5.0 (Linux; Android 6.0.1; Nexus 5X Build/MMB29P) AppleWebKit/537.36 (KHTML, like Gecko) Chrome/143.0.7499.192 Mobile Safari/537.36 (compatible; Googlebot/2.1; +http://www.google.com/bot.html)"
77.75.78.170 - - [06/Feb/2026:13:29:59 -0500] "GET /social-media-marketing-services/ppc-management-services/ HTTP/1.1" 301 0 "-" "Mozilla/5.0 (compatible; SeznamBot/4.0; +https://o-seznam.cz/napoveda/vyhledavani/en/seznambot-crawler/)"
198.54.126.162 - - [06/Feb/2026:13:37:55 -0500] "POST /wp-cron.php?doing_wp_cron=1770403075.8290278911590576171875 HTTP/1.1" 200 0 "-" "WordPress/6.9.1; https://www.e-marketing.io"
18.144.165.238 - - [06/Feb/2026:13:37:52 -0500] "GET / HTTP/1.1" 301 0 "-" "Mozilla/5.0 (X11; Linux x86_64) AppleWebKit/537.36 (KHTML, like Gecko) Chrome/137.0.0.0 Safari/537.36"
18.144.165.238 - - [06/Feb/2026:13:37:56 -0500] "GET / HTTP/1.1" 200 72094 "-" "Mozilla/5.0 (X11; Linux x86_64) AppleWebKit/537.36 (KHTML, like Gecko) Chrome/137.0.0.0 Safari/537.36"
44.208.223.68 - - [06/Feb/2026:13:47:14 -0500] "GET /robots.txt HTTP/1.1" 200 175 "-" "Mozilla/5.0 AppleWebKit/537.36 (KHTML, like Gecko; compatible; Amazonbot/0.1; +https://developer.amazon.com/support/amazonbot) Chrome/119.0.6045.214 Safari/537.36"
52.4.213.199 - - [06/Feb/2026:13:47:24 -0500] "GET /serve-your-customer-with-the-best-marketing-tips/ HTTP/1.1" 200 49647 "-" "Mozilla/5.0 AppleWebKit/537.36 (KHTML, like Gecko; compatible; Amazonbot/0.1; +https://developer.amazon.com/support/amazonbot) Chrome/119.0.6045.214 Safari/537.36"
40.77.167.187 - - [06/Feb/2026:14:10:41 -0500] "GET /robots.txt HTTP/1.1" 200 175 "-" "Mozilla/5.0 AppleWebKit/537.36 (KHTML, like Gecko; compatible; bingbot/2.0; +http://www.bing.com/bingbot.htm) Chrome/116.0.1938.76 Safari/537.36"
40.77.167.48 - - [06/Feb/2026:14:10:48 -0500] "GET /about-us/ HTTP/1.1" 200 52581 "-" "Mozilla/5.0 AppleWebKit/537.36 (KHTML, like Gecko; compatible; bingbot/2.0; +http://www.bing.com/bingbot.htm) Chrome/116.0.1938.76 Safari/537.36"
157.0.147.140 - - [06/Feb/2026:14:13:34 -0500] "HEAD /www.zip HTTP/1.1" 200 0 "-" "Mozilla/5.0 (Linux; Android 9; SM-G960F) AppleWebKit/537.36 (KHTML, like Gecko) Chrome/74.0.3729.157 Mobile Safari/537.36"
198.54.126.162 - - [06/Feb/2026:14:13:40 -0500] "POST /wp-cron.php?doing_wp_cron=1770405220.0386199951171875000000 HTTP/1.1" 200 0 "-" "WordPress/6.9.1; https://www.e-marketing.io"
198.54.126.162 - - [06/Feb/2026:14:13:40 -0500] "POST /wp-cron.php?doing_wp_cron=1770405220.1556510925292968750000 HTTP/1.1" 200 0 "-" "WordPress/6.9.1; https://www.e-marketing.io"
40.77.167.57 - - [06/Feb/2026:14:43:52 -0500] "GET /wp-blog-header.php HTTP/1.1" 200 0 "-" "Mozilla/5.0 AppleWebKit/537.36 (KHTML, like Gecko; compatible; bingbot/2.0; +http://www.bing.com/bingbot.htm) Chrome/116.0.1938.76 Safari/537.36"
40.77.167.57 - - [06/Feb/2026:14:44:50 -0500] "GET /wp-content/uploads/2022/04/socialmediaadvertising-1024x683.jpg HTTP/1.1" 200 80574 "-" "Mozilla/5.0 AppleWebKit/537.36 (KHTML, like Gecko; compatible; bingbot/2.0; +http://www.bing.com/bingbot.htm) Chrome/116.0.1938.76 Safari/537.36"
198.54.126.162 - - [06/Feb/2026:14:44:51 -0500] "POST /wp-cron.php?doing_wp_cron=1770407091.4474420547485351562500 HTTP/1.1" 200 0 "-" "WordPress/6.9.1; https://www.e-marketing.io"
62.141.44.236 - - [06/Feb/2026:14:48:30 -0500] "GET / HTTP/1.1" 200 0 "-" "Mozilla/5.0 (Windows NT 10.0; Win64; x64) AppleWebKit/537.36 (KHTML, like Gecko) Chrome/91.0.4472.114 Safari/537.36 Edg/91.0.864.54"
134.209.208.16 - - [06/Feb/2026:15:14:57 -0500] "GET / HTTP/1.1" 200 0 "-" "Mozilla/5.0 (Windows NT 10.0; Win64; x64) AppleWebKit/537.36 (KHTML, like Gecko) Chrome/126.0.0.0 Safari/537.36"
167.71.24.64 - - [06/Feb/2026:15:15:02 -0500] "GET / HTTP/1.1" 200 0 "-" "Mozilla/5.0 (Windows NT 10.0; Win64; x64) AppleWebKit/537.36 (KHTML, like Gecko) Chrome/126.0.0.0 Safari/537.36"
198.54.126.162 - - [06/Feb/2026:15:15:06 -0500] "POST /wp-cron.php?doing_wp_cron=1770408906.6052379608154296875000 HTTP/1.1" 200 0 "-" "WordPress/6.9.1; https://www.e-marketing.io"
198.54.126.162 - - [06/Feb/2026:15:15:06 -0500] "POST /wp-cron.php?doing_wp_cron=1770408906.6064538955688476562500 HTTP/1.1" 200 0 "-" "WordPress/6.9.1; https://www.e-marketing.io"
198.54.126.162 - - [06/Feb/2026:15:15:07 -0500] "POST /wp-cron.php?doing_wp_cron=1770408907.0269410610198974609375 HTTP/1.1" 200 0 "-" "WordPress/6.9.1; https://www.e-marketing.io"
198.54.126.162 - - [06/Feb/2026:15:15:07 -0500] "POST /wp-cron.php?doing_wp_cron=1770408907.0170140266418457031250 HTTP/1.1" 200 0 "-" "WordPress/6.9.1; https://www.e-marketing.io"
167.71.24.64 - - [06/Feb/2026:15:15:08 -0500] "GET / HTTP/1.1" 301 0 "-" "Mozilla/5.0 (Windows NT 10.0; Win64; x64) AppleWebKit/537.36 (KHTML, like Gecko) Chrome/126.0.0.0 Safari/537.36"
167.71.24.64 - - [06/Feb/2026:15:15:10 -0500] "GET / HTTP/1.1" 200 72094 "-" "Mozilla/5.0 (Windows NT 10.0; Win64; x64) AppleWebKit/537.36 (KHTML, like Gecko) Chrome/126.0.0.0 Safari/537.36"
85.208.96.202 - - [06/Feb/2026:15:17:28 -0500] "GET /robots.txt HTTP/1.1" 200 175 "-" "Mozilla/5.0 (compatible; SemrushBot/7~bl; +http://www.semrush.com/bot.html)"
185.191.171.3 - - [06/Feb/2026:15:17:29 -0500] "GET /email-marketing-services/ HTTP/1.1" 200 61242 "-" "Mozilla/5.0 (compatible; SemrushBot/7~bl; +http://www.semrush.com/bot.html)"
27.46.69.16 - - [06/Feb/2026:15:18:29 -0500] "GET /robots.txt HTTP/1.1" 200 175 "-" "Mozilla/5.0 (Windows NT 10.0; WOW64) AppleWebKit/537.36 (KHTML, like Gecko) Chrome/58.0.4280.94 Safari/537.36 QIHU 360EE"
198.54.126.162 - - [06/Feb/2026:15:21:09 -0500] "POST /wp-cron.php?doing_wp_cron=1770409269.6352500915527343750000 HTTP/1.1" 200 0 "-" "WordPress/6.9.1; https://www.e-marketing.io"
172.94.115.254 - - [06/Feb/2026:15:21:03 -0500] "POST /owa/auth.owa HTTP/1.1" 404 28034 "https://e-marketing.io/owa/auth/logon.aspx?replaceCurrent=1&url=https%3a%2f%2fe-marketing.io%2fowa%2f" "Mozilla/5.0 (Windows NT 10.0; Win64; x64) AppleWebKit/537.36 (KHTML, like Gecko) Chrome/96.0.4664.110 Safari/537.36"
27.46.75.22 - - [06/Feb/2026:15:22:38 -0500] "GET /robots.txt HTTP/1.1" 200 175 "-" "Mozilla/5.0 (Windows NT 10.0; WOW64) AppleWebKit/537.36 (KHTML, like Gecko) Chrome/56.0.3139.125 UBrowser/6.2.3964.2 Safari/537.36"
222.125.215.88 - - [06/Feb/2026:15:25:14 -0500] "GET /robots.txt HTTP/1.1" 200 175 "-" "Mozilla/5.0 (Windows NT 10.0; WOW64) AppleWebKit/537.36 (KHTML, like Gecko) Chrome/76.0.3148.93 Safari/537.36 Core/1.70.3722.400 QQBrowser/10.5.3739.400"
17.22.253.240 - - [06/Feb/2026:15:27:49 -0500] "GET /robots.txt HTTP/1.1" 200 175 "-" "Mozilla/5.0 (Macintosh; Intel Mac OS X 10_15_7) AppleWebKit/605.1.15 (KHTML, like Gecko) Version/17.4 Safari/605.1.15 (Applebot/0.1; +http://www.apple.com/go/applebot)"
17.22.253.240 - - [06/Feb/2026:15:27:49 -0500] "GET /category/google-searches/feed/ HTTP/1.1" 200 17491 "-" "Mozilla/5.0 (Macintosh; Intel Mac OS X 10_15_7) AppleWebKit/605.1.15 (KHTML, like Gecko) Version/17.4 Safari/605.1.15 (Applebot/0.1; +http://www.apple.com/go/applebot)"
157.0.147.171 - - [06/Feb/2026:15:42:55 -0500] "HEAD /web.zip HTTP/1.1" 200 0 "-" "Mozilla/5.0 (Windows NT 10.0; Win64; x64) AppleWebKit/537.36 (KHTML, like Gecko) Chrome/91.0.4472.124 Safari/537.36"
198.54.126.162 - - [06/Feb/2026:15:43:01 -0500] "POST /wp-cron.php?doing_wp_cron=1770410581.4752531051635742187500 HTTP/1.1" 200 0 "-" "WordPress/6.9.1; https://www.e-marketing.io"
40.77.167.41 - - [06/Feb/2026:15:48:37 -0500] "GET /?SA HTTP/1.1" 200 61064 "-" "Mozilla/5.0 AppleWebKit/537.36 (KHTML, like Gecko; compatible; bingbot/2.0; +http://www.bing.com/bingbot.htm) Chrome/116.0.1938.76 Safari/537.36"
113.23.102.200 - - [06/Feb/2026:15:56:43 -0500] "GET /how-do-companies-improve-their-ui-ux/ HTTP/1.1" 200 42874 "https://www.e-marketing.io/how-do-companies-improve-their-ui-ux/" "Mozilla/5.0 (Windows NT 10.0; Win64; x64) AppleWebKit/537.36 (KHTML, like Gecko) Chrome/101.0.4951.64 Safari/537.36 Edg/101.0.1210.47"
52.167.144.24 - - [06/Feb/2026:15:57:22 -0500] "GET /best-website-design-company/ HTTP/1.1" 200 49463 "-" "Mozilla/5.0 AppleWebKit/537.36 (KHTML, like Gecko; compatible; bingbot/2.0; +http://www.bing.com/bingbot.htm) Chrome/116.0.1938.76 Safari/537.36"
51.68.236.91 - - [06/Feb/2026:16:14:10 -0500] "GET /robots.txt HTTP/1.1" 200 175 "-" "Mozilla/5.0 (compatible; MJ12bot/v2.0.4; http://mj12bot.com/)"
198.54.126.162 - - [06/Feb/2026:16:14:14 -0500] "POST /wp-cron.php?doing_wp_cron=1770412454.4920771121978759765625 HTTP/1.1" 200 0 "-" "WordPress/6.9.1; https://www.e-marketing.io"
51.68.236.91 - - [06/Feb/2026:16:14:10 -0500] "GET / HTTP/1.1" 301 0 "-" "Mozilla/5.0 (compatible; MJ12bot/v2.0.4; http://mj12bot.com/)"
51.68.236.91 - - [06/Feb/2026:16:14:15 -0500] "GET /robots.txt HTTP/1.1" 200 175 "-" "Mozilla/5.0 (compatible; MJ12bot/v2.0.4; http://mj12bot.com/)"
51.68.236.91 - - [06/Feb/2026:16:14:15 -0500] "GET / HTTP/1.1" 200 61156 "-" "Mozilla/5.0 (compatible; MJ12bot/v2.0.4; http://mj12bot.com/)"
51.68.236.91 - - [06/Feb/2026:16:14:17 -0500] "GET / HTTP/1.1" 200 61156 "-" "Mozilla/5.0 (compatible; MJ12bot/v2.0.4; http://mj12bot.com/)"
156.245.246.94 - - [06/Feb/2026:16:14:23 -0500] "GET /index.php?rest_route=/wp/v2/posts&per_page=100&_fields=id%2Ccomment_status&page=1 HTTP/1.1" 200 325 "https://e-marketing.io" "Mozilla/5.0 (Linux; Android 10; K) AppleWebKit/537.36 (KHTML, like Gecko) Chrome/129.0.0.0 Mobile Safari/537.36"
156.245.246.94 - - [06/Feb/2026:16:14:23 -0500] "POST /wp-comments-post.php HTTP/1.1" 302 0 "https://e-marketing.io" "Mozilla/5.0 (Linux; Android 10; K) AppleWebKit/537.36 (KHTML, like Gecko) Chrome/129.0.0.0 Mobile Safari/537.36"
198.54.126.162 - - [06/Feb/2026:16:15:03 -0500] "POST /wp-cron.php?doing_wp_cron=1770412503.2269940376281738281250 HTTP/1.1" 200 0 "-" "WordPress/6.9.1; https://www.e-marketing.io"
108.181.52.147 - - [06/Feb/2026:16:15:01 -0500] "POST /owa/auth.owa HTTP/1.1" 404 28034 "https://e-marketing.io/owa/auth/logon.aspx?replaceCurrent=1&url=https%3a%2f%2fe-marketing.io%2fowa%2f" "Mozilla/5.0 (Windows NT 10.0; Win64; x64) AppleWebKit/537.36 (KHTML, like Gecko) Chrome/96.0.4664.110 Safari/537.36"
216.73.216.15 - - [06/Feb/2026:16:29:47 -0500] "GET /robots.txt HTTP/1.1" 200 175 "-" "Mozilla/5.0 AppleWebKit/537.36 (KHTML, like Gecko; compatible; ClaudeBot/1.0; +claudebot@anthropic.com)"
198.54.126.162 - - [06/Feb/2026:16:29:50 -0500] "POST /wp-cron.php?doing_wp_cron=1770413390.2244529724121093750000 HTTP/1.1" 200 0 "-" "WordPress/6.9.1; https://www.e-marketing.io"
198.54.126.162 - - [06/Feb/2026:16:29:50 -0500] "POST /wp-cron.php?doing_wp_cron=1770413390.2800650596618652343750 HTTP/1.1" 200 0 "-" "WordPress/6.9.1; https://www.e-marketing.io"
216.73.216.15 - - [06/Feb/2026:16:29:47 -0500] "GET / HTTP/1.1" 301 0 "-" "Mozilla/5.0 AppleWebKit/537.36 (KHTML, like Gecko; compatible; ClaudeBot/1.0; +claudebot@anthropic.com)"
216.73.216.15 - - [06/Feb/2026:16:29:53 -0500] "GET / HTTP/1.1" 200 61156 "https://e-marketing.io/" "Mozilla/5.0 AppleWebKit/537.36 (KHTML, like Gecko; compatible; ClaudeBot/1.0; +claudebot@anthropic.com)"
198.54.126.162 - - [06/Feb/2026:16:29:55 -0500] "GET /?wp_scrape_key=08afc03431f08b493b40c1388613daae&wp_scrape_nonce=1770413393 HTTP/1.1" 200 72263 "-" "WordPress/6.9.1; https://www.e-marketing.io"
198.54.126.162 - - [06/Feb/2026:16:33:25 -0500] "POST /wp-cron.php?doing_wp_cron=1770413605.4574110507965087890625 HTTP/1.1" 200 0 "-" "WordPress/6.9.1; https://www.e-marketing.io"
178.62.197.103 - - [06/Feb/2026:16:33:23 -0500] "POST /xmlrpc.php HTTP/1.1" 503 7758 "-" "Mozilla/5.0 (Windows NT 10.0) AppleWebKit/537.36 (KHTML, like Gecko) Chrome/142.0.0.0 Safari/537.36"
