146.190.104.93 - - [06/Feb/2026:13:44:25 -0500] "GET /wp-includes/class-wp-block-template.php HTTP/1.1" 403 1242 "binance.com" "Mozilla/5.0 (Windows NT 10.0; Win64; x64) AppleWebKit/537.36 (KHTML, like Gecko) Chrome/90.0.4430.85 Safari/537.36"
18.97.14.85 - - [06/Feb/2026:13:44:34 -0500] "GET /?a=114824266001370 HTTP/1.1" 200 1547 "-" "CCBot/2.0 (https://commoncrawl.org/faq/)"
146.190.104.93 - - [06/Feb/2026:13:44:43 -0500] "GET /wp-includes/class-wp-block-templates-registry.php HTTP/1.1" 403 1242 "binance.com" "Mozilla/5.0 (Windows NT 10.0; Win64; x64) AppleWebKit/537.36 (KHTML, like Gecko) Chrome/90.0.4430.85 Safari/537.36"
146.190.104.93 - - [06/Feb/2026:13:44:55 -0500] "GET /wp-includes/class-wp-classic-to-block-menu-converter.php HTTP/1.1" 403 1242 "binance.com" "Mozilla/5.0 (Windows NT 10.0; Win64; x64) AppleWebKit/537.36 (KHTML, like Gecko) Chrome/90.0.4430.85 Safari/537.36"
146.190.104.93 - - [06/Feb/2026:13:45:05 -0500] "GET /wp-includes/class-wp-comment-restful.php HTTP/1.1" 403 1242 "binance.com" "Mozilla/5.0 (Windows NT 10.0; Win64; x64) AppleWebKit/537.36 (KHTML, like Gecko) Chrome/90.0.4430.85 Safari/537.36"
146.190.104.93 - - [06/Feb/2026:13:45:18 -0500] "GET /wp-includes/class-wp-dependencies.php HTTP/1.1" 403 1242 "binance.com" "Mozilla/5.0 (Windows NT 10.0; Win64; x64) AppleWebKit/537.36 (KHTML, like Gecko) Chrome/90.0.4430.85 Safari/537.36"
18.97.14.85 - - [06/Feb/2026:13:45:19 -0500] "GET /?a=15973217051370 HTTP/1.1" 200 1547 "-" "CCBot/2.0 (https://commoncrawl.org/faq/)"
146.190.104.93 - - [06/Feb/2026:13:45:39 -0500] "GET /wp-includes/class-wp-duotone.php HTTP/1.1" 403 1242 "binance.com" "Mozilla/5.0 (Windows NT 10.0; Win64; x64) AppleWebKit/537.36 (KHTML, like Gecko) Chrome/90.0.4430.85 Safari/537.36"
146.190.104.93 - - [06/Feb/2026:13:45:49 -0500] "GET /wp-includes/class-wp-embed-pointer.php HTTP/1.1" 403 1242 "binance.com" "Mozilla/5.0 (Windows NT 10.0; Win64; x64) AppleWebKit/537.36 (KHTML, like Gecko) Chrome/90.0.4430.85 Safari/537.36"
146.190.104.93 - - [06/Feb/2026:13:45:58 -0500] "GET /wp-includes/class-wp-exception.php HTTP/1.1" 403 1242 "binance.com" "Mozilla/5.0 (Windows NT 10.0; Win64; x64) AppleWebKit/537.36 (KHTML, like Gecko) Chrome/90.0.4430.85 Safari/537.36"
18.97.14.85 - - [06/Feb/2026:13:45:59 -0500] "GET /?a=16206021041370 HTTP/1.1" 200 1547 "-" "CCBot/2.0 (https://commoncrawl.org/faq/)"
146.190.104.93 - - [06/Feb/2026:13:46:12 -0500] "GET /wp-includes/class-wp-http.php HTTP/1.1" 403 1242 "binance.com" "Mozilla/5.0 (Windows NT 10.0; Win64; x64) AppleWebKit/537.36 (KHTML, like Gecko) Chrome/90.0.4430.85 Safari/537.36"
146.190.104.93 - - [06/Feb/2026:13:46:22 -0500] "GET /wp-includes/class-wp-navigation-fallback.php HTTP/1.1" 403 1242 "binance.com" "Mozilla/5.0 (Windows NT 10.0; Win64; x64) AppleWebKit/537.36 (KHTML, like Gecko) Chrome/90.0.4430.85 Safari/537.36"
146.190.104.93 - - [06/Feb/2026:13:46:32 -0500] "GET /wp-includes/class-wp-phpmailer.php HTTP/1.1" 403 1242 "binance.com" "Mozilla/5.0 (Windows NT 10.0; Win64; x64) AppleWebKit/537.36 (KHTML, like Gecko) Chrome/90.0.4430.85 Safari/537.36"
18.97.14.85 - - [06/Feb/2026:13:46:37 -0500] "GET /?a=1398323071370 HTTP/1.1" 200 1547 "-" "CCBot/2.0 (https://commoncrawl.org/faq/)"
146.190.104.93 - - [06/Feb/2026:13:46:43 -0500] "GET /wp-includes/class-wp-plugin-dependencies.php HTTP/1.1" 403 1242 "binance.com" "Mozilla/5.0 (Windows NT 10.0; Win64; x64) AppleWebKit/537.36 (KHTML, like Gecko) Chrome/90.0.4430.85 Safari/537.36"
146.190.104.93 - - [06/Feb/2026:13:46:53 -0500] "GET /wp-includes/class-wp-script-modules.php HTTP/1.1" 403 1242 "binance.com" "Mozilla/5.0 (Windows NT 10.0; Win64; x64) AppleWebKit/537.36 (KHTML, like Gecko) Chrome/90.0.4430.85 Safari/537.36"
146.190.104.93 - - [06/Feb/2026:13:47:04 -0500] "GET /wp-includes/class-wp-scripts.php HTTP/1.1" 403 1242 "binance.com" "Mozilla/5.0 (Windows NT 10.0; Win64; x64) AppleWebKit/537.36 (KHTML, like Gecko) Chrome/90.0.4430.85 Safari/537.36"
18.97.14.85 - - [06/Feb/2026:13:47:11 -0500] "GET /?a=113538606031370 HTTP/1.1" 200 1547 "-" "CCBot/2.0 (https://commoncrawl.org/faq/)"
146.190.104.93 - - [06/Feb/2026:13:47:17 -0500] "GET /wp-includes/class-wp-speculation-rules.php HTTP/1.1" 403 1242 "binance.com" "Mozilla/5.0 (Windows NT 10.0; Win64; x64) AppleWebKit/537.36 (KHTML, like Gecko) Chrome/90.0.4430.85 Safari/537.36"
146.190.104.93 - - [06/Feb/2026:13:47:27 -0500] "GET /wp-includes/class-wp-styles.php HTTP/1.1" 403 1242 "binance.com" "Mozilla/5.0 (Windows NT 10.0; Win64; x64) AppleWebKit/537.36 (KHTML, like Gecko) Chrome/90.0.4430.85 Safari/537.36"
146.190.104.93 - - [06/Feb/2026:13:47:36 -0500] "GET /wp-includes/class-wp-textdomain-registry.php HTTP/1.1" 403 1242 "binance.com" "Mozilla/5.0 (Windows NT 10.0; Win64; x64) AppleWebKit/537.36 (KHTML, like Gecko) Chrome/90.0.4430.85 Safari/537.36"
18.97.14.85 - - [06/Feb/2026:13:47:46 -0500] "GET /?a=67406748051370 HTTP/1.1" 200 1547 "-" "CCBot/2.0 (https://commoncrawl.org/faq/)"
146.190.104.93 - - [06/Feb/2026:13:47:47 -0500] "GET /wp-includes/class-wp-theme-json-data.php HTTP/1.1" 403 1242 "binance.com" "Mozilla/5.0 (Windows NT 10.0; Win64; x64) AppleWebKit/537.36 (KHTML, like Gecko) Chrome/90.0.4430.85 Safari/537.36"
146.190.104.93 - - [06/Feb/2026:13:48:03 -0500] "GET /wp-includes/class-wp-theme-json-resolver.php HTTP/1.1" 403 1242 "binance.com" "Mozilla/5.0 (Windows NT 10.0; Win64; x64) AppleWebKit/537.36 (KHTML, like Gecko) Chrome/90.0.4430.85 Safari/537.36"
146.190.104.93 - - [06/Feb/2026:13:48:14 -0500] "GET /wp-includes/class-wp-theme-json-schema.php HTTP/1.1" 403 1242 "binance.com" "Mozilla/5.0 (Windows NT 10.0; Win64; x64) AppleWebKit/537.36 (KHTML, like Gecko) Chrome/90.0.4430.85 Safari/537.36"
18.97.14.85 - - [06/Feb/2026:13:48:21 -0500] "GET /?a=112919877001370 HTTP/1.1" 200 1547 "-" "CCBot/2.0 (https://commoncrawl.org/faq/)"
146.190.104.93 - - [06/Feb/2026:13:48:25 -0500] "GET /wp-includes/class-wp-theme-json.php HTTP/1.1" 403 1242 "binance.com" "Mozilla/5.0 (Windows NT 10.0; Win64; x64) AppleWebKit/537.36 (KHTML, like Gecko) Chrome/90.0.4430.85 Safari/537.36"
146.190.104.93 - - [06/Feb/2026:13:48:34 -0500] "GET /wp-includes/class-wp-token-map.php HTTP/1.1" 403 1242 "binance.com" "Mozilla/5.0 (Windows NT 10.0; Win64; x64) AppleWebKit/537.36 (KHTML, like Gecko) Chrome/90.0.4430.85 Safari/537.36"
146.190.104.93 - - [06/Feb/2026:13:48:43 -0500] "GET /wp-includes/class-wp-url-pattern-prefixer.php HTTP/1.1" 403 1242 "binance.com" "Mozilla/5.0 (Windows NT 10.0; Win64; x64) AppleWebKit/537.36 (KHTML, like Gecko) Chrome/90.0.4430.85 Safari/537.36"
146.190.104.93 - - [06/Feb/2026:13:48:54 -0500] "GET /wp-includes/class-wpdb.php HTTP/1.1" 403 1242 "binance.com" "Mozilla/5.0 (Windows NT 10.0; Win64; x64) AppleWebKit/537.36 (KHTML, like Gecko) Chrome/90.0.4430.85 Safari/537.36"
18.97.14.85 - - [06/Feb/2026:13:48:58 -0500] "GET /?a=64478634071370 HTTP/1.1" 200 1547 "-" "CCBot/2.0 (https://commoncrawl.org/faq/)"
146.190.104.93 - - [06/Feb/2026:13:49:03 -0500] "GET /wp-includes/comment-template-ajax-response.php HTTP/1.1" 403 1242 "binance.com" "Mozilla/5.0 (Windows NT 10.0; Win64; x64) AppleWebKit/537.36 (KHTML, like Gecko) Chrome/90.0.4430.85 Safari/537.36"
146.190.104.93 - - [06/Feb/2026:13:49:14 -0500] "GET /wp-includes/compat-utf8.php HTTP/1.1" 403 1242 "binance.com" "Mozilla/5.0 (Windows NT 10.0; Win64; x64) AppleWebKit/537.36 (KHTML, like Gecko) Chrome/90.0.4430.85 Safari/537.36"
43.155.140.157 - - [06/Feb/2026:13:49:21 -0500] "GET /wp-content/uploads/2025/10/hero-section-img-281x300.webp HTTP/1.1" 200 12776 "-" "Mozilla/5.0 (iPhone; CPU iPhone OS 13_2_3 like Mac OS X) AppleWebKit/605.1.15 (KHTML, like Gecko) Version/13.0.3 Mobile/15E148 Safari/604.1"
146.190.104.93 - - [06/Feb/2026:13:49:25 -0500] "GET /wp-includes/fonts.php HTTP/1.1" 403 1242 "binance.com" "Mozilla/5.0 (Windows NT 10.0; Win64; x64) AppleWebKit/537.36 (KHTML, like Gecko) Chrome/90.0.4430.85 Safari/537.36"
18.97.14.85 - - [06/Feb/2026:13:49:34 -0500] "GET /?a=108485598051370 HTTP/1.1" 200 1547 "-" "CCBot/2.0 (https://commoncrawl.org/faq/)"
146.190.104.93 - - [06/Feb/2026:13:49:37 -0500] "GET /wp-includes/global-styles-and-settings.php HTTP/1.1" 403 1242 "binance.com" "Mozilla/5.0 (Windows NT 10.0; Win64; x64) AppleWebKit/537.36 (KHTML, like Gecko) Chrome/90.0.4430.85 Safari/537.36"
146.190.104.93 - - [06/Feb/2026:13:49:47 -0500] "GET /wp-includes/https-detection.php HTTP/1.1" 403 1242 "binance.com" "Mozilla/5.0 (Windows NT 10.0; Win64; x64) AppleWebKit/537.36 (KHTML, like Gecko) Chrome/90.0.4430.85 Safari/537.36"
146.190.104.93 - - [06/Feb/2026:13:49:57 -0500] "GET /wp-includes/https-migration.php HTTP/1.1" 403 1242 "binance.com" "Mozilla/5.0 (Windows NT 10.0; Win64; x64) AppleWebKit/537.36 (KHTML, like Gecko) Chrome/90.0.4430.85 Safari/537.36"
146.190.104.93 - - [06/Feb/2026:13:50:08 -0500] "GET /wp-includes/post-formats-query.php HTTP/1.1" 403 1242 "binance.com" "Mozilla/5.0 (Windows NT 10.0; Win64; x64) AppleWebKit/537.36 (KHTML, like Gecko) Chrome/90.0.4430.85 Safari/537.36"
18.97.14.85 - - [06/Feb/2026:13:50:08 -0500] "GET /?a=52520585031370 HTTP/1.1" 200 1547 "-" "CCBot/2.0 (https://commoncrawl.org/faq/)"
146.190.104.93 - - [06/Feb/2026:13:50:19 -0500] "GET /wp-includes/robots-template.php HTTP/1.1" 403 1242 "binance.com" "Mozilla/5.0 (Windows NT 10.0; Win64; x64) AppleWebKit/537.36 (KHTML, like Gecko) Chrome/90.0.4430.85 Safari/537.36"
146.190.104.93 - - [06/Feb/2026:13:50:30 -0500] "GET /wp-includes/script-modules.php HTTP/1.1" 403 1242 "binance.com" "Mozilla/5.0 (Windows NT 10.0; Win64; x64) AppleWebKit/537.36 (KHTML, like Gecko) Chrome/90.0.4430.85 Safari/537.36"
146.190.104.93 - - [06/Feb/2026:13:50:40 -0500] "GET /wp-includes/speculative-loading.php HTTP/1.1" 403 1242 "binance.com" "Mozilla/5.0 (Windows NT 10.0; Win64; x64) AppleWebKit/537.36 (KHTML, like Gecko) Chrome/90.0.4430.85 Safari/537.36"
18.97.14.85 - - [06/Feb/2026:13:50:46 -0500] "GET /?a=8965227021370 HTTP/1.1" 200 1547 "-" "CCBot/2.0 (https://commoncrawl.org/faq/)"
146.190.104.93 - - [06/Feb/2026:13:50:51 -0500] "GET /wp-includes/style-engine.php HTTP/1.1" 403 1242 "binance.com" "Mozilla/5.0 (Windows NT 10.0; Win64; x64) AppleWebKit/537.36 (KHTML, like Gecko) Chrome/90.0.4430.85 Safari/537.36"
146.190.104.93 - - [06/Feb/2026:13:50:59 -0500] "GET /wp-includes/template-canvas.php HTTP/1.1" 403 1242 "binance.com" "Mozilla/5.0 (Windows NT 10.0; Win64; x64) AppleWebKit/537.36 (KHTML, like Gecko) Chrome/90.0.4430.85 Safari/537.36"
146.190.104.93 - - [06/Feb/2026:13:51:09 -0500] "GET /wp-includes/theme-previews.php HTTP/1.1" 403 1242 "binance.com" "Mozilla/5.0 (Windows NT 10.0; Win64; x64) AppleWebKit/537.36 (KHTML, like Gecko) Chrome/90.0.4430.85 Safari/537.36"
146.190.104.93 - - [06/Feb/2026:13:51:18 -0500] "GET /wp-includes/theme-templates.php HTTP/1.1" 403 1242 "binance.com" "Mozilla/5.0 (Windows NT 10.0; Win64; x64) AppleWebKit/537.36 (KHTML, like Gecko) Chrome/90.0.4430.85 Safari/537.36"
18.97.14.85 - - [06/Feb/2026:13:51:25 -0500] "GET /?a=29042993041370 HTTP/1.1" 200 1547 "-" "CCBot/2.0 (https://commoncrawl.org/faq/)"
146.190.104.93 - - [06/Feb/2026:13:51:25 -0500] "GET /wp-includes/utf8.php HTTP/1.1" 403 1242 "binance.com" "Mozilla/5.0 (Windows NT 10.0; Win64; x64) AppleWebKit/537.36 (KHTML, like Gecko) Chrome/90.0.4430.85 Safari/537.36"
146.190.104.93 - - [06/Feb/2026:13:51:35 -0500] "GET /wp-includes/ID3/ HTTP/1.1" 200 1656 "binance.com" "Mozilla/5.0 (Windows NT 10.0; Win64; x64) AppleWebKit/537.36 (KHTML, like Gecko) Chrome/90.0.4430.85 Safari/537.36"
146.190.104.93 - - [06/Feb/2026:13:51:49 -0500] "GET /wp-includes/ID3/ HTTP/1.1" 200 1656 "binance.com" "Mozilla/5.0 (Windows NT 10.0; Win64; x64) AppleWebKit/537.36 (KHTML, like Gecko) Chrome/90.0.4430.85 Safari/537.36"
146.190.104.93 - - [06/Feb/2026:13:51:59 -0500] "GET /wp-includes/IXR/ HTTP/1.1" 200 1401 "binance.com" "Mozilla/5.0 (Windows NT 10.0; Win64; x64) AppleWebKit/537.36 (KHTML, like Gecko) Chrome/90.0.4430.85 Safari/537.36"
146.190.104.93 - - [06/Feb/2026:13:52:11 -0500] "GET /wp-includes/IXR/ HTTP/1.1" 200 1401 "binance.com" "Mozilla/5.0 (Windows NT 10.0; Win64; x64) AppleWebKit/537.36 (KHTML, like Gecko) Chrome/90.0.4430.85 Safari/537.36"
18.97.14.85 - - [06/Feb/2026:13:52:12 -0500] "GET /?a=103953217021370 HTTP/1.1" 200 1547 "-" "CCBot/2.0 (https://commoncrawl.org/faq/)"
146.190.104.93 - - [06/Feb/2026:13:52:20 -0500] "GET /wp-includes/PHPMailer/ HTTP/1.1" 200 1302 "binance.com" "Mozilla/5.0 (Windows NT 10.0; Win64; x64) AppleWebKit/537.36 (KHTML, like Gecko) Chrome/90.0.4430.85 Safari/537.36"
146.190.104.93 - - [06/Feb/2026:13:52:28 -0500] "GET /wp-includes/PHPMailer/ HTTP/1.1" 200 1302 "binance.com" "Mozilla/5.0 (Windows NT 10.0; Win64; x64) AppleWebKit/537.36 (KHTML, like Gecko) Chrome/90.0.4430.85 Safari/537.36"
146.190.104.93 - - [06/Feb/2026:13:52:39 -0500] "GET /wp-includes/PHPMailer/DSNConfigurator.php HTTP/1.1" 403 1242 "binance.com" "Mozilla/5.0 (Windows NT 10.0; Win64; x64) AppleWebKit/537.36 (KHTML, like Gecko) Chrome/90.0.4430.85 Safari/537.36"
146.190.104.93 - - [06/Feb/2026:13:52:50 -0500] "GET /wp-includes/PHPMailer/OAuth.php HTTP/1.1" 403 1242 "binance.com" "Mozilla/5.0 (Windows NT 10.0; Win64; x64) AppleWebKit/537.36 (KHTML, like Gecko) Chrome/90.0.4430.85 Safari/537.36"
146.190.104.93 - - [06/Feb/2026:13:52:59 -0500] "GET /wp-includes/PHPMailer/OAuthTokenProvider.php HTTP/1.1" 403 1242 "binance.com" "Mozilla/5.0 (Windows NT 10.0; Win64; x64) AppleWebKit/537.36 (KHTML, like Gecko) Chrome/90.0.4430.85 Safari/537.36"
146.190.104.93 - - [06/Feb/2026:13:53:10 -0500] "GET /wp-includes/PHPMailer/POP3.php HTTP/1.1" 403 1242 "binance.com" "Mozilla/5.0 (Windows NT 10.0; Win64; x64) AppleWebKit/537.36 (KHTML, like Gecko) Chrome/90.0.4430.85 Safari/537.36"
146.190.104.93 - - [06/Feb/2026:13:53:20 -0500] "GET /wp-includes/Text/ HTTP/1.1" 200 880 "binance.com" "Mozilla/5.0 (Windows NT 10.0; Win64; x64) AppleWebKit/537.36 (KHTML, like Gecko) Chrome/90.0.4430.85 Safari/537.36"
146.190.104.93 - - [06/Feb/2026:13:53:36 -0500] "GET /wp-includes/Text/ HTTP/1.1" 200 880 "binance.com" "Mozilla/5.0 (Windows NT 10.0; Win64; x64) AppleWebKit/537.36 (KHTML, like Gecko) Chrome/90.0.4430.85 Safari/537.36"
146.190.104.93 - - [06/Feb/2026:13:53:46 -0500] "GET /wp-includes/Text/Diff/ HTTP/1.1" 200 859 "binance.com" "Mozilla/5.0 (Windows NT 10.0; Win64; x64) AppleWebKit/537.36 (KHTML, like Gecko) Chrome/90.0.4430.85 Safari/537.36"
146.190.104.93 - - [06/Feb/2026:13:53:56 -0500] "GET /wp-includes/Text/Diff/ HTTP/1.1" 200 859 "binance.com" "Mozilla/5.0 (Windows NT 10.0; Win64; x64) AppleWebKit/537.36 (KHTML, like Gecko) Chrome/90.0.4430.85 Safari/537.36"
146.190.104.93 - - [06/Feb/2026:13:54:05 -0500] "GET /wp-includes/Text/Diff/Engine/ HTTP/1.1" 200 860 "binance.com" "Mozilla/5.0 (Windows NT 10.0; Win64; x64) AppleWebKit/537.36 (KHTML, like Gecko) Chrome/90.0.4430.85 Safari/537.36"
18.97.14.85 - - [06/Feb/2026:13:54:09 -0500] "GET /?a=103279702061370 HTTP/1.1" 200 1547 "-" "CCBot/2.0 (https://commoncrawl.org/faq/)"
146.190.104.93 - - [06/Feb/2026:13:54:14 -0500] "GET /wp-includes/Text/Diff/Engine/ HTTP/1.1" 200 860 "binance.com" "Mozilla/5.0 (Windows NT 10.0; Win64; x64) AppleWebKit/537.36 (KHTML, like Gecko) Chrome/90.0.4430.85 Safari/537.36"
146.190.104.93 - - [06/Feb/2026:13:54:21 -0500] "GET /wp-includes/Text/Diff/Renderer/ HTTP/1.1" 200 784 "binance.com" "Mozilla/5.0 (Windows NT 10.0; Win64; x64) AppleWebKit/537.36 (KHTML, like Gecko) Chrome/90.0.4430.85 Safari/537.36"
146.190.104.93 - - [06/Feb/2026:13:54:30 -0500] "GET /wp-includes/Text/Diff/Renderer/ HTTP/1.1" 200 784 "binance.com" "Mozilla/5.0 (Windows NT 10.0; Win64; x64) AppleWebKit/537.36 (KHTML, like Gecko) Chrome/90.0.4430.85 Safari/537.36"
146.190.104.93 - - [06/Feb/2026:13:54:38 -0500] "GET /wp-includes/blocks/ HTTP/1.1" 200 22 "binance.com" "Mozilla/5.0 (Windows NT 10.0; Win64; x64) AppleWebKit/537.36 (KHTML, like Gecko) Chrome/90.0.4430.85 Safari/537.36"
146.190.104.93 - - [06/Feb/2026:13:54:48 -0500] "GET /wp-includes/pomo/ HTTP/1.1" 200 1264 "binance.com" "Mozilla/5.0 (Windows NT 10.0; Win64; x64) AppleWebKit/537.36 (KHTML, like Gecko) Chrome/90.0.4430.85 Safari/537.36"
146.190.104.93 - - [06/Feb/2026:13:54:58 -0500] "GET /wp-includes/pomo/ HTTP/1.1" 200 1264 "binance.com" "Mozilla/5.0 (Windows NT 10.0; Win64; x64) AppleWebKit/537.36 (KHTML, like Gecko) Chrome/90.0.4430.85 Safari/537.36"
146.190.104.93 - - [06/Feb/2026:13:55:07 -0500] "GET /wp-includes/sitemaps/ HTTP/1.1" 200 1338 "binance.com" "Mozilla/5.0 (Windows NT 10.0; Win64; x64) AppleWebKit/537.36 (KHTML, like Gecko) Chrome/90.0.4430.85 Safari/537.36"
146.190.104.93 - - [06/Feb/2026:13:55:17 -0500] "GET /wp-includes/sitemaps/ HTTP/1.1" 200 1338 "binance.com" "Mozilla/5.0 (Windows NT 10.0; Win64; x64) AppleWebKit/537.36 (KHTML, like Gecko) Chrome/90.0.4430.85 Safari/537.36"
18.97.14.85 - - [06/Feb/2026:13:55:19 -0500] "GET /?a=46902573011370 HTTP/1.1" 200 1547 "-" "CCBot/2.0 (https://commoncrawl.org/faq/)"
146.190.104.93 - - [06/Feb/2026:13:55:27 -0500] "GET /wp-includes/sitemaps/providers/ HTTP/1.1" 200 889 "binance.com" "Mozilla/5.0 (Windows NT 10.0; Win64; x64) AppleWebKit/537.36 (KHTML, like Gecko) Chrome/90.0.4430.85 Safari/537.36"
146.190.104.93 - - [06/Feb/2026:13:55:38 -0500] "GET /wp-includes/sitemaps/providers/ HTTP/1.1" 200 889 "binance.com" "Mozilla/5.0 (Windows NT 10.0; Win64; x64) AppleWebKit/537.36 (KHTML, like Gecko) Chrome/90.0.4430.85 Safari/537.36"
146.190.104.93 - - [06/Feb/2026:13:55:49 -0500] "GET /wp-includes/widgets/ HTTP/1.1" 200 1734 "binance.com" "Mozilla/5.0 (Windows NT 10.0; Win64; x64) AppleWebKit/537.36 (KHTML, like Gecko) Chrome/90.0.4430.85 Safari/537.36"
146.190.104.93 - - [06/Feb/2026:13:56:00 -0500] "GET /wp-includes/widgets/ HTTP/1.1" 200 1734 "binance.com" "Mozilla/5.0 (Windows NT 10.0; Win64; x64) AppleWebKit/537.36 (KHTML, like Gecko) Chrome/90.0.4430.85 Safari/537.36"
146.190.104.93 - - [06/Feb/2026:13:56:10 -0500] "GET /wp-includes/widgets/class-wp-widget-block.php HTTP/1.1" 403 1242 "binance.com" "Mozilla/5.0 (Windows NT 10.0; Win64; x64) AppleWebKit/537.36 (KHTML, like Gecko) Chrome/90.0.4430.85 Safari/537.36"
18.97.14.85 - - [06/Feb/2026:13:56:15 -0500] "GET /?a=60606361031370 HTTP/1.1" 200 1547 "-" "CCBot/2.0 (https://commoncrawl.org/faq/)"
146.190.104.93 - - [06/Feb/2026:13:56:19 -0500] "GET /wp-includes/css/ HTTP/1.1" 200 2237 "binance.com" "Mozilla/5.0 (Windows NT 10.0; Win64; x64) AppleWebKit/537.36 (KHTML, like Gecko) Chrome/90.0.4430.85 Safari/537.36"
146.190.104.93 - - [06/Feb/2026:13:56:28 -0500] "GET /wp-includes/css/dist/ HTTP/1.1" 200 1512 "binance.com" "Mozilla/5.0 (Windows NT 10.0; Win64; x64) AppleWebKit/537.36 (KHTML, like Gecko) Chrome/90.0.4430.85 Safari/537.36"
146.190.104.93 - - [06/Feb/2026:13:56:37 -0500] "GET /wp-includes/fonts/ HTTP/1.1" 200 1457 "binance.com" "Mozilla/5.0 (Windows NT 10.0; Win64; x64) AppleWebKit/537.36 (KHTML, like Gecko) Chrome/90.0.4430.85 Safari/537.36"
146.190.104.93 - - [06/Feb/2026:13:56:45 -0500] "GET /wp-includes/fonts/ HTTP/1.1" 200 1457 "binance.com" "Mozilla/5.0 (Windows NT 10.0; Win64; x64) AppleWebKit/537.36 (KHTML, like Gecko) Chrome/90.0.4430.85 Safari/537.36"
146.190.104.93 - - [06/Feb/2026:13:56:55 -0500] "GET /wp-includes/fonts/class-wp-font-collection.php HTTP/1.1" 403 1242 "binance.com" "Mozilla/5.0 (Windows NT 10.0; Win64; x64) AppleWebKit/537.36 (KHTML, like Gecko) Chrome/90.0.4430.85 Safari/537.36"
18.97.14.85 - - [06/Feb/2026:13:56:59 -0500] "GET /?a=37427953061370 HTTP/1.1" 200 1547 "-" "CCBot/2.0 (https://commoncrawl.org/faq/)"
146.190.104.93 - - [06/Feb/2026:13:57:05 -0500] "GET /wp-includes/fonts/class-wp-font-face-resolver.php HTTP/1.1" 403 1242 "binance.com" "Mozilla/5.0 (Windows NT 10.0; Win64; x64) AppleWebKit/537.36 (KHTML, like Gecko) Chrome/90.0.4430.85 Safari/537.36"
146.190.104.93 - - [06/Feb/2026:13:57:14 -0500] "GET /wp-includes/fonts/class-wp-font-face.php HTTP/1.1" 403 1242 "binance.com" "Mozilla/5.0 (Windows NT 10.0; Win64; x64) AppleWebKit/537.36 (KHTML, like Gecko) Chrome/90.0.4430.85 Safari/537.36"
146.190.104.93 - - [06/Feb/2026:13:57:24 -0500] "GET /wp-includes/fonts/class-wp-font-library.php HTTP/1.1" 403 1242 "binance.com" "Mozilla/5.0 (Windows NT 10.0; Win64; x64) AppleWebKit/537.36 (KHTML, like Gecko) Chrome/90.0.4430.85 Safari/537.36"
146.190.104.93 - - [06/Feb/2026:13:57:33 -0500] "GET /wp-includes/fonts/class-wp-font-utils.php HTTP/1.1" 403 1242 "binance.com" "Mozilla/5.0 (Windows NT 10.0; Win64; x64) AppleWebKit/537.36 (KHTML, like Gecko) Chrome/90.0.4430.85 Safari/537.36"
18.97.14.85 - - [06/Feb/2026:13:57:35 -0500] "GET /?a=96840339051370 HTTP/1.1" 200 1547 "-" "CCBot/2.0 (https://commoncrawl.org/faq/)"
146.190.104.93 - - [06/Feb/2026:13:57:42 -0500] "GET /wp-includes/images/ HTTP/1.1" 200 1995 "binance.com" "Mozilla/5.0 (Windows NT 10.0; Win64; x64) AppleWebKit/537.36 (KHTML, like Gecko) Chrome/90.0.4430.85 Safari/537.36"
146.190.104.93 - - [06/Feb/2026:13:57:51 -0500] "GET /wp-includes/images/crystal/ HTTP/1.1" 200 1405 "binance.com" "Mozilla/5.0 (Windows NT 10.0; Win64; x64) AppleWebKit/537.36 (KHTML, like Gecko) Chrome/90.0.4430.85 Safari/537.36"
146.190.104.93 - - [06/Feb/2026:13:58:02 -0500] "GET /wp-includes/images/media/ HTTP/1.1" 200 1472 "binance.com" "Mozilla/5.0 (Windows NT 10.0; Win64; x64) AppleWebKit/537.36 (KHTML, like Gecko) Chrome/90.0.4430.85 Safari/537.36"
146.190.104.93 - - [06/Feb/2026:13:58:12 -0500] "GET /wp-includes/images/smilies/ HTTP/1.1" 200 1668 "binance.com" "Mozilla/5.0 (Windows NT 10.0; Win64; x64) AppleWebKit/537.36 (KHTML, like Gecko) Chrome/90.0.4430.85 Safari/537.36"
18.97.14.85 - - [06/Feb/2026:13:58:14 -0500] "GET /?a=65062137011370 HTTP/1.1" 200 1547 "-" "CCBot/2.0 (https://commoncrawl.org/faq/)"
146.190.104.93 - - [06/Feb/2026:13:58:22 -0500] "GET /wp-includes/images/wlw/ HTTP/1.1" 404 1251 "binance.com" "Mozilla/5.0 (Windows NT 10.0; Win64; x64) AppleWebKit/537.36 (KHTML, like Gecko) Chrome/90.0.4430.85 Safari/537.36"
146.190.104.93 - - [06/Feb/2026:13:58:32 -0500] "GET /wp-includes/js/%20 HTTP/1.1" 404 1251 "binance.com" "Mozilla/5.0 (Windows NT 10.0; Win64; x64) AppleWebKit/537.36 (KHTML, like Gecko) Chrome/90.0.4430.85 Safari/537.36"
146.190.104.93 - - [06/Feb/2026:13:58:42 -0500] "GET /wp-includes/js/codemirror/ HTTP/1.1" 200 1343 "binance.com" "Mozilla/5.0 (Windows NT 10.0; Win64; x64) AppleWebKit/537.36 (KHTML, like Gecko) Chrome/90.0.4430.85 Safari/537.36"
146.190.104.93 - - [06/Feb/2026:13:58:51 -0500] "GET /wp-includes/js/plupload/ HTTP/1.1" 200 1401 "binance.com" "Mozilla/5.0 (Windows NT 10.0; Win64; x64) AppleWebKit/537.36 (KHTML, like Gecko) Chrome/90.0.4430.85 Safari/537.36"
87.250.224.202 - - [06/Feb/2026:13:58:51 -0500] "GET /wp-content/uploads/2023/03/kala-icons-1.webp HTTP/1.1" 200 5422 "-" "Mozilla/5.0 (compatible; YandexImages/3.0; +http://yandex.com/bots)"
18.97.14.85 - - [06/Feb/2026:13:58:54 -0500] "GET /?a=78881542051370 HTTP/1.1" 200 1547 "-" "CCBot/2.0 (https://commoncrawl.org/faq/)"
146.190.104.93 - - [06/Feb/2026:13:59:01 -0500] "GET /.well-known/ HTTP/1.1" 200 758 "binance.com" "Mozilla/5.0 (Windows NT 10.0; Win64; x64) AppleWebKit/537.36 (KHTML, like Gecko) Chrome/90.0.4430.85 Safari/537.36"
18.97.14.85 - - [06/Feb/2026:13:59:30 -0500] "GET /?a=90464140011370 HTTP/1.1" 200 1547 "-" "CCBot/2.0 (https://commoncrawl.org/faq/)"
18.97.14.85 - - [06/Feb/2026:14:00:04 -0500] "GET /?a=53429827071370 HTTP/1.1" 200 1547 "-" "CCBot/2.0 (https://commoncrawl.org/faq/)"
18.97.14.85 - - [06/Feb/2026:14:00:44 -0500] "GET /?a=544786001370 HTTP/1.1" 200 1547 "-" "CCBot/2.0 (https://commoncrawl.org/faq/)"
18.97.14.85 - - [06/Feb/2026:14:01:22 -0500] "GET /?a=45871759051370 HTTP/1.1" 200 1547 "-" "CCBot/2.0 (https://commoncrawl.org/faq/)"
18.97.14.85 - - [06/Feb/2026:14:01:55 -0500] "GET /?a=65573986041370 HTTP/1.1" 200 1547 "-" "CCBot/2.0 (https://commoncrawl.org/faq/)"
18.97.14.85 - - [06/Feb/2026:14:02:28 -0500] "GET /?a=66486454051370 HTTP/1.1" 200 1547 "-" "CCBot/2.0 (https://commoncrawl.org/faq/)"
18.97.14.85 - - [06/Feb/2026:14:03:01 -0500] "GET /?a=61476046051370 HTTP/1.1" 200 1547 "-" "CCBot/2.0 (https://commoncrawl.org/faq/)"
43.157.98.187 - - [06/Feb/2026:14:03:18 -0500] "GET /wp-content/uploads/2024/10/Pure-Cotton.webp HTTP/1.1" 200 130166 "-" "Mozilla/5.0 (iPhone; CPU iPhone OS 13_2_3 like Mac OS X) AppleWebKit/605.1.15 (KHTML, like Gecko) Version/13.0.3 Mobile/15E148 Safari/604.1"
18.97.14.85 - - [06/Feb/2026:14:03:35 -0500] "GET /?a=22536034051370 HTTP/1.1" 200 1547 "-" "CCBot/2.0 (https://commoncrawl.org/faq/)"
18.97.14.85 - - [06/Feb/2026:14:04:08 -0500] "GET /?a=77254525001370 HTTP/1.1" 200 1547 "-" "CCBot/2.0 (https://commoncrawl.org/faq/)"
18.97.14.85 - - [06/Feb/2026:14:04:43 -0500] "GET /?a=39291754021370 HTTP/1.1" 200 1547 "-" "CCBot/2.0 (https://commoncrawl.org/faq/)"
18.97.14.85 - - [06/Feb/2026:14:05:18 -0500] "GET /?a=106518749011370 HTTP/1.1" 200 1547 "-" "CCBot/2.0 (https://commoncrawl.org/faq/)"
141.8.183.92 - - [06/Feb/2026:14:05:23 -0500] "GET /wp-content/uploads/2023/03/story-left.webp HTTP/1.1" 200 28046 "-" "Mozilla/5.0 (compatible; YandexImages/3.0; +http://yandex.com/bots)"
5.255.231.29 - - [06/Feb/2026:14:05:29 -0500] "GET /robots.txt HTTP/1.1" 404 1251 "-" "Mozilla/5.0 (compatible; YandexBot/3.0; +http://yandex.com/bots)"
18.97.14.85 - - [06/Feb/2026:14:05:56 -0500] "GET /?a=3763774091370 HTTP/1.1" 200 1547 "-" "CCBot/2.0 (https://commoncrawl.org/faq/)"
18.97.14.85 - - [06/Feb/2026:14:06:30 -0500] "GET /?a=82438467041370 HTTP/1.1" 200 1547 "-" "CCBot/2.0 (https://commoncrawl.org/faq/)"
18.97.14.85 - - [06/Feb/2026:14:07:08 -0500] "GET /?a=100528320001370 HTTP/1.1" 200 1547 "-" "CCBot/2.0 (https://commoncrawl.org/faq/)"
18.97.14.85 - - [06/Feb/2026:14:07:47 -0500] "GET /?a=848533011370 HTTP/1.1" 200 1547 "-" "CCBot/2.0 (https://commoncrawl.org/faq/)"
198.54.126.162 - - [06/Feb/2026:14:07:58 -0500] "POST /wp-cron.php?doing_wp_cron=1770404878.4588379859924316406250 HTTP/1.1" 403 1242 "-" "WordPress/6.9; https://kalatextiles.com"
107.189.29.24 - - [06/Feb/2026:14:07:54 -0500] "GET /wp-login.php HTTP/1.1" 200 5971 "-" "Mozilla/5.0 (Macintosh; Intel Mac OS X 10.9; rv:30.0) Gecko/20100101 Firefox/30.0"
107.189.29.24 - - [06/Feb/2026:14:07:59 -0500] "POST /wp-login.php HTTP/1.1" 200 6348 "-" "Mozilla/5.0 (Macintosh; Intel Mac OS X 10.9; rv:30.0) Gecko/20100101 Firefox/30.0"
18.97.14.85 - - [06/Feb/2026:14:08:28 -0500] "GET /?a=97654131021370 HTTP/1.1" 200 1547 "-" "CCBot/2.0 (https://commoncrawl.org/faq/)"
66.249.66.4 - - [06/Feb/2026:14:08:29 -0500] "GET /cgi-bin/ HTTP/1.1" 403 1242 "-" "Mozilla/5.0 (Linux; Android 6.0.1; Nexus 5X Build/MMB29P) AppleWebKit/537.36 (KHTML, like Gecko) Chrome/144.0.7559.132 Mobile Safari/537.36 (compatible; Googlebot/2.1; +http://www.google.com/bot.html)"
66.249.66.167 - - [06/Feb/2026:14:08:44 -0500] "GET /cgi-bin/ HTTP/1.1" 403 1242 "-" "Mozilla/5.0 (Linux; Android 6.0.1; Nexus 5X Build/MMB29P) AppleWebKit/537.36 (KHTML, like Gecko) Chrome/144.0.7559.132 Mobile Safari/537.36 (compatible; GoogleOther)"
18.97.14.85 - - [06/Feb/2026:14:09:05 -0500] "GET /?a=115165337141370 HTTP/1.1" 200 1547 "-" "CCBot/2.0 (https://commoncrawl.org/faq/)"
18.97.14.85 - - [06/Feb/2026:14:09:36 -0500] "GET /?a=30490546031370 HTTP/1.1" 200 1547 "-" "CCBot/2.0 (https://commoncrawl.org/faq/)"
18.97.14.85 - - [06/Feb/2026:14:10:08 -0500] "GET /?a=118632405051370 HTTP/1.1" 200 1547 "-" "CCBot/2.0 (https://commoncrawl.org/faq/)"
18.97.14.85 - - [06/Feb/2026:14:10:46 -0500] "GET /?a=84386822051370 HTTP/1.1" 200 1547 "-" "CCBot/2.0 (https://commoncrawl.org/faq/)"
18.97.14.85 - - [06/Feb/2026:14:11:42 -0500] "GET /?a=59658103021370 HTTP/1.1" 200 1547 "-" "CCBot/2.0 (https://commoncrawl.org/faq/)"
66.249.66.3 - - [06/Feb/2026:14:11:54 -0500] "GET /e4d2062e/ HTTP/1.1" 200 542 "-" "Mozilla/5.0 (Linux; Android 6.0.1; Nexus 5X Build/MMB29P) AppleWebKit/537.36 (KHTML, like Gecko) Chrome/144.0.7559.132 Mobile Safari/537.36 (compatible; GoogleOther)"
66.249.66.199 - - [06/Feb/2026:14:11:56 -0500] "GET /_autoindex/assets/icons/corner-left-up.svg HTTP/1.1" 200 328 "https://www.kalatextiles.com/e4d2062e/" "Mozilla/5.0 (Linux; Android 6.0.1; Nexus 5X Build/MMB29P) AppleWebKit/537.36 (KHTML, like Gecko) Chrome/143.0.7499.192 Mobile Safari/537.36 (compatible; Googlebot/2.1; +http://www.google.com/bot.html)"
18.97.14.85 - - [06/Feb/2026:14:12:26 -0500] "GET /?a=88005528051370 HTTP/1.1" 200 1547 "-" "CCBot/2.0 (https://commoncrawl.org/faq/)"
18.97.14.85 - - [06/Feb/2026:14:13:02 -0500] "GET /?a=98451356051370 HTTP/1.1" 200 1547 "-" "CCBot/2.0 (https://commoncrawl.org/faq/)"
18.97.14.85 - - [06/Feb/2026:14:13:35 -0500] "GET /?a=82503536001370 HTTP/1.1" 200 1547 "-" "CCBot/2.0 (https://commoncrawl.org/faq/)"
18.97.14.85 - - [06/Feb/2026:14:14:07 -0500] "GET /?a=115625900031370 HTTP/1.1" 200 1547 "-" "CCBot/2.0 (https://commoncrawl.org/faq/)"
18.97.14.85 - - [06/Feb/2026:14:14:44 -0500] "GET /?a=48238642001370 HTTP/1.1" 200 1547 "-" "CCBot/2.0 (https://commoncrawl.org/faq/)"
66.249.66.38 - - [06/Feb/2026:14:15:03 -0500] "GET /readme.html HTTP/1.1" 200 2667 "-" "Mozilla/5.0 (Linux; Android 6.0.1; Nexus 5X Build/MMB29P) AppleWebKit/537.36 (KHTML, like Gecko) Chrome/144.0.7559.132 Mobile Safari/537.36 (compatible; GoogleOther)"
18.97.14.85 - - [06/Feb/2026:14:15:18 -0500] "GET /?a=47932613031370 HTTP/1.1" 200 1547 "-" "CCBot/2.0 (https://commoncrawl.org/faq/)"
18.97.14.85 - - [06/Feb/2026:14:15:49 -0500] "GET /?a=68759706061370 HTTP/1.1" 200 1547 "-" "CCBot/2.0 (https://commoncrawl.org/faq/)"
18.97.14.85 - - [06/Feb/2026:14:16:21 -0500] "GET /?a=112693330061370 HTTP/1.1" 200 1547 "-" "CCBot/2.0 (https://commoncrawl.org/faq/)"
18.97.14.85 - - [06/Feb/2026:14:16:57 -0500] "GET /?a=7980067011370 HTTP/1.1" 200 1547 "-" "CCBot/2.0 (https://commoncrawl.org/faq/)"
18.97.14.85 - - [06/Feb/2026:14:17:32 -0500] "GET /?a=85448727001370 HTTP/1.1" 200 1547 "-" "CCBot/2.0 (https://commoncrawl.org/faq/)"
66.249.66.199 - - [06/Feb/2026:14:17:56 -0500] "GET /wp-content/ HTTP/1.1" 200 0 "-" "Mozilla/5.0 (Linux; Android 6.0.1; Nexus 5X Build/MMB29P) AppleWebKit/537.36 (KHTML, like Gecko) Chrome/144.0.7559.132 Mobile Safari/537.36 (compatible; GoogleOther)"
141.8.183.103 - - [06/Feb/2026:14:18:11 -0500] "GET /robots.txt HTTP/1.1" 404 1251 "-" "Mozilla/5.0 (compatible; YandexBot/3.0; +http://yandex.com/bots)"
18.97.14.85 - - [06/Feb/2026:14:18:23 -0500] "GET /?a=82512838011370 HTTP/1.1" 200 1547 "-" "CCBot/2.0 (https://commoncrawl.org/faq/)"
65.21.44.205 - - [06/Feb/2026:14:20:15 -0500] "GET /robots.txt HTTP/1.1" 404 1251 "-" "Mozilla/5.0 (compatible; AwarioBot/1.0; +https://awario.com/bots.html)"
65.21.44.205 - - [06/Feb/2026:14:20:15 -0500] "GET / HTTP/1.1" 200 1816 "-" "Mozilla/5.0 (compatible; AwarioBot/1.0; +https://awario.com/bots.html)"
18.97.14.85 - - [06/Feb/2026:14:20:37 -0500] "GET /?a=80680653041370 HTTP/1.1" 200 1547 "-" "CCBot/2.0 (https://commoncrawl.org/faq/)"
18.97.14.85 - - [06/Feb/2026:14:21:56 -0500] "GET /?a=40312461031370 HTTP/1.1" 200 1547 "-" "CCBot/2.0 (https://commoncrawl.org/faq/)"
18.97.14.85 - - [06/Feb/2026:14:23:03 -0500] "GET /?a=95053315011370 HTTP/1.1" 200 1547 "-" "CCBot/2.0 (https://commoncrawl.org/faq/)"
18.97.14.85 - - [06/Feb/2026:14:23:55 -0500] "GET /?a=52031626041370 HTTP/1.1" 200 1547 "-" "CCBot/2.0 (https://commoncrawl.org/faq/)"
18.97.14.85 - - [06/Feb/2026:14:24:38 -0500] "GET /?a=34629063031370 HTTP/1.1" 200 1547 "-" "CCBot/2.0 (https://commoncrawl.org/faq/)"
66.249.66.167 - - [06/Feb/2026:14:25:07 -0500] "GET /wp-comments-post.php HTTP/1.1" 403 1242 "-" "Mozilla/5.0 (Linux; Android 6.0.1; Nexus 5X Build/MMB29P) AppleWebKit/537.36 (KHTML, like Gecko) Chrome/144.0.7559.132 Mobile Safari/537.36 (compatible; GoogleOther)"
18.97.14.85 - - [06/Feb/2026:14:25:15 -0500] "GET /?a=97448387091370 HTTP/1.1" 200 1547 "-" "CCBot/2.0 (https://commoncrawl.org/faq/)"
18.97.14.85 - - [06/Feb/2026:14:25:51 -0500] "GET /?a=49749936041370 HTTP/1.1" 200 1547 "-" "CCBot/2.0 (https://commoncrawl.org/faq/)"
185.191.171.7 - - [06/Feb/2026:14:26:18 -0500] "GET /robots.txt HTTP/1.1" 404 1251 "-" "Mozilla/5.0 (compatible; SemrushBot/7~bl; +http://www.semrush.com/bot.html)"
185.191.171.11 - - [06/Feb/2026:14:26:19 -0500] "GET /author/kalatextiles/ HTTP/1.1" 404 1251 "-" "Mozilla/5.0 (compatible; SemrushBot/7~bl; +http://www.semrush.com/bot.html)"
18.97.14.85 - - [06/Feb/2026:14:26:33 -0500] "GET /?a=86827094041370 HTTP/1.1" 200 1547 "-" "CCBot/2.0 (https://commoncrawl.org/faq/)"
18.97.14.85 - - [06/Feb/2026:14:27:10 -0500] "GET /?a=57323506051370 HTTP/1.1" 200 1547 "-" "CCBot/2.0 (https://commoncrawl.org/faq/)"
18.97.14.85 - - [06/Feb/2026:14:27:43 -0500] "GET /?a=18777318021370 HTTP/1.1" 200 1547 "-" "CCBot/2.0 (https://commoncrawl.org/faq/)"
18.97.14.85 - - [06/Feb/2026:14:28:19 -0500] "GET /?a=82015037021370 HTTP/1.1" 200 1547 "-" "CCBot/2.0 (https://commoncrawl.org/faq/)"
18.97.14.85 - - [06/Feb/2026:14:29:00 -0500] "GET /?a=15932435041370 HTTP/1.1" 200 1547 "-" "CCBot/2.0 (https://commoncrawl.org/faq/)"
18.97.14.85 - - [06/Feb/2026:14:29:35 -0500] "GET /?a=47312389001370 HTTP/1.1" 200 1547 "-" "CCBot/2.0 (https://commoncrawl.org/faq/)"
66.249.66.162 - - [06/Feb/2026:14:29:56 -0500] "GET /f/help/ HTTP/1.1" 404 1251 "-" "Mozilla/5.0 (Linux; Android 6.0.1; Nexus 5X Build/MMB29P) AppleWebKit/537.36 (KHTML, like Gecko) Chrome/144.0.7559.132 Mobile Safari/537.36 (compatible; GoogleOther)"
18.97.14.85 - - [06/Feb/2026:14:30:10 -0500] "GET /?a=20000873081370 HTTP/1.1" 200 1547 "-" "CCBot/2.0 (https://commoncrawl.org/faq/)"
18.97.14.85 - - [06/Feb/2026:14:30:46 -0500] "GET /?a=23778053041370 HTTP/1.1" 200 1547 "-" "CCBot/2.0 (https://commoncrawl.org/faq/)"
18.97.14.85 - - [06/Feb/2026:14:31:19 -0500] "GET /?a=26208465011370 HTTP/1.1" 200 1547 "-" "CCBot/2.0 (https://commoncrawl.org/faq/)"
18.97.14.85 - - [06/Feb/2026:14:31:53 -0500] "GET /?a=62524144011370 HTTP/1.1" 200 1547 "-" "CCBot/2.0 (https://commoncrawl.org/faq/)"
18.97.14.85 - - [06/Feb/2026:14:32:26 -0500] "GET /?a=9240880081370 HTTP/1.1" 200 1547 "-" "CCBot/2.0 (https://commoncrawl.org/faq/)"
18.97.14.85 - - [06/Feb/2026:14:32:57 -0500] "GET /?a=12563038011370 HTTP/1.1" 200 1547 "-" "CCBot/2.0 (https://commoncrawl.org/faq/)"
18.97.14.85 - - [06/Feb/2026:14:33:27 -0500] "GET /?a=5197920011370 HTTP/1.1" 200 1547 "-" "CCBot/2.0 (https://commoncrawl.org/faq/)"
18.97.14.85 - - [06/Feb/2026:14:34:02 -0500] "GET /?a=19250393021370 HTTP/1.1" 200 1547 "-" "CCBot/2.0 (https://commoncrawl.org/faq/)"
18.97.14.85 - - [06/Feb/2026:14:34:36 -0500] "GET /?a=92356389031370 HTTP/1.1" 200 1547 "-" "CCBot/2.0 (https://commoncrawl.org/faq/)"
18.97.14.85 - - [06/Feb/2026:14:35:12 -0500] "GET /?a=32509732011370 HTTP/1.1" 200 1547 "-" "CCBot/2.0 (https://commoncrawl.org/faq/)"
18.97.14.85 - - [06/Feb/2026:14:35:47 -0500] "GET /?a=16403562001370 HTTP/1.1" 200 1547 "-" "CCBot/2.0 (https://commoncrawl.org/faq/)"
18.97.14.85 - - [06/Feb/2026:14:36:19 -0500] "GET /?a=79162883141370 HTTP/1.1" 200 1547 "-" "CCBot/2.0 (https://commoncrawl.org/faq/)"
18.97.14.85 - - [06/Feb/2026:14:36:51 -0500] "GET /?a=23559748021370 HTTP/1.1" 200 1547 "-" "CCBot/2.0 (https://commoncrawl.org/faq/)"
18.97.14.85 - - [06/Feb/2026:14:37:24 -0500] "GET /?a=40551428051370 HTTP/1.1" 200 1547 "-" "CCBot/2.0 (https://commoncrawl.org/faq/)"
95.85.238.23 - - [06/Feb/2026:14:37:25 -0500] "GET /wp-login.php HTTP/1.1" 200 0 "-" "Mozilla/5.0 (X11; Linux x86_64; rv:31.0) Gecko/20100101 Firefox/31.0"
18.97.14.85 - - [06/Feb/2026:14:37:55 -0500] "GET /?a=72171201031370 HTTP/1.1" 200 1547 "-" "CCBot/2.0 (https://commoncrawl.org/faq/)"
198.54.126.162 - - [06/Feb/2026:14:38:16 -0500] "POST /wp-cron.php?doing_wp_cron=1770406695.6311550140380859375000 HTTP/1.1" 403 1242 "-" "WordPress/6.9; https://kalatextiles.com"
18.97.14.85 - - [06/Feb/2026:14:38:27 -0500] "GET /?a=60722189011370 HTTP/1.1" 200 1547 "-" "CCBot/2.0 (https://commoncrawl.org/faq/)"
18.97.14.85 - - [06/Feb/2026:14:39:00 -0500] "GET /?a=113594753031370 HTTP/1.1" 200 1547 "-" "CCBot/2.0 (https://commoncrawl.org/faq/)"
18.97.14.85 - - [06/Feb/2026:14:39:36 -0500] "GET /?a=60528809031370 HTTP/1.1" 200 1547 "-" "CCBot/2.0 (https://commoncrawl.org/faq/)"
18.97.14.85 - - [06/Feb/2026:14:40:12 -0500] "GET /?a=46835746031370 HTTP/1.1" 200 1547 "-" "CCBot/2.0 (https://commoncrawl.org/faq/)"
51.195.215.161 - - [06/Feb/2026:14:40:12 -0500] "GET /robots.txt HTTP/1.1" 404 1251 "-" "Mozilla/5.0 (compatible; AhrefsBot/7.0; +http://ahrefs.com/robot/)"
18.97.14.85 - - [06/Feb/2026:14:40:43 -0500] "GET /?a=97658702011370 HTTP/1.1" 200 1547 "-" "CCBot/2.0 (https://commoncrawl.org/faq/)"
18.97.14.85 - - [06/Feb/2026:14:41:15 -0500] "GET /?a=98269875061370 HTTP/1.1" 200 1547 "-" "CCBot/2.0 (https://commoncrawl.org/faq/)"
18.97.14.85 - - [06/Feb/2026:14:41:47 -0500] "GET /?a=56139328111370 HTTP/1.1" 200 1547 "-" "CCBot/2.0 (https://commoncrawl.org/faq/)"
18.97.14.85 - - [06/Feb/2026:14:42:20 -0500] "GET /?a=44450137061370 HTTP/1.1" 200 1547 "-" "CCBot/2.0 (https://commoncrawl.org/faq/)"
20.122.193.148 - - [06/Feb/2026:14:42:26 -0500] "GET /wp-content/plugins/hellopress/wp_filemanager.php HTTP/1.1" 404 1251 "-" "-"
20.122.193.148 - - [06/Feb/2026:14:42:26 -0500] "GET /c.php HTTP/1.1" 404 1251 "-" "-"
20.122.193.148 - - [06/Feb/2026:14:42:26 -0500] "GET /x.php HTTP/1.1" 404 1251 "-" "-"
20.122.193.148 - - [06/Feb/2026:14:42:27 -0500] "GET /k.php HTTP/1.1" 404 1251 "-" "-"
20.122.193.148 - - [06/Feb/2026:14:42:27 -0500] "GET /prv8.php HTTP/1.1" 404 1251 "-" "-"
20.122.193.148 - - [06/Feb/2026:14:42:27 -0500] "GET /shlo.php HTTP/1.1" 404 1251 "-" "-"
20.122.193.148 - - [06/Feb/2026:14:42:27 -0500] "GET /itil.php HTTP/1.1" 404 1251 "-" "-"
20.122.193.148 - - [06/Feb/2026:14:42:28 -0500] "GET /jack.php HTTP/1.1" 404 1251 "-" "-"
20.122.193.148 - - [06/Feb/2026:14:42:28 -0500] "GET /sudo.php HTTP/1.1" 404 1251 "-" "-"
20.122.193.148 - - [06/Feb/2026:14:42:28 -0500] "GET /law.php HTTP/1.1" 404 1251 "-" "-"
20.122.193.148 - - [06/Feb/2026:14:42:29 -0500] "GET /wp-xx.php HTTP/1.1" 404 1251 "-" "-"
20.122.193.148 - - [06/Feb/2026:14:42:29 -0500] "GET /st.php HTTP/1.1" 404 1251 "-" "-"
20.122.193.148 - - [06/Feb/2026:14:42:29 -0500] "GET /wp-includes/ HTTP/1.1" 200 79745 "-" "-"
20.122.193.148 - - [06/Feb/2026:14:42:30 -0500] "GET /oxse.php HTTP/1.1" 404 1251 "-" "-"
20.122.193.148 - - [06/Feb/2026:14:42:30 -0500] "GET /dropdown.php HTTP/1.1" 404 1251 "-" "-"
20.122.193.148 - - [06/Feb/2026:14:42:30 -0500] "GET /AxAo.php HTTP/1.1" 404 1251 "-" "-"
20.122.193.148 - - [06/Feb/2026:14:42:31 -0500] "GET /assacc.php HTTP/1.1" 404 1251 "-" "-"
20.122.193.148 - - [06/Feb/2026:14:42:31 -0500] "GET /men.php HTTP/1.1" 404 1251 "-" "-"
20.122.193.148 - - [06/Feb/2026:14:42:31 -0500] "GET /test2.php HTTP/1.1" 404 1251 "-" "-"
20.122.193.148 - - [06/Feb/2026:14:42:32 -0500] "GET /v4.php HTTP/1.1" 404 1251 "-" "-"
20.122.193.148 - - [06/Feb/2026:14:42:32 -0500] "GET /wo.php HTTP/1.1" 404 1251 "-" "-"
20.122.193.148 - - [06/Feb/2026:14:42:32 -0500] "GET /whm-cp.php HTTP/1.1" 404 1251 "-" "-"
20.122.193.148 - - [06/Feb/2026:14:42:32 -0500] "GET /pu.php HTTP/1.1" 404 1251 "-" "-"
20.122.193.148 - - [06/Feb/2026:14:42:32 -0500] "GET /resp.php HTTP/1.1" 404 1251 "-" "-"
20.122.193.148 - - [06/Feb/2026:14:42:33 -0500] "GET /za2.php HTTP/1.1" 404 1251 "-" "-"
20.122.193.148 - - [06/Feb/2026:14:42:33 -0500] "GET /z.php HTTP/1.1" 404 1251 "-" "-"
20.122.193.148 - - [06/Feb/2026:14:42:33 -0500] "GET /gmanz.php HTTP/1.1" 404 1251 "-" "-"
20.122.193.148 - - [06/Feb/2026:14:42:34 -0500] "GET /zzz.php HTTP/1.1" 404 1251 "-" "-"
20.122.193.148 - - [06/Feb/2026:14:42:34 -0500] "GET /codehu.php HTTP/1.1" 404 1251 "-" "-"
20.122.193.148 - - [06/Feb/2026:14:42:34 -0500] "GET /resp.php HTTP/1.1" 404 1251 "-" "-"
20.122.193.148 - - [06/Feb/2026:14:42:35 -0500] "GET /wp-includes/js/codemirror/about.php HTTP/1.1" 404 1251 "-" "-"
20.122.193.148 - - [06/Feb/2026:14:42:35 -0500] "GET /wp-includes/Requests/library/ HTTP/1.1" 200 1662 "-" "-"
20.122.193.148 - - [06/Feb/2026:14:42:35 -0500] "GET /wp-includes/Requests/library/shlo.php HTTP/1.1" 404 1251 "-" "-"
20.122.193.148 - - [06/Feb/2026:14:42:35 -0500] "GET /jga.php HTTP/1.1" 404 1251 "-" "-"
20.122.193.148 - - [06/Feb/2026:14:42:35 -0500] "GET /an.php HTTP/1.1" 404 1251 "-" "-"
20.122.193.148 - - [06/Feb/2026:14:42:36 -0500] "GET /bs5.php HTTP/1.1" 404 1251 "-" "-"
20.122.193.148 - - [06/Feb/2026:14:42:36 -0500] "GET /ednse.php HTTP/1.1" 404 1251 "-" "-"
20.122.193.148 - - [06/Feb/2026:14:42:36 -0500] "GET /fs.php HTTP/1.1" 404 1251 "-" "-"
20.122.193.148 - - [06/Feb/2026:14:42:36 -0500] "GET /niett.php HTTP/1.1" 404 1251 "-" "-"
20.122.193.148 - - [06/Feb/2026:14:42:36 -0500] "GET /puibr.php HTTP/1.1" 404 1251 "-" "-"
20.122.193.148 - - [06/Feb/2026:14:42:36 -0500] "GET /past1.php HTTP/1.1" 404 1251 "-" "-"
20.122.193.148 - - [06/Feb/2026:14:42:37 -0500] "GET /smp.php HTTP/1.1" 404 1251 "-" "-"
18.97.14.85 - - [06/Feb/2026:14:42:52 -0500] "GET /?a=937191031370 HTTP/1.1" 200 1547 "-" "CCBot/2.0 (https://commoncrawl.org/faq/)"
18.97.14.85 - - [06/Feb/2026:14:43:25 -0500] "GET /?a=114352714021370 HTTP/1.1" 200 1547 "-" "CCBot/2.0 (https://commoncrawl.org/faq/)"
18.97.14.85 - - [06/Feb/2026:14:43:56 -0500] "GET /?a=87974519031370 HTTP/1.1" 200 1547 "-" "CCBot/2.0 (https://commoncrawl.org/faq/)"
18.97.14.85 - - [06/Feb/2026:14:44:26 -0500] "GET /?a=63739046071370 HTTP/1.1" 200 1547 "-" "CCBot/2.0 (https://commoncrawl.org/faq/)"
18.97.14.85 - - [06/Feb/2026:14:44:58 -0500] "GET /?a=107568188081370 HTTP/1.1" 200 1547 "-" "CCBot/2.0 (https://commoncrawl.org/faq/)"
18.97.14.85 - - [06/Feb/2026:14:45:30 -0500] "GET /?a=71756282071370 HTTP/1.1" 200 1547 "-" "CCBot/2.0 (https://commoncrawl.org/faq/)"
18.97.14.85 - - [06/Feb/2026:14:46:02 -0500] "GET /?a=68695046041370 HTTP/1.1" 200 1547 "-" "CCBot/2.0 (https://commoncrawl.org/faq/)"
18.97.14.85 - - [06/Feb/2026:14:46:35 -0500] "GET /?a=11961413061370 HTTP/1.1" 200 1547 "-" "CCBot/2.0 (https://commoncrawl.org/faq/)"
5.255.231.58 - - [06/Feb/2026:14:46:37 -0500] "GET /wp-content/uploads/2025/11/Connect-With-Us.webp HTTP/1.1" 200 44758 "-" "Mozilla/5.0 (compatible; YandexImages/3.0; +http://yandex.com/bots)"
213.180.203.149 - - [06/Feb/2026:14:46:38 -0500] "GET /wp-content/uploads/2025/10/3-1.webp HTTP/1.1" 200 165766 "-" "Mozilla/5.0 (compatible; YandexImages/3.0; +http://yandex.com/bots)"
213.180.203.85 - - [06/Feb/2026:14:46:39 -0500] "GET /feed/ HTTP/1.1" 404 1251 "-" "Mozilla/5.0 (compatible; YandexBot/3.0; +http://yandex.com/bots)"
141.8.183.175 - - [06/Feb/2026:14:46:39 -0500] "GET /wp-json/oembed/1.0/embed?url=https%3A%2F%2Fkalatextiles.com%2F HTTP/1.1" 404 1251 "-" "Mozilla/5.0 (compatible; YandexBot/3.0; +http://yandex.com/bots)"
5.255.231.97 - - [06/Feb/2026:14:46:39 -0500] "GET /wp-content/uploads/2025/10/12.webp HTTP/1.1" 200 80434 "-" "Mozilla/5.0 (compatible; YandexImages/3.0; +http://yandex.com/bots)"
141.8.183.203 - - [06/Feb/2026:14:46:39 -0500] "GET /xmlrpc.php?rsd HTTP/1.1" 403 1242 "-" "Mozilla/5.0 (compatible; YandexBot/3.0; +http://yandex.com/bots)"
141.8.183.163 - - [06/Feb/2026:14:46:40 -0500] "GET /wp-content/uploads/2025/10/9.webp HTTP/1.1" 200 99816 "-" "Mozilla/5.0 (compatible; YandexImages/3.0; +http://yandex.com/bots)"
213.180.203.198 - - [06/Feb/2026:14:46:41 -0500] "GET /wp-content/uploads/2025/10/5.webp HTTP/1.1" 200 92408 "-" "Mozilla/5.0 (compatible; YandexImages/3.0; +http://yandex.com/bots)"
213.180.203.87 - - [06/Feb/2026:14:46:41 -0500] "GET /2x HTTP/1.1" 404 1251 "-" "Mozilla/5.0 (compatible; YandexImages/3.0; +http://yandex.com/bots)"
5.255.231.6 - - [06/Feb/2026:14:46:41 -0500] "GET /comments/feed/ HTTP/1.1" 404 1251 "-" "Mozilla/5.0 (compatible; YandexBot/3.0; +http://yandex.com/bots)"
213.180.203.51 - - [06/Feb/2026:14:46:42 -0500] "GET /wp-content/uploads/2025/10/18.webp HTTP/1.1" 200 48222 "-" "Mozilla/5.0 (compatible; YandexImages/3.0; +http://yandex.com/bots)"
18.97.14.85 - - [06/Feb/2026:14:47:05 -0500] "GET /?a=3796470041370 HTTP/1.1" 200 1547 "-" "CCBot/2.0 (https://commoncrawl.org/faq/)"
5.255.231.24 - - [06/Feb/2026:14:47:06 -0500] "GET /wp-content/uploads/2025/10/10.webp HTTP/1.1" 200 98232 "-" "Mozilla/5.0 (compatible; YandexImages/3.0; +http://yandex.com/bots)"
18.97.14.85 - - [06/Feb/2026:14:47:34 -0500] "GET /?a=93253569031370 HTTP/1.1" 200 1547 "-" "CCBot/2.0 (https://commoncrawl.org/faq/)"
18.97.14.85 - - [06/Feb/2026:14:48:01 -0500] "GET /?a=16204341041370 HTTP/1.1" 200 1547 "-" "CCBot/2.0 (https://commoncrawl.org/faq/)"
87.250.224.92 - - [06/Feb/2026:14:48:27 -0500] "GET /wp-json/wp/v2/pages/11 HTTP/1.1" 404 1251 "-" "Mozilla/5.0 (compatible; YandexBot/3.0; +http://yandex.com/bots)"
18.97.14.85 - - [06/Feb/2026:14:48:30 -0500] "GET /?a=10288676031370 HTTP/1.1" 200 1547 "-" "CCBot/2.0 (https://commoncrawl.org/faq/)"
18.97.14.85 - - [06/Feb/2026:14:48:59 -0500] "GET /?a=36830854031370 HTTP/1.1" 200 1547 "-" "CCBot/2.0 (https://commoncrawl.org/faq/)"
18.97.14.85 - - [06/Feb/2026:14:56:34 -0500] "GET /?a=99032534091370 HTTP/1.1" 200 1547 "-" "CCBot/2.0 (https://commoncrawl.org/faq/)"
18.97.14.85 - - [06/Feb/2026:14:57:02 -0500] "GET /?a=110721322051370 HTTP/1.1" 200 1547 "-" "CCBot/2.0 (https://commoncrawl.org/faq/)"
18.97.14.85 - - [06/Feb/2026:14:57:30 -0500] "GET /?a=1459026031370 HTTP/1.1" 200 1547 "-" "CCBot/2.0 (https://commoncrawl.org/faq/)"
18.97.14.85 - - [06/Feb/2026:14:57:56 -0500] "GET /?a=57199752001370 HTTP/1.1" 200 1547 "-" "CCBot/2.0 (https://commoncrawl.org/faq/)"
18.97.14.85 - - [06/Feb/2026:14:58:26 -0500] "GET /?a=81325029021370 HTTP/1.1" 200 1547 "-" "CCBot/2.0 (https://commoncrawl.org/faq/)"
18.97.14.85 - - [06/Feb/2026:14:58:53 -0500] "GET /?a=72111511091370 HTTP/1.1" 200 1547 "-" "CCBot/2.0 (https://commoncrawl.org/faq/)"
18.97.14.85 - - [06/Feb/2026:14:49:31 -0500] "GET /?a=6548739011370 HTTP/1.1" 200 1547 "-" "CCBot/2.0 (https://commoncrawl.org/faq/)"
18.97.14.85 - - [06/Feb/2026:14:50:02 -0500] "GET /?a=113220274071370 HTTP/1.1" 200 1547 "-" "CCBot/2.0 (https://commoncrawl.org/faq/)"
18.97.14.85 - - [06/Feb/2026:14:50:36 -0500] "GET /?a=77656302021370 HTTP/1.1" 200 1547 "-" "CCBot/2.0 (https://commoncrawl.org/faq/)"
52.167.144.175 - - [06/Feb/2026:14:50:41 -0500] "GET /wp-content/uploads/2024/10/img6.webp HTTP/1.1" 200 945648 "-" "Mozilla/5.0 AppleWebKit/537.36 (KHTML, like Gecko; compatible; bingbot/2.0; +http://www.bing.com/bingbot.htm) Chrome/116.0.1938.76 Safari/537.36"
52.167.144.175 - - [06/Feb/2026:14:50:42 -0500] "GET /wp-content/uploads/2024/10/img6.webp HTTP/1.1" 200 945648 "-" "Mozilla/5.0 AppleWebKit/537.36 (KHTML, like Gecko; compatible; bingbot/2.0; +http://www.bing.com/bingbot.htm) Chrome/116.0.1938.76 Safari/537.36"
18.97.14.85 - - [06/Feb/2026:14:51:11 -0500] "GET /?a=61627759051370 HTTP/1.1" 200 1547 "-" "CCBot/2.0 (https://commoncrawl.org/faq/)"
87.250.224.237 - - [06/Feb/2026:14:51:36 -0500] "GET /home/feed/ HTTP/1.1" 404 1251 "-" "Mozilla/5.0 (compatible; YandexBot/3.0; +http://yandex.com/bots)"
18.97.14.85 - - [06/Feb/2026:14:51:42 -0500] "GET /?a=42181441031370 HTTP/1.1" 200 1547 "-" "CCBot/2.0 (https://commoncrawl.org/faq/)"
18.97.14.85 - - [06/Feb/2026:14:52:11 -0500] "GET /?a=97938911051370 HTTP/1.1" 200 1547 "-" "CCBot/2.0 (https://commoncrawl.org/faq/)"
18.97.14.85 - - [06/Feb/2026:14:52:38 -0500] "GET /?a=109126815031370 HTTP/1.1" 200 1547 "-" "CCBot/2.0 (https://commoncrawl.org/faq/)"
18.97.14.85 - - [06/Feb/2026:14:53:08 -0500] "GET /?a=2565521121370 HTTP/1.1" 200 1547 "-" "CCBot/2.0 (https://commoncrawl.org/faq/)"
18.97.14.85 - - [06/Feb/2026:14:53:39 -0500] "GET /?a=71343821041370 HTTP/1.1" 200 1547 "-" "CCBot/2.0 (https://commoncrawl.org/faq/)"
18.97.14.85 - - [06/Feb/2026:14:54:09 -0500] "GET /?a=11600121041370 HTTP/1.1" 200 1547 "-" "CCBot/2.0 (https://commoncrawl.org/faq/)"
18.97.14.85 - - [06/Feb/2026:14:54:38 -0500] "GET /?a=65467689001370 HTTP/1.1" 200 1547 "-" "CCBot/2.0 (https://commoncrawl.org/faq/)"
18.97.14.85 - - [06/Feb/2026:14:55:07 -0500] "GET /?a=30656650071370 HTTP/1.1" 200 1547 "-" "CCBot/2.0 (https://commoncrawl.org/faq/)"
18.97.14.85 - - [06/Feb/2026:14:55:35 -0500] "GET /?a=112866652071370 HTTP/1.1" 200 1547 "-" "CCBot/2.0 (https://commoncrawl.org/faq/)"
18.97.14.85 - - [06/Feb/2026:14:56:03 -0500] "GET /?a=3191844031370 HTTP/1.1" 200 1547 "-" "CCBot/2.0 (https://commoncrawl.org/faq/)"
18.97.14.85 - - [06/Feb/2026:14:59:22 -0500] "GET /?a=15887981011370 HTTP/1.1" 200 1547 "-" "CCBot/2.0 (https://commoncrawl.org/faq/)"
18.97.14.85 - - [06/Feb/2026:14:59:53 -0500] "GET /?a=26621534031370 HTTP/1.1" 200 1547 "-" "CCBot/2.0 (https://commoncrawl.org/faq/)"
18.97.14.85 - - [06/Feb/2026:15:00:29 -0500] "GET /?a=50335520071370 HTTP/1.1" 200 1547 "-" "CCBot/2.0 (https://commoncrawl.org/faq/)"
18.97.14.85 - - [06/Feb/2026:15:01:03 -0500] "GET /?a=63507753051370 HTTP/1.1" 200 1547 "-" "CCBot/2.0 (https://commoncrawl.org/faq/)"
18.97.14.85 - - [06/Feb/2026:15:01:31 -0500] "GET /?a=81643326031370 HTTP/1.1" 200 1547 "-" "CCBot/2.0 (https://commoncrawl.org/faq/)"
18.97.14.85 - - [06/Feb/2026:15:01:59 -0500] "GET /?a=98747908011370 HTTP/1.1" 200 1547 "-" "CCBot/2.0 (https://commoncrawl.org/faq/)"
18.97.14.85 - - [06/Feb/2026:15:02:29 -0500] "GET /?a=64606251091370 HTTP/1.1" 200 1547 "-" "CCBot/2.0 (https://commoncrawl.org/faq/)"
18.97.14.85 - - [06/Feb/2026:15:02:56 -0500] "GET /?a=12747211031370 HTTP/1.1" 200 1547 "-" "CCBot/2.0 (https://commoncrawl.org/faq/)"
18.97.14.85 - - [06/Feb/2026:15:03:26 -0500] "GET /?a=119680583071370 HTTP/1.1" 200 1547 "-" "CCBot/2.0 (https://commoncrawl.org/faq/)"
18.97.14.85 - - [06/Feb/2026:15:03:53 -0500] "GET /?a=64783271021370 HTTP/1.1" 200 1547 "-" "CCBot/2.0 (https://commoncrawl.org/faq/)"
18.97.14.85 - - [06/Feb/2026:15:04:26 -0500] "GET /?a=51473149041370 HTTP/1.1" 200 1547 "-" "CCBot/2.0 (https://commoncrawl.org/faq/)"
18.97.14.85 - - [06/Feb/2026:15:04:56 -0500] "GET /?a=8802756021370 HTTP/1.1" 200 1547 "-" "CCBot/2.0 (https://commoncrawl.org/faq/)"
